[INFO] fetching crate source_map_gen 0.1.0...
[INFO] testing source_map_gen-0.1.0 against 1.75.0 for beta-1.76-1
[INFO] extracting crate source_map_gen 0.1.0 into /workspace/builds/worker-4-tc1/source
[INFO] validating manifest of crates.io crate source_map_gen 0.1.0 on toolchain 1.75.0
[INFO] running `Command { std: CARGO_HOME="/workspace/cargo-home" RUSTUP_HOME="/workspace/rustup-home" "/workspace/cargo-home/bin/cargo" "+1.75.0" "metadata" "--manifest-path" "Cargo.toml" "--no-deps", kill_on_drop: false }`
[INFO] started tweaking crates.io crate source_map_gen 0.1.0
[INFO] finished tweaking crates.io crate source_map_gen 0.1.0
[INFO] tweaked toml for crates.io crate source_map_gen 0.1.0 written to /workspace/builds/worker-4-tc1/source/Cargo.toml
[INFO] crate crates.io crate source_map_gen 0.1.0 already has a lockfile, it will not be regenerated
[INFO] running `Command { std: CARGO_HOME="/workspace/cargo-home" RUSTUP_HOME="/workspace/rustup-home" "/workspace/cargo-home/bin/cargo" "+1.75.0" "fetch" "--manifest-path" "Cargo.toml", kill_on_drop: false }`
[INFO] [stderr]     Updating crates.io index
[INFO] [stderr]  Downloading crates ...
[INFO] [stderr]   Downloaded spa v0.3.1
[INFO] [stderr]   Downloaded vmf_parser_nom v0.1.1
[INFO] [stderr]   Downloaded derive_ops v0.1.0
[INFO] running `Command { std: "docker" "create" "-v" "/var/lib/crater-agent-workspace/builds/worker-4-tc1/target:/opt/rustwide/target:rw,Z" "-v" "/var/lib/crater-agent-workspace/builds/worker-4-tc1/source:/opt/rustwide/workdir:ro,Z" "-v" "/var/lib/crater-agent-workspace/cargo-home:/opt/rustwide/cargo-home:ro,Z" "-v" "/var/lib/crater-agent-workspace/rustup-home:/opt/rustwide/rustup-home:ro,Z" "-e" "SOURCE_DIR=/opt/rustwide/workdir" "-e" "CARGO_TARGET_DIR=/opt/rustwide/target" "-e" "CARGO_HOME=/opt/rustwide/cargo-home" "-e" "RUSTUP_HOME=/opt/rustwide/rustup-home" "-w" "/opt/rustwide/workdir" "-m" "1610612736" "--user" "0:0" "--network" "none" "ghcr.io/rust-lang/crates-build-env/linux@sha256:2788e3201cd34a07e3172128adcd8b3090168a8e3bcc40d7c032b9dda1df7d1c" "/opt/rustwide/cargo-home/bin/cargo" "+1.75.0" "metadata" "--no-deps" "--format-version=1", kill_on_drop: false }`
[INFO] [stdout] b0f801c861d0a4b800fde29e35b4453c335a6fbdce75bfc6df21afacdc63f6ce
[INFO] running `Command { std: "docker" "start" "-a" "b0f801c861d0a4b800fde29e35b4453c335a6fbdce75bfc6df21afacdc63f6ce", kill_on_drop: false }`
[INFO] running `Command { std: "docker" "inspect" "b0f801c861d0a4b800fde29e35b4453c335a6fbdce75bfc6df21afacdc63f6ce", kill_on_drop: false }`
[INFO] running `Command { std: "docker" "rm" "-f" "b0f801c861d0a4b800fde29e35b4453c335a6fbdce75bfc6df21afacdc63f6ce", kill_on_drop: false }`
[INFO] [stdout] b0f801c861d0a4b800fde29e35b4453c335a6fbdce75bfc6df21afacdc63f6ce
[INFO] running `Command { std: "docker" "create" "-v" "/var/lib/crater-agent-workspace/builds/worker-4-tc1/target:/opt/rustwide/target:rw,Z" "-v" "/var/lib/crater-agent-workspace/builds/worker-4-tc1/source:/opt/rustwide/workdir:ro,Z" "-v" "/var/lib/crater-agent-workspace/cargo-home:/opt/rustwide/cargo-home:ro,Z" "-v" "/var/lib/crater-agent-workspace/rustup-home:/opt/rustwide/rustup-home:ro,Z" "-e" "SOURCE_DIR=/opt/rustwide/workdir" "-e" "CARGO_TARGET_DIR=/opt/rustwide/target" "-e" "CARGO_INCREMENTAL=0" "-e" "RUST_BACKTRACE=full" "-e" "RUSTFLAGS=--cap-lints=warn" "-e" "RUSTDOCFLAGS=--cap-lints=warn" "-e" "CARGO_HOME=/opt/rustwide/cargo-home" "-e" "RUSTUP_HOME=/opt/rustwide/rustup-home" "-w" "/opt/rustwide/workdir" "-m" "1610612736" "--user" "0:0" "--network" "none" "ghcr.io/rust-lang/crates-build-env/linux@sha256:2788e3201cd34a07e3172128adcd8b3090168a8e3bcc40d7c032b9dda1df7d1c" "/opt/rustwide/cargo-home/bin/cargo" "+1.75.0" "build" "--frozen" "--message-format=json", kill_on_drop: false }`
[INFO] [stdout] 767c81eddfd869d7c935058fc9ef2f6cf10813b26b80078304d9ea64bdb69822
[INFO] running `Command { std: "docker" "start" "-a" "767c81eddfd869d7c935058fc9ef2f6cf10813b26b80078304d9ea64bdb69822", kill_on_drop: false }`
[INFO] [stderr]    Compiling libc v0.2.146
[INFO] [stderr]    Compiling crossbeam-utils v0.8.16
[INFO] [stderr]    Compiling proc-macro2 v1.0.60
[INFO] [stderr]    Compiling num-traits v0.2.15
[INFO] [stderr]    Compiling quote v1.0.28
[INFO] [stderr]    Compiling unicode-ident v1.0.9
[INFO] [stderr]    Compiling memchr v2.5.0
[INFO] [stderr]    Compiling scopeguard v1.1.0
[INFO] [stderr]    Compiling syn v1.0.109
[INFO] [stderr]    Compiling rayon-core v1.11.0
[INFO] [stderr]    Compiling minimal-lexical v0.2.1
[INFO] [stderr]    Compiling iana-time-zone v0.1.57
[INFO] [stderr]    Compiling same-file v1.0.6
[INFO] [stderr]    Compiling bytemuck v1.13.1
[INFO] [stderr]    Compiling ppv-lite86 v0.2.17
[INFO] [stderr]    Compiling rand_core v0.6.4
[INFO] [stderr]    Compiling either v1.8.1
[INFO] [stderr]    Compiling walkdir v2.3.3
[INFO] [stderr]    Compiling indextree v4.6.0
[INFO] [stderr]    Compiling rgb v0.8.36
[INFO] [stderr]    Compiling rand_chacha v0.3.1
[INFO] [stderr]    Compiling crossbeam-epoch v0.9.15
[INFO] [stderr]    Compiling crossbeam-channel v0.5.8
[INFO] [stderr]    Compiling nom v7.1.3
[INFO] [stderr]    Compiling crossbeam-deque v0.8.3
[INFO] [stderr]    Compiling num_cpus v1.15.0
[INFO] [stderr]    Compiling time v0.1.45
[INFO] [stderr]    Compiling chrono v0.4.26
[INFO] [stderr]    Compiling rayon v1.7.0
[INFO] [stderr]    Compiling spa v0.3.1
[INFO] [stderr]    Compiling vmf_parser_nom v0.1.1
[INFO] [stderr]    Compiling derive_ops v0.1.0
[INFO] [stderr]    Compiling source_map_gen v0.1.0 (/opt/rustwide/workdir)
[INFO] [stdout] warning: unused import: `region::*`
[INFO] [stdout]  --> src/generation/mod.rs:5:5
[INFO] [stdout]   |
[INFO] [stdout] 5 | use region::*;
[INFO] [stdout]   |     ^^^^^^^^^
[INFO] [stdout]   |
[INFO] [stdout]   = note: `#[warn(unused_imports)]` on by default
[INFO] [stdout] 
[INFO] [stdout] 
[INFO] [stdout] warning: unused macro definition: `dbg2`
[INFO] [stdout]   --> src/lib.rs:52:14
[INFO] [stdout]    |
[INFO] [stdout] 52 | macro_rules! dbg2 {
[INFO] [stdout]    |              ^^^^
[INFO] [stdout]    |
[INFO] [stdout]    = note: `#[warn(unused_macros)]` on by default
[INFO] [stdout] 
[INFO] [stdout] 
[INFO] [stdout] warning: unused variable: `root`
[INFO] [stdout]   --> src/generation/region.rs:82:13
[INFO] [stdout]    |
[INFO] [stdout] 82 |         let root = self.root;
[INFO] [stdout]    |             ^^^^ help: if this is intentional, prefix it with an underscore: `_root`
[INFO] [stdout]    |
[INFO] [stdout]    = note: `#[warn(unused_variables)]` on by default
[INFO] [stdout] 
[INFO] [stdout] 
[INFO] [stdout] warning: unused variable: `spike_mats`
[INFO] [stdout]    --> src/generation2/shape/old.rs:137:9
[INFO] [stdout]     |
[INFO] [stdout] 137 |     let spike_mats = mats;
[INFO] [stdout]     |         ^^^^^^^^^^ help: if this is intentional, prefix it with an underscore: `_spike_mats`
[INFO] [stdout] 
[INFO] [stdout] 
[INFO] [stdout] warning: unused variable: `top_bounds`
[INFO] [stdout]    --> src/generation2/shape/old.rs:166:9
[INFO] [stdout]     |
[INFO] [stdout] 166 |     let top_bounds =
[INFO] [stdout]     |         ^^^^^^^^^^ help: if this is intentional, prefix it with an underscore: `_top_bounds`
[INFO] [stdout] 
[INFO] [stdout] 
[INFO] [stdout] warning: unused variable: `bottom_bounds`
[INFO] [stdout]    --> src/generation2/shape/old.rs:168:9
[INFO] [stdout]     |
[INFO] [stdout] 168 |     let bottom_bounds =
[INFO] [stdout]     |         ^^^^^^^^^^^^^ help: if this is intentional, prefix it with an underscore: `_bottom_bounds`
[INFO] [stdout] 
[INFO] [stdout] 
[INFO] [stdout] warning: unused variable: `rgb`
[INFO] [stdout]    --> src/light/colorspace/mod.rs:312:13
[INFO] [stdout]     |
[INFO] [stdout] 312 |         let rgb = dbg!(xyz.to_rgb());
[INFO] [stdout]     |             ^^^ help: if this is intentional, prefix it with an underscore: `_rgb`
[INFO] [stdout] 
[INFO] [stdout] 
[INFO] [stdout] warning: variable `smoothing_groups` is assigned to, but never used
[INFO] [stdout]    --> src/vmf.rs:247:13
[INFO] [stdout]     |
[INFO] [stdout] 247 |     let mut smoothing_groups = None;
[INFO] [stdout]     |             ^^^^^^^^^^^^^^^^
[INFO] [stdout]     |
[INFO] [stdout]     = note: consider using `_smoothing_groups` instead
[INFO] [stdout] 
[INFO] [stdout] 
[INFO] [stdout] warning: value assigned to `smoothing_groups` is never read
[INFO] [stdout]    --> src/vmf.rs:292:17
[INFO] [stdout]     |
[INFO] [stdout] 292 |                 smoothing_groups = value.parse::<i32>().ok();
[INFO] [stdout]     |                 ^^^^^^^^^^^^^^^^
[INFO] [stdout]     |
[INFO] [stdout]     = help: maybe it is overwritten before being read?
[INFO] [stdout]     = note: `#[warn(unused_assignments)]` on by default
[INFO] [stdout] 
[INFO] [stdout] 
[INFO] [stdout] warning: function `lines_overlap` is never used
[INFO] [stdout]    --> src/generation/mod.rs:270:4
[INFO] [stdout]     |
[INFO] [stdout] 270 | fn lines_overlap(x1: f32, x2: f32, y1: f32, y2: f32) -> f32 {
[INFO] [stdout]     |    ^^^^^^^^^^^^^
[INFO] [stdout]     |
[INFO] [stdout]     = note: `#[warn(dead_code)]` on by default
[INFO] [stdout] 
[INFO] [stdout] 
[INFO] [stdout] warning: methods `construct_sky` and `construct_dev_inside` are never used
[INFO] [stdout]   --> src/generation/region/room.rs:39:19
[INFO] [stdout]    |
[INFO] [stdout] 10 | impl<'a> Room<'a> {
[INFO] [stdout]    | ----------------- methods in this implementation
[INFO] [stdout] ...
[INFO] [stdout] 39 |     pub(crate) fn construct_sky(&self) -> [Solid<'a>; 6] {
[INFO] [stdout]    |                   ^^^^^^^^^^^^^
[INFO] [stdout] ...
[INFO] [stdout] 95 |     pub(crate) fn construct_dev_inside(&self) -> [Solid<'a>; 6] {
[INFO] [stdout]    |                   ^^^^^^^^^^^^^^^^^^^^
[INFO] [stdout] 
[INFO] [stdout] 
[INFO] [stdout] warning: function `ellipse_verts_2d` is never used
[INFO] [stdout]   --> src/generation2/shape.rs:36:4
[INFO] [stdout]    |
[INFO] [stdout] 36 | fn ellipse_verts_2d(
[INFO] [stdout]    |    ^^^^^^^^^^^^^^^^
[INFO] [stdout] 
[INFO] [stdout] 
[INFO] [stdout] warning: function `radius_at_sphere_height_xy` is never used
[INFO] [stdout]  --> src/generation2/shape/old.rs:6:4
[INFO] [stdout]   |
[INFO] [stdout] 6 | fn radius_at_sphere_height_xy(
[INFO] [stdout]   |    ^^^^^^^^^^^^^^^^^^^^^^^^^^
[INFO] [stdout] 
[INFO] [stdout] 
[INFO] [stdout] warning: function `spike` is never used
[INFO] [stdout]   --> src/generation2/shape/old.rs:33:8
[INFO] [stdout]    |
[INFO] [stdout] 33 | pub fn spike<'a>(
[INFO] [stdout]    |        ^^^^^
[INFO] [stdout] 
[INFO] [stdout] 
[INFO] [stdout] warning: function `cylinder` is never used
[INFO] [stdout]   --> src/generation2/shape/old.rs:66:8
[INFO] [stdout]    |
[INFO] [stdout] 66 | pub fn cylinder<'a>(
[INFO] [stdout]    |        ^^^^^^^^
[INFO] [stdout] 
[INFO] [stdout] 
[INFO] [stdout] warning: function `frustum_old` is never used
[INFO] [stdout]    --> src/generation2/shape/old.rs:101:8
[INFO] [stdout]     |
[INFO] [stdout] 101 | pub fn frustum_old<'a, I>(
[INFO] [stdout]     |        ^^^^^^^^^^^
[INFO] [stdout] 
[INFO] [stdout] 
[INFO] [stdout] warning: function `sphere` is never used
[INFO] [stdout]    --> src/generation2/shape/old.rs:134:8
[INFO] [stdout]     |
[INFO] [stdout] 134 | pub fn sphere<'a>(
[INFO] [stdout]     |        ^^^^^^
[INFO] [stdout] 
[INFO] [stdout] 
[INFO] [stdout] warning: function `temp_to_rgb_simple` is never used
[INFO] [stdout]    --> src/light/colorspace/mod.rs:155:4
[INFO] [stdout]     |
[INFO] [stdout] 155 | fn temp_to_rgb_simple(kelvin: f64) -> (u8, u8, u8) {
[INFO] [stdout]     |    ^^^^^^^^^^^^^^^^^^
[INFO] [stdout] 
[INFO] [stdout] 
[INFO] [stdout] warning: function `block_to_solid` is never used
[INFO] [stdout]    --> src/vmf.rs:219:15
[INFO] [stdout]     |
[INFO] [stdout] 219 | pub(crate) fn block_to_solid<'a>(block: &'a Block<impl AsRef<str>>) -> Solid<'a> {
[INFO] [stdout]     |               ^^^^^^^^^^^^^^
[INFO] [stdout] 
[INFO] [stdout] 
[INFO] [stdout] warning: function `parse_side` is never used
[INFO] [stdout]    --> src/vmf.rs:238:15
[INFO] [stdout]     |
[INFO] [stdout] 238 | pub(crate) fn parse_side<'a>(block: &'a Block<impl AsRef<str>>) -> Side<'a> {
[INFO] [stdout]     |               ^^^^^^^^^^
[INFO] [stdout] 
[INFO] [stdout] 
[INFO] [stdout] warning: function `parse_uvaxis` is never used
[INFO] [stdout]    --> src/vmf.rs:322:4
[INFO] [stdout]     |
[INFO] [stdout] 322 | fn parse_uvaxis(s: &str) -> UVAxis<f32> {
[INFO] [stdout]     |    ^^^^^^^^^^^^
[INFO] [stdout] 
[INFO] [stdout] 
[INFO] [stdout] warning: function `parse_dispinfo` is never used
[INFO] [stdout]    --> src/vmf.rs:333:4
[INFO] [stdout]     |
[INFO] [stdout] 333 | fn parse_dispinfo<'a>(block: &Block<impl AsRef<str>>) -> Result<DispInfo, &'static str> {
[INFO] [stdout]     |    ^^^^^^^^^^^^^^
[INFO] [stdout] 
[INFO] [stdout] 
[INFO] [stdout] warning: function `parse_seps_chunks` is never used
[INFO] [stdout]    --> src/vmf.rs:450:4
[INFO] [stdout]     |
[INFO] [stdout] 450 | fn parse_seps_chunks<'a, 'b, T: FromStr + std::fmt::Debug>(
[INFO] [stdout]     |    ^^^^^^^^^^^^^^^^^
[INFO] [stdout] 
[INFO] [stdout] 
[INFO] [stdout] warning: function `vec2d_f32_to_vector3` is never used
[INFO] [stdout]    --> src/vmf.rs:474:4
[INFO] [stdout]     |
[INFO] [stdout] 474 | fn vec2d_f32_to_vector3(vec2d: Vec2d<f32>) -> Vec2d<Vector3<f32>> {
[INFO] [stdout]     |    ^^^^^^^^^^^^^^^^^^^^
[INFO] [stdout] 
[INFO] [stdout] 
[INFO] [stdout] warning: function `f32s_to_vector3s` is never used
[INFO] [stdout]    --> src/vmf.rs:478:4
[INFO] [stdout]     |
[INFO] [stdout] 478 | fn f32s_to_vector3s(f32s: &[f32]) -> Vec<Vector3<f32>> {
[INFO] [stdout]     |    ^^^^^^^^^^^^^^^^
[INFO] [stdout] 
[INFO] [stdout] 
[INFO] [stdout] warning: function `parse_vec2d` is never used
[INFO] [stdout]    --> src/vmf.rs:487:4
[INFO] [stdout]     |
[INFO] [stdout] 487 | fn parse_vec2d<'a, T: FromStr + std::fmt::Debug>(
[INFO] [stdout]     |    ^^^^^^^^^^^
[INFO] [stdout] 
[INFO] [stdout] 
[INFO] [stdout] warning: 26 warnings emitted
[INFO] [stdout] 
[INFO] [stdout] 
[INFO] [stdout] warning: unreachable statement
[INFO] [stdout]    --> src/pallet/pallet_lib.rs:193:17
[INFO] [stdout]     |
[INFO] [stdout] 192 |                 panic!("bruh impossible");
[INFO] [stdout]     |                 ------------------------- any code following this expression is unreachable
[INFO] [stdout] 193 |                 continue;
[INFO] [stdout]     |                 ^^^^^^^^^ unreachable statement
[INFO] [stdout]     |
[INFO] [stdout]     = note: `#[warn(unreachable_code)]` on by default
[INFO] [stdout] 
[INFO] [stdout] 
[INFO] [stdout] warning: function `hello_world` is never used
[INFO] [stdout]   --> src/main.rs:19:4
[INFO] [stdout]    |
[INFO] [stdout] 19 | fn hello_world() {
[INFO] [stdout]    |    ^^^^^^^^^^^
[INFO] [stdout]    |
[INFO] [stdout]    = note: `#[warn(dead_code)]` on by default
[INFO] [stdout] 
[INFO] [stdout] 
[INFO] [stdout] warning: variant `Dest` is never constructed
[INFO] [stdout]    --> src/pallet/vpk.rs:187:5
[INFO] [stdout]     |
[INFO] [stdout] 183 | pub enum VpkError {
[INFO] [stdout]     |          -------- variant in this enum
[INFO] [stdout] ...
[INFO] [stdout] 187 |     Dest(IoError),
[INFO] [stdout]     |     ^^^^
[INFO] [stdout]     |
[INFO] [stdout]     = note: `VpkError` has a derived impl for the trait `Debug`, but this is intentionally ignored during dead code analysis
[INFO] [stdout] 
[INFO] [stdout] 
[INFO] [stdout] warning: function `extract_all` is never used
[INFO] [stdout]    --> src/pallet/vpk.rs:295:8
[INFO] [stdout]     |
[INFO] [stdout] 295 | pub fn extract_all(
[INFO] [stdout]     |        ^^^^^^^^^^^
[INFO] [stdout] 
[INFO] [stdout] 
[INFO] [stdout] warning: function `extract_one` is never used
[INFO] [stdout]    --> src/pallet/vpk.rs:339:4
[INFO] [stdout]     |
[INFO] [stdout] 339 | fn extract_one(
[INFO] [stdout]     |    ^^^^^^^^^^^
[INFO] [stdout] 
[INFO] [stdout] 
[INFO] [stdout] warning: function `archive` is never used
[INFO] [stdout]    --> src/pallet/vpk.rs:375:8
[INFO] [stdout]     |
[INFO] [stdout] 375 | pub fn archive(
[INFO] [stdout]     |        ^^^^^^^
[INFO] [stdout] 
[INFO] [stdout] 
[INFO] [stdout] warning: 6 warnings emitted
[INFO] [stdout] 
[INFO] [stdout] 
[INFO] [stderr]     Finished dev [unoptimized + debuginfo] target(s) in 5.87s
[INFO] running `Command { std: "docker" "inspect" "767c81eddfd869d7c935058fc9ef2f6cf10813b26b80078304d9ea64bdb69822", kill_on_drop: false }`
[INFO] running `Command { std: "docker" "rm" "-f" "767c81eddfd869d7c935058fc9ef2f6cf10813b26b80078304d9ea64bdb69822", kill_on_drop: false }`
[INFO] [stdout] 767c81eddfd869d7c935058fc9ef2f6cf10813b26b80078304d9ea64bdb69822
[INFO] running `Command { std: "docker" "create" "-v" "/var/lib/crater-agent-workspace/builds/worker-4-tc1/target:/opt/rustwide/target:rw,Z" "-v" "/var/lib/crater-agent-workspace/builds/worker-4-tc1/source:/opt/rustwide/workdir:ro,Z" "-v" "/var/lib/crater-agent-workspace/cargo-home:/opt/rustwide/cargo-home:ro,Z" "-v" "/var/lib/crater-agent-workspace/rustup-home:/opt/rustwide/rustup-home:ro,Z" "-e" "SOURCE_DIR=/opt/rustwide/workdir" "-e" "CARGO_TARGET_DIR=/opt/rustwide/target" "-e" "CARGO_INCREMENTAL=0" "-e" "RUST_BACKTRACE=full" "-e" "RUSTFLAGS=--cap-lints=warn" "-e" "RUSTDOCFLAGS=--cap-lints=warn" "-e" "CARGO_HOME=/opt/rustwide/cargo-home" "-e" "RUSTUP_HOME=/opt/rustwide/rustup-home" "-w" "/opt/rustwide/workdir" "-m" "1610612736" "--user" "0:0" "--network" "none" "ghcr.io/rust-lang/crates-build-env/linux@sha256:2788e3201cd34a07e3172128adcd8b3090168a8e3bcc40d7c032b9dda1df7d1c" "/opt/rustwide/cargo-home/bin/cargo" "+1.75.0" "test" "--frozen" "--no-run" "--message-format=json", kill_on_drop: false }`
[INFO] [stdout] b2127530ee103762c117c88f6c582dc7df24daf6b36342eb0b3a8257cfe26276
[INFO] running `Command { std: "docker" "start" "-a" "b2127530ee103762c117c88f6c582dc7df24daf6b36342eb0b3a8257cfe26276", kill_on_drop: false }`
[INFO] [stderr]    Compiling approx v0.5.1
[INFO] [stderr]    Compiling const_format_proc_macros v0.2.31
[INFO] [stdout] warning: unused import: `region::*`
[INFO] [stdout]  --> src/generation/mod.rs:5:5
[INFO] [stdout]   |
[INFO] [stdout] 5 | use region::*;
[INFO] [stdout]   |     ^^^^^^^^^
[INFO] [stdout]   |
[INFO] [stdout]   = note: `#[warn(unused_imports)]` on by default
[INFO] [stdout] 
[INFO] [stdout] 
[INFO] [stdout] warning: unused macro definition: `dbg2`
[INFO] [stdout]   --> src/lib.rs:52:14
[INFO] [stdout]    |
[INFO] [stdout] 52 | macro_rules! dbg2 {
[INFO] [stdout]    |              ^^^^
[INFO] [stdout]    |
[INFO] [stdout]    = note: `#[warn(unused_macros)]` on by default
[INFO] [stdout] 
[INFO] [stdout] 
[INFO] [stdout] warning: unused variable: `root`
[INFO] [stdout]   --> src/generation/region.rs:82:13
[INFO] [stdout]    |
[INFO] [stdout] 82 |         let root = self.root;
[INFO] [stdout]    |             ^^^^ help: if this is intentional, prefix it with an underscore: `_root`
[INFO] [stdout]    |
[INFO] [stdout]    = note: `#[warn(unused_variables)]` on by default
[INFO] [stdout] 
[INFO] [stdout] 
[INFO] [stdout] warning: unused variable: `spike_mats`
[INFO] [stdout]    --> src/generation2/shape/old.rs:137:9
[INFO] [stdout]     |
[INFO] [stdout] 137 |     let spike_mats = mats;
[INFO] [stdout]     |         ^^^^^^^^^^ help: if this is intentional, prefix it with an underscore: `_spike_mats`
[INFO] [stdout] 
[INFO] [stdout] 
[INFO] [stdout] warning: unused variable: `top_bounds`
[INFO] [stdout]    --> src/generation2/shape/old.rs:166:9
[INFO] [stdout]     |
[INFO] [stdout] 166 |     let top_bounds =
[INFO] [stdout]     |         ^^^^^^^^^^ help: if this is intentional, prefix it with an underscore: `_top_bounds`
[INFO] [stdout] 
[INFO] [stdout] 
[INFO] [stdout] warning: unused variable: `bottom_bounds`
[INFO] [stdout]    --> src/generation2/shape/old.rs:168:9
[INFO] [stdout]     |
[INFO] [stdout] 168 |     let bottom_bounds =
[INFO] [stdout]     |         ^^^^^^^^^^^^^ help: if this is intentional, prefix it with an underscore: `_bottom_bounds`
[INFO] [stdout] 
[INFO] [stdout] 
[INFO] [stdout] warning: unused variable: `rgb`
[INFO] [stdout]    --> src/light/colorspace/mod.rs:312:13
[INFO] [stdout]     |
[INFO] [stdout] 312 |         let rgb = dbg!(xyz.to_rgb());
[INFO] [stdout]     |             ^^^ help: if this is intentional, prefix it with an underscore: `_rgb`
[INFO] [stdout] 
[INFO] [stdout] 
[INFO] [stdout] warning: variable `smoothing_groups` is assigned to, but never used
[INFO] [stdout]    --> src/vmf.rs:247:13
[INFO] [stdout]     |
[INFO] [stdout] 247 |     let mut smoothing_groups = None;
[INFO] [stdout]     |             ^^^^^^^^^^^^^^^^
[INFO] [stdout]     |
[INFO] [stdout]     = note: consider using `_smoothing_groups` instead
[INFO] [stdout] 
[INFO] [stdout] 
[INFO] [stdout] warning: value assigned to `smoothing_groups` is never read
[INFO] [stdout]    --> src/vmf.rs:292:17
[INFO] [stdout]     |
[INFO] [stdout] 292 |                 smoothing_groups = value.parse::<i32>().ok();
[INFO] [stdout]     |                 ^^^^^^^^^^^^^^^^
[INFO] [stdout]     |
[INFO] [stdout]     = help: maybe it is overwritten before being read?
[INFO] [stdout]     = note: `#[warn(unused_assignments)]` on by default
[INFO] [stdout] 
[INFO] [stdout] 
[INFO] [stdout] warning: function `lines_overlap` is never used
[INFO] [stdout]    --> src/generation/mod.rs:270:4
[INFO] [stdout]     |
[INFO] [stdout] 270 | fn lines_overlap(x1: f32, x2: f32, y1: f32, y2: f32) -> f32 {
[INFO] [stdout]     |    ^^^^^^^^^^^^^
[INFO] [stdout]     |
[INFO] [stdout]     = note: `#[warn(dead_code)]` on by default
[INFO] [stdout] 
[INFO] [stdout] 
[INFO] [stdout] warning: methods `construct_sky` and `construct_dev_inside` are never used
[INFO] [stdout]   --> src/generation/region/room.rs:39:19
[INFO] [stdout]    |
[INFO] [stdout] 10 | impl<'a> Room<'a> {
[INFO] [stdout]    | ----------------- methods in this implementation
[INFO] [stdout] ...
[INFO] [stdout] 39 |     pub(crate) fn construct_sky(&self) -> [Solid<'a>; 6] {
[INFO] [stdout]    |                   ^^^^^^^^^^^^^
[INFO] [stdout] ...
[INFO] [stdout] 95 |     pub(crate) fn construct_dev_inside(&self) -> [Solid<'a>; 6] {
[INFO] [stdout]    |                   ^^^^^^^^^^^^^^^^^^^^
[INFO] [stdout] 
[INFO] [stdout] 
[INFO] [stdout] warning: function `ellipse_verts_2d` is never used
[INFO] [stdout]   --> src/generation2/shape.rs:36:4
[INFO] [stdout]    |
[INFO] [stdout] 36 | fn ellipse_verts_2d(
[INFO] [stdout]    |    ^^^^^^^^^^^^^^^^
[INFO] [stdout] 
[INFO] [stdout] 
[INFO] [stdout] warning: function `radius_at_sphere_height_xy` is never used
[INFO] [stdout]  --> src/generation2/shape/old.rs:6:4
[INFO] [stdout]   |
[INFO] [stdout] 6 | fn radius_at_sphere_height_xy(
[INFO] [stdout]   |    ^^^^^^^^^^^^^^^^^^^^^^^^^^
[INFO] [stdout] 
[INFO] [stdout] 
[INFO] [stdout] warning: function `spike` is never used
[INFO] [stdout]   --> src/generation2/shape/old.rs:33:8
[INFO] [stdout]    |
[INFO] [stdout] 33 | pub fn spike<'a>(
[INFO] [stdout]    |        ^^^^^
[INFO] [stdout] 
[INFO] [stdout] 
[INFO] [stdout] warning: function `cylinder` is never used
[INFO] [stdout]   --> src/generation2/shape/old.rs:66:8
[INFO] [stdout]    |
[INFO] [stdout] 66 | pub fn cylinder<'a>(
[INFO] [stdout]    |        ^^^^^^^^
[INFO] [stdout] 
[INFO] [stdout] 
[INFO] [stdout] warning: function `frustum_old` is never used
[INFO] [stdout]    --> src/generation2/shape/old.rs:101:8
[INFO] [stdout]     |
[INFO] [stdout] 101 | pub fn frustum_old<'a, I>(
[INFO] [stdout]     |        ^^^^^^^^^^^
[INFO] [stdout] 
[INFO] [stdout] 
[INFO] [stdout] warning: function `sphere` is never used
[INFO] [stdout]    --> src/generation2/shape/old.rs:134:8
[INFO] [stdout]     |
[INFO] [stdout] 134 | pub fn sphere<'a>(
[INFO] [stdout]     |        ^^^^^^
[INFO] [stdout] 
[INFO] [stdout] 
[INFO] [stdout] warning: function `temp_to_rgb_simple` is never used
[INFO] [stdout]    --> src/light/colorspace/mod.rs:155:4
[INFO] [stdout]     |
[INFO] [stdout] 155 | fn temp_to_rgb_simple(kelvin: f64) -> (u8, u8, u8) {
[INFO] [stdout]     |    ^^^^^^^^^^^^^^^^^^
[INFO] [stdout] 
[INFO] [stdout] 
[INFO] [stdout] warning: function `block_to_solid` is never used
[INFO] [stdout]    --> src/vmf.rs:219:15
[INFO] [stdout]     |
[INFO] [stdout] 219 | pub(crate) fn block_to_solid<'a>(block: &'a Block<impl AsRef<str>>) -> Solid<'a> {
[INFO] [stdout]     |               ^^^^^^^^^^^^^^
[INFO] [stdout] 
[INFO] [stdout] 
[INFO] [stdout] warning: function `parse_side` is never used
[INFO] [stdout]    --> src/vmf.rs:238:15
[INFO] [stdout]     |
[INFO] [stdout] 238 | pub(crate) fn parse_side<'a>(block: &'a Block<impl AsRef<str>>) -> Side<'a> {
[INFO] [stdout]     |               ^^^^^^^^^^
[INFO] [stdout] 
[INFO] [stdout] 
[INFO] [stdout] warning: function `parse_uvaxis` is never used
[INFO] [stdout]    --> src/vmf.rs:322:4
[INFO] [stdout]     |
[INFO] [stdout] 322 | fn parse_uvaxis(s: &str) -> UVAxis<f32> {
[INFO] [stdout]     |    ^^^^^^^^^^^^
[INFO] [stdout] 
[INFO] [stdout] 
[INFO] [stdout] warning: function `parse_dispinfo` is never used
[INFO] [stdout]    --> src/vmf.rs:333:4
[INFO] [stdout]     |
[INFO] [stdout] 333 | fn parse_dispinfo<'a>(block: &Block<impl AsRef<str>>) -> Result<DispInfo, &'static str> {
[INFO] [stdout]     |    ^^^^^^^^^^^^^^
[INFO] [stdout] 
[INFO] [stdout] 
[INFO] [stdout] warning: function `parse_seps_chunks` is never used
[INFO] [stdout]    --> src/vmf.rs:450:4
[INFO] [stdout]     |
[INFO] [stdout] 450 | fn parse_seps_chunks<'a, 'b, T: FromStr + std::fmt::Debug>(
[INFO] [stdout]     |    ^^^^^^^^^^^^^^^^^
[INFO] [stdout] 
[INFO] [stdout] 
[INFO] [stdout] warning: function `vec2d_f32_to_vector3` is never used
[INFO] [stdout]    --> src/vmf.rs:474:4
[INFO] [stdout]     |
[INFO] [stdout] 474 | fn vec2d_f32_to_vector3(vec2d: Vec2d<f32>) -> Vec2d<Vector3<f32>> {
[INFO] [stdout]     |    ^^^^^^^^^^^^^^^^^^^^
[INFO] [stdout] 
[INFO] [stdout] 
[INFO] [stdout] warning: function `f32s_to_vector3s` is never used
[INFO] [stdout]    --> src/vmf.rs:478:4
[INFO] [stdout]     |
[INFO] [stdout] 478 | fn f32s_to_vector3s(f32s: &[f32]) -> Vec<Vector3<f32>> {
[INFO] [stdout]     |    ^^^^^^^^^^^^^^^^
[INFO] [stdout] 
[INFO] [stdout] 
[INFO] [stdout] warning: function `parse_vec2d` is never used
[INFO] [stdout]    --> src/vmf.rs:487:4
[INFO] [stdout]     |
[INFO] [stdout] 487 | fn parse_vec2d<'a, T: FromStr + std::fmt::Debug>(
[INFO] [stdout]     |    ^^^^^^^^^^^
[INFO] [stdout] 
[INFO] [stdout] 
[INFO] [stdout] warning: 26 warnings emitted
[INFO] [stdout] 
[INFO] [stdout] 
[INFO] [stderr]    Compiling const_format v0.2.31
[INFO] [stderr]    Compiling source_map_gen v0.1.0 (/opt/rustwide/workdir)
[INFO] [stdout] warning: unused import: `region::*`
[INFO] [stdout]  --> src/generation/mod.rs:5:5
[INFO] [stdout]   |
[INFO] [stdout] 5 | use region::*;
[INFO] [stdout]   |     ^^^^^^^^^
[INFO] [stdout]   |
[INFO] [stdout]   = note: `#[warn(unused_imports)]` on by default
[INFO] [stdout] 
[INFO] [stdout] 
[INFO] [stdout] warning: unused macro definition: `dbg2`
[INFO] [stdout]   --> src/lib.rs:52:14
[INFO] [stdout]    |
[INFO] [stdout] 52 | macro_rules! dbg2 {
[INFO] [stdout]    |              ^^^^
[INFO] [stdout]    |
[INFO] [stdout]    = note: `#[warn(unused_macros)]` on by default
[INFO] [stdout] 
[INFO] [stdout] 
[INFO] [stdout] warning: unreachable statement
[INFO] [stdout]    --> src/pallet/pallet_lib.rs:193:17
[INFO] [stdout]     |
[INFO] [stdout] 192 |                 panic!("bruh impossible");
[INFO] [stdout]     |                 ------------------------- any code following this expression is unreachable
[INFO] [stdout] 193 |                 continue;
[INFO] [stdout]     |                 ^^^^^^^^^ unreachable statement
[INFO] [stdout]     |
[INFO] [stdout]     = note: `#[warn(unreachable_code)]` on by default
[INFO] [stdout] 
[INFO] [stdout] 
[INFO] [stdout] warning: function `hello_world` is never used
[INFO] [stdout]   --> src/main.rs:19:4
[INFO] [stdout]    |
[INFO] [stdout] 19 | fn hello_world() {
[INFO] [stdout]    |    ^^^^^^^^^^^
[INFO] [stdout]    |
[INFO] [stdout]    = note: `#[warn(dead_code)]` on by default
[INFO] [stdout] 
[INFO] [stdout] 
[INFO] [stdout] warning: unused variable: `root`
[INFO] [stdout]   --> src/generation/region.rs:82:13
[INFO] [stdout]    |
[INFO] [stdout] 82 |         let root = self.root;
[INFO] [stdout]    |             ^^^^ help: if this is intentional, prefix it with an underscore: `_root`
[INFO] [stdout]    |
[INFO] [stdout]    = note: `#[warn(unused_variables)]` on by default
[INFO] [stdout] 
[INFO] [stdout] 
[INFO] [stdout] warning: unused variable: `spike_mats`
[INFO] [stdout]    --> src/generation2/shape/old.rs:137:9
[INFO] [stdout]     |
[INFO] [stdout] 137 |     let spike_mats = mats;
[INFO] [stdout]     |         ^^^^^^^^^^ help: if this is intentional, prefix it with an underscore: `_spike_mats`
[INFO] [stdout] 
[INFO] [stdout] 
[INFO] [stdout] warning: unused variable: `top_bounds`
[INFO] [stdout]    --> src/generation2/shape/old.rs:166:9
[INFO] [stdout]     |
[INFO] [stdout] 166 |     let top_bounds =
[INFO] [stdout]     |         ^^^^^^^^^^ help: if this is intentional, prefix it with an underscore: `_top_bounds`
[INFO] [stdout] 
[INFO] [stdout] 
[INFO] [stdout] warning: unused variable: `bottom_bounds`
[INFO] [stdout]    --> src/generation2/shape/old.rs:168:9
[INFO] [stdout]     |
[INFO] [stdout] 168 |     let bottom_bounds =
[INFO] [stdout]     |         ^^^^^^^^^^^^^ help: if this is intentional, prefix it with an underscore: `_bottom_bounds`
[INFO] [stdout] 
[INFO] [stdout] 
[INFO] [stdout] warning: unused variable: `rgb`
[INFO] [stdout]    --> src/light/colorspace/mod.rs:312:13
[INFO] [stdout]     |
[INFO] [stdout] 312 |         let rgb = dbg!(xyz.to_rgb());
[INFO] [stdout]     |             ^^^ help: if this is intentional, prefix it with an underscore: `_rgb`
[INFO] [stdout] 
[INFO] [stdout] 
[INFO] [stdout] warning: variable `smoothing_groups` is assigned to, but never used
[INFO] [stdout]    --> src/vmf.rs:247:13
[INFO] [stdout]     |
[INFO] [stdout] 247 |     let mut smoothing_groups = None;
[INFO] [stdout]     |             ^^^^^^^^^^^^^^^^
[INFO] [stdout]     |
[INFO] [stdout]     = note: consider using `_smoothing_groups` instead
[INFO] [stdout] 
[INFO] [stdout] 
[INFO] [stdout] warning: value assigned to `smoothing_groups` is never read
[INFO] [stdout]    --> src/vmf.rs:292:17
[INFO] [stdout]     |
[INFO] [stdout] 292 |                 smoothing_groups = value.parse::<i32>().ok();
[INFO] [stdout]     |                 ^^^^^^^^^^^^^^^^
[INFO] [stdout]     |
[INFO] [stdout]     = help: maybe it is overwritten before being read?
[INFO] [stdout]     = note: `#[warn(unused_assignments)]` on by default
[INFO] [stdout] 
[INFO] [stdout] 
[INFO] [stdout] warning: methods `construct_sky` and `construct_dev_inside` are never used
[INFO] [stdout]   --> src/generation/region/room.rs:39:19
[INFO] [stdout]    |
[INFO] [stdout] 10 | impl<'a> Room<'a> {
[INFO] [stdout]    | ----------------- methods in this implementation
[INFO] [stdout] ...
[INFO] [stdout] 39 |     pub(crate) fn construct_sky(&self) -> [Solid<'a>; 6] {
[INFO] [stdout]    |                   ^^^^^^^^^^^^^
[INFO] [stdout] ...
[INFO] [stdout] 95 |     pub(crate) fn construct_dev_inside(&self) -> [Solid<'a>; 6] {
[INFO] [stdout]    |                   ^^^^^^^^^^^^^^^^^^^^
[INFO] [stdout]    |
[INFO] [stdout]    = note: `#[warn(dead_code)]` on by default
[INFO] [stdout] 
[INFO] [stdout] 
[INFO] [stdout] warning: function `eprint_return` is never used
[INFO] [stdout]    --> src/generation/mod.rs:341:12
[INFO] [stdout]     |
[INFO] [stdout] 341 |         fn eprint_return<T: std::fmt::Display>(value: T) -> T {
[INFO] [stdout]     |            ^^^^^^^^^^^^^
[INFO] [stdout] 
[INFO] [stdout] 
[INFO] [stdout] warning: function `ellipse_verts_2d` is never used
[INFO] [stdout]   --> src/generation2/shape.rs:36:4
[INFO] [stdout]    |
[INFO] [stdout] 36 | fn ellipse_verts_2d(
[INFO] [stdout]    |    ^^^^^^^^^^^^^^^^
[INFO] [stdout] 
[INFO] [stdout] 
[INFO] [stdout] warning: function `radius_at_sphere_height_xy` is never used
[INFO] [stdout]  --> src/generation2/shape/old.rs:6:4
[INFO] [stdout]   |
[INFO] [stdout] 6 | fn radius_at_sphere_height_xy(
[INFO] [stdout]   |    ^^^^^^^^^^^^^^^^^^^^^^^^^^
[INFO] [stdout] 
[INFO] [stdout] 
[INFO] [stdout] warning: function `spike` is never used
[INFO] [stdout]   --> src/generation2/shape/old.rs:33:8
[INFO] [stdout]    |
[INFO] [stdout] 33 | pub fn spike<'a>(
[INFO] [stdout]    |        ^^^^^
[INFO] [stdout] 
[INFO] [stdout] 
[INFO] [stdout] warning: function `cylinder` is never used
[INFO] [stdout]   --> src/generation2/shape/old.rs:66:8
[INFO] [stdout]    |
[INFO] [stdout] 66 | pub fn cylinder<'a>(
[INFO] [stdout]    |        ^^^^^^^^
[INFO] [stdout] 
[INFO] [stdout] 
[INFO] [stdout] warning: function `frustum_old` is never used
[INFO] [stdout]    --> src/generation2/shape/old.rs:101:8
[INFO] [stdout]     |
[INFO] [stdout] 101 | pub fn frustum_old<'a, I>(
[INFO] [stdout]     |        ^^^^^^^^^^^
[INFO] [stdout] 
[INFO] [stdout] 
[INFO] [stdout] warning: function `sphere` is never used
[INFO] [stdout]    --> src/generation2/shape/old.rs:134:8
[INFO] [stdout]     |
[INFO] [stdout] 134 | pub fn sphere<'a>(
[INFO] [stdout]     |        ^^^^^^
[INFO] [stdout] 
[INFO] [stdout] 
[INFO] [stdout] warning: function `temp_to_rgb_simple` is never used
[INFO] [stdout]    --> src/light/colorspace/mod.rs:155:4
[INFO] [stdout]     |
[INFO] [stdout] 155 | fn temp_to_rgb_simple(kelvin: f64) -> (u8, u8, u8) {
[INFO] [stdout]     |    ^^^^^^^^^^^^^^^^^^
[INFO] [stdout] 
[INFO] [stdout] 
[INFO] [stdout] warning: 2 warnings emitted
[INFO] [stdout] 
[INFO] [stdout] 
[INFO] [stdout] warning: 18 warnings emitted
[INFO] [stdout] 
[INFO] [stdout] 
[INFO] [stderr]     Finished test [unoptimized + debuginfo] target(s) in 2.83s
[INFO] running `Command { std: "docker" "inspect" "b2127530ee103762c117c88f6c582dc7df24daf6b36342eb0b3a8257cfe26276", kill_on_drop: false }`
[INFO] running `Command { std: "docker" "rm" "-f" "b2127530ee103762c117c88f6c582dc7df24daf6b36342eb0b3a8257cfe26276", kill_on_drop: false }`
[INFO] [stdout] b2127530ee103762c117c88f6c582dc7df24daf6b36342eb0b3a8257cfe26276
[INFO] running `Command { std: "docker" "create" "-v" "/var/lib/crater-agent-workspace/builds/worker-4-tc1/target:/opt/rustwide/target:rw,Z" "-v" "/var/lib/crater-agent-workspace/builds/worker-4-tc1/source:/opt/rustwide/workdir:ro,Z" "-v" "/var/lib/crater-agent-workspace/cargo-home:/opt/rustwide/cargo-home:ro,Z" "-v" "/var/lib/crater-agent-workspace/rustup-home:/opt/rustwide/rustup-home:ro,Z" "-e" "SOURCE_DIR=/opt/rustwide/workdir" "-e" "CARGO_TARGET_DIR=/opt/rustwide/target" "-e" "CARGO_INCREMENTAL=0" "-e" "RUST_BACKTRACE=full" "-e" "RUSTFLAGS=--cap-lints=warn" "-e" "RUSTDOCFLAGS=--cap-lints=warn" "-e" "CARGO_HOME=/opt/rustwide/cargo-home" "-e" "RUSTUP_HOME=/opt/rustwide/rustup-home" "-w" "/opt/rustwide/workdir" "-m" "1610612736" "--user" "0:0" "--network" "none" "ghcr.io/rust-lang/crates-build-env/linux@sha256:2788e3201cd34a07e3172128adcd8b3090168a8e3bcc40d7c032b9dda1df7d1c" "/opt/rustwide/cargo-home/bin/cargo" "+1.75.0" "test" "--frozen", kill_on_drop: false }`
[INFO] [stdout] 6e8f3e2a0f86e553ee3cb1b2d43e339d500273e925956c20cf637e6e31ded894
[INFO] running `Command { std: "docker" "start" "-a" "6e8f3e2a0f86e553ee3cb1b2d43e339d500273e925956c20cf637e6e31ded894", kill_on_drop: false }`
[INFO] [stderr] warning: unused import: `region::*`
[INFO] [stderr]  --> src/generation/mod.rs:5:5
[INFO] [stderr]   |
[INFO] [stderr] 5 | use region::*;
[INFO] [stderr]   |     ^^^^^^^^^
[INFO] [stderr]   |
[INFO] [stderr]   = note: `#[warn(unused_imports)]` on by default
[INFO] [stderr] 
[INFO] [stderr] warning: unused macro definition: `dbg2`
[INFO] [stderr]   --> src/lib.rs:52:14
[INFO] [stderr]    |
[INFO] [stderr] 52 | macro_rules! dbg2 {
[INFO] [stderr]    |              ^^^^
[INFO] [stderr]    |
[INFO] [stderr]    = note: `#[warn(unused_macros)]` on by default
[INFO] [stderr] 
[INFO] [stderr] warning: unused variable: `root`
[INFO] [stderr]   --> src/generation/region.rs:82:13
[INFO] [stderr]    |
[INFO] [stderr] 82 |         let root = self.root;
[INFO] [stderr]    |             ^^^^ help: if this is intentional, prefix it with an underscore: `_root`
[INFO] [stderr]    |
[INFO] [stderr]    = note: `#[warn(unused_variables)]` on by default
[INFO] [stderr] 
[INFO] [stderr] warning: unused variable: `spike_mats`
[INFO] [stderr]    --> src/generation2/shape/old.rs:137:9
[INFO] [stderr]     |
[INFO] [stderr] 137 |     let spike_mats = mats;
[INFO] [stderr]     |         ^^^^^^^^^^ help: if this is intentional, prefix it with an underscore: `_spike_mats`
[INFO] [stderr] 
[INFO] [stderr] warning: unused variable: `top_bounds`
[INFO] [stderr]    --> src/generation2/shape/old.rs:166:9
[INFO] [stderr]     |
[INFO] [stderr] 166 |     let top_bounds =
[INFO] [stderr]     |         ^^^^^^^^^^ help: if this is intentional, prefix it with an underscore: `_top_bounds`
[INFO] [stderr] 
[INFO] [stderr] warning: unused variable: `bottom_bounds`
[INFO] [stderr]    --> src/generation2/shape/old.rs:168:9
[INFO] [stderr]     |
[INFO] [stderr] 168 |     let bottom_bounds =
[INFO] [stderr]     |         ^^^^^^^^^^^^^ help: if this is intentional, prefix it with an underscore: `_bottom_bounds`
[INFO] [stderr] 
[INFO] [stderr] warning: unused variable: `rgb`
[INFO] [stderr]    --> src/light/colorspace/mod.rs:312:13
[INFO] [stderr]     |
[INFO] [stderr] 312 |         let rgb = dbg!(xyz.to_rgb());
[INFO] [stderr]     |             ^^^ help: if this is intentional, prefix it with an underscore: `_rgb`
[INFO] [stderr] 
[INFO] [stderr] warning: variable `smoothing_groups` is assigned to, but never used
[INFO] [stderr]    --> src/vmf.rs:247:13
[INFO] [stderr]     |
[INFO] [stderr] 247 |     let mut smoothing_groups = None;
[INFO] [stderr]     |             ^^^^^^^^^^^^^^^^
[INFO] [stderr]     |
[INFO] [stderr]     = note: consider using `_smoothing_groups` instead
[INFO] [stderr] 
[INFO] [stderr] warning: value assigned to `smoothing_groups` is never read
[INFO] [stderr]    --> src/vmf.rs:292:17
[INFO] [stderr]     |
[INFO] [stderr] 292 |                 smoothing_groups = value.parse::<i32>().ok();
[INFO] [stderr]     |                 ^^^^^^^^^^^^^^^^
[INFO] [stderr]     |
[INFO] [stderr]     = help: maybe it is overwritten before being read?
[INFO] [stderr]     = note: `#[warn(unused_assignments)]` on by default
[INFO] [stderr] 
[INFO] [stderr] warning: function `lines_overlap` is never used
[INFO] [stderr]    --> src/generation/mod.rs:270:4
[INFO] [stderr]     |
[INFO] [stderr] 270 | fn lines_overlap(x1: f32, x2: f32, y1: f32, y2: f32) -> f32 {
[INFO] [stderr]     |    ^^^^^^^^^^^^^
[INFO] [stderr]     |
[INFO] [stderr]     = note: `#[warn(dead_code)]` on by default
[INFO] [stderr] 
[INFO] [stderr] warning: methods `construct_sky` and `construct_dev_inside` are never used
[INFO] [stderr]   --> src/generation/region/room.rs:39:19
[INFO] [stderr]    |
[INFO] [stderr] 10 | impl<'a> Room<'a> {
[INFO] [stderr]    | ----------------- methods in this implementation
[INFO] [stderr] ...
[INFO] [stderr] 39 |     pub(crate) fn construct_sky(&self) -> [Solid<'a>; 6] {
[INFO] [stderr]    |                   ^^^^^^^^^^^^^
[INFO] [stderr] ...
[INFO] [stderr] 95 |     pub(crate) fn construct_dev_inside(&self) -> [Solid<'a>; 6] {
[INFO] [stderr]    |                   ^^^^^^^^^^^^^^^^^^^^
[INFO] [stderr] 
[INFO] [stderr] warning: function `ellipse_verts_2d` is never used
[INFO] [stderr]   --> src/generation2/shape.rs:36:4
[INFO] [stderr]    |
[INFO] [stderr] 36 | fn ellipse_verts_2d(
[INFO] [stderr]    |    ^^^^^^^^^^^^^^^^
[INFO] [stderr] 
[INFO] [stderr] warning: function `radius_at_sphere_height_xy` is never used
[INFO] [stderr]  --> src/generation2/shape/old.rs:6:4
[INFO] [stderr]   |
[INFO] [stderr] 6 | fn radius_at_sphere_height_xy(
[INFO] [stderr]   |    ^^^^^^^^^^^^^^^^^^^^^^^^^^
[INFO] [stderr] 
[INFO] [stderr] warning: function `spike` is never used
[INFO] [stderr]   --> src/generation2/shape/old.rs:33:8
[INFO] [stderr]    |
[INFO] [stderr] 33 | pub fn spike<'a>(
[INFO] [stderr]    |        ^^^^^
[INFO] [stderr] 
[INFO] [stderr] warning: function `cylinder` is never used
[INFO] [stderr]   --> src/generation2/shape/old.rs:66:8
[INFO] [stderr]    |
[INFO] [stderr] 66 | pub fn cylinder<'a>(
[INFO] [stderr]    |        ^^^^^^^^
[INFO] [stderr] 
[INFO] [stderr] warning: function `frustum_old` is never used
[INFO] [stderr]    --> src/generation2/shape/old.rs:101:8
[INFO] [stderr]     |
[INFO] [stderr] 101 | pub fn frustum_old<'a, I>(
[INFO] [stderr]     |        ^^^^^^^^^^^
[INFO] [stderr] 
[INFO] [stderr] warning: function `sphere` is never used
[INFO] [stderr]    --> src/generation2/shape/old.rs:134:8
[INFO] [stderr]     |
[INFO] [stderr] 134 | pub fn sphere<'a>(
[INFO] [stderr]     |        ^^^^^^
[INFO] [stderr] 
[INFO] [stderr] warning: function `temp_to_rgb_simple` is never used
[INFO] [stderr]    --> src/light/colorspace/mod.rs:155:4
[INFO] [stderr]     |
[INFO] [stderr] 155 | fn temp_to_rgb_simple(kelvin: f64) -> (u8, u8, u8) {
[INFO] [stderr]     |    ^^^^^^^^^^^^^^^^^^
[INFO] [stderr] 
[INFO] [stderr] warning: function `block_to_solid` is never used
[INFO] [stderr]    --> src/vmf.rs:219:15
[INFO] [stderr]     |
[INFO] [stderr] 219 | pub(crate) fn block_to_solid<'a>(block: &'a Block<impl AsRef<str>>) -> Solid<'a> {
[INFO] [stderr]     |               ^^^^^^^^^^^^^^
[INFO] [stderr] 
[INFO] [stderr] warning: function `parse_side` is never used
[INFO] [stderr]    --> src/vmf.rs:238:15
[INFO] [stderr]     |
[INFO] [stderr] 238 | pub(crate) fn parse_side<'a>(block: &'a Block<impl AsRef<str>>) -> Side<'a> {
[INFO] [stderr]     |               ^^^^^^^^^^
[INFO] [stderr] 
[INFO] [stderr] warning: function `parse_uvaxis` is never used
[INFO] [stderr]    --> src/vmf.rs:322:4
[INFO] [stderr]     |
[INFO] [stderr] 322 | fn parse_uvaxis(s: &str) -> UVAxis<f32> {
[INFO] [stderr]     |    ^^^^^^^^^^^^
[INFO] [stderr] 
[INFO] [stderr] warning: function `parse_dispinfo` is never used
[INFO] [stderr]    --> src/vmf.rs:333:4
[INFO] [stderr]     |
[INFO] [stderr] 333 | fn parse_dispinfo<'a>(block: &Block<impl AsRef<str>>) -> Result<DispInfo, &'static str> {
[INFO] [stderr]     |    ^^^^^^^^^^^^^^
[INFO] [stderr] 
[INFO] [stderr] warning: function `parse_seps_chunks` is never used
[INFO] [stderr]    --> src/vmf.rs:450:4
[INFO] [stderr]     |
[INFO] [stderr] 450 | fn parse_seps_chunks<'a, 'b, T: FromStr + std::fmt::Debug>(
[INFO] [stderr]     |    ^^^^^^^^^^^^^^^^^
[INFO] [stderr] 
[INFO] [stderr] warning: function `vec2d_f32_to_vector3` is never used
[INFO] [stderr]    --> src/vmf.rs:474:4
[INFO] [stderr]     |
[INFO] [stderr] 474 | fn vec2d_f32_to_vector3(vec2d: Vec2d<f32>) -> Vec2d<Vector3<f32>> {
[INFO] [stderr]     |    ^^^^^^^^^^^^^^^^^^^^
[INFO] [stderr] 
[INFO] [stderr] warning: function `f32s_to_vector3s` is never used
[INFO] [stderr]    --> src/vmf.rs:478:4
[INFO] [stderr]     |
[INFO] [stderr] 478 | fn f32s_to_vector3s(f32s: &[f32]) -> Vec<Vector3<f32>> {
[INFO] [stderr]     |    ^^^^^^^^^^^^^^^^
[INFO] [stderr] 
[INFO] [stderr] warning: function `parse_vec2d` is never used
[INFO] [stderr]    --> src/vmf.rs:487:4
[INFO] [stderr]     |
[INFO] [stderr] 487 | fn parse_vec2d<'a, T: FromStr + std::fmt::Debug>(
[INFO] [stderr]     |    ^^^^^^^^^^^
[INFO] [stderr] 
[INFO] [stderr] warning: methods `construct_sky` and `construct_dev_inside` are never used
[INFO] [stderr]   --> src/generation/region/room.rs:39:19
[INFO] [stderr]    |
[INFO] [stderr] 10 | impl<'a> Room<'a> {
[INFO] [stderr]    | ----------------- methods in this implementation
[INFO] [stderr] ...
[INFO] [stderr] 39 |     pub(crate) fn construct_sky(&self) -> [Solid<'a>; 6] {
[INFO] [stderr]    |                   ^^^^^^^^^^^^^
[INFO] [stderr] ...
[INFO] [stderr] 95 |     pub(crate) fn construct_dev_inside(&self) -> [Solid<'a>; 6] {
[INFO] [stderr]    |                   ^^^^^^^^^^^^^^^^^^^^
[INFO] [stderr]    |
[INFO] [stderr]    = note: `#[warn(dead_code)]` on by default
[INFO] [stderr] 
[INFO] [stderr] warning: function `eprint_return` is never used
[INFO] [stderr]    --> src/generation/mod.rs:341:12
[INFO] [stderr]     |
[INFO] [stderr] 341 |         fn eprint_return<T: std::fmt::Display>(value: T) -> T {
[INFO] [stderr]     |            ^^^^^^^^^^^^^
[INFO] [stderr] 
[INFO] [stderr] warning: `source_map_gen` (lib) generated 26 warnings (run `cargo fix --lib -p source_map_gen` to apply 6 suggestions)
[INFO] [stderr] warning: `source_map_gen` (lib test) generated 18 warnings (16 duplicates)
[INFO] [stderr] warning: unreachable statement
[INFO] [stderr]    --> src/pallet/pallet_lib.rs:193:17
[INFO] [stderr]     |
[INFO] [stderr] 192 |                 panic!("bruh impossible");
[INFO] [stderr]     |                 ------------------------- any code following this expression is unreachable
[INFO] [stderr] 193 |                 continue;
[INFO] [stderr]     |                 ^^^^^^^^^ unreachable statement
[INFO] [stderr]     |
[INFO] [stderr]     = note: `#[warn(unreachable_code)]` on by default
[INFO] [stderr] 
[INFO] [stderr] warning: function `hello_world` is never used
[INFO] [stderr]   --> src/main.rs:19:4
[INFO] [stderr]    |
[INFO] [stderr] 19 | fn hello_world() {
[INFO] [stderr]    |    ^^^^^^^^^^^
[INFO] [stderr]    |
[INFO] [stderr]    = note: `#[warn(dead_code)]` on by default
[INFO] [stderr] 
[INFO] [stderr] warning: `source_map_gen` (bin "source_map_gen" test) generated 2 warnings
[INFO] [stderr]     Finished test [unoptimized + debuginfo] target(s) in 0.04s
[INFO] [stderr]      Running unittests src/lib.rs (/opt/rustwide/target/debug/deps/source_map_gen-6994cd1a53ae7784)
[INFO] [stdout] 
[INFO] [stdout] running 24 tests
[INFO] [stdout] test generation2::shape::tests::frustum_cone_doc_test ... ignored
[INFO] [stdout] test generation2::shape::tests::shape_test ... ignored
[INFO] [stdout] test generation2::shape::tests::sphere_disp_test ... ignored
[INFO] [stdout] test generation2::shape::tests::sphere_test ... ignored
[INFO] [stdout] test generation2::shape::tests::test_frustum_cone ... ignored
[INFO] [stdout] test generation2::shape::tests::test_order ... ignored
[INFO] [stdout] test generation2::disp::tests::normal_dist_from ... ok
[INFO] [stdout] test generation::region::room::tests::room ... ignored
[INFO] [stdout] test generation::region::tests::test ... ignored
[INFO] [stdout] test generation2::shape::unit ... ok
[INFO] [stdout] test generation::tests::collide ... ok
[INFO] [stdout] test generation::tests::cube ... ok
[INFO] [stdout] test map::solid::tests::plane_to_4 ... ok
[INFO] [stdout] test map::solid::tests::normal ... ok
[INFO] [stdout] test map::solid::tests::uv_align ... ok
[INFO] [stdout] test map::solid::tests::uv_normal ... ok
[INFO] [stdout] test map::vector::tests::axis_aligned ... ok
[INFO] [stdout] test map::vector::tests::greatest_axis ... ok
[INFO] [stdout] test tests::iter_peek ... ok
[INFO] [stdout] test utils::tests::rows ... ok
[INFO] [stdout] test light::colorspace::tests::test ... ok
[INFO] [stdout] test light::time::tests::loc_time ... ok
[INFO] [stdout] test generation2::disp::tests::ideal ... FAILED
[INFO] [stdout] test generation2::shape::tests::sphere2 ... FAILED
[INFO] [stdout] 
[INFO] [stdout] failures:
[INFO] [stdout] 
[INFO] [stdout] ---- generation2::disp::tests::ideal stdout ----
[INFO] [stdout] thread 'generation2::disp::tests::ideal' panicked at src/generation2/disp.rs:321:9:
[INFO] [stdout] assertion `left == right` failed
[INFO] [stdout]   left: VecNd { inner: [Vector3 { x: 0.0, y: 0.0, z: 16.0 }, Vector3 { x: 4.0, y: 0.0, z: 16.0 }, Vector3 { x: 8.0, y: 0.0, z: 16.0 }, Vector3 { x: 12.0, y: 0.0, z: 16.0 }, Vector3 { x: 16.0, y: 0.0, z: 16.0 }, Vector3 { x: 0.0, y: 0.0, z: 12.0 }, Vector3 { x: 4.0, y: 0.0, z: 12.0 }, Vector3 { x: 8.0, y: 0.0, z: 12.0 }, Vector3 { x: 12.0, y: 0.0, z: 12.0 }, Vector3 { x: 16.0, y: 0.0, z: 12.0 }, Vector3 { x: 0.0, y: 0.0, z: 8.0 }, Vector3 { x: 4.0, y: 0.0, z: 8.0 }, Vector3 { x: 8.0, y: 0.0, z: 8.0 }, Vector3 { x: 12.0, y: 0.0, z: 8.0 }, Vector3 { x: 16.0, y: 0.0, z: 8.0 }, Vector3 { x: 0.0, y: 0.0, z: 4.0 }, Vector3 { x: 4.0, y: 0.0, z: 4.0 }, Vector3 { x: 8.0, y: 0.0, z: 4.0 }, Vector3 { x: 12.0, y: 0.0, z: 4.0 }, Vector3 { x: 16.0, y: 0.0, z: 4.0 }, Vector3 { x: 0.0, y: 0.0, z: 0.0 }, Vector3 { x: 4.0, y: 0.0, z: 0.0 }, Vector3 { x: 8.0, y: 0.0, z: 0.0 }, Vector3 { x: 12.0, y: 0.0, z: 0.0 }, Vector3 { x: 16.0, y: 0.0, z: 0.0 }], strides: [5, 1] }
[INFO] [stdout]  right: VecNd { inner: [Vector3 { x: 0.0, y: 0.0, z: 0.0 }, Vector3 { x: 16.0, y: 0.0, z: 0.0 }, Vector3 { x: 0.0, y: 0.0, z: 16.0 }, Vector3 { x: 16.0, y: 0.0, z: 16.0 }], strides: [2, 1] }
[INFO] [stdout] stack backtrace:
[INFO] [stdout]    0:     0x5566447a30ec - std::backtrace_rs::backtrace::libunwind::trace::ha637c64ce894333a
[INFO] [stdout]                                at /rustc/82e1608dfa6e0b5569232559e3d385fea5a93112/library/std/src/../../backtrace/src/backtrace/libunwind.rs:104:5
[INFO] [stdout]    1:     0x5566447a30ec - std::backtrace_rs::backtrace::trace_unsynchronized::h47f62dea28e0c88d
[INFO] [stdout]                                at /rustc/82e1608dfa6e0b5569232559e3d385fea5a93112/library/std/src/../../backtrace/src/backtrace/mod.rs:66:5
[INFO] [stdout]    2:     0x5566447a30ec - std::sys_common::backtrace::_print_fmt::h9eef0abe20ede486
[INFO] [stdout]                                at /rustc/82e1608dfa6e0b5569232559e3d385fea5a93112/library/std/src/sys_common/backtrace.rs:67:5
[INFO] [stdout]    3:     0x5566447a30ec - <std::sys_common::backtrace::_print::DisplayBacktrace as core::fmt::Display>::fmt::hed7f999df88cc644
[INFO] [stdout]                                at /rustc/82e1608dfa6e0b5569232559e3d385fea5a93112/library/std/src/sys_common/backtrace.rs:44:22
[INFO] [stdout]    4:     0x5566447ceaf0 - core::fmt::rt::Argument::fmt::h1539a9308b8d058d
[INFO] [stdout]                                at /rustc/82e1608dfa6e0b5569232559e3d385fea5a93112/library/core/src/fmt/rt.rs:142:9
[INFO] [stdout]    5:     0x5566447ceaf0 - core::fmt::write::h3a39390d8560d9c9
[INFO] [stdout]                                at /rustc/82e1608dfa6e0b5569232559e3d385fea5a93112/library/core/src/fmt/mod.rs:1120:17
[INFO] [stdout]    6:     0x5566447a09bf - std::io::Write::write_fmt::h040b369f3a0f9cbc
[INFO] [stdout]                                at /rustc/82e1608dfa6e0b5569232559e3d385fea5a93112/library/std/src/io/mod.rs:1762:15
[INFO] [stdout]    7:     0x5566447a2ed4 - std::sys_common::backtrace::_print::h894006fb5c6f3d45
[INFO] [stdout]                                at /rustc/82e1608dfa6e0b5569232559e3d385fea5a93112/library/std/src/sys_common/backtrace.rs:47:5
[INFO] [stdout]    8:     0x5566447a2ed4 - std::sys_common::backtrace::print::h23a2d212c6fff936
[INFO] [stdout]                                at /rustc/82e1608dfa6e0b5569232559e3d385fea5a93112/library/std/src/sys_common/backtrace.rs:34:9
[INFO] [stdout]    9:     0x5566447a4b97 - std::panicking::default_hook::{{closure}}::h8a1d2ee00185001a
[INFO] [stdout]   10:     0x5566447a4883 - std::panicking::default_hook::h6038f2eba384e475
[INFO] [stdout]                                at /rustc/82e1608dfa6e0b5569232559e3d385fea5a93112/library/std/src/panicking.rs:289:9
[INFO] [stdout]   11:     0x55664475a4c7 - <alloc::boxed::Box<F,A> as core::ops::function::Fn<Args>>::call::h0ad024c9bdc6d768
[INFO] [stdout]                                at /rustc/82e1608dfa6e0b5569232559e3d385fea5a93112/library/alloc/src/boxed.rs:2021:9
[INFO] [stdout]   12:     0x55664475a4c7 - test::test_main::{{closure}}::h7500b54257359db6
[INFO] [stdout]                                at /rustc/82e1608dfa6e0b5569232559e3d385fea5a93112/library/test/src/lib.rs:138:21
[INFO] [stdout]   13:     0x5566447a51a8 - <alloc::boxed::Box<F,A> as core::ops::function::Fn<Args>>::call::h1f8f335eaa9cfaee
[INFO] [stdout]                                at /rustc/82e1608dfa6e0b5569232559e3d385fea5a93112/library/alloc/src/boxed.rs:2021:9
[INFO] [stdout]   14:     0x5566447a51a8 - std::panicking::rust_panic_with_hook::h2b5517d590cab22e
[INFO] [stdout]                                at /rustc/82e1608dfa6e0b5569232559e3d385fea5a93112/library/std/src/panicking.rs:783:13
[INFO] [stdout]   15:     0x5566447a4efe - std::panicking::begin_panic_handler::{{closure}}::h233112c06e0ef43e
[INFO] [stdout]                                at /rustc/82e1608dfa6e0b5569232559e3d385fea5a93112/library/std/src/panicking.rs:657:13
[INFO] [stdout]   16:     0x5566447a35b6 - std::sys_common::backtrace::__rust_end_short_backtrace::h6e893f24d7ebbff8
[INFO] [stdout]                                at /rustc/82e1608dfa6e0b5569232559e3d385fea5a93112/library/std/src/sys_common/backtrace.rs:170:18
[INFO] [stdout]   17:     0x5566447a4c62 - rust_begin_unwind
[INFO] [stdout]                                at /rustc/82e1608dfa6e0b5569232559e3d385fea5a93112/library/std/src/panicking.rs:645:5
[INFO] [stdout]   18:     0x5566446a2dd5 - core::panicking::panic_fmt::hbf0e066aabfa482c
[INFO] [stdout]                                at /rustc/82e1608dfa6e0b5569232559e3d385fea5a93112/library/core/src/panicking.rs:72:14
[INFO] [stdout]   19:     0x5566446a328b - core::panicking::assert_failed_inner::h0bba8b7c26ee4492
[INFO] [stdout]   20:     0x5566446d1b8e - core::panicking::assert_failed::hd20fd016fa7f78c6
[INFO] [stdout]                                at /rustc/82e1608dfa6e0b5569232559e3d385fea5a93112/library/core/src/panicking.rs:279:5
[INFO] [stdout]   21:     0x5566446e1ab3 - source_map_gen::generation2::disp::tests::ideal::hcb777a32c51081e6
[INFO] [stdout]                                at /opt/rustwide/workdir/src/generation2/disp.rs:321:9
[INFO] [stdout]   22:     0x5566446e10d7 - source_map_gen::generation2::disp::tests::ideal::{{closure}}::h72acbaac6a4ea0c8
[INFO] [stdout]                                at /opt/rustwide/workdir/src/generation2/disp.rs:273:15
[INFO] [stdout]   23:     0x5566446d5376 - core::ops::function::FnOnce::call_once::h32e5c27decc52f5a
[INFO] [stdout]                                at /rustc/82e1608dfa6e0b5569232559e3d385fea5a93112/library/core/src/ops/function.rs:250:5
[INFO] [stdout]   24:     0x55664475fb1f - core::ops::function::FnOnce::call_once::h2b5d431d5046312d
[INFO] [stdout]                                at /rustc/82e1608dfa6e0b5569232559e3d385fea5a93112/library/core/src/ops/function.rs:250:5
[INFO] [stdout]   25:     0x55664475fb1f - test::__rust_begin_short_backtrace::h7714669af176e207
[INFO] [stdout]                                at /rustc/82e1608dfa6e0b5569232559e3d385fea5a93112/library/test/src/lib.rs:628:18
[INFO] [stdout]   26:     0x55664475eb35 - test::run_test_in_process::{{closure}}::h85218797dcbcec12
[INFO] [stdout]                                at /rustc/82e1608dfa6e0b5569232559e3d385fea5a93112/library/test/src/lib.rs:651:60
[INFO] [stdout]   27:     0x55664475eb35 - <core::panic::unwind_safe::AssertUnwindSafe<F> as core::ops::function::FnOnce<()>>::call_once::h76c106ea31c14d7b
[INFO] [stdout]                                at /rustc/82e1608dfa6e0b5569232559e3d385fea5a93112/library/core/src/panic/unwind_safe.rs:272:9
[INFO] [stdout]   28:     0x55664475eb35 - std::panicking::try::do_call::h3bd5d0f6620ee946
[INFO] [stdout]                                at /rustc/82e1608dfa6e0b5569232559e3d385fea5a93112/library/std/src/panicking.rs:552:40
[INFO] [stdout]   29:     0x55664475eb35 - std::panicking::try::h232e535e4744fe31
[INFO] [stdout]                                at /rustc/82e1608dfa6e0b5569232559e3d385fea5a93112/library/std/src/panicking.rs:516:19
[INFO] [stdout]   30:     0x55664475eb35 - std::panic::catch_unwind::h3ce3bd6ca8dbac68
[INFO] [stdout]                                at /rustc/82e1608dfa6e0b5569232559e3d385fea5a93112/library/std/src/panic.rs:142:14
[INFO] [stdout]   31:     0x55664475eb35 - test::run_test_in_process::hc97b257c9621286a
[INFO] [stdout]                                at /rustc/82e1608dfa6e0b5569232559e3d385fea5a93112/library/test/src/lib.rs:651:27
[INFO] [stdout]   32:     0x55664475eb35 - test::run_test::{{closure}}::h2aa798823a438d38
[INFO] [stdout]                                at /rustc/82e1608dfa6e0b5569232559e3d385fea5a93112/library/test/src/lib.rs:574:43
[INFO] [stdout]   33:     0x556644726df6 - test::run_test::{{closure}}::h87d231c78fb59832
[INFO] [stdout]                                at /rustc/82e1608dfa6e0b5569232559e3d385fea5a93112/library/test/src/lib.rs:602:41
[INFO] [stdout]   34:     0x556644726df6 - std::sys_common::backtrace::__rust_begin_short_backtrace::he6df152596625789
[INFO] [stdout]                                at /rustc/82e1608dfa6e0b5569232559e3d385fea5a93112/library/std/src/sys_common/backtrace.rs:154:18
[INFO] [stdout]   35:     0x55664472bea7 - std::thread::Builder::spawn_unchecked_::{{closure}}::{{closure}}::ha94be15d1e0acf36
[INFO] [stdout]                                at /rustc/82e1608dfa6e0b5569232559e3d385fea5a93112/library/std/src/thread/mod.rs:529:17
[INFO] [stdout]   36:     0x55664472bea7 - <core::panic::unwind_safe::AssertUnwindSafe<F> as core::ops::function::FnOnce<()>>::call_once::h9dc6bd6372f16606
[INFO] [stdout]                                at /rustc/82e1608dfa6e0b5569232559e3d385fea5a93112/library/core/src/panic/unwind_safe.rs:272:9
[INFO] [stdout]   37:     0x55664472bea7 - std::panicking::try::do_call::h9057517f80303cd4
[INFO] [stdout]                                at /rustc/82e1608dfa6e0b5569232559e3d385fea5a93112/library/std/src/panicking.rs:552:40
[INFO] [stdout]   38:     0x55664472bea7 - std::panicking::try::he3a30b11ee45340c
[INFO] [stdout]                                at /rustc/82e1608dfa6e0b5569232559e3d385fea5a93112/library/std/src/panicking.rs:516:19
[INFO] [stdout]   39:     0x55664472bea7 - std::panic::catch_unwind::h410458cfd3528b8b
[INFO] [stdout]                                at /rustc/82e1608dfa6e0b5569232559e3d385fea5a93112/library/std/src/panic.rs:142:14
[INFO] [stdout]   40:     0x55664472bea7 - std::thread::Builder::spawn_unchecked_::{{closure}}::h72ac3bdb567b737b
[INFO] [stdout]                                at /rustc/82e1608dfa6e0b5569232559e3d385fea5a93112/library/std/src/thread/mod.rs:528:30
[INFO] [stdout]   41:     0x55664472bea7 - core::ops::function::FnOnce::call_once{{vtable.shim}}::h38f34da3654a8344
[INFO] [stdout]                                at /rustc/82e1608dfa6e0b5569232559e3d385fea5a93112/library/core/src/ops/function.rs:250:5
[INFO] [stdout]   42:     0x5566447a9ce5 - <alloc::boxed::Box<F,A> as core::ops::function::FnOnce<Args>>::call_once::hc7eafaff61e32df9
[INFO] [stdout]                                at /rustc/82e1608dfa6e0b5569232559e3d385fea5a93112/library/alloc/src/boxed.rs:2007:9
[INFO] [stdout]   43:     0x5566447a9ce5 - <alloc::boxed::Box<F,A> as core::ops::function::FnOnce<Args>>::call_once::h6ba4a5de48dd2304
[INFO] [stdout]                                at /rustc/82e1608dfa6e0b5569232559e3d385fea5a93112/library/alloc/src/boxed.rs:2007:9
[INFO] [stdout]   44:     0x5566447a9ce5 - std::sys::unix::thread::Thread::new::thread_start::he469335aef763e45
[INFO] [stdout]                                at /rustc/82e1608dfa6e0b5569232559e3d385fea5a93112/library/std/src/sys/unix/thread.rs:108:17
[INFO] [stdout]   45:     0x7fd41e8edac3 - <unknown>
[INFO] [stdout]   46:     0x7fd41e97ebf4 - __clone
[INFO] [stdout]   47:                0x0 - <unknown>
[INFO] [stdout] 
[INFO] [stdout] ---- generation2::shape::tests::sphere2 stdout ----
[INFO] [stdout] thread 'generation2::shape::tests::sphere2' panicked at src/generation2/shape/tests.rs:341:5:
[INFO] [stdout] not implemented: cube stretch to sphere as brush
[INFO] [stdout] stack backtrace:
[INFO] [stdout]    0:     0x5566447a30ec - std::backtrace_rs::backtrace::libunwind::trace::ha637c64ce894333a
[INFO] [stdout]                                at /rustc/82e1608dfa6e0b5569232559e3d385fea5a93112/library/std/src/../../backtrace/src/backtrace/libunwind.rs:104:5
[INFO] [stdout]    1:     0x5566447a30ec - std::backtrace_rs::backtrace::trace_unsynchronized::h47f62dea28e0c88d
[INFO] [stdout]                                at /rustc/82e1608dfa6e0b5569232559e3d385fea5a93112/library/std/src/../../backtrace/src/backtrace/mod.rs:66:5
[INFO] [stdout]    2:     0x5566447a30ec - std::sys_common::backtrace::_print_fmt::h9eef0abe20ede486
[INFO] [stdout]                                at /rustc/82e1608dfa6e0b5569232559e3d385fea5a93112/library/std/src/sys_common/backtrace.rs:67:5
[INFO] [stdout]    3:     0x5566447a30ec - <std::sys_common::backtrace::_print::DisplayBacktrace as core::fmt::Display>::fmt::hed7f999df88cc644
[INFO] [stdout]                                at /rustc/82e1608dfa6e0b5569232559e3d385fea5a93112/library/std/src/sys_common/backtrace.rs:44:22
[INFO] [stdout]    4:     0x5566447ceaf0 - core::fmt::rt::Argument::fmt::h1539a9308b8d058d
[INFO] [stdout]                                at /rustc/82e1608dfa6e0b5569232559e3d385fea5a93112/library/core/src/fmt/rt.rs:142:9
[INFO] [stdout]    5:     0x5566447ceaf0 - core::fmt::write::h3a39390d8560d9c9
[INFO] [stdout]                                at /rustc/82e1608dfa6e0b5569232559e3d385fea5a93112/library/core/src/fmt/mod.rs:1120:17
[INFO] [stdout]    6:     0x5566447a09bf - std::io::Write::write_fmt::h040b369f3a0f9cbc
[INFO] [stdout]                                at /rustc/82e1608dfa6e0b5569232559e3d385fea5a93112/library/std/src/io/mod.rs:1762:15
[INFO] [stdout]    7:     0x5566447a2ed4 - std::sys_common::backtrace::_print::h894006fb5c6f3d45
[INFO] [stdout]                                at /rustc/82e1608dfa6e0b5569232559e3d385fea5a93112/library/std/src/sys_common/backtrace.rs:47:5
[INFO] [stdout]    8:     0x5566447a2ed4 - std::sys_common::backtrace::print::h23a2d212c6fff936
[INFO] [stdout]                                at /rustc/82e1608dfa6e0b5569232559e3d385fea5a93112/library/std/src/sys_common/backtrace.rs:34:9
[INFO] [stdout]    9:     0x5566447a4b97 - std::panicking::default_hook::{{closure}}::h8a1d2ee00185001a
[INFO] [stdout]   10:     0x5566447a4883 - std::panicking::default_hook::h6038f2eba384e475
[INFO] [stdout]                                at /rustc/82e1608dfa6e0b5569232559e3d385fea5a93112/library/std/src/panicking.rs:289:9
[INFO] [stdout]   11:     0x55664475a4c7 - <alloc::boxed::Box<F,A> as core::ops::function::Fn<Args>>::call::h0ad024c9bdc6d768
[INFO] [stdout]                                at /rustc/82e1608dfa6e0b5569232559e3d385fea5a93112/library/alloc/src/boxed.rs:2021:9
[INFO] [stdout]   12:     0x55664475a4c7 - test::test_main::{{closure}}::h7500b54257359db6
[INFO] [stdout]                                at /rustc/82e1608dfa6e0b5569232559e3d385fea5a93112/library/test/src/lib.rs:138:21
[INFO] [stdout]   13:     0x5566447a51a8 - <alloc::boxed::Box<F,A> as core::ops::function::Fn<Args>>::call::h1f8f335eaa9cfaee
[INFO] [stdout]                                at /rustc/82e1608dfa6e0b5569232559e3d385fea5a93112/library/alloc/src/boxed.rs:2021:9
[INFO] [stdout]   14:     0x5566447a51a8 - std::panicking::rust_panic_with_hook::h2b5517d590cab22e
[INFO] [stdout]                                at /rustc/82e1608dfa6e0b5569232559e3d385fea5a93112/library/std/src/panicking.rs:783:13
[INFO] [stdout]   15:     0x5566447a4ec9 - std::panicking::begin_panic_handler::{{closure}}::h233112c06e0ef43e
[INFO] [stdout]                                at /rustc/82e1608dfa6e0b5569232559e3d385fea5a93112/library/std/src/panicking.rs:649:13
[INFO] [stdout]   16:     0x5566447a35b6 - std::sys_common::backtrace::__rust_end_short_backtrace::h6e893f24d7ebbff8
[INFO] [stdout]                                at /rustc/82e1608dfa6e0b5569232559e3d385fea5a93112/library/std/src/sys_common/backtrace.rs:170:18
[INFO] [stdout]   17:     0x5566447a4c62 - rust_begin_unwind
[INFO] [stdout]                                at /rustc/82e1608dfa6e0b5569232559e3d385fea5a93112/library/std/src/panicking.rs:645:5
[INFO] [stdout]   18:     0x5566446a2dd5 - core::panicking::panic_fmt::hbf0e066aabfa482c
[INFO] [stdout]                                at /rustc/82e1608dfa6e0b5569232559e3d385fea5a93112/library/core/src/panicking.rs:72:14
[INFO] [stdout]   19:     0x5566446fdcbe - source_map_gen::generation2::shape::tests::sphere2::hd9b6be7f953193a6
[INFO] [stdout]                                at /opt/rustwide/workdir/src/generation2/shape/tests.rs:341:5
[INFO] [stdout]   20:     0x5566446fdc67 - source_map_gen::generation2::shape::tests::sphere2::{{closure}}::h58c074ae04763a7a
[INFO] [stdout]                                at /opt/rustwide/workdir/src/generation2/shape/tests.rs:340:13
[INFO] [stdout]   21:     0x5566446d5276 - core::ops::function::FnOnce::call_once::h20b52344426c0646
[INFO] [stdout]                                at /rustc/82e1608dfa6e0b5569232559e3d385fea5a93112/library/core/src/ops/function.rs:250:5
[INFO] [stdout]   22:     0x55664475fb1f - core::ops::function::FnOnce::call_once::h2b5d431d5046312d
[INFO] [stdout]                                at /rustc/82e1608dfa6e0b5569232559e3d385fea5a93112/library/core/src/ops/function.rs:250:5
[INFO] [stdout]   23:     0x55664475fb1f - test::__rust_begin_short_backtrace::h7714669af176e207
[INFO] [stdout]                                at /rustc/82e1608dfa6e0b5569232559e3d385fea5a93112/library/test/src/lib.rs:628:18
[INFO] [stdout]   24:     0x55664475eb35 - test::run_test_in_process::{{closure}}::h85218797dcbcec12
[INFO] [stdout]                                at /rustc/82e1608dfa6e0b5569232559e3d385fea5a93112/library/test/src/lib.rs:651:60
[INFO] [stdout]   25:     0x55664475eb35 - <core::panic::unwind_safe::AssertUnwindSafe<F> as core::ops::function::FnOnce<()>>::call_once::h76c106ea31c14d7b
[INFO] [stdout]                                at /rustc/82e1608dfa6e0b5569232559e3d385fea5a93112/library/core/src/panic/unwind_safe.rs:272:9
[INFO] [stdout]   26:     0x55664475eb35 - std::panicking::try::do_call::h3bd5d0f6620ee946
[INFO] [stdout]                                at /rustc/82e1608dfa6e0b5569232559e3d385fea5a93112/library/std/src/panicking.rs:552:40
[INFO] [stdout]   27:     0x55664475eb35 - std::panicking::try::h232e535e4744fe31
[INFO] [stdout]                                at /rustc/82e1608dfa6e0b5569232559e3d385fea5a93112/library/std/src/panicking.rs:516:19
[INFO] [stdout]   28:     0x55664475eb35 - std::panic::catch_unwind::h3ce3bd6ca8dbac68
[INFO] [stdout]                                at /rustc/82e1608dfa6e0b5569232559e3d385fea5a93112/library/std/src/panic.rs:142:14
[INFO] [stdout]   29:     0x55664475eb35 - test::run_test_in_process::hc97b257c9621286a
[INFO] [stdout]                                at /rustc/82e1608dfa6e0b5569232559e3d385fea5a93112/library/test/src/lib.rs:651:27
[INFO] [stdout]   30:     0x55664475eb35 - test::run_test::{{closure}}::h2aa798823a438d38
[INFO] [stdout]                                at /rustc/82e1608dfa6e0b5569232559e3d385fea5a93112/library/test/src/lib.rs:574:43
[INFO] [stdout]   31:     0x556644726df6 - test::run_test::{{closure}}::h87d231c78fb59832
[INFO] [stdout]                                at /rustc/82e1608dfa6e0b5569232559e3d385fea5a93112/library/test/src/lib.rs:602:41
[INFO] [stdout]   32:     0x556644726df6 - std::sys_common::backtrace::__rust_begin_short_backtrace::he6df152596625789
[INFO] [stdout]                                at /rustc/82e1608dfa6e0b5569232559e3d385fea5a93112/library/std/src/sys_common/backtrace.rs:154:18
[INFO] [stdout]   33:     0x55664472bea7 - std::thread::Builder::spawn_unchecked_::{{closure}}::{{closure}}::ha94be15d1e0acf36
[INFO] [stdout]                                at /rustc/82e1608dfa6e0b5569232559e3d385fea5a93112/library/std/src/thread/mod.rs:529:17
[INFO] [stdout]   34:     0x55664472bea7 - <core::panic::unwind_safe::AssertUnwindSafe<F> as core::ops::function::FnOnce<()>>::call_once::h9dc6bd6372f16606
[INFO] [stdout]                                at /rustc/82e1608dfa6e0b5569232559e3d385fea5a93112/library/core/src/panic/unwind_safe.rs:272:9
[INFO] [stdout]   35:     0x55664472bea7 - std::panicking::try::do_call::h9057517f80303cd4
[INFO] [stdout]                                at /rustc/82e1608dfa6e0b5569232559e3d385fea5a93112/library/std/src/panicking.rs:552:40
[INFO] [stdout]   36:     0x55664472bea7 - std::panicking::try::he3a30b11ee45340c
[INFO] [stdout]                                at /rustc/82e1608dfa6e0b5569232559e3d385fea5a93112/library/std/src/panicking.rs:516:19
[INFO] [stdout]   37:     0x55664472bea7 - std::panic::catch_unwind::h410458cfd3528b8b
[INFO] [stdout]                                at /rustc/82e1608dfa6e0b5569232559e3d385fea5a93112/library/std/src/panic.rs:142:14
[INFO] [stdout]   38:     0x55664472bea7 - std::thread::Builder::spawn_unchecked_::{{closure}}::h72ac3bdb567b737b
[INFO] [stdout]                                at /rustc/82e1608dfa6e0b5569232559e3d385fea5a93112/library/std/src/thread/mod.rs:528:30
[INFO] [stdout]   39:     0x55664472bea7 - core::ops::function::FnOnce::call_once{{vtable.shim}}::h38f34da3654a8344
[INFO] [stdout]                                at /rustc/82e1608dfa6e0b5569232559e3d385fea5a93112/library/core/src/ops/function.rs:250:5
[INFO] [stdout]   40:     0x5566447a9ce5 - <alloc::boxed::Box<F,A> as core::ops::function::FnOnce<Args>>::call_once::hc7eafaff61e32df9
[INFO] [stdout]                                at /rustc/82e1608dfa6e0b5569232559e3d385fea5a93112/library/alloc/src/boxed.rs:2007:9
[INFO] [stdout]   41:     0x5566447a9ce5 - <alloc::boxed::Box<F,A> as core::ops::function::FnOnce<Args>>::call_once::h6ba4a5de48dd2304
[INFO] [stdout]                                at /rustc/82e1608dfa6e0b5569232559e3d385fea5a93112/library/alloc/src/boxed.rs:2007:9
[INFO] [stdout]   42:     0x5566447a9ce5 - std::sys::unix::thread::Thread::new::thread_start::he469335aef763e45
[INFO] [stdout]                                at /rustc/82e1608dfa6e0b5569232559e3d385fea5a93112/library/std/src/sys/unix/thread.rs:108:17
[INFO] [stdout]   43:     0x7fd41e8edac3 - <unknown>
[INFO] [stdout]   44:     0x7fd41e97ebf4 - __clone
[INFO] [stdout]   45:                0x0 - <unknown>
[INFO] [stdout] 
[INFO] [stdout] 
[INFO] [stdout] failures:
[INFO] [stdout]     generation2::disp::tests::ideal
[INFO] [stdout]     generation2::shape::tests::sphere2
[INFO] [stdout] 
[INFO] [stdout] test result: FAILED. 14 passed; 2 failed; 8 ignored; 0 measured; 0 filtered out; finished in 0.02s
[INFO] [stdout] 
[INFO] [stderr] error: test failed, to rerun pass `--lib`
[INFO] running `Command { std: "docker" "inspect" "6e8f3e2a0f86e553ee3cb1b2d43e339d500273e925956c20cf637e6e31ded894", kill_on_drop: false }`
[INFO] running `Command { std: "docker" "rm" "-f" "6e8f3e2a0f86e553ee3cb1b2d43e339d500273e925956c20cf637e6e31ded894", kill_on_drop: false }`
[INFO] [stdout] 6e8f3e2a0f86e553ee3cb1b2d43e339d500273e925956c20cf637e6e31ded894
