[INFO] fetching crate sorted-vec2 0.1.0...
[INFO] testing sorted-vec2-0.1.0 against 1.75.0 for beta-1.76-1
[INFO] extracting crate sorted-vec2 0.1.0 into /workspace/builds/worker-6-tc1/source
[INFO] validating manifest of crates.io crate sorted-vec2 0.1.0 on toolchain 1.75.0
[INFO] running `Command { std: CARGO_HOME="/workspace/cargo-home" RUSTUP_HOME="/workspace/rustup-home" "/workspace/cargo-home/bin/cargo" "+1.75.0" "metadata" "--manifest-path" "Cargo.toml" "--no-deps", kill_on_drop: false }`
[INFO] started tweaking crates.io crate sorted-vec2 0.1.0
[INFO] removed 0 missing examples
[INFO] finished tweaking crates.io crate sorted-vec2 0.1.0
[INFO] tweaked toml for crates.io crate sorted-vec2 0.1.0 written to /workspace/builds/worker-6-tc1/source/Cargo.toml
[INFO] crate crates.io crate sorted-vec2 0.1.0 already has a lockfile, it will not be regenerated
[INFO] running `Command { std: CARGO_HOME="/workspace/cargo-home" RUSTUP_HOME="/workspace/rustup-home" "/workspace/cargo-home/bin/cargo" "+1.75.0" "fetch" "--manifest-path" "Cargo.toml", kill_on_drop: false }`
[INFO] [stderr]     Updating crates.io index
[INFO] [stderr]  Downloading crates ...
[INFO] [stderr]   Downloaded is_sorted v0.1.1
[INFO] running `Command { std: "docker" "create" "-v" "/var/lib/crater-agent-workspace/builds/worker-6-tc1/target:/opt/rustwide/target:rw,Z" "-v" "/var/lib/crater-agent-workspace/builds/worker-6-tc1/source:/opt/rustwide/workdir:ro,Z" "-v" "/var/lib/crater-agent-workspace/cargo-home:/opt/rustwide/cargo-home:ro,Z" "-v" "/var/lib/crater-agent-workspace/rustup-home:/opt/rustwide/rustup-home:ro,Z" "-e" "SOURCE_DIR=/opt/rustwide/workdir" "-e" "CARGO_TARGET_DIR=/opt/rustwide/target" "-e" "CARGO_HOME=/opt/rustwide/cargo-home" "-e" "RUSTUP_HOME=/opt/rustwide/rustup-home" "-w" "/opt/rustwide/workdir" "-m" "1610612736" "--user" "0:0" "--network" "none" "ghcr.io/rust-lang/crates-build-env/linux@sha256:2788e3201cd34a07e3172128adcd8b3090168a8e3bcc40d7c032b9dda1df7d1c" "/opt/rustwide/cargo-home/bin/cargo" "+1.75.0" "metadata" "--no-deps" "--format-version=1", kill_on_drop: false }`
[INFO] [stdout] fd00175ca3960ab6aad709cd07b9c0efba771d66db31b5d578c28804f5936ac6
[INFO] running `Command { std: "docker" "start" "-a" "fd00175ca3960ab6aad709cd07b9c0efba771d66db31b5d578c28804f5936ac6", kill_on_drop: false }`
[INFO] running `Command { std: "docker" "inspect" "fd00175ca3960ab6aad709cd07b9c0efba771d66db31b5d578c28804f5936ac6", kill_on_drop: false }`
[INFO] running `Command { std: "docker" "rm" "-f" "fd00175ca3960ab6aad709cd07b9c0efba771d66db31b5d578c28804f5936ac6", kill_on_drop: false }`
[INFO] [stdout] fd00175ca3960ab6aad709cd07b9c0efba771d66db31b5d578c28804f5936ac6
[INFO] running `Command { std: "docker" "create" "-v" "/var/lib/crater-agent-workspace/builds/worker-6-tc1/target:/opt/rustwide/target:rw,Z" "-v" "/var/lib/crater-agent-workspace/builds/worker-6-tc1/source:/opt/rustwide/workdir:ro,Z" "-v" "/var/lib/crater-agent-workspace/cargo-home:/opt/rustwide/cargo-home:ro,Z" "-v" "/var/lib/crater-agent-workspace/rustup-home:/opt/rustwide/rustup-home:ro,Z" "-e" "SOURCE_DIR=/opt/rustwide/workdir" "-e" "CARGO_TARGET_DIR=/opt/rustwide/target" "-e" "CARGO_INCREMENTAL=0" "-e" "RUST_BACKTRACE=full" "-e" "RUSTFLAGS=--cap-lints=warn" "-e" "RUSTDOCFLAGS=--cap-lints=warn" "-e" "CARGO_HOME=/opt/rustwide/cargo-home" "-e" "RUSTUP_HOME=/opt/rustwide/rustup-home" "-w" "/opt/rustwide/workdir" "-m" "1610612736" "--user" "0:0" "--network" "none" "ghcr.io/rust-lang/crates-build-env/linux@sha256:2788e3201cd34a07e3172128adcd8b3090168a8e3bcc40d7c032b9dda1df7d1c" "/opt/rustwide/cargo-home/bin/cargo" "+1.75.0" "build" "--frozen" "--message-format=json", kill_on_drop: false }`
[INFO] [stdout] 77a9118cb4a8182bd3a83ad37c0980aff3635561ca9078a067503ebb1fbee7db
[INFO] running `Command { std: "docker" "start" "-a" "77a9118cb4a8182bd3a83ad37c0980aff3635561ca9078a067503ebb1fbee7db", kill_on_drop: false }`
[INFO] [stderr]    Compiling proc-macro2 v1.0.67
[INFO] [stderr]    Compiling serde v1.0.188
[INFO] [stderr]    Compiling is_sorted v0.1.1
[INFO] [stderr]    Compiling quote v1.0.33
[INFO] [stderr]    Compiling syn v2.0.37
[INFO] [stderr]    Compiling serde_derive v1.0.188
[INFO] [stderr]    Compiling sorted-vec2 v0.1.0 (/opt/rustwide/workdir)
[INFO] [stderr]     Finished dev [unoptimized + debuginfo] target(s) in 5.99s
[INFO] running `Command { std: "docker" "inspect" "77a9118cb4a8182bd3a83ad37c0980aff3635561ca9078a067503ebb1fbee7db", kill_on_drop: false }`
[INFO] running `Command { std: "docker" "rm" "-f" "77a9118cb4a8182bd3a83ad37c0980aff3635561ca9078a067503ebb1fbee7db", kill_on_drop: false }`
[INFO] [stdout] 77a9118cb4a8182bd3a83ad37c0980aff3635561ca9078a067503ebb1fbee7db
[INFO] running `Command { std: "docker" "create" "-v" "/var/lib/crater-agent-workspace/builds/worker-6-tc1/target:/opt/rustwide/target:rw,Z" "-v" "/var/lib/crater-agent-workspace/builds/worker-6-tc1/source:/opt/rustwide/workdir:ro,Z" "-v" "/var/lib/crater-agent-workspace/cargo-home:/opt/rustwide/cargo-home:ro,Z" "-v" "/var/lib/crater-agent-workspace/rustup-home:/opt/rustwide/rustup-home:ro,Z" "-e" "SOURCE_DIR=/opt/rustwide/workdir" "-e" "CARGO_TARGET_DIR=/opt/rustwide/target" "-e" "CARGO_INCREMENTAL=0" "-e" "RUST_BACKTRACE=full" "-e" "RUSTFLAGS=--cap-lints=warn" "-e" "RUSTDOCFLAGS=--cap-lints=warn" "-e" "CARGO_HOME=/opt/rustwide/cargo-home" "-e" "RUSTUP_HOME=/opt/rustwide/rustup-home" "-w" "/opt/rustwide/workdir" "-m" "1610612736" "--user" "0:0" "--network" "none" "ghcr.io/rust-lang/crates-build-env/linux@sha256:2788e3201cd34a07e3172128adcd8b3090168a8e3bcc40d7c032b9dda1df7d1c" "/opt/rustwide/cargo-home/bin/cargo" "+1.75.0" "test" "--frozen" "--no-run" "--message-format=json", kill_on_drop: false }`
[INFO] [stdout] 9f649308cc69b868325dc68510f02545b7741ced5dfff031314e1456e6a310f0
[INFO] running `Command { std: "docker" "start" "-a" "9f649308cc69b868325dc68510f02545b7741ced5dfff031314e1456e6a310f0", kill_on_drop: false }`
[INFO] [stderr]    Compiling serde_json v1.0.107
[INFO] [stderr]    Compiling ryu v1.0.15
[INFO] [stderr]    Compiling itoa v1.0.9
[INFO] [stderr]    Compiling sorted-vec2 v0.1.0 (/opt/rustwide/workdir)
[INFO] [stderr]     Finished test [unoptimized + debuginfo] target(s) in 1.59s
[INFO] running `Command { std: "docker" "inspect" "9f649308cc69b868325dc68510f02545b7741ced5dfff031314e1456e6a310f0", kill_on_drop: false }`
[INFO] running `Command { std: "docker" "rm" "-f" "9f649308cc69b868325dc68510f02545b7741ced5dfff031314e1456e6a310f0", kill_on_drop: false }`
[INFO] [stdout] 9f649308cc69b868325dc68510f02545b7741ced5dfff031314e1456e6a310f0
[INFO] running `Command { std: "docker" "create" "-v" "/var/lib/crater-agent-workspace/builds/worker-6-tc1/target:/opt/rustwide/target:rw,Z" "-v" "/var/lib/crater-agent-workspace/builds/worker-6-tc1/source:/opt/rustwide/workdir:ro,Z" "-v" "/var/lib/crater-agent-workspace/cargo-home:/opt/rustwide/cargo-home:ro,Z" "-v" "/var/lib/crater-agent-workspace/rustup-home:/opt/rustwide/rustup-home:ro,Z" "-e" "SOURCE_DIR=/opt/rustwide/workdir" "-e" "CARGO_TARGET_DIR=/opt/rustwide/target" "-e" "CARGO_INCREMENTAL=0" "-e" "RUST_BACKTRACE=full" "-e" "RUSTFLAGS=--cap-lints=warn" "-e" "RUSTDOCFLAGS=--cap-lints=warn" "-e" "CARGO_HOME=/opt/rustwide/cargo-home" "-e" "RUSTUP_HOME=/opt/rustwide/rustup-home" "-w" "/opt/rustwide/workdir" "-m" "1610612736" "--user" "0:0" "--network" "none" "ghcr.io/rust-lang/crates-build-env/linux@sha256:2788e3201cd34a07e3172128adcd8b3090168a8e3bcc40d7c032b9dda1df7d1c" "/opt/rustwide/cargo-home/bin/cargo" "+1.75.0" "test" "--frozen", kill_on_drop: false }`
[INFO] [stdout] 29cb3239a5b54e887053c6482a996efd41e90c16d6c197bd3f4436bf8f00dad1
[INFO] running `Command { std: "docker" "start" "-a" "29cb3239a5b54e887053c6482a996efd41e90c16d6c197bd3f4436bf8f00dad1", kill_on_drop: false }`
[INFO] [stderr]     Finished test [unoptimized + debuginfo] target(s) in 0.01s
[INFO] [stderr]      Running unittests src/lib.rs (/opt/rustwide/target/debug/deps/sorted_vec2-f199e55b3319eed0)
[INFO] [stdout] 
[INFO] [stdout] running 14 tests
[INFO] [stdout] test partial::tests::test_sorted_set ... ok
[INFO] [stdout] test partial::tests::test_reverse_sorted_set ... ok
[INFO] [stdout] test partial::tests::test_reverse_sorted_vec ... ok
[INFO] [stdout] test partial::tests::test_sorted_vec ... ok
[INFO] [stdout] test tests::test_deserialize ... ok
[INFO] [stdout] test tests::test_deserialize_reverse ... ok
[INFO] [stdout] test tests::test_reverse_sorted_set ... ok
[INFO] [stdout] test tests::test_reverse_sorted_vec ... ok
[INFO] [stdout] test tests::test_sorted_set ... ok
[INFO] [stdout] test tests::test_sorted_set_push ... ok
[INFO] [stdout] test tests::test_sorted_vec ... ok
[INFO] [stdout] test tests::test_sorted_vec_push ... ok
[INFO] [stdout] test tests::test_deserialize_reverse_unsorted - should panic ... ok
[INFO] [stdout] test tests::test_deserialize_unsorted - should panic ... ok
[INFO] [stdout] 
[INFO] [stdout] test result: ok. 14 passed; 0 failed; 0 ignored; 0 measured; 0 filtered out; finished in 0.01s
[INFO] [stdout] 
[INFO] [stderr]    Doc-tests sorted-vec2
[INFO] [stdout] 
[INFO] [stdout] running 1 test
[INFO] [stdout] test src/lib.rs - ReverseSortedVec (line 591) ... FAILED
[INFO] [stdout] 
[INFO] [stdout] failures:
[INFO] [stdout] 
[INFO] [stdout] ---- src/lib.rs - ReverseSortedVec (line 591) stdout ----
[INFO] [stdout] error[E0432]: unresolved import `sorted_vec`
[INFO] [stdout]  --> src/lib.rs:593:5
[INFO] [stdout]   |
[INFO] [stdout] 4 | use sorted_vec::ReverseSortedVec;
[INFO] [stdout]   |     ^^^^^^^^^^ use of undeclared crate or module `sorted_vec`
[INFO] [stdout]   |
[INFO] [stdout] help: there is a crate or module with a similar name
[INFO] [stdout]   |
[INFO] [stdout] 4 | use sorted_vec2::ReverseSortedVec;
[INFO] [stdout]   |     ~~~~~~~~~~~
[INFO] [stdout] 
[INFO] [stdout] error: aborting due to previous error
[INFO] [stdout] 
[INFO] [stdout] For more information about this error, try `rustc --explain E0432`.
[INFO] [stdout] Couldn't compile the test.
[INFO] [stdout] 
[INFO] [stdout] failures:
[INFO] [stdout]     src/lib.rs - ReverseSortedVec (line 591)
[INFO] [stdout] 
[INFO] [stdout] test result: FAILED. 0 passed; 1 failed; 0 ignored; 0 measured; 0 filtered out; finished in 0.03s
[INFO] [stdout] 
[INFO] [stderr] error: doctest failed, to rerun pass `--doc`
[INFO] running `Command { std: "docker" "inspect" "29cb3239a5b54e887053c6482a996efd41e90c16d6c197bd3f4436bf8f00dad1", kill_on_drop: false }`
[INFO] running `Command { std: "docker" "rm" "-f" "29cb3239a5b54e887053c6482a996efd41e90c16d6c197bd3f4436bf8f00dad1", kill_on_drop: false }`
[INFO] [stdout] 29cb3239a5b54e887053c6482a996efd41e90c16d6c197bd3f4436bf8f00dad1
