[INFO] fetching crate solute 0.1.0...
[INFO] testing solute-0.1.0 against 1.75.0 for beta-1.76-1
[INFO] extracting crate solute 0.1.0 into /workspace/builds/worker-0-tc1/source
[INFO] validating manifest of crates.io crate solute 0.1.0 on toolchain 1.75.0
[INFO] running `Command { std: CARGO_HOME="/workspace/cargo-home" RUSTUP_HOME="/workspace/rustup-home" "/workspace/cargo-home/bin/cargo" "+1.75.0" "metadata" "--manifest-path" "Cargo.toml" "--no-deps", kill_on_drop: false }`
[INFO] started tweaking crates.io crate solute 0.1.0
[INFO] finished tweaking crates.io crate solute 0.1.0
[INFO] tweaked toml for crates.io crate solute 0.1.0 written to /workspace/builds/worker-0-tc1/source/Cargo.toml
[INFO] running `Command { std: CARGO_HOME="/workspace/cargo-home" RUSTUP_HOME="/workspace/rustup-home" "/workspace/cargo-home/bin/cargo" "+1.75.0" "generate-lockfile" "--manifest-path" "Cargo.toml", kill_on_drop: false }`
[INFO] [stderr]     Updating crates.io index
[INFO] running `Command { std: CARGO_HOME="/workspace/cargo-home" RUSTUP_HOME="/workspace/rustup-home" "/workspace/cargo-home/bin/cargo" "+1.75.0" "fetch" "--manifest-path" "Cargo.toml", kill_on_drop: false }`
[INFO] [stderr]  Downloading crates ...
[INFO] [stderr]   Downloaded svg v0.5.12
[INFO] [stderr]   Downloaded draw v0.3.0
[INFO] running `Command { std: "docker" "create" "-v" "/var/lib/crater-agent-workspace/builds/worker-0-tc1/target:/opt/rustwide/target:rw,Z" "-v" "/var/lib/crater-agent-workspace/builds/worker-0-tc1/source:/opt/rustwide/workdir:ro,Z" "-v" "/var/lib/crater-agent-workspace/cargo-home:/opt/rustwide/cargo-home:ro,Z" "-v" "/var/lib/crater-agent-workspace/rustup-home:/opt/rustwide/rustup-home:ro,Z" "-e" "SOURCE_DIR=/opt/rustwide/workdir" "-e" "CARGO_TARGET_DIR=/opt/rustwide/target" "-e" "CARGO_HOME=/opt/rustwide/cargo-home" "-e" "RUSTUP_HOME=/opt/rustwide/rustup-home" "-w" "/opt/rustwide/workdir" "-m" "1610612736" "--user" "0:0" "--network" "none" "ghcr.io/rust-lang/crates-build-env/linux@sha256:2788e3201cd34a07e3172128adcd8b3090168a8e3bcc40d7c032b9dda1df7d1c" "/opt/rustwide/cargo-home/bin/cargo" "+1.75.0" "metadata" "--no-deps" "--format-version=1", kill_on_drop: false }`
[INFO] [stdout] b76206f6914c535e78fc1e52a437099c4f61e1cd5d7ecc19ef379cdba8f0c2c4
[INFO] running `Command { std: "docker" "start" "-a" "b76206f6914c535e78fc1e52a437099c4f61e1cd5d7ecc19ef379cdba8f0c2c4", kill_on_drop: false }`
[INFO] running `Command { std: "docker" "inspect" "b76206f6914c535e78fc1e52a437099c4f61e1cd5d7ecc19ef379cdba8f0c2c4", kill_on_drop: false }`
[INFO] running `Command { std: "docker" "rm" "-f" "b76206f6914c535e78fc1e52a437099c4f61e1cd5d7ecc19ef379cdba8f0c2c4", kill_on_drop: false }`
[INFO] [stdout] b76206f6914c535e78fc1e52a437099c4f61e1cd5d7ecc19ef379cdba8f0c2c4
[INFO] running `Command { std: "docker" "create" "-v" "/var/lib/crater-agent-workspace/builds/worker-0-tc1/target:/opt/rustwide/target:rw,Z" "-v" "/var/lib/crater-agent-workspace/builds/worker-0-tc1/source:/opt/rustwide/workdir:ro,Z" "-v" "/var/lib/crater-agent-workspace/cargo-home:/opt/rustwide/cargo-home:ro,Z" "-v" "/var/lib/crater-agent-workspace/rustup-home:/opt/rustwide/rustup-home:ro,Z" "-e" "SOURCE_DIR=/opt/rustwide/workdir" "-e" "CARGO_TARGET_DIR=/opt/rustwide/target" "-e" "CARGO_INCREMENTAL=0" "-e" "RUST_BACKTRACE=full" "-e" "RUSTFLAGS=--cap-lints=warn" "-e" "RUSTDOCFLAGS=--cap-lints=warn" "-e" "CARGO_HOME=/opt/rustwide/cargo-home" "-e" "RUSTUP_HOME=/opt/rustwide/rustup-home" "-w" "/opt/rustwide/workdir" "-m" "1610612736" "--user" "0:0" "--network" "none" "ghcr.io/rust-lang/crates-build-env/linux@sha256:2788e3201cd34a07e3172128adcd8b3090168a8e3bcc40d7c032b9dda1df7d1c" "/opt/rustwide/cargo-home/bin/cargo" "+1.75.0" "build" "--frozen" "--message-format=json", kill_on_drop: false }`
[INFO] [stdout] 42199f9186dbe7329e91ed1cb2400f913f92d5e0fdd1d3d3974672e46aaabb03
[INFO] running `Command { std: "docker" "start" "-a" "42199f9186dbe7329e91ed1cb2400f913f92d5e0fdd1d3d3974672e46aaabb03", kill_on_drop: false }`
[INFO] [stderr]    Compiling rand v0.6.5
[INFO] [stderr]    Compiling cgmath v0.17.0
[INFO] [stderr]    Compiling bytemuck v1.14.0
[INFO] [stderr]    Compiling svg v0.5.12
[INFO] [stderr]    Compiling generic-array v0.14.7
[INFO] [stderr]    Compiling num-traits v0.2.17
[INFO] [stderr]    Compiling getrandom v0.1.16
[INFO] [stderr]    Compiling rand_os v0.1.3
[INFO] [stderr]    Compiling rand_core v0.5.1
[INFO] [stderr]    Compiling rgb v0.8.37
[INFO] [stderr]    Compiling rand_chacha v0.2.2
[INFO] [stderr]    Compiling rand_pcg v0.2.1
[INFO] [stderr]    Compiling block-buffer v0.9.0
[INFO] [stderr]    Compiling digest v0.9.0
[INFO] [stderr]    Compiling sha2 v0.9.9
[INFO] [stderr]    Compiling rand v0.7.3
[INFO] [stderr]    Compiling approx v0.3.2
[INFO] [stderr]    Compiling draw v0.3.0
[INFO] [stderr]    Compiling solute v0.1.0 (/opt/rustwide/workdir)
[INFO] [stderr]     Finished dev [unoptimized + debuginfo] target(s) in 3.98s
[INFO] [stderr] warning: the following packages contain code that will be rejected by a future version of Rust: svg v0.5.12
[INFO] [stderr] note: to see what the problems were, use the option `--future-incompat-report`, or run `cargo report future-incompatibilities --id 1`
[INFO] running `Command { std: "docker" "inspect" "42199f9186dbe7329e91ed1cb2400f913f92d5e0fdd1d3d3974672e46aaabb03", kill_on_drop: false }`
[INFO] running `Command { std: "docker" "rm" "-f" "42199f9186dbe7329e91ed1cb2400f913f92d5e0fdd1d3d3974672e46aaabb03", kill_on_drop: false }`
[INFO] [stdout] 42199f9186dbe7329e91ed1cb2400f913f92d5e0fdd1d3d3974672e46aaabb03
[INFO] running `Command { std: "docker" "create" "-v" "/var/lib/crater-agent-workspace/builds/worker-0-tc1/target:/opt/rustwide/target:rw,Z" "-v" "/var/lib/crater-agent-workspace/builds/worker-0-tc1/source:/opt/rustwide/workdir:ro,Z" "-v" "/var/lib/crater-agent-workspace/cargo-home:/opt/rustwide/cargo-home:ro,Z" "-v" "/var/lib/crater-agent-workspace/rustup-home:/opt/rustwide/rustup-home:ro,Z" "-e" "SOURCE_DIR=/opt/rustwide/workdir" "-e" "CARGO_TARGET_DIR=/opt/rustwide/target" "-e" "CARGO_INCREMENTAL=0" "-e" "RUST_BACKTRACE=full" "-e" "RUSTFLAGS=--cap-lints=warn" "-e" "RUSTDOCFLAGS=--cap-lints=warn" "-e" "CARGO_HOME=/opt/rustwide/cargo-home" "-e" "RUSTUP_HOME=/opt/rustwide/rustup-home" "-w" "/opt/rustwide/workdir" "-m" "1610612736" "--user" "0:0" "--network" "none" "ghcr.io/rust-lang/crates-build-env/linux@sha256:2788e3201cd34a07e3172128adcd8b3090168a8e3bcc40d7c032b9dda1df7d1c" "/opt/rustwide/cargo-home/bin/cargo" "+1.75.0" "test" "--frozen" "--no-run" "--message-format=json", kill_on_drop: false }`
[INFO] [stdout] fc36cbfbe14c0fd74dd10ea6fbd111f6378c0b35dcd3866b9d8065408f162300
[INFO] running `Command { std: "docker" "start" "-a" "fc36cbfbe14c0fd74dd10ea6fbd111f6378c0b35dcd3866b9d8065408f162300", kill_on_drop: false }`
[INFO] [stderr]    Compiling solute v0.1.0 (/opt/rustwide/workdir)
[INFO] [stderr]     Finished test [unoptimized + debuginfo] target(s) in 0.52s
[INFO] [stderr] warning: the following packages contain code that will be rejected by a future version of Rust: svg v0.5.12
[INFO] [stderr] note: to see what the problems were, use the option `--future-incompat-report`, or run `cargo report future-incompatibilities --id 1`
[INFO] running `Command { std: "docker" "inspect" "fc36cbfbe14c0fd74dd10ea6fbd111f6378c0b35dcd3866b9d8065408f162300", kill_on_drop: false }`
[INFO] running `Command { std: "docker" "rm" "-f" "fc36cbfbe14c0fd74dd10ea6fbd111f6378c0b35dcd3866b9d8065408f162300", kill_on_drop: false }`
[INFO] [stdout] fc36cbfbe14c0fd74dd10ea6fbd111f6378c0b35dcd3866b9d8065408f162300
[INFO] running `Command { std: "docker" "create" "-v" "/var/lib/crater-agent-workspace/builds/worker-0-tc1/target:/opt/rustwide/target:rw,Z" "-v" "/var/lib/crater-agent-workspace/builds/worker-0-tc1/source:/opt/rustwide/workdir:ro,Z" "-v" "/var/lib/crater-agent-workspace/cargo-home:/opt/rustwide/cargo-home:ro,Z" "-v" "/var/lib/crater-agent-workspace/rustup-home:/opt/rustwide/rustup-home:ro,Z" "-e" "SOURCE_DIR=/opt/rustwide/workdir" "-e" "CARGO_TARGET_DIR=/opt/rustwide/target" "-e" "CARGO_INCREMENTAL=0" "-e" "RUST_BACKTRACE=full" "-e" "RUSTFLAGS=--cap-lints=warn" "-e" "RUSTDOCFLAGS=--cap-lints=warn" "-e" "CARGO_HOME=/opt/rustwide/cargo-home" "-e" "RUSTUP_HOME=/opt/rustwide/rustup-home" "-w" "/opt/rustwide/workdir" "-m" "1610612736" "--user" "0:0" "--network" "none" "ghcr.io/rust-lang/crates-build-env/linux@sha256:2788e3201cd34a07e3172128adcd8b3090168a8e3bcc40d7c032b9dda1df7d1c" "/opt/rustwide/cargo-home/bin/cargo" "+1.75.0" "test" "--frozen", kill_on_drop: false }`
[INFO] [stdout] da23ab1b2faa070121a0b4cd7745f7e7a6ecd74ae0c6d99d92eb8db84066282a
[INFO] running `Command { std: "docker" "start" "-a" "da23ab1b2faa070121a0b4cd7745f7e7a6ecd74ae0c6d99d92eb8db84066282a", kill_on_drop: false }`
[INFO] [stderr]     Finished test [unoptimized + debuginfo] target(s) in 0.04s
[INFO] [stderr] warning: the following packages contain code that will be rejected by a future version of Rust: svg v0.5.12
[INFO] [stderr] note: to see what the problems were, use the option `--future-incompat-report`, or run `cargo report future-incompatibilities --id 1`
[INFO] [stderr]      Running unittests src/lib.rs (/opt/rustwide/target/debug/deps/solute-6d32cbf4696f1368)
[INFO] [stdout] 
[INFO] [stdout] running 0 tests
[INFO] [stdout] 
[INFO] [stdout] test result: ok. 0 passed; 0 failed; 0 ignored; 0 measured; 0 filtered out; finished in 0.00s
[INFO] [stdout] 
[INFO] [stderr]    Doc-tests solute
[INFO] [stdout] 
[INFO] [stdout] running 3 tests
[INFO] [stdout] test src/lib.rs - Avatar::draw (line 63) ... FAILED
[INFO] [stdout] test src/lib.rs - Avatar::set_background_color (line 48) ... FAILED
[INFO] [stdout] test src/lib.rs - Avatar::new (line 22) ... ok
[INFO] [stdout] 
[INFO] [stdout] failures:
[INFO] [stdout] 
[INFO] [stdout] ---- src/lib.rs - Avatar::draw (line 63) stdout ----
[INFO] [stdout] error[E0425]: cannot find value `avatar` in this scope
[INFO] [stdout]  --> src/lib.rs:64:1
[INFO] [stdout]   |
[INFO] [stdout] 3 | avatar.draw("test.svg");
[INFO] [stdout]   | ^^^^^^ not found in this scope
[INFO] [stdout] 
[INFO] [stdout] error: aborting due to previous error
[INFO] [stdout] 
[INFO] [stdout] For more information about this error, try `rustc --explain E0425`.
[INFO] [stdout] Couldn't compile the test.
[INFO] [stdout] ---- src/lib.rs - Avatar::set_background_color (line 48) stdout ----
[INFO] [stdout] error[E0425]: cannot find value `avatar` in this scope
[INFO] [stdout]  --> src/lib.rs:49:1
[INFO] [stdout]   |
[INFO] [stdout] 3 | avatar.set_background_color(25, 50, 75);
[INFO] [stdout]   | ^^^^^^ not found in this scope
[INFO] [stdout] 
[INFO] [stdout] error: aborting due to previous error
[INFO] [stdout] 
[INFO] [stdout] For more information about this error, try `rustc --explain E0425`.
[INFO] [stdout] Couldn't compile the test.
[INFO] [stdout] 
[INFO] [stdout] failures:
[INFO] [stdout]     src/lib.rs - Avatar::draw (line 63)
[INFO] [stdout]     src/lib.rs - Avatar::set_background_color (line 48)
[INFO] [stdout] 
[INFO] [stdout] test result: FAILED. 1 passed; 2 failed; 0 ignored; 0 measured; 0 filtered out; finished in 0.47s
[INFO] [stdout] 
[INFO] [stderr] error: doctest failed, to rerun pass `--doc`
[INFO] running `Command { std: "docker" "inspect" "da23ab1b2faa070121a0b4cd7745f7e7a6ecd74ae0c6d99d92eb8db84066282a", kill_on_drop: false }`
[INFO] running `Command { std: "docker" "rm" "-f" "da23ab1b2faa070121a0b4cd7745f7e7a6ecd74ae0c6d99d92eb8db84066282a", kill_on_drop: false }`
[INFO] [stdout] da23ab1b2faa070121a0b4cd7745f7e7a6ecd74ae0c6d99d92eb8db84066282a
