[INFO] fetching crate solomka-sdk 1.14.12...
[INFO] testing solomka-sdk-1.14.12 against 1.75.0 for beta-1.76-1
[INFO] extracting crate solomka-sdk 1.14.12 into /workspace/builds/worker-4-tc1/source
[INFO] validating manifest of crates.io crate solomka-sdk 1.14.12 on toolchain 1.75.0
[INFO] running `Command { std: CARGO_HOME="/workspace/cargo-home" RUSTUP_HOME="/workspace/rustup-home" "/workspace/cargo-home/bin/cargo" "+1.75.0" "metadata" "--manifest-path" "Cargo.toml" "--no-deps", kill_on_drop: false }`
[INFO] started tweaking crates.io crate solomka-sdk 1.14.12
[INFO] finished tweaking crates.io crate solomka-sdk 1.14.12
[INFO] tweaked toml for crates.io crate solomka-sdk 1.14.12 written to /workspace/builds/worker-4-tc1/source/Cargo.toml
[INFO] running `Command { std: CARGO_HOME="/workspace/cargo-home" RUSTUP_HOME="/workspace/rustup-home" "/workspace/cargo-home/bin/cargo" "+1.75.0" "generate-lockfile" "--manifest-path" "Cargo.toml", kill_on_drop: false }`
[INFO] [stderr]     Updating crates.io index
[INFO] running `Command { std: CARGO_HOME="/workspace/cargo-home" RUSTUP_HOME="/workspace/rustup-home" "/workspace/cargo-home/bin/cargo" "+1.75.0" "fetch" "--manifest-path" "Cargo.toml", kill_on_drop: false }`
[INFO] [stderr]  Downloading crates ...
[INFO] [stderr]   Downloaded solana-logger v1.14.12
[INFO] [stderr]   Downloaded solana-frozen-abi v1.14.12
[INFO] [stderr]   Downloaded solana-frozen-abi-macro v1.14.12
[INFO] [stderr]   Downloaded solomka-sdk-macro v1.14.12
[INFO] [stderr]   Downloaded solomka-program v1.14.12
[INFO] running `Command { std: "docker" "create" "-v" "/var/lib/crater-agent-workspace/builds/worker-4-tc1/target:/opt/rustwide/target:rw,Z" "-v" "/var/lib/crater-agent-workspace/builds/worker-4-tc1/source:/opt/rustwide/workdir:ro,Z" "-v" "/var/lib/crater-agent-workspace/cargo-home:/opt/rustwide/cargo-home:ro,Z" "-v" "/var/lib/crater-agent-workspace/rustup-home:/opt/rustwide/rustup-home:ro,Z" "-e" "SOURCE_DIR=/opt/rustwide/workdir" "-e" "CARGO_TARGET_DIR=/opt/rustwide/target" "-e" "CARGO_HOME=/opt/rustwide/cargo-home" "-e" "RUSTUP_HOME=/opt/rustwide/rustup-home" "-w" "/opt/rustwide/workdir" "-m" "1610612736" "--user" "0:0" "--network" "none" "ghcr.io/rust-lang/crates-build-env/linux@sha256:2788e3201cd34a07e3172128adcd8b3090168a8e3bcc40d7c032b9dda1df7d1c" "/opt/rustwide/cargo-home/bin/cargo" "+1.75.0" "metadata" "--no-deps" "--format-version=1", kill_on_drop: false }`
[INFO] [stdout] 43fba0164d9097555bb6d396e9fef908da8236654965569cb51c56e006a56b66
[INFO] running `Command { std: "docker" "start" "-a" "43fba0164d9097555bb6d396e9fef908da8236654965569cb51c56e006a56b66", kill_on_drop: false }`
[INFO] running `Command { std: "docker" "inspect" "43fba0164d9097555bb6d396e9fef908da8236654965569cb51c56e006a56b66", kill_on_drop: false }`
[INFO] running `Command { std: "docker" "rm" "-f" "43fba0164d9097555bb6d396e9fef908da8236654965569cb51c56e006a56b66", kill_on_drop: false }`
[INFO] [stdout] 43fba0164d9097555bb6d396e9fef908da8236654965569cb51c56e006a56b66
[INFO] running `Command { std: "docker" "create" "-v" "/var/lib/crater-agent-workspace/builds/worker-4-tc1/target:/opt/rustwide/target:rw,Z" "-v" "/var/lib/crater-agent-workspace/builds/worker-4-tc1/source:/opt/rustwide/workdir:ro,Z" "-v" "/var/lib/crater-agent-workspace/cargo-home:/opt/rustwide/cargo-home:ro,Z" "-v" "/var/lib/crater-agent-workspace/rustup-home:/opt/rustwide/rustup-home:ro,Z" "-e" "SOURCE_DIR=/opt/rustwide/workdir" "-e" "CARGO_TARGET_DIR=/opt/rustwide/target" "-e" "CARGO_INCREMENTAL=0" "-e" "RUST_BACKTRACE=full" "-e" "RUSTFLAGS=--cap-lints=warn" "-e" "RUSTDOCFLAGS=--cap-lints=warn" "-e" "CARGO_HOME=/opt/rustwide/cargo-home" "-e" "RUSTUP_HOME=/opt/rustwide/rustup-home" "-w" "/opt/rustwide/workdir" "-m" "1610612736" "--user" "0:0" "--network" "none" "ghcr.io/rust-lang/crates-build-env/linux@sha256:2788e3201cd34a07e3172128adcd8b3090168a8e3bcc40d7c032b9dda1df7d1c" "/opt/rustwide/cargo-home/bin/cargo" "+1.75.0" "build" "--frozen" "--message-format=json", kill_on_drop: false }`
[INFO] [stdout] eedf82cc3d7a4903d07e1035d0d37809bbcb58a92660660485f499e73bf6ced2
[INFO] running `Command { std: "docker" "start" "-a" "eedf82cc3d7a4903d07e1035d0d37809bbcb58a92660660485f499e73bf6ced2", kill_on_drop: false }`
[INFO] [stderr]    Compiling serde v1.0.194
[INFO] [stderr]    Compiling libc v0.2.151
[INFO] [stderr]    Compiling subtle v2.5.0
[INFO] [stderr]    Compiling generic-array v0.14.7
[INFO] [stderr]    Compiling semver v1.0.21
[INFO] [stderr]    Compiling getrandom v0.1.16
[INFO] [stderr]    Compiling serde_derive v1.0.194
[INFO] [stderr]    Compiling once_cell v1.19.0
[INFO] [stderr]    Compiling syn v1.0.109
[INFO] [stderr]    Compiling crunchy v0.2.2
[INFO] [stderr]    Compiling crossbeam-utils v0.8.18
[INFO] [stderr]    Compiling rustc_version v0.4.0
[INFO] [stderr]    Compiling block-padding v0.2.1
[INFO] [stderr]    Compiling digest v0.9.0
[INFO] [stderr]    Compiling ahash v0.7.7
[INFO] [stderr]    Compiling wasm-bindgen-shared v0.2.89
[INFO] [stderr]    Compiling libsecp256k1-core v0.2.2
[INFO] [stderr]    Compiling rayon-core v1.12.0
[INFO] [stderr]    Compiling crossbeam-epoch v0.9.17
[INFO] [stderr]    Compiling jobserver v0.1.27
[INFO] [stderr]    Compiling cc v1.0.83
[INFO] [stderr]    Compiling crossbeam-deque v0.8.4
[INFO] [stderr]    Compiling zeroize v1.3.0
[INFO] [stderr]    Compiling log v0.4.20
[INFO] [stderr]    Compiling getrandom v0.2.11
[INFO] [stderr]    Compiling rand_core v0.5.1
[INFO] [stderr]    Compiling either v1.9.0
[INFO] [stderr]    Compiling feature-probe v0.1.1
[INFO] [stderr]    Compiling rand_chacha v0.2.2
[INFO] [stderr]    Compiling memchr v2.7.1
[INFO] [stderr]    Compiling bumpalo v3.14.0
[INFO] [stderr]    Compiling thiserror v1.0.56
[INFO] [stderr]    Compiling rand v0.7.3
[INFO] [stderr]    Compiling byteorder v1.5.0
[INFO] [stderr]    Compiling aho-corasick v1.1.2
[INFO] [stderr]    Compiling wasm-bindgen-backend v0.2.89
[INFO] [stderr]    Compiling bv v0.11.1
[INFO] [stderr]    Compiling rand_core v0.6.4
[INFO] [stderr]    Compiling libsecp256k1-gen-genmult v0.2.1
[INFO] [stderr]    Compiling libsecp256k1-gen-ecmult v0.2.1
[INFO] [stderr]    Compiling solana-frozen-abi-macro v1.14.12
[INFO] [stderr]    Compiling blake3 v1.5.0
[INFO] [stderr]    Compiling num-traits v0.2.17
[INFO] [stderr]    Compiling thiserror-impl v1.0.56
[INFO] [stderr]    Compiling bitmaps v2.1.0
[INFO] [stderr]    Compiling im v15.1.0
[INFO] [stderr]    Compiling rustversion v1.0.14
[INFO] [stderr]    Compiling serde_json v1.0.111
[INFO] [stderr]    Compiling toml v0.5.11
[INFO] [stderr]    Compiling regex-syntax v0.8.2
[INFO] [stderr]    Compiling tinyvec_macros v0.1.1
[INFO] [stderr]    Compiling arrayref v0.3.7
[INFO] [stderr]    Compiling anyhow v1.0.79
[INFO] [stderr]    Compiling tinyvec v1.6.0
[INFO] [stderr]    Compiling borsh-schema-derive-internal v0.9.3
[INFO] [stderr]    Compiling borsh-derive-internal v0.9.3
[INFO] [stderr]    Compiling sized-chunks v0.6.5
[INFO] [stderr]    Compiling proc-macro-crate v0.1.5
[INFO] [stderr]    Compiling rayon v1.8.0
[INFO] [stderr]    Compiling wasm-bindgen-macro-support v0.2.89
[INFO] [stderr]    Compiling regex-automata v0.4.3
[INFO] [stderr]    Compiling libsecp256k1 v0.6.0
[INFO] [stderr]    Compiling rand_xoshiro v0.6.0
[INFO] [stderr]    Compiling solana-frozen-abi v1.14.12
[INFO] [stderr]    Compiling ryu v1.0.16
[INFO] [stderr]    Compiling wasm-bindgen v0.2.89
[INFO] [stderr]    Compiling signature v1.6.4
[INFO] [stderr]    Compiling bs58 v0.4.0
[INFO] [stderr]    Compiling arrayvec v0.7.4
[INFO] [stderr]    Compiling itoa v1.0.10
[INFO] [stderr]    Compiling constant_time_eq v0.3.0
[INFO] [stderr]    Compiling ed25519 v1.5.3
[INFO] [stderr]    Compiling borsh-derive v0.9.3
[INFO] [stderr]    Compiling wasm-bindgen-macro v0.2.89
[INFO] [stderr]    Compiling serde_bytes v0.11.14
[INFO] [stderr]    Compiling crypto-common v0.1.6
[INFO] [stderr]    Compiling block-buffer v0.10.4
[INFO] [stderr]    Compiling digest v0.10.7
[INFO] [stderr]    Compiling block-buffer v0.9.0
[INFO] [stderr]    Compiling crypto-mac v0.8.0
[INFO] [stderr]    Compiling sha2 v0.9.9
[INFO] [stderr]    Compiling hmac v0.8.1
[INFO] [stderr]    Compiling sha2 v0.10.8
[INFO] [stderr]    Compiling curve25519-dalek v3.2.1
[INFO] [stderr]    Compiling hmac-drbg v0.3.0
[INFO] [stderr]    Compiling pbkdf2 v0.4.0
[INFO] [stderr]    Compiling regex v1.10.2
[INFO] [stderr]    Compiling unicode-normalization v0.1.22
[INFO] [stderr]    Compiling solomka-program v1.14.12
[INFO] [stderr]    Compiling hashbrown v0.12.3
[INFO] [stderr]    Compiling hashbrown v0.11.2
[INFO] [stderr]    Compiling memmap2 v0.5.10
[INFO] [stderr]    Compiling atty v0.2.14
[INFO] [stderr]    Compiling bytemuck_derive v1.5.0
[INFO] [stderr]    Compiling rustc-hash v1.1.0
[INFO] [stderr]    Compiling base64 v0.12.3
[INFO] [stderr]    Compiling keccak v0.1.4
[INFO] [stderr]    Compiling termcolor v1.4.0
[INFO] [stderr]    Compiling humantime v2.1.0
[INFO] [stderr]    Compiling borsh v0.9.3
[INFO] [stderr]    Compiling env_logger v0.9.3
[INFO] [stderr]    Compiling sha3 v0.10.8
[INFO] [stderr]    Compiling tiny-bip39 v0.8.2
[INFO] [stderr]    Compiling solomka-sdk-macro v1.14.12
[INFO] [stderr]    Compiling ed25519-dalek v1.0.1
[INFO] [stderr]    Compiling hmac v0.12.1
[INFO] [stderr]    Compiling bincode v1.3.3
[INFO] [stderr]    Compiling num-derive v0.3.3
[INFO] [stderr]    Compiling itertools v0.10.5
[INFO] [stderr]    Compiling bytemuck v1.14.0
[INFO] [stderr]    Compiling solomka-sdk v1.14.12 (/opt/rustwide/workdir)
[INFO] [stderr]    Compiling derivation-path v0.2.0
[INFO] [stderr]    Compiling percent-encoding v2.3.1
[INFO] [stderr]    Compiling base64 v0.13.1
[INFO] [stderr]    Compiling uriparse v0.6.4
[INFO] [stderr]    Compiling qstring v0.7.2
[INFO] [stderr]    Compiling ed25519-dalek-bip32 v0.2.0
[INFO] [stderr]    Compiling solana-logger v1.14.12
[INFO] [stderr]    Compiling chrono v0.4.31
[INFO] [stderr]    Compiling pbkdf2 v0.11.0
[INFO] [stderr]    Compiling assert_matches v1.5.0
[INFO] [stdout] warning: use of deprecated method `chrono::TimeZone::timestamp`: use `timestamp_opt()` instead
[INFO] [stdout]    --> src/genesis_config.rs:260:17
[INFO] [stdout]     |
[INFO] [stdout] 260 |             Utc.timestamp(self.creation_time, 0).to_rfc3339(),
[INFO] [stdout]     |                 ^^^^^^^^^
[INFO] [stdout]     |
[INFO] [stdout]     = note: `#[warn(deprecated)]` on by default
[INFO] [stdout] 
[INFO] [stdout] 
[INFO] [stdout] warning: 1 warning emitted
[INFO] [stdout] 
[INFO] [stdout] 
[INFO] [stderr]     Finished dev [unoptimized + debuginfo] target(s) in 1m 41s
[INFO] running `Command { std: "docker" "inspect" "eedf82cc3d7a4903d07e1035d0d37809bbcb58a92660660485f499e73bf6ced2", kill_on_drop: false }`
[INFO] running `Command { std: "docker" "rm" "-f" "eedf82cc3d7a4903d07e1035d0d37809bbcb58a92660660485f499e73bf6ced2", kill_on_drop: false }`
[INFO] [stdout] eedf82cc3d7a4903d07e1035d0d37809bbcb58a92660660485f499e73bf6ced2
[INFO] running `Command { std: "docker" "create" "-v" "/var/lib/crater-agent-workspace/builds/worker-4-tc1/target:/opt/rustwide/target:rw,Z" "-v" "/var/lib/crater-agent-workspace/builds/worker-4-tc1/source:/opt/rustwide/workdir:ro,Z" "-v" "/var/lib/crater-agent-workspace/cargo-home:/opt/rustwide/cargo-home:ro,Z" "-v" "/var/lib/crater-agent-workspace/rustup-home:/opt/rustwide/rustup-home:ro,Z" "-e" "SOURCE_DIR=/opt/rustwide/workdir" "-e" "CARGO_TARGET_DIR=/opt/rustwide/target" "-e" "CARGO_INCREMENTAL=0" "-e" "RUST_BACKTRACE=full" "-e" "RUSTFLAGS=--cap-lints=warn" "-e" "RUSTDOCFLAGS=--cap-lints=warn" "-e" "CARGO_HOME=/opt/rustwide/cargo-home" "-e" "RUSTUP_HOME=/opt/rustwide/rustup-home" "-w" "/opt/rustwide/workdir" "-m" "1610612736" "--user" "0:0" "--network" "none" "ghcr.io/rust-lang/crates-build-env/linux@sha256:2788e3201cd34a07e3172128adcd8b3090168a8e3bcc40d7c032b9dda1df7d1c" "/opt/rustwide/cargo-home/bin/cargo" "+1.75.0" "test" "--frozen" "--no-run" "--message-format=json", kill_on_drop: false }`
[INFO] [stdout] f609690ac4482b24e5ac6ecc348c80e4ab8a766e6a54c1b38fe4a3d5f965eed7
[INFO] running `Command { std: "docker" "start" "-a" "f609690ac4482b24e5ac6ecc348c80e4ab8a766e6a54c1b38fe4a3d5f965eed7", kill_on_drop: false }`
[INFO] [stderr]    Compiling static_assertions v1.1.0
[INFO] [stdout] warning: use of deprecated method `chrono::TimeZone::timestamp`: use `timestamp_opt()` instead
[INFO] [stdout]    --> src/genesis_config.rs:260:17
[INFO] [stdout]     |
[INFO] [stdout] 260 |             Utc.timestamp(self.creation_time, 0).to_rfc3339(),
[INFO] [stdout]     |                 ^^^^^^^^^
[INFO] [stdout]     |
[INFO] [stdout]     = note: `#[warn(deprecated)]` on by default
[INFO] [stdout] 
[INFO] [stdout] 
[INFO] [stdout] warning: 1 warning emitted
[INFO] [stdout] 
[INFO] [stdout] 
[INFO] [stderr]    Compiling solomka-sdk v1.14.12 (/opt/rustwide/workdir)
[INFO] [stdout] warning: use of deprecated method `chrono::TimeZone::timestamp`: use `timestamp_opt()` instead
[INFO] [stdout]    --> src/genesis_config.rs:260:17
[INFO] [stdout]     |
[INFO] [stdout] 260 |             Utc.timestamp(self.creation_time, 0).to_rfc3339(),
[INFO] [stdout]     |                 ^^^^^^^^^
[INFO] [stdout]     |
[INFO] [stdout]     = note: `#[warn(deprecated)]` on by default
[INFO] [stdout] 
[INFO] [stdout] 
[INFO] [stdout] warning: 1 warning emitted
[INFO] [stdout] 
[INFO] [stdout] 
[INFO] [stderr]     Finished test [unoptimized + debuginfo] target(s) in 10.33s
[INFO] running `Command { std: "docker" "inspect" "f609690ac4482b24e5ac6ecc348c80e4ab8a766e6a54c1b38fe4a3d5f965eed7", kill_on_drop: false }`
[INFO] running `Command { std: "docker" "rm" "-f" "f609690ac4482b24e5ac6ecc348c80e4ab8a766e6a54c1b38fe4a3d5f965eed7", kill_on_drop: false }`
[INFO] [stdout] f609690ac4482b24e5ac6ecc348c80e4ab8a766e6a54c1b38fe4a3d5f965eed7
[INFO] running `Command { std: "docker" "create" "-v" "/var/lib/crater-agent-workspace/builds/worker-4-tc1/target:/opt/rustwide/target:rw,Z" "-v" "/var/lib/crater-agent-workspace/builds/worker-4-tc1/source:/opt/rustwide/workdir:ro,Z" "-v" "/var/lib/crater-agent-workspace/cargo-home:/opt/rustwide/cargo-home:ro,Z" "-v" "/var/lib/crater-agent-workspace/rustup-home:/opt/rustwide/rustup-home:ro,Z" "-e" "SOURCE_DIR=/opt/rustwide/workdir" "-e" "CARGO_TARGET_DIR=/opt/rustwide/target" "-e" "CARGO_INCREMENTAL=0" "-e" "RUST_BACKTRACE=full" "-e" "RUSTFLAGS=--cap-lints=warn" "-e" "RUSTDOCFLAGS=--cap-lints=warn" "-e" "CARGO_HOME=/opt/rustwide/cargo-home" "-e" "RUSTUP_HOME=/opt/rustwide/rustup-home" "-w" "/opt/rustwide/workdir" "-m" "1610612736" "--user" "0:0" "--network" "none" "ghcr.io/rust-lang/crates-build-env/linux@sha256:2788e3201cd34a07e3172128adcd8b3090168a8e3bcc40d7c032b9dda1df7d1c" "/opt/rustwide/cargo-home/bin/cargo" "+1.75.0" "test" "--frozen", kill_on_drop: false }`
[INFO] [stdout] 4a1ddf8ee0cda359a2b6f883be09a4a3c3740c25b24ea118870d50b705c9f366
[INFO] running `Command { std: "docker" "start" "-a" "4a1ddf8ee0cda359a2b6f883be09a4a3c3740c25b24ea118870d50b705c9f366", kill_on_drop: false }`
[INFO] [stderr] warning: use of deprecated method `chrono::TimeZone::timestamp`: use `timestamp_opt()` instead
[INFO] [stderr]    --> src/genesis_config.rs:260:17
[INFO] [stderr]     |
[INFO] [stderr] 260 |             Utc.timestamp(self.creation_time, 0).to_rfc3339(),
[INFO] [stderr]     |                 ^^^^^^^^^
[INFO] [stderr]     |
[INFO] [stderr]     = note: `#[warn(deprecated)]` on by default
[INFO] [stderr] 
[INFO] [stderr] warning: `solomka-sdk` (lib) generated 1 warning
[INFO] [stderr] warning: `solomka-sdk` (lib test) generated 1 warning (1 duplicate)
[INFO] [stderr]     Finished test [unoptimized + debuginfo] target(s) in 0.18s
[INFO] [stderr]      Running unittests src/lib.rs (/opt/rustwide/target/debug/deps/solomka_sdk-0ec671795d0e78a4)
[INFO] [stdout] 
[INFO] [stdout] running 233 tests
[INFO] [stdout] test account::tests::test_account_data_set_data ... ok
[INFO] [stdout] test account::tests::test_account_add_sub_lamports ... ok
[INFO] [stdout] test account::tests::test_account_data_copy_as_slice ... ok
[INFO] [stdout] test account::tests::test_account_saturating_sub_lamports ... ok
[INFO] [stdout] test account::tests::test_account_saturating_add_lamports ... ok
[INFO] [stdout] test account::tests::test_account_set_data_from_slice ... ok
[INFO] [stdout] test account::tests::test_account_shared_data ... ok
[INFO] [stdout] test account::tests::test_account_shared_data_all_fields ... ok
[INFO] [stdout] test account::tests::test_account_checked_add_lamports_overflow2 - should panic ... ok
[INFO] [stdout] test account::tests::test_to_account_shared_data ... ok
[INFO] [stdout] test account::tests::test_account_checked_sub_lamports_underflow - should panic ... ok
[INFO] [stdout] test account::tests::test_account_serialize - should panic ... ok
[INFO] [stdout] test account::tests::test_account_deserialize - should panic ... ok
[INFO] [stdout] test account::tests::test_account_checked_add_lamports_overflow - should panic ... ok
[INFO] [stdout] test account::tests::test_account_shared_data_deserialize - should panic ... ok
[INFO] [stdout] test account::tests::test_account_shared_data_serialize - should panic ... ok
[INFO] [stdout] test account::tests::test_account_checked_sub_lamports_underflow2 - should panic ... ok
[INFO] [stdout] test account_utils::tests::test_account_state ... ok
[INFO] [stdout] test derivation_path::tests::test_from_uri ... ok
[INFO] [stdout] test derivation_path::tests::test_from_uri_full_path ... ok
[INFO] [stdout] test derivation_path::tests::test_get_query ... ok
[INFO] [stdout] test deserialize_utils::tests::test_default_on_eof_additional_untagged_fields - should panic ... ok
[INFO] [stdout] test derivation_path::tests::test_from_absolute_path_str ... ok
[INFO] [stdout] test ed25519_instruction::test::test_pubkey_offset ... ok
[INFO] [stdout] test derivation_path::tests::test_derivation_path_debug ... ok
[INFO] [stdout] test derivation_path::tests::test_from_key_str ... ok
[INFO] [stdout] test deserialize_utils::tests::test_default_on_eof ... ok
[INFO] [stdout] test compute_budget::test_id ... ok
[INFO] [stdout] test ed25519_instruction::test::test_ed25519 ... ok
[INFO] [stdout] test ed25519_instruction::test::test_invalid_offsets ... ok
[INFO] [stdout] test feature_set::add_shred_type_to_shred_seed::test_id ... ok
[INFO] [stdout] test feature_set::allow_votes_to_directly_update_vote_state::test_id ... ok
[INFO] [stdout] test ed25519_instruction::test::test_message_data_offsets ... ok
[INFO] [stdout] test ed25519_instruction::test::test_signature_offset ... ok
[INFO] [stdout] test feature::test::feature_deserialize_none ... ok
[INFO] [stdout] test feature_set::add_compute_budget_program::test_id ... ok
[INFO] [stdout] test feature_set::add_get_minimum_delegation_instruction_to_stake_program::test_id ... ok
[INFO] [stdout] test feature_set::add_get_processed_sibling_instruction_syscall::test_id ... ok
[INFO] [stdout] test feature_set::add_set_compute_unit_price_ix::test_id ... ok
[INFO] [stdout] test feature_set::blake3_syscall_enabled::test_id ... ok
[INFO] [stdout] test feature_set::cap_accounts_data_len::test_id ... ok
[INFO] [stdout] test feature_set::cap_bpf_program_instruction_accounts::test_id ... ok
[INFO] [stdout] test feature_set::check_syscall_outputs_do_not_overlap::test_id ... ok
[INFO] [stdout] test feature_set::check_slice_translation_size::test_id ... ok
[INFO] [stdout] test feature_set::check_init_vote_data::test_id ... ok
[INFO] [stdout] test feature_set::cap_accounts_data_size_per_block::test_id ... ok
[INFO] [stdout] test feature_set::check_physical_overlapping::test_id ... ok
[INFO] [stdout] test feature_set::commission_updates_only_allowed_in_first_half_of_epoch::test_id ... ok
[INFO] [stdout] test feature_set::credits_auto_rewind::test_id ... ok
[INFO] [stdout] test feature_set::compact_vote_state_updates::test_id ... ok
[INFO] [stdout] test feature_set::concurrent_replay_of_forks::test_id ... ok
[INFO] [stdout] test feature_set::default_units_per_instruction::test_id ... ok
[INFO] [stdout] test feature_set::curve25519_syscall_enabled::test_id ... ok
[INFO] [stdout] test feature_set::disable_deploy_of_alloc_free_syscall::test_id ... ok
[INFO] [stdout] test feature_set::dedupe_config_program_signers::test_id ... ok
[INFO] [stdout] test feature_set::disable_bpf_unresolved_symbols_at_runtime::test_id ... ok
[INFO] [stdout] test feature_set::disable_bpf_deprecated_load_instructions::test_id ... ok
[INFO] [stdout] test feature_set::bank_tranaction_count_fix::test_id ... ok
[INFO] [stdout] test feature_set::disable_deprecated_loader::test_id ... ok
[INFO] [stdout] test feature_set::demote_program_write_locks::test_id ... ok
[INFO] [stdout] test feature_set::deprecate_rewards_sysvar::test_id ... ok
[INFO] [stdout] test feature_set::disable_fee_calculator::test_id ... ok
[INFO] [stdout] test feature_set::disable_fees_sysvar::test_id ... ok
[INFO] [stdout] test feature_set::enable_bpf_loader_extend_program_ix::test_id ... ok
[INFO] [stdout] test feature_set::enable_durable_nonce::test_id ... ok
[INFO] [stdout] test feature_set::enable_early_verification_of_account_modifications::test_id ... ok
[INFO] [stdout] test feature_set::disable_rehash_for_rent_epoch::test_id ... ok
[INFO] [stdout] test feature_set::disable_turbine_fanout_experiments::test_id ... ok
[INFO] [stdout] test feature_set::ed25519_program_enabled::test_id ... ok
[INFO] [stdout] test feature_set::error_on_syscall_bpf_function_hash_collisions::test_id ... ok
[INFO] [stdout] test feature_set::filter_votes_outside_slot_hashes::test_id ... ok
[INFO] [stdout] test feature_set::evict_invalid_stakes_cache_entries::test_id ... ok
[INFO] [stdout] test feature_set::executables_incur_cpi_data_cost::test_id ... ok
[INFO] [stdout] test feature_set::fix_recent_blockhashes::test_id ... ok
[INFO] [stdout] test feature_set::fixed_memcpy_nonoverlapping_check::test_id ... ok
[INFO] [stdout] test feature_set::full_inflation::devnet_and_testnet::test_id ... ok
[INFO] [stdout] test feature_set::gate_large_block::test_id ... ok
[INFO] [stdout] test feature_set::include_account_index_in_rent_error::test_id ... ok
[INFO] [stdout] test feature_set::full_inflation::mainnet::certusone::enable::test_id ... ok
[INFO] [stdout] test feature_set::increase_tx_account_lock_limit::test_id ... ok
[INFO] [stdout] test feature_set::do_support_realloc::test_id ... ok
[INFO] [stdout] test feature_set::full_inflation::mainnet::certusone::vote::test_id ... ok
[INFO] [stdout] test feature_set::drop_redundant_turbine_path::test_id ... ok
[INFO] [stdout] test feature_set::enable_turbine_fanout_experiments::test_id ... ok
[INFO] [stdout] test feature_set::filter_stake_delegation_accounts::test_id ... ok
[INFO] [stdout] test feature_set::libsecp256k1_fail_on_bad_count2::test_id ... ok
[INFO] [stdout] test feature_set::libsecp256k1_fail_on_bad_count::test_id ... ok
[INFO] [stdout] test feature_set::loosen_cpi_size_restriction::test_id ... ok
[INFO] [stdout] test feature_set::incremental_snapshot_only_incremental_hash_calculation::test_id ... ok
[INFO] [stdout] test feature_set::max_tx_account_locks::test_id ... ok
[INFO] [stdout] test feature_set::instructions_sysvar_owned_by_sysvar::test_id ... ok
[INFO] [stdout] test feature_set::libsecp256k1_0_5_upgrade_enabled::test_id ... ok
[INFO] [stdout] test feature_set::merge_nonce_error_into_system_error::test_id ... ok
[INFO] [stdout] test feature_set::move_serialized_len_ptr_in_cpi::test_id ... ok
[INFO] [stdout] test feature_set::no_overflow_rent_distribution::test_id ... ok
[INFO] [stdout] test feature_set::pico_inflation::test_id ... ok
[INFO] [stdout] test feature_set::nonce_must_be_advanceable::test_id ... ok
[INFO] [stdout] test feature_set::leave_nonce_on_success::test_id ... ok
[INFO] [stdout] test feature_set::limit_secp256k1_recovery_id::test_id ... ok
[INFO] [stdout] test feature_set::nonce_must_be_writable::test_id ... ok
[INFO] [stdout] test feature_set::on_load_preserve_rent_epoch_for_rent_exempt_accounts::test_id ... ok
[INFO] [stdout] test feature_set::nonce_must_be_authorized::test_id ... ok
[INFO] [stdout] test feature_set::preserve_rent_epoch_for_rent_exempt_accounts::test_id ... ok
[INFO] [stdout] test feature_set::optimize_epoch_boundary_updates::test_id ... ok
[INFO] [stdout] test feature_set::reject_non_rent_exempt_vote_withdraws::test_id ... ok
[INFO] [stdout] test feature_set::reject_callx_r10::test_id ... ok
[INFO] [stdout] test feature_set::quick_bail_on_panic::test_id ... ok
[INFO] [stdout] test feature_set::record_instruction_in_transaction_context_push::test_id ... ok
[INFO] [stdout] test feature_set::reduce_required_deploy_balance::test_id ... ok
[INFO] [stdout] test feature_set::reject_empty_instruction_without_program::test_id ... ok
[INFO] [stdout] test feature_set::remove_native_loader::test_id ... ok
[INFO] [stdout] test feature_set::requestable_heap_size::test_id ... ok
[INFO] [stdout] test feature_set::require_rent_exempt_accounts::test_id ... ok
[INFO] [stdout] test feature_set::rent_for_sysvars::test_id ... ok
[INFO] [stdout] test feature_set::require_custodian_for_locked_stake_authorize::test_id ... ok
[INFO] [stdout] test feature_set::require_static_program_ids_in_transaction::test_id ... ok
[INFO] [stdout] test feature_set::return_none_for_zero_lamport_accounts::test_id ... ok
[INFO] [stdout] test feature_set::prevent_calling_precompiles_as_programs::test_id ... ok
[INFO] [stdout] test feature_set::reject_vote_account_close_unless_zero_credit_epoch::test_id ... ok
[INFO] [stdout] test feature_set::prevent_crediting_accounts_that_end_rent_paying::test_id ... ok
[INFO] [stdout] test feature_set::secp256k1_program_enabled::test_id ... ok
[INFO] [stdout] test feature_set::return_data_syscall_enabled::test_id ... ok
[INFO] [stdout] test feature_set::sol_log_data_syscall_enabled::test_id ... ok
[INFO] [stdout] test feature_set::secp256k1_recover_syscall_enabled::test_id ... ok
[INFO] [stdout] test feature_set::spl_token_v2_self_transfer_fix::test_id ... ok
[INFO] [stdout] test feature_set::spl_token_v2_set_authority_fix::test_id ... ok
[INFO] [stdout] test feature_set::send_to_tpu_vote_port::test_id ... ok
[INFO] [stdout] test feature_set::spl_token_v2_multisig_fix::test_id ... ok
[INFO] [stdout] test feature_set::spl_token_v3_3_0_release::test_id ... ok
[INFO] [stdout] test feature_set::separate_nonce_from_blockhash::test_id ... ok
[INFO] [stdout] test feature_set::spl_associated_token_account_v1_1_0::test_id ... ok
[INFO] [stdout] test feature_set::stake_program_advance_activating_credits_observed::test_id ... ok
[INFO] [stdout] test feature_set::stake_raise_minimum_delegation_to_1_sol::test_id ... ok
[INFO] [stdout] test feature_set::stake_allow_zero_undelegated_amount::test_id ... ok
[INFO] [stdout] test feature_set::stake_merge_with_unmatched_credits_observed::test_id ... ok
[INFO] [stdout] test feature_set::stake_deactivate_delinquent_instruction::test_id ... ok
[INFO] [stdout] test feature_set::spl_associated_token_account_v1_0_4::test_id ... ok
[INFO] [stdout] test feature_set::spl_token_v3_4_0::test_id ... ok
[INFO] [stdout] test feature_set::stake_split_uses_rent_sysvar::test_id ... ok
[INFO] [stdout] test feature_set::stakes_remove_delegation_if_inactive::test_id ... ok
[INFO] [stdout] test feature_set::syscall_saturated_math::test_id ... ok
[INFO] [stdout] test feature_set::system_transfer_zero_check::test_id ... ok
[INFO] [stdout] test feature_set::test::test_full_inflation_features_enabled ... ok
[INFO] [stdout] test feature_set::test::test_feature_set_activate_deactivate ... ok
[INFO] [stdout] test feature_set::stake_redelegate_instruction::test_id ... ok
[INFO] [stdout] test feature_set::update_rewards_from_cached_accounts::test_id ... ok
[INFO] [stdout] test feature_set::update_syscall_base_costs::test_id ... ok
[INFO] [stdout] test feature_set::vote_authorize_with_seed::test_id ... ok
[INFO] [stdout] test feature_set::tx_wide_compute_cap::test_id ... ok
[INFO] [stdout] test feature_set::use_default_units_in_fee_calculation::test_id ... ok
[INFO] [stdout] test feature_set::test::test_full_inflation_features_enabled_devnet_and_testnet ... ok
[INFO] [stdout] test feature_set::versioned_tx_message_enabled::test_id ... ok
[INFO] [stdout] test feature_set::verify_tx_signatures_len::test_id ... ok
[INFO] [stdout] test feature_set::vote_stake_checked_instructions::test_id ... ok
[INFO] [stdout] test feature_set::vote_state_update_root_fix::test_id ... ok
[INFO] [stdout] test feature_set::warp_timestamp_with_a_vengeance::test_id ... ok
[INFO] [stdout] test feature_set::vote_state_update_credit_per_dequeue::test_id ... ok
[INFO] [stdout] test genesis_config::tests::test_genesis_config ... FAILED
[INFO] [stdout] test hard_forks::tests::iter_is_sorted ... ok
[INFO] [stdout] test inflation::tests::test_inflation_basic ... ok
[INFO] [stdout] test hard_forks::tests::multiple_hard_forks_since_parent ... ok
[INFO] [stdout] test feature_set::vote_withdraw_authority_may_change_authorized_voter::test_id ... ok
[INFO] [stdout] test feature_set::warp_timestamp_again::test_id ... ok
[INFO] [stdout] test feature_set::zk_token_sdk_enabled::test_id ... ok
[INFO] [stdout] test native_loader::test_id ... ok
[INFO] [stdout] test nonce_account::tests::test_verify_bad_account_owner_fails ... ok
[INFO] [stdout] test inflation::tests::test_inflation_fixed ... ok
[INFO] [stdout] test packet::tests::test_deserialize_slice ... ok
[INFO] [stdout] test program_utils::tests::test_limited_deserialize ... ok
[INFO] [stdout] test secp256k1_instruction::test::test_count_is_zero_but_sig_data_exists ... ok
[INFO] [stdout] test pubkey::tests::test_read_write_pubkey ... FAILED
[INFO] [stdout] test secp256k1_instruction::test::test_eth_offset ... ok
[INFO] [stdout] test recent_blockhashes_account::tests::test_create_account_full ... ok
[INFO] [stdout] test recent_blockhashes_account::tests::test_create_account_truncate ... ok
[INFO] [stdout] test secp256k1_instruction::test::test_signature_offset ... ok
[INFO] [stdout] test secp256k1_instruction::test::test_invalid_offsets ... ok
[INFO] [stdout] test recent_blockhashes_account::tests::test_create_account_unsorted ... ok
[INFO] [stdout] test nonce_account::tests::test_verify_nonce_account ... ok
[INFO] [stdout] test shred_version::tests::test_compute_shred_version ... ok
[INFO] [stdout] test recent_blockhashes_account::tests::test_create_account_empty ... ok
[INFO] [stdout] test signature::tests::test_off_curve_pubkey_verify_fails ... ok
[INFO] [stdout] test signature::tests::test_signature_fromstr ... ok
[INFO] [stdout] test secp256k1_instruction::test::test_message_data_offsets ... ok
[INFO] [stdout] test signer::keypair::tests::test_write_keypair_file ... FAILED
[INFO] [stdout] test signer::keypair::tests::test_write_keypair_file_truncate ... FAILED
[INFO] [stdout] test signer::keypair::tests::test_write_keypair_file_overwrite_ok ... FAILED
[INFO] [stdout] test signer::signers::tests::test_dyn_keypairs_compile ... ok
[INFO] [stdout] test signer::tests::test_unique_signers ... ok
[INFO] [stdout] test signer::keypair::tests::test_keypair_from_seed ... ok
[INFO] [stdout] test signer::signers::tests::test_dyn_keypairs_by_ref_compile ... ok
[INFO] [stdout] test timing::test::test_slot_duration_from_slots_per_year ... ok
[INFO] [stdout] test timing::test::test_years_as_slots ... ok
[INFO] [stdout] test secp256k1_instruction::test::test_malleability ... ok
[INFO] [stdout] test tests::test_saturating_add_assign ... ok
[INFO] [stdout] test signer::keypair::tests::test_keypair ... ok
[INFO] [stdout] test transaction::tests::get_nonce_pub_from_ix_ok ... ok
[INFO] [stdout] test transaction::tests::get_nonce_pub_from_ix_bad_acc_idx_fail ... ok
[INFO] [stdout] test transaction::tests::get_nonce_pub_from_ix_no_accounts_fail ... ok
[INFO] [stdout] test transaction::tests::test_partial_sign ... ok
[INFO] [stdout] test timing::test::test_interval_update ... ok
[INFO] [stdout] test transaction::tests::test_partial_sign_mismatched_key - should panic ... ok
[INFO] [stdout] test transaction::tests::test_refs_invalid_program_id ... ok
[INFO] [stdout] test transaction::tests::test_sanitize_txs ... ok
[INFO] [stdout] test transaction::tests::test_sdk_serialize ... ok
[INFO] [stdout] test transaction::tests::test_transaction_correct_key ... ok
[INFO] [stdout] test transaction::tests::test_refs_invalid_account ... ok
[INFO] [stdout] test transaction::tests::test_transaction_instruction_with_duplicate_keys ... ok
[INFO] [stdout] test transaction::tests::test_transaction_minimum_serialized_size ... ok
[INFO] [stdout] test transaction::tests::test_transaction_missing_key - should panic ... ok
[INFO] [stdout] test transaction::tests::test_transaction_missing_keypair - should panic ... ok
[INFO] [stdout] test transaction::tests::test_refs ... ok
[INFO] [stdout] test transaction::tests::test_transaction_serialize ... ok
[INFO] [stdout] test transaction::tests::test_transaction_wrong_key - should panic ... ok
[INFO] [stdout] test transaction::tests::tx_keypair_pubkey_mismatch ... ok
[INFO] [stdout] test transaction::tests::tx_uses_nonce_bad_prog_id_idx_fail ... ok
[INFO] [stdout] test transaction::tests::tx_uses_nonce_empty_ix_fail ... ok
[INFO] [stdout] test transaction::tests::tx_uses_nonce_first_prog_id_not_nonce_fail ... ok
[INFO] [stdout] test transaction::tests::tx_uses_nonce_ok ... ok
[INFO] [stdout] test transaction::tests::tx_uses_nonce_wrong_first_nonce_ix_fail ... ok
[INFO] [stdout] test signer::presigner::tests::test_presigner ... ok
[INFO] [stdout] test secp256k1_instruction::test::test_secp256k1 ... ok
[INFO] [stdout] test transaction::tests::tx_uses_ro_nonce_account ... ok
[INFO] [stdout] test transaction::versioned::sanitized::tests::test_try_new ... ok
[INFO] [stdout] test transaction::versioned::sanitized::tests::test_try_new_with_invalid_signatures ... ok
[INFO] [stdout] test transaction::versioned::tests::tx_uses_nonce_bad_prog_id_idx_fail ... ok
[INFO] [stdout] test transaction::versioned::tests::tx_uses_nonce_first_prog_id_not_nonce_fail ... ok
[INFO] [stdout] test transaction::versioned::tests::test_try_new ... ok
[INFO] [stdout] test transaction::versioned::tests::tx_uses_ro_nonce_account ... ok
[INFO] [stdout] test transaction::versioned::tests::tx_uses_nonce_ok ... ok
[INFO] [stdout] test transaction::versioned::tests::tx_uses_nonce_wrong_first_nonce_ix_fail ... ok
[INFO] [stdout] test transaction::tests::test_try_sign_dyn_keypairs ... ok
[INFO] [stdout] test transaction::versioned::tests::tx_uses_nonce_empty_ix_fail ... ok
[INFO] [stdout] test signer::keypair::tests::test_keypair_from_seed_phrase_and_passphrase ... ok
[INFO] [stdout] 
[INFO] [stdout] failures:
[INFO] [stdout] 
[INFO] [stdout] ---- genesis_config::tests::test_genesis_config stdout ----
[INFO] [stdout] thread 'genesis_config::tests::test_genesis_config' panicked at src/genesis_config.rs:343:28:
[INFO] [stdout] write: Os { code: 30, kind: ReadOnlyFilesystem, message: "Read-only file system" }
[INFO] [stdout] stack backtrace:
[INFO] [stdout]    0:     0x562f81a0f78c - std::backtrace_rs::backtrace::libunwind::trace::ha637c64ce894333a
[INFO] [stdout]                                at /rustc/82e1608dfa6e0b5569232559e3d385fea5a93112/library/std/src/../../backtrace/src/backtrace/libunwind.rs:104:5
[INFO] [stdout]    1:     0x562f81a0f78c - std::backtrace_rs::backtrace::trace_unsynchronized::h47f62dea28e0c88d
[INFO] [stdout]                                at /rustc/82e1608dfa6e0b5569232559e3d385fea5a93112/library/std/src/../../backtrace/src/backtrace/mod.rs:66:5
[INFO] [stdout]    2:     0x562f81a0f78c - std::sys_common::backtrace::_print_fmt::h9eef0abe20ede486
[INFO] [stdout]                                at /rustc/82e1608dfa6e0b5569232559e3d385fea5a93112/library/std/src/sys_common/backtrace.rs:67:5
[INFO] [stdout]    3:     0x562f81a0f78c - <std::sys_common::backtrace::_print::DisplayBacktrace as core::fmt::Display>::fmt::hed7f999df88cc644
[INFO] [stdout]                                at /rustc/82e1608dfa6e0b5569232559e3d385fea5a93112/library/std/src/sys_common/backtrace.rs:44:22
[INFO] [stdout]    4:     0x562f81a3b6e0 - core::fmt::rt::Argument::fmt::h1539a9308b8d058d
[INFO] [stdout]                                at /rustc/82e1608dfa6e0b5569232559e3d385fea5a93112/library/core/src/fmt/rt.rs:142:9
[INFO] [stdout]    5:     0x562f81a3b6e0 - core::fmt::write::h3a39390d8560d9c9
[INFO] [stdout]                                at /rustc/82e1608dfa6e0b5569232559e3d385fea5a93112/library/core/src/fmt/mod.rs:1120:17
[INFO] [stdout]    6:     0x562f81a0cedf - std::io::Write::write_fmt::h040b369f3a0f9cbc
[INFO] [stdout]                                at /rustc/82e1608dfa6e0b5569232559e3d385fea5a93112/library/std/src/io/mod.rs:1762:15
[INFO] [stdout]    7:     0x562f81a0f574 - std::sys_common::backtrace::_print::h894006fb5c6f3d45
[INFO] [stdout]                                at /rustc/82e1608dfa6e0b5569232559e3d385fea5a93112/library/std/src/sys_common/backtrace.rs:47:5
[INFO] [stdout]    8:     0x562f81a0f574 - std::sys_common::backtrace::print::h23a2d212c6fff936
[INFO] [stdout]                                at /rustc/82e1608dfa6e0b5569232559e3d385fea5a93112/library/std/src/sys_common/backtrace.rs:34:9
[INFO] [stdout]    9:     0x562f81a11237 - std::panicking::default_hook::{{closure}}::h8a1d2ee00185001a
[INFO] [stdout]   10:     0x562f81a10f23 - std::panicking::default_hook::h6038f2eba384e475
[INFO] [stdout]                                at /rustc/82e1608dfa6e0b5569232559e3d385fea5a93112/library/std/src/panicking.rs:289:9
[INFO] [stdout]   11:     0x562f81840a07 - <alloc::boxed::Box<F,A> as core::ops::function::Fn<Args>>::call::h0ad024c9bdc6d768
[INFO] [stdout]                                at /rustc/82e1608dfa6e0b5569232559e3d385fea5a93112/library/alloc/src/boxed.rs:2021:9
[INFO] [stdout]   12:     0x562f81840a07 - test::test_main::{{closure}}::h7500b54257359db6
[INFO] [stdout]                                at /rustc/82e1608dfa6e0b5569232559e3d385fea5a93112/library/test/src/lib.rs:138:21
[INFO] [stdout]   13:     0x562f81a11848 - <alloc::boxed::Box<F,A> as core::ops::function::Fn<Args>>::call::h1f8f335eaa9cfaee
[INFO] [stdout]                                at /rustc/82e1608dfa6e0b5569232559e3d385fea5a93112/library/alloc/src/boxed.rs:2021:9
[INFO] [stdout]   14:     0x562f81a11848 - std::panicking::rust_panic_with_hook::h2b5517d590cab22e
[INFO] [stdout]                                at /rustc/82e1608dfa6e0b5569232559e3d385fea5a93112/library/std/src/panicking.rs:783:13
[INFO] [stdout]   15:     0x562f81a1159e - std::panicking::begin_panic_handler::{{closure}}::h233112c06e0ef43e
[INFO] [stdout]                                at /rustc/82e1608dfa6e0b5569232559e3d385fea5a93112/library/std/src/panicking.rs:657:13
[INFO] [stdout]   16:     0x562f81a0fc56 - std::sys_common::backtrace::__rust_end_short_backtrace::h6e893f24d7ebbff8
[INFO] [stdout]                                at /rustc/82e1608dfa6e0b5569232559e3d385fea5a93112/library/std/src/sys_common/backtrace.rs:170:18
[INFO] [stdout]   17:     0x562f81a11302 - rust_begin_unwind
[INFO] [stdout]                                at /rustc/82e1608dfa6e0b5569232559e3d385fea5a93112/library/std/src/panicking.rs:645:5
[INFO] [stdout]   18:     0x562f81415615 - core::panicking::panic_fmt::hbf0e066aabfa482c
[INFO] [stdout]                                at /rustc/82e1608dfa6e0b5569232559e3d385fea5a93112/library/core/src/panicking.rs:72:14
[INFO] [stdout]   19:     0x562f81415be3 - core::result::unwrap_failed::hddb4fea594200c52
[INFO] [stdout]                                at /rustc/82e1608dfa6e0b5569232559e3d385fea5a93112/library/core/src/result.rs:1653:5
[INFO] [stdout]   20:     0x562f814b8b4f - core::result::Result<T,E>::expect::h84951cd3908b99f4
[INFO] [stdout]                                at /rustc/82e1608dfa6e0b5569232559e3d385fea5a93112/library/core/src/result.rs:1034:23
[INFO] [stdout]   21:     0x562f81443b25 - solomka_sdk::genesis_config::tests::test_genesis_config::h8c750eb7701d7295
[INFO] [stdout]                                at /opt/rustwide/workdir/src/genesis_config.rs:343:9
[INFO] [stdout]   22:     0x562f81443797 - solomka_sdk::genesis_config::tests::test_genesis_config::{{closure}}::h2a1024ab532ab940
[INFO] [stdout]                                at /opt/rustwide/workdir/src/genesis_config.rs:322:29
[INFO] [stdout]   23:     0x562f814a0806 - core::ops::function::FnOnce::call_once::h89d52241a0d65d78
[INFO] [stdout]                                at /rustc/82e1608dfa6e0b5569232559e3d385fea5a93112/library/core/src/ops/function.rs:250:5
[INFO] [stdout]   24:     0x562f8184605f - core::ops::function::FnOnce::call_once::h2b5d431d5046312d
[INFO] [stdout]                                at /rustc/82e1608dfa6e0b5569232559e3d385fea5a93112/library/core/src/ops/function.rs:250:5
[INFO] [stdout]   25:     0x562f8184605f - test::__rust_begin_short_backtrace::h7714669af176e207
[INFO] [stdout]                                at /rustc/82e1608dfa6e0b5569232559e3d385fea5a93112/library/test/src/lib.rs:628:18
[INFO] [stdout]   26:     0x562f81845075 - test::run_test_in_process::{{closure}}::h85218797dcbcec12
[INFO] [stdout]                                at /rustc/82e1608dfa6e0b5569232559e3d385fea5a93112/library/test/src/lib.rs:651:60
[INFO] [stdout]   27:     0x562f81845075 - <core::panic::unwind_safe::AssertUnwindSafe<F> as core::ops::function::FnOnce<()>>::call_once::h76c106ea31c14d7b
[INFO] [stdout]                                at /rustc/82e1608dfa6e0b5569232559e3d385fea5a93112/library/core/src/panic/unwind_safe.rs:272:9
[INFO] [stdout]   28:     0x562f81845075 - std::panicking::try::do_call::h3bd5d0f6620ee946
[INFO] [stdout]                                at /rustc/82e1608dfa6e0b5569232559e3d385fea5a93112/library/std/src/panicking.rs:552:40
[INFO] [stdout]   29:     0x562f81845075 - std::panicking::try::h232e535e4744fe31
[INFO] [stdout]                                at /rustc/82e1608dfa6e0b5569232559e3d385fea5a93112/library/std/src/panicking.rs:516:19
[INFO] [stdout]   30:     0x562f81845075 - std::panic::catch_unwind::h3ce3bd6ca8dbac68
[INFO] [stdout]                                at /rustc/82e1608dfa6e0b5569232559e3d385fea5a93112/library/std/src/panic.rs:142:14
[INFO] [stdout]   31:     0x562f81845075 - test::run_test_in_process::hc97b257c9621286a
[INFO] [stdout]                                at /rustc/82e1608dfa6e0b5569232559e3d385fea5a93112/library/test/src/lib.rs:651:27
[INFO] [stdout]   32:     0x562f81845075 - test::run_test::{{closure}}::h2aa798823a438d38
[INFO] [stdout]                                at /rustc/82e1608dfa6e0b5569232559e3d385fea5a93112/library/test/src/lib.rs:574:43
[INFO] [stdout]   33:     0x562f8180d336 - test::run_test::{{closure}}::h87d231c78fb59832
[INFO] [stdout]                                at /rustc/82e1608dfa6e0b5569232559e3d385fea5a93112/library/test/src/lib.rs:602:41
[INFO] [stdout]   34:     0x562f8180d336 - std::sys_common::backtrace::__rust_begin_short_backtrace::he6df152596625789
[INFO] [stdout]                                at /rustc/82e1608dfa6e0b5569232559e3d385fea5a93112/library/std/src/sys_common/backtrace.rs:154:18
[INFO] [stdout]   35:     0x562f818123e7 - std::thread::Builder::spawn_unchecked_::{{closure}}::{{closure}}::ha94be15d1e0acf36
[INFO] [stdout]                                at /rustc/82e1608dfa6e0b5569232559e3d385fea5a93112/library/std/src/thread/mod.rs:529:17
[INFO] [stdout]   36:     0x562f818123e7 - <core::panic::unwind_safe::AssertUnwindSafe<F> as core::ops::function::FnOnce<()>>::call_once::h9dc6bd6372f16606
[INFO] [stdout]                                at /rustc/82e1608dfa6e0b5569232559e3d385fea5a93112/library/core/src/panic/unwind_safe.rs:272:9
[INFO] [stdout]   37:     0x562f818123e7 - std::panicking::try::do_call::h9057517f80303cd4
[INFO] [stdout]                                at /rustc/82e1608dfa6e0b5569232559e3d385fea5a93112/library/std/src/panicking.rs:552:40
[INFO] [stdout]   38:     0x562f818123e7 - std::panicking::try::he3a30b11ee45340c
[INFO] [stdout]                                at /rustc/82e1608dfa6e0b5569232559e3d385fea5a93112/library/std/src/panicking.rs:516:19
[INFO] [stdout]   39:     0x562f818123e7 - std::panic::catch_unwind::h410458cfd3528b8b
[INFO] [stdout]                                at /rustc/82e1608dfa6e0b5569232559e3d385fea5a93112/library/std/src/panic.rs:142:14
[INFO] [stdout]   40:     0x562f818123e7 - std::thread::Builder::spawn_unchecked_::{{closure}}::h72ac3bdb567b737b
[INFO] [stdout]                                at /rustc/82e1608dfa6e0b5569232559e3d385fea5a93112/library/std/src/thread/mod.rs:528:30
[INFO] [stdout]   41:     0x562f818123e7 - core::ops::function::FnOnce::call_once{{vtable.shim}}::h38f34da3654a8344
[INFO] [stdout]                                at /rustc/82e1608dfa6e0b5569232559e3d385fea5a93112/library/core/src/ops/function.rs:250:5
[INFO] [stdout]   42:     0x562f81a16ca5 - <alloc::boxed::Box<F,A> as core::ops::function::FnOnce<Args>>::call_once::hc7eafaff61e32df9
[INFO] [stdout]                                at /rustc/82e1608dfa6e0b5569232559e3d385fea5a93112/library/alloc/src/boxed.rs:2007:9
[INFO] [stdout]   43:     0x562f81a16ca5 - <alloc::boxed::Box<F,A> as core::ops::function::FnOnce<Args>>::call_once::h6ba4a5de48dd2304
[INFO] [stdout]                                at /rustc/82e1608dfa6e0b5569232559e3d385fea5a93112/library/alloc/src/boxed.rs:2007:9
[INFO] [stdout]   44:     0x562f81a16ca5 - std::sys::unix::thread::Thread::new::thread_start::he469335aef763e45
[INFO] [stdout]                                at /rustc/82e1608dfa6e0b5569232559e3d385fea5a93112/library/std/src/sys/unix/thread.rs:108:17
[INFO] [stdout]   45:     0x7fc83d070ac3 - <unknown>
[INFO] [stdout]   46:     0x7fc83d101bf4 - __clone
[INFO] [stdout]   47:                0x0 - <unknown>
[INFO] [stdout] 
[INFO] [stdout] ---- pubkey::tests::test_read_write_pubkey stdout ----
[INFO] [stdout] Error: Os { code: 30, kind: ReadOnlyFilesystem, message: "Read-only file system" }
[INFO] [stdout] 
[INFO] [stdout] ---- signer::keypair::tests::test_write_keypair_file stdout ----
[INFO] [stdout] thread 'signer::keypair::tests::test_write_keypair_file' panicked at src/signer/keypair.rs:239:80:
[INFO] [stdout] called `Result::unwrap()` on an `Err` value: Os { code: 30, kind: ReadOnlyFilesystem, message: "Read-only file system" }
[INFO] [stdout] stack backtrace:
[INFO] [stdout]    0:     0x562f81a0f78c - std::backtrace_rs::backtrace::libunwind::trace::ha637c64ce894333a
[INFO] [stdout]                                at /rustc/82e1608dfa6e0b5569232559e3d385fea5a93112/library/std/src/../../backtrace/src/backtrace/libunwind.rs:104:5
[INFO] [stdout]    1:     0x562f81a0f78c - std::backtrace_rs::backtrace::trace_unsynchronized::h47f62dea28e0c88d
[INFO] [stdout]                                at /rustc/82e1608dfa6e0b5569232559e3d385fea5a93112/library/std/src/../../backtrace/src/backtrace/mod.rs:66:5
[INFO] [stdout]    2:     0x562f81a0f78c - std::sys_common::backtrace::_print_fmt::h9eef0abe20ede486
[INFO] [stdout]                                at /rustc/82e1608dfa6e0b5569232559e3d385fea5a93112/library/std/src/sys_common/backtrace.rs:67:5
[INFO] [stdout]    3:     0x562f81a0f78c - <std::sys_common::backtrace::_print::DisplayBacktrace as core::fmt::Display>::fmt::hed7f999df88cc644
[INFO] [stdout]                                at /rustc/82e1608dfa6e0b5569232559e3d385fea5a93112/library/std/src/sys_common/backtrace.rs:44:22
[INFO] [stdout]    4:     0x562f81a3b6e0 - core::fmt::rt::Argument::fmt::h1539a9308b8d058d
[INFO] [stdout]                                at /rustc/82e1608dfa6e0b5569232559e3d385fea5a93112/library/core/src/fmt/rt.rs:142:9
[INFO] [stdout]    5:     0x562f81a3b6e0 - core::fmt::write::h3a39390d8560d9c9
[INFO] [stdout]                                at /rustc/82e1608dfa6e0b5569232559e3d385fea5a93112/library/core/src/fmt/mod.rs:1120:17
[INFO] [stdout]    6:     0x562f81a0cedf - std::io::Write::write_fmt::h040b369f3a0f9cbc
[INFO] [stdout]                                at /rustc/82e1608dfa6e0b5569232559e3d385fea5a93112/library/std/src/io/mod.rs:1762:15
[INFO] [stdout]    7:     0x562f81a0f574 - std::sys_common::backtrace::_print::h894006fb5c6f3d45
[INFO] [stdout]                                at /rustc/82e1608dfa6e0b5569232559e3d385fea5a93112/library/std/src/sys_common/backtrace.rs:47:5
[INFO] [stdout]    8:     0x562f81a0f574 - std::sys_common::backtrace::print::h23a2d212c6fff936
[INFO] [stdout]                                at /rustc/82e1608dfa6e0b5569232559e3d385fea5a93112/library/std/src/sys_common/backtrace.rs:34:9
[INFO] [stdout]    9:     0x562f81a11237 - std::panicking::default_hook::{{closure}}::h8a1d2ee00185001a
[INFO] [stdout]   10:     0x562f81a10f23 - std::panicking::default_hook::h6038f2eba384e475
[INFO] [stdout]                                at /rustc/82e1608dfa6e0b5569232559e3d385fea5a93112/library/std/src/panicking.rs:289:9
[INFO] [stdout]   11:     0x562f81840a07 - <alloc::boxed::Box<F,A> as core::ops::function::Fn<Args>>::call::h0ad024c9bdc6d768
[INFO] [stdout]                                at /rustc/82e1608dfa6e0b5569232559e3d385fea5a93112/library/alloc/src/boxed.rs:2021:9
[INFO] [stdout]   12:     0x562f81840a07 - test::test_main::{{closure}}::h7500b54257359db6
[INFO] [stdout]                                at /rustc/82e1608dfa6e0b5569232559e3d385fea5a93112/library/test/src/lib.rs:138:21
[INFO] [stdout]   13:     0x562f81a11848 - <alloc::boxed::Box<F,A> as core::ops::function::Fn<Args>>::call::h1f8f335eaa9cfaee
[INFO] [stdout]                                at /rustc/82e1608dfa6e0b5569232559e3d385fea5a93112/library/alloc/src/boxed.rs:2021:9
[INFO] [stdout]   14:     0x562f81a11848 - std::panicking::rust_panic_with_hook::h2b5517d590cab22e
[INFO] [stdout]                                at /rustc/82e1608dfa6e0b5569232559e3d385fea5a93112/library/std/src/panicking.rs:783:13
[INFO] [stdout]   15:     0x562f81a1159e - std::panicking::begin_panic_handler::{{closure}}::h233112c06e0ef43e
[INFO] [stdout]                                at /rustc/82e1608dfa6e0b5569232559e3d385fea5a93112/library/std/src/panicking.rs:657:13
[INFO] [stdout]   16:     0x562f81a0fc56 - std::sys_common::backtrace::__rust_end_short_backtrace::h6e893f24d7ebbff8
[INFO] [stdout]                                at /rustc/82e1608dfa6e0b5569232559e3d385fea5a93112/library/std/src/sys_common/backtrace.rs:170:18
[INFO] [stdout]   17:     0x562f81a11302 - rust_begin_unwind
[INFO] [stdout]                                at /rustc/82e1608dfa6e0b5569232559e3d385fea5a93112/library/std/src/panicking.rs:645:5
[INFO] [stdout]   18:     0x562f81415615 - core::panicking::panic_fmt::hbf0e066aabfa482c
[INFO] [stdout]                                at /rustc/82e1608dfa6e0b5569232559e3d385fea5a93112/library/core/src/panicking.rs:72:14
[INFO] [stdout]   19:     0x562f81415be3 - core::result::unwrap_failed::hddb4fea594200c52
[INFO] [stdout]                                at /rustc/82e1608dfa6e0b5569232559e3d385fea5a93112/library/core/src/result.rs:1653:5
[INFO] [stdout]   20:     0x562f814b8fe7 - core::result::Result<T,E>::unwrap::h03056b8d27ce149e
[INFO] [stdout]                                at /rustc/82e1608dfa6e0b5569232559e3d385fea5a93112/library/core/src/result.rs:1077:23
[INFO] [stdout]   21:     0x562f8144417b - solomka_sdk::signer::keypair::tests::test_write_keypair_file::he18c02d8ded4f08f
[INFO] [stdout]                                at /opt/rustwide/workdir/src/signer/keypair.rs:239:34
[INFO] [stdout]   22:     0x562f814440a7 - solomka_sdk::signer::keypair::tests::test_write_keypair_file::{{closure}}::hd25302ff8769fe02
[INFO] [stdout]                                at /opt/rustwide/workdir/src/signer/keypair.rs:237:33
[INFO] [stdout]   23:     0x562f814a2316 - core::ops::function::FnOnce::call_once::hec4865100d7dfbac
[INFO] [stdout]                                at /rustc/82e1608dfa6e0b5569232559e3d385fea5a93112/library/core/src/ops/function.rs:250:5
[INFO] [stdout]   24:     0x562f8184605f - core::ops::function::FnOnce::call_once::h2b5d431d5046312d
[INFO] [stdout]                                at /rustc/82e1608dfa6e0b5569232559e3d385fea5a93112/library/core/src/ops/function.rs:250:5
[INFO] [stdout]   25:     0x562f8184605f - test::__rust_begin_short_backtrace::h7714669af176e207
[INFO] [stdout]                                at /rustc/82e1608dfa6e0b5569232559e3d385fea5a93112/library/test/src/lib.rs:628:18
[INFO] [stdout]   26:     0x562f81845075 - test::run_test_in_process::{{closure}}::h85218797dcbcec12
[INFO] [stdout]                                at /rustc/82e1608dfa6e0b5569232559e3d385fea5a93112/library/test/src/lib.rs:651:60
[INFO] [stdout]   27:     0x562f81845075 - <core::panic::unwind_safe::AssertUnwindSafe<F> as core::ops::function::FnOnce<()>>::call_once::h76c106ea31c14d7b
[INFO] [stdout]                                at /rustc/82e1608dfa6e0b5569232559e3d385fea5a93112/library/core/src/panic/unwind_safe.rs:272:9
[INFO] [stdout]   28:     0x562f81845075 - std::panicking::try::do_call::h3bd5d0f6620ee946
[INFO] [stdout]                                at /rustc/82e1608dfa6e0b5569232559e3d385fea5a93112/library/std/src/panicking.rs:552:40
[INFO] [stdout]   29:     0x562f81845075 - std::panicking::try::h232e535e4744fe31
[INFO] [stdout]                                at /rustc/82e1608dfa6e0b5569232559e3d385fea5a93112/library/std/src/panicking.rs:516:19
[INFO] [stdout]   30:     0x562f81845075 - std::panic::catch_unwind::h3ce3bd6ca8dbac68
[INFO] [stdout]                                at /rustc/82e1608dfa6e0b5569232559e3d385fea5a93112/library/std/src/panic.rs:142:14
[INFO] [stdout]   31:     0x562f81845075 - test::run_test_in_process::hc97b257c9621286a
[INFO] [stdout]                                at /rustc/82e1608dfa6e0b5569232559e3d385fea5a93112/library/test/src/lib.rs:651:27
[INFO] [stdout]   32:     0x562f81845075 - test::run_test::{{closure}}::h2aa798823a438d38
[INFO] [stdout]                                at /rustc/82e1608dfa6e0b5569232559e3d385fea5a93112/library/test/src/lib.rs:574:43
[INFO] [stdout]   33:     0x562f8180d336 - test::run_test::{{closure}}::h87d231c78fb59832
[INFO] [stdout]                                at /rustc/82e1608dfa6e0b5569232559e3d385fea5a93112/library/test/src/lib.rs:602:41
[INFO] [stdout]   34:     0x562f8180d336 - std::sys_common::backtrace::__rust_begin_short_backtrace::he6df152596625789
[INFO] [stdout]                                at /rustc/82e1608dfa6e0b5569232559e3d385fea5a93112/library/std/src/sys_common/backtrace.rs:154:18
[INFO] [stdout]   35:     0x562f818123e7 - std::thread::Builder::spawn_unchecked_::{{closure}}::{{closure}}::ha94be15d1e0acf36
[INFO] [stdout]                                at /rustc/82e1608dfa6e0b5569232559e3d385fea5a93112/library/std/src/thread/mod.rs:529:17
[INFO] [stdout]   36:     0x562f818123e7 - <core::panic::unwind_safe::AssertUnwindSafe<F> as core::ops::function::FnOnce<()>>::call_once::h9dc6bd6372f16606
[INFO] [stdout]                                at /rustc/82e1608dfa6e0b5569232559e3d385fea5a93112/library/core/src/panic/unwind_safe.rs:272:9
[INFO] [stdout]   37:     0x562f818123e7 - std::panicking::try::do_call::h9057517f80303cd4
[INFO] [stdout]                                at /rustc/82e1608dfa6e0b5569232559e3d385fea5a93112/library/std/src/panicking.rs:552:40
[INFO] [stdout]   38:     0x562f818123e7 - std::panicking::try::he3a30b11ee45340c
[INFO] [stdout]                                at /rustc/82e1608dfa6e0b5569232559e3d385fea5a93112/library/std/src/panicking.rs:516:19
[INFO] [stdout]   39:     0x562f818123e7 - std::panic::catch_unwind::h410458cfd3528b8b
[INFO] [stdout]                                at /rustc/82e1608dfa6e0b5569232559e3d385fea5a93112/library/std/src/panic.rs:142:14
[INFO] [stdout]   40:     0x562f818123e7 - std::thread::Builder::spawn_unchecked_::{{closure}}::h72ac3bdb567b737b
[INFO] [stdout]                                at /rustc/82e1608dfa6e0b5569232559e3d385fea5a93112/library/std/src/thread/mod.rs:528:30
[INFO] [stdout]   41:     0x562f818123e7 - core::ops::function::FnOnce::call_once{{vtable.shim}}::h38f34da3654a8344
[INFO] [stdout]                                at /rustc/82e1608dfa6e0b5569232559e3d385fea5a93112/library/core/src/ops/function.rs:250:5
[INFO] [stdout]   42:     0x562f81a16ca5 - <alloc::boxed::Box<F,A> as core::ops::function::FnOnce<Args>>::call_once::hc7eafaff61e32df9
[INFO] [stdout]                                at /rustc/82e1608dfa6e0b5569232559e3d385fea5a93112/library/alloc/src/boxed.rs:2007:9
[INFO] [stdout]   43:     0x562f81a16ca5 - <alloc::boxed::Box<F,A> as core::ops::function::FnOnce<Args>>::call_once::h6ba4a5de48dd2304
[INFO] [stdout]                                at /rustc/82e1608dfa6e0b5569232559e3d385fea5a93112/library/alloc/src/boxed.rs:2007:9
[INFO] [stdout]   44:     0x562f81a16ca5 - std::sys::unix::thread::Thread::new::thread_start::he469335aef763e45
[INFO] [stdout]                                at /rustc/82e1608dfa6e0b5569232559e3d385fea5a93112/library/std/src/sys/unix/thread.rs:108:17
[INFO] [stdout]   45:     0x7fc83d070ac3 - <unknown>
[INFO] [stdout]   46:     0x7fc83d101bf4 - __clone
[INFO] [stdout]   47:                0x0 - <unknown>
[INFO] [stdout] 
[INFO] [stdout] ---- signer::keypair::tests::test_write_keypair_file_truncate stdout ----
[INFO] [stdout] thread 'signer::keypair::tests::test_write_keypair_file_truncate' panicked at src/signer/keypair.rs:282:55:
[INFO] [stdout] called `Result::unwrap()` on an `Err` value: Os { code: 30, kind: ReadOnlyFilesystem, message: "Read-only file system" }
[INFO] [stdout] stack backtrace:
[INFO] [stdout]    0:     0x562f81a0f78c - std::backtrace_rs::backtrace::libunwind::trace::ha637c64ce894333a
[INFO] [stdout]                                at /rustc/82e1608dfa6e0b5569232559e3d385fea5a93112/library/std/src/../../backtrace/src/backtrace/libunwind.rs:104:5
[INFO] [stdout]    1:     0x562f81a0f78c - std::backtrace_rs::backtrace::trace_unsynchronized::h47f62dea28e0c88d
[INFO] [stdout]                                at /rustc/82e1608dfa6e0b5569232559e3d385fea5a93112/library/std/src/../../backtrace/src/backtrace/mod.rs:66:5
[INFO] [stdout]    2:     0x562f81a0f78c - std::sys_common::backtrace::_print_fmt::h9eef0abe20ede486
[INFO] [stdout]                                at /rustc/82e1608dfa6e0b5569232559e3d385fea5a93112/library/std/src/sys_common/backtrace.rs:67:5
[INFO] [stdout]    3:     0x562f81a0f78c - <std::sys_common::backtrace::_print::DisplayBacktrace as core::fmt::Display>::fmt::hed7f999df88cc644
[INFO] [stdout]                                at /rustc/82e1608dfa6e0b5569232559e3d385fea5a93112/library/std/src/sys_common/backtrace.rs:44:22
[INFO] [stdout]    4:     0x562f81a3b6e0 - core::fmt::rt::Argument::fmt::h1539a9308b8d058d
[INFO] [stdout]                                at /rustc/82e1608dfa6e0b5569232559e3d385fea5a93112/library/core/src/fmt/rt.rs:142:9
[INFO] [stdout]    5:     0x562f81a3b6e0 - core::fmt::write::h3a39390d8560d9c9
[INFO] [stdout]                                at /rustc/82e1608dfa6e0b5569232559e3d385fea5a93112/library/core/src/fmt/mod.rs:1120:17
[INFO] [stdout]    6:     0x562f81a0cedf - std::io::Write::write_fmt::h040b369f3a0f9cbc
[INFO] [stdout]                                at /rustc/82e1608dfa6e0b5569232559e3d385fea5a93112/library/std/src/io/mod.rs:1762:15
[INFO] [stdout]    7:     0x562f81a0f574 - std::sys_common::backtrace::_print::h894006fb5c6f3d45
[INFO] [stdout]                                at /rustc/82e1608dfa6e0b5569232559e3d385fea5a93112/library/std/src/sys_common/backtrace.rs:47:5
[INFO] [stdout]    8:     0x562f81a0f574 - std::sys_common::backtrace::print::h23a2d212c6fff936
[INFO] [stdout]                                at /rustc/82e1608dfa6e0b5569232559e3d385fea5a93112/library/std/src/sys_common/backtrace.rs:34:9
[INFO] [stdout]    9:     0x562f81a11237 - std::panicking::default_hook::{{closure}}::h8a1d2ee00185001a
[INFO] [stdout]   10:     0x562f81a10f23 - std::panicking::default_hook::h6038f2eba384e475
[INFO] [stdout]                                at /rustc/82e1608dfa6e0b5569232559e3d385fea5a93112/library/std/src/panicking.rs:289:9
[INFO] [stdout]   11:     0x562f81840a07 - <alloc::boxed::Box<F,A> as core::ops::function::Fn<Args>>::call::h0ad024c9bdc6d768
[INFO] [stdout]                                at /rustc/82e1608dfa6e0b5569232559e3d385fea5a93112/library/alloc/src/boxed.rs:2021:9
[INFO] [stdout]   12:     0x562f81840a07 - test::test_main::{{closure}}::h7500b54257359db6
[INFO] [stdout]                                at /rustc/82e1608dfa6e0b5569232559e3d385fea5a93112/library/test/src/lib.rs:138:21
[INFO] [stdout]   13:     0x562f81a11848 - <alloc::boxed::Box<F,A> as core::ops::function::Fn<Args>>::call::h1f8f335eaa9cfaee
[INFO] [stdout]                                at /rustc/82e1608dfa6e0b5569232559e3d385fea5a93112/library/alloc/src/boxed.rs:2021:9
[INFO] [stdout]   14:     0x562f81a11848 - std::panicking::rust_panic_with_hook::h2b5517d590cab22e
[INFO] [stdout]                                at /rustc/82e1608dfa6e0b5569232559e3d385fea5a93112/library/std/src/panicking.rs:783:13
[INFO] [stdout]   15:     0x562f81a1159e - std::panicking::begin_panic_handler::{{closure}}::h233112c06e0ef43e
[INFO] [stdout]                                at /rustc/82e1608dfa6e0b5569232559e3d385fea5a93112/library/std/src/panicking.rs:657:13
[INFO] [stdout]   16:     0x562f81a0fc56 - std::sys_common::backtrace::__rust_end_short_backtrace::h6e893f24d7ebbff8
[INFO] [stdout]                                at /rustc/82e1608dfa6e0b5569232559e3d385fea5a93112/library/std/src/sys_common/backtrace.rs:170:18
[INFO] [stdout]   17:     0x562f81a11302 - rust_begin_unwind
[INFO] [stdout]                                at /rustc/82e1608dfa6e0b5569232559e3d385fea5a93112/library/std/src/panicking.rs:645:5
[INFO] [stdout]   18:     0x562f81415615 - core::panicking::panic_fmt::hbf0e066aabfa482c
[INFO] [stdout]                                at /rustc/82e1608dfa6e0b5569232559e3d385fea5a93112/library/core/src/panicking.rs:72:14
[INFO] [stdout]   19:     0x562f81415be3 - core::result::unwrap_failed::hddb4fea594200c52
[INFO] [stdout]                                at /rustc/82e1608dfa6e0b5569232559e3d385fea5a93112/library/core/src/result.rs:1653:5
[INFO] [stdout]   20:     0x562f814b8fe7 - core::result::Result<T,E>::unwrap::h03056b8d27ce149e
[INFO] [stdout]                                at /rustc/82e1608dfa6e0b5569232559e3d385fea5a93112/library/core/src/result.rs:1077:23
[INFO] [stdout]   21:     0x562f81444a60 - solomka_sdk::signer::keypair::tests::test_write_keypair_file_truncate::h41803b4006833b12
[INFO] [stdout]                                at /opt/rustwide/workdir/src/signer/keypair.rs:282:9
[INFO] [stdout]   22:     0x562f814449a7 - solomka_sdk::signer::keypair::tests::test_write_keypair_file_truncate::{{closure}}::hc0331068229f0883
[INFO] [stdout]                                at /opt/rustwide/workdir/src/signer/keypair.rs:279:42
[INFO] [stdout]   23:     0x562f8149f106 - core::ops::function::FnOnce::call_once::h2a77befc0bc857d1
[INFO] [stdout]                                at /rustc/82e1608dfa6e0b5569232559e3d385fea5a93112/library/core/src/ops/function.rs:250:5
[INFO] [stdout]   24:     0x562f8184605f - core::ops::function::FnOnce::call_once::h2b5d431d5046312d
[INFO] [stdout]                                at /rustc/82e1608dfa6e0b5569232559e3d385fea5a93112/library/core/src/ops/function.rs:250:5
[INFO] [stdout]   25:     0x562f8184605f - test::__rust_begin_short_backtrace::h7714669af176e207
[INFO] [stdout]                                at /rustc/82e1608dfa6e0b5569232559e3d385fea5a93112/library/test/src/lib.rs:628:18
[INFO] [stdout]   26:     0x562f81845075 - test::run_test_in_process::{{closure}}::h85218797dcbcec12
[INFO] [stdout]                                at /rustc/82e1608dfa6e0b5569232559e3d385fea5a93112/library/test/src/lib.rs:651:60
[INFO] [stdout]   27:     0x562f81845075 - <core::panic::unwind_safe::AssertUnwindSafe<F> as core::ops::function::FnOnce<()>>::call_once::h76c106ea31c14d7b
[INFO] [stdout]                                at /rustc/82e1608dfa6e0b5569232559e3d385fea5a93112/library/core/src/panic/unwind_safe.rs:272:9
[INFO] [stdout]   28:     0x562f81845075 - std::panicking::try::do_call::h3bd5d0f6620ee946
[INFO] [stdout]                                at /rustc/82e1608dfa6e0b5569232559e3d385fea5a93112/library/std/src/panicking.rs:552:40
[INFO] [stdout]   29:     0x562f81845075 - std::panicking::try::h232e535e4744fe31
[INFO] [stdout]                                at /rustc/82e1608dfa6e0b5569232559e3d385fea5a93112/library/std/src/panicking.rs:516:19
[INFO] [stdout]   30:     0x562f81845075 - std::panic::catch_unwind::h3ce3bd6ca8dbac68
[INFO] [stdout]                                at /rustc/82e1608dfa6e0b5569232559e3d385fea5a93112/library/std/src/panic.rs:142:14
[INFO] [stdout]   31:     0x562f81845075 - test::run_test_in_process::hc97b257c9621286a
[INFO] [stdout]                                at /rustc/82e1608dfa6e0b5569232559e3d385fea5a93112/library/test/src/lib.rs:651:27
[INFO] [stdout]   32:     0x562f81845075 - test::run_test::{{closure}}::h2aa798823a438d38
[INFO] [stdout]                                at /rustc/82e1608dfa6e0b5569232559e3d385fea5a93112/library/test/src/lib.rs:574:43
[INFO] [stdout]   33:     0x562f8180d336 - test::run_test::{{closure}}::h87d231c78fb59832
[INFO] [stdout]                                at /rustc/82e1608dfa6e0b5569232559e3d385fea5a93112/library/test/src/lib.rs:602:41
[INFO] [stdout]   34:     0x562f8180d336 - std::sys_common::backtrace::__rust_begin_short_backtrace::he6df152596625789
[INFO] [stdout]                                at /rustc/82e1608dfa6e0b5569232559e3d385fea5a93112/library/std/src/sys_common/backtrace.rs:154:18
[INFO] [stdout]   35:     0x562f818123e7 - std::thread::Builder::spawn_unchecked_::{{closure}}::{{closure}}::ha94be15d1e0acf36
[INFO] [stdout]                                at /rustc/82e1608dfa6e0b5569232559e3d385fea5a93112/library/std/src/thread/mod.rs:529:17
[INFO] [stdout]   36:     0x562f818123e7 - <core::panic::unwind_safe::AssertUnwindSafe<F> as core::ops::function::FnOnce<()>>::call_once::h9dc6bd6372f16606
[INFO] [stdout]                                at /rustc/82e1608dfa6e0b5569232559e3d385fea5a93112/library/core/src/panic/unwind_safe.rs:272:9
[INFO] [stdout]   37:     0x562f818123e7 - std::panicking::try::do_call::h9057517f80303cd4
[INFO] [stdout]                                at /rustc/82e1608dfa6e0b5569232559e3d385fea5a93112/library/std/src/panicking.rs:552:40
[INFO] [stdout]   38:     0x562f818123e7 - std::panicking::try::he3a30b11ee45340c
[INFO] [stdout]                                at /rustc/82e1608dfa6e0b5569232559e3d385fea5a93112/library/std/src/panicking.rs:516:19
[INFO] [stdout]   39:     0x562f818123e7 - std::panic::catch_unwind::h410458cfd3528b8b
[INFO] [stdout]                                at /rustc/82e1608dfa6e0b5569232559e3d385fea5a93112/library/std/src/panic.rs:142:14
[INFO] [stdout]   40:     0x562f818123e7 - std::thread::Builder::spawn_unchecked_::{{closure}}::h72ac3bdb567b737b
[INFO] [stdout]                                at /rustc/82e1608dfa6e0b5569232559e3d385fea5a93112/library/std/src/thread/mod.rs:528:30
[INFO] [stdout]   41:     0x562f818123e7 - core::ops::function::FnOnce::call_once{{vtable.shim}}::h38f34da3654a8344
[INFO] [stdout]                                at /rustc/82e1608dfa6e0b5569232559e3d385fea5a93112/library/core/src/ops/function.rs:250:5
[INFO] [stdout]   42:     0x562f81a16ca5 - <alloc::boxed::Box<F,A> as core::ops::function::FnOnce<Args>>::call_once::hc7eafaff61e32df9
[INFO] [stdout]                                at /rustc/82e1608dfa6e0b5569232559e3d385fea5a93112/library/alloc/src/boxed.rs:2007:9
[INFO] [stdout]   43:     0x562f81a16ca5 - <alloc::boxed::Box<F,A> as core::ops::function::FnOnce<Args>>::call_once::h6ba4a5de48dd2304
[INFO] [stdout]                                at /rustc/82e1608dfa6e0b5569232559e3d385fea5a93112/library/alloc/src/boxed.rs:2007:9
[INFO] [stdout]   44:     0x562f81a16ca5 - std::sys::unix::thread::Thread::new::thread_start::he469335aef763e45
[INFO] [stdout]                                at /rustc/82e1608dfa6e0b5569232559e3d385fea5a93112/library/std/src/sys/unix/thread.rs:108:17
[INFO] [stdout]   45:     0x7fc83d070ac3 - <unknown>
[INFO] [stdout]   46:     0x7fc83d101bf4 - __clone
[INFO] [stdout]   47:                0x0 - <unknown>
[INFO] [stdout] 
[INFO] [stdout] ---- signer::keypair::tests::test_write_keypair_file_overwrite_ok stdout ----
[INFO] [stdout] thread 'signer::keypair::tests::test_write_keypair_file_overwrite_ok' panicked at src/signer/keypair.rs:274:55:
[INFO] [stdout] called `Result::unwrap()` on an `Err` value: Os { code: 30, kind: ReadOnlyFilesystem, message: "Read-only file system" }
[INFO] [stdout] stack backtrace:
[INFO] [stdout]    0:     0x562f81a0f78c - std::backtrace_rs::backtrace::libunwind::trace::ha637c64ce894333a
[INFO] [stdout]                                at /rustc/82e1608dfa6e0b5569232559e3d385fea5a93112/library/std/src/../../backtrace/src/backtrace/libunwind.rs:104:5
[INFO] [stdout]    1:     0x562f81a0f78c - std::backtrace_rs::backtrace::trace_unsynchronized::h47f62dea28e0c88d
[INFO] [stdout]                                at /rustc/82e1608dfa6e0b5569232559e3d385fea5a93112/library/std/src/../../backtrace/src/backtrace/mod.rs:66:5
[INFO] [stdout]    2:     0x562f81a0f78c - std::sys_common::backtrace::_print_fmt::h9eef0abe20ede486
[INFO] [stdout]                                at /rustc/82e1608dfa6e0b5569232559e3d385fea5a93112/library/std/src/sys_common/backtrace.rs:67:5
[INFO] [stdout]    3:     0x562f81a0f78c - <std::sys_common::backtrace::_print::DisplayBacktrace as core::fmt::Display>::fmt::hed7f999df88cc644
[INFO] [stdout]                                at /rustc/82e1608dfa6e0b5569232559e3d385fea5a93112/library/std/src/sys_common/backtrace.rs:44:22
[INFO] [stdout]    4:     0x562f81a3b6e0 - core::fmt::rt::Argument::fmt::h1539a9308b8d058d
[INFO] [stdout]                                at /rustc/82e1608dfa6e0b5569232559e3d385fea5a93112/library/core/src/fmt/rt.rs:142:9
[INFO] [stdout]    5:     0x562f81a3b6e0 - core::fmt::write::h3a39390d8560d9c9
[INFO] [stdout]                                at /rustc/82e1608dfa6e0b5569232559e3d385fea5a93112/library/core/src/fmt/mod.rs:1120:17
[INFO] [stdout]    6:     0x562f81a0cedf - std::io::Write::write_fmt::h040b369f3a0f9cbc
[INFO] [stdout]                                at /rustc/82e1608dfa6e0b5569232559e3d385fea5a93112/library/std/src/io/mod.rs:1762:15
[INFO] [stdout]    7:     0x562f81a0f574 - std::sys_common::backtrace::_print::h894006fb5c6f3d45
[INFO] [stdout]                                at /rustc/82e1608dfa6e0b5569232559e3d385fea5a93112/library/std/src/sys_common/backtrace.rs:47:5
[INFO] [stdout]    8:     0x562f81a0f574 - std::sys_common::backtrace::print::h23a2d212c6fff936
[INFO] [stdout]                                at /rustc/82e1608dfa6e0b5569232559e3d385fea5a93112/library/std/src/sys_common/backtrace.rs:34:9
[INFO] [stdout]    9:     0x562f81a11237 - std::panicking::default_hook::{{closure}}::h8a1d2ee00185001a
[INFO] [stdout]   10:     0x562f81a10f23 - std::panicking::default_hook::h6038f2eba384e475
[INFO] [stdout]                                at /rustc/82e1608dfa6e0b5569232559e3d385fea5a93112/library/std/src/panicking.rs:289:9
[INFO] [stdout]   11:     0x562f81840a07 - <alloc::boxed::Box<F,A> as core::ops::function::Fn<Args>>::call::h0ad024c9bdc6d768
[INFO] [stdout]                                at /rustc/82e1608dfa6e0b5569232559e3d385fea5a93112/library/alloc/src/boxed.rs:2021:9
[INFO] [stdout]   12:     0x562f81840a07 - test::test_main::{{closure}}::h7500b54257359db6
[INFO] [stdout]                                at /rustc/82e1608dfa6e0b5569232559e3d385fea5a93112/library/test/src/lib.rs:138:21
[INFO] [stdout]   13:     0x562f81a11848 - <alloc::boxed::Box<F,A> as core::ops::function::Fn<Args>>::call::h1f8f335eaa9cfaee
[INFO] [stdout]                                at /rustc/82e1608dfa6e0b5569232559e3d385fea5a93112/library/alloc/src/boxed.rs:2021:9
[INFO] [stdout]   14:     0x562f81a11848 - std::panicking::rust_panic_with_hook::h2b5517d590cab22e
[INFO] [stdout]                                at /rustc/82e1608dfa6e0b5569232559e3d385fea5a93112/library/std/src/panicking.rs:783:13
[INFO] [stdout]   15:     0x562f81a1159e - std::panicking::begin_panic_handler::{{closure}}::h233112c06e0ef43e
[INFO] [stdout]                                at /rustc/82e1608dfa6e0b5569232559e3d385fea5a93112/library/std/src/panicking.rs:657:13
[INFO] [stdout]   16:     0x562f81a0fc56 - std::sys_common::backtrace::__rust_end_short_backtrace::h6e893f24d7ebbff8
[INFO] [stdout]                                at /rustc/82e1608dfa6e0b5569232559e3d385fea5a93112/library/std/src/sys_common/backtrace.rs:170:18
[INFO] [stdout]   17:     0x562f81a11302 - rust_begin_unwind
[INFO] [stdout]                                at /rustc/82e1608dfa6e0b5569232559e3d385fea5a93112/library/std/src/panicking.rs:645:5
[INFO] [stdout]   18:     0x562f81415615 - core::panicking::panic_fmt::hbf0e066aabfa482c
[INFO] [stdout]                                at /rustc/82e1608dfa6e0b5569232559e3d385fea5a93112/library/core/src/panicking.rs:72:14
[INFO] [stdout]   19:     0x562f81415be3 - core::result::unwrap_failed::hddb4fea594200c52
[INFO] [stdout]                                at /rustc/82e1608dfa6e0b5569232559e3d385fea5a93112/library/core/src/result.rs:1653:5
[INFO] [stdout]   20:     0x562f814b8fe7 - core::result::Result<T,E>::unwrap::h03056b8d27ce149e
[INFO] [stdout]                                at /rustc/82e1608dfa6e0b5569232559e3d385fea5a93112/library/core/src/result.rs:1077:23
[INFO] [stdout]   21:     0x562f814448aa - solomka_sdk::signer::keypair::tests::test_write_keypair_file_overwrite_ok::h30d3442bb3a483e9
[INFO] [stdout]                                at /opt/rustwide/workdir/src/signer/keypair.rs:274:9
[INFO] [stdout]   22:     0x562f814447f7 - solomka_sdk::signer::keypair::tests::test_write_keypair_file_overwrite_ok::{{closure}}::hcbca28e9dc5a9650
[INFO] [stdout]                                at /opt/rustwide/workdir/src/signer/keypair.rs:271:46
[INFO] [stdout]   23:     0x562f814a1786 - core::ops::function::FnOnce::call_once::hc72fd3b125915d1c
[INFO] [stdout]                                at /rustc/82e1608dfa6e0b5569232559e3d385fea5a93112/library/core/src/ops/function.rs:250:5
[INFO] [stdout]   24:     0x562f8184605f - core::ops::function::FnOnce::call_once::h2b5d431d5046312d
[INFO] [stdout]                                at /rustc/82e1608dfa6e0b5569232559e3d385fea5a93112/library/core/src/ops/function.rs:250:5
[INFO] [stdout]   25:     0x562f8184605f - test::__rust_begin_short_backtrace::h7714669af176e207
[INFO] [stdout]                                at /rustc/82e1608dfa6e0b5569232559e3d385fea5a93112/library/test/src/lib.rs:628:18
[INFO] [stdout]   26:     0x562f81845075 - test::run_test_in_process::{{closure}}::h85218797dcbcec12
[INFO] [stdout]                                at /rustc/82e1608dfa6e0b5569232559e3d385fea5a93112/library/test/src/lib.rs:651:60
[INFO] [stdout]   27:     0x562f81845075 - <core::panic::unwind_safe::AssertUnwindSafe<F> as core::ops::function::FnOnce<()>>::call_once::h76c106ea31c14d7b
[INFO] [stdout]                                at /rustc/82e1608dfa6e0b5569232559e3d385fea5a93112/library/core/src/panic/unwind_safe.rs:272:9
[INFO] [stdout]   28:     0x562f81845075 - std::panicking::try::do_call::h3bd5d0f6620ee946
[INFO] [stdout]                                at /rustc/82e1608dfa6e0b5569232559e3d385fea5a93112/library/std/src/panicking.rs:552:40
[INFO] [stdout]   29:     0x562f81845075 - std::panicking::try::h232e535e4744fe31
[INFO] [stdout]                                at /rustc/82e1608dfa6e0b5569232559e3d385fea5a93112/library/std/src/panicking.rs:516:19
[INFO] [stdout]   30:     0x562f81845075 - std::panic::catch_unwind::h3ce3bd6ca8dbac68
[INFO] [stdout]                                at /rustc/82e1608dfa6e0b5569232559e3d385fea5a93112/library/std/src/panic.rs:142:14
[INFO] [stdout]   31:     0x562f81845075 - test::run_test_in_process::hc97b257c9621286a
[INFO] [stdout]                                at /rustc/82e1608dfa6e0b5569232559e3d385fea5a93112/library/test/src/lib.rs:651:27
[INFO] [stdout]   32:     0x562f81845075 - test::run_test::{{closure}}::h2aa798823a438d38
[INFO] [stdout]                                at /rustc/82e1608dfa6e0b5569232559e3d385fea5a93112/library/test/src/lib.rs:574:43
[INFO] [stdout]   33:     0x562f8180d336 - test::run_test::{{closure}}::h87d231c78fb59832
[INFO] [stdout]                                at /rustc/82e1608dfa6e0b5569232559e3d385fea5a93112/library/test/src/lib.rs:602:41
[INFO] [stdout]   34:     0x562f8180d336 - std::sys_common::backtrace::__rust_begin_short_backtrace::he6df152596625789
[INFO] [stdout]                                at /rustc/82e1608dfa6e0b5569232559e3d385fea5a93112/library/std/src/sys_common/backtrace.rs:154:18
[INFO] [stdout]   35:     0x562f818123e7 - std::thread::Builder::spawn_unchecked_::{{closure}}::{{closure}}::ha94be15d1e0acf36
[INFO] [stdout]                                at /rustc/82e1608dfa6e0b5569232559e3d385fea5a93112/library/std/src/thread/mod.rs:529:17
[INFO] [stdout]   36:     0x562f818123e7 - <core::panic::unwind_safe::AssertUnwindSafe<F> as core::ops::function::FnOnce<()>>::call_once::h9dc6bd6372f16606
[INFO] [stdout]                                at /rustc/82e1608dfa6e0b5569232559e3d385fea5a93112/library/core/src/panic/unwind_safe.rs:272:9
[INFO] [stdout]   37:     0x562f818123e7 - std::panicking::try::do_call::h9057517f80303cd4
[INFO] [stdout]                                at /rustc/82e1608dfa6e0b5569232559e3d385fea5a93112/library/std/src/panicking.rs:552:40
[INFO] [stdout]   38:     0x562f818123e7 - std::panicking::try::he3a30b11ee45340c
[INFO] [stdout]                                at /rustc/82e1608dfa6e0b5569232559e3d385fea5a93112/library/std/src/panicking.rs:516:19
[INFO] [stdout]   39:     0x562f818123e7 - std::panic::catch_unwind::h410458cfd3528b8b
[INFO] [stdout]                                at /rustc/82e1608dfa6e0b5569232559e3d385fea5a93112/library/std/src/panic.rs:142:14
[INFO] [stdout]   40:     0x562f818123e7 - std::thread::Builder::spawn_unchecked_::{{closure}}::h72ac3bdb567b737b
[INFO] [stdout]                                at /rustc/82e1608dfa6e0b5569232559e3d385fea5a93112/library/std/src/thread/mod.rs:528:30
[INFO] [stdout]   41:     0x562f818123e7 - core::ops::function::FnOnce::call_once{{vtable.shim}}::h38f34da3654a8344
[INFO] [stdout]                                at /rustc/82e1608dfa6e0b5569232559e3d385fea5a93112/library/core/src/ops/function.rs:250:5
[INFO] [stdout]   42:     0x562f81a16ca5 - <alloc::boxed::Box<F,A> as core::ops::function::FnOnce<Args>>::call_once::hc7eafaff61e32df9
[INFO] [stdout]                                at /rustc/82e1608dfa6e0b5569232559e3d385fea5a93112/library/alloc/src/boxed.rs:2007:9
[INFO] [stdout]   43:     0x562f81a16ca5 - <alloc::boxed::Box<F,A> as core::ops::function::FnOnce<Args>>::call_once::h6ba4a5de48dd2304
[INFO] [stdout]                                at /rustc/82e1608dfa6e0b5569232559e3d385fea5a93112/library/alloc/src/boxed.rs:2007:9
[INFO] [stdout]   44:     0x562f81a16ca5 - std::sys::unix::thread::Thread::new::thread_start::he469335aef763e45
[INFO] [stdout]                                at /rustc/82e1608dfa6e0b5569232559e3d385fea5a93112/library/std/src/sys/unix/thread.rs:108:17
[INFO] [stdout]   45:     0x7fc83d070ac3 - <unknown>
[INFO] [stdout]   46:     0x7fc83d101bf4 - __clone
[INFO] [stdout]   47:                0x0 - <unknown>
[INFO] [stdout] 
[INFO] [stdout] 
[INFO] [stdout] failures:
[INFO] [stdout]     genesis_config::tests::test_genesis_config
[INFO] [stdout]     pubkey::tests::test_read_write_pubkey
[INFO] [stdout]     signer::keypair::tests::test_write_keypair_file
[INFO] [stdout]     signer::keypair::tests::test_write_keypair_file_overwrite_ok
[INFO] [stdout]     signer::keypair::tests::test_write_keypair_file_truncate
[INFO] [stdout] 
[INFO] [stdout] test result: FAILED. 228 passed; 5 failed; 0 ignored; 0 measured; 0 filtered out; finished in 0.56s
[INFO] [stdout] 
[INFO] [stderr] error: test failed, to rerun pass `--lib`
[INFO] running `Command { std: "docker" "inspect" "4a1ddf8ee0cda359a2b6f883be09a4a3c3740c25b24ea118870d50b705c9f366", kill_on_drop: false }`
[INFO] running `Command { std: "docker" "rm" "-f" "4a1ddf8ee0cda359a2b6f883be09a4a3c3740c25b24ea118870d50b705c9f366", kill_on_drop: false }`
[INFO] [stdout] 4a1ddf8ee0cda359a2b6f883be09a4a3c3740c25b24ea118870d50b705c9f366
[INFO] testing solomka-sdk-1.14.12 against beta-2023-12-22 for beta-1.76-1
[INFO] extracting crate solomka-sdk 1.14.12 into /workspace/builds/worker-4-tc2/source
[INFO] validating manifest of crates.io crate solomka-sdk 1.14.12 on toolchain beta-2023-12-22
[INFO] running `Command { std: CARGO_HOME="/workspace/cargo-home" RUSTUP_HOME="/workspace/rustup-home" "/workspace/cargo-home/bin/cargo" "+beta-2023-12-22" "metadata" "--manifest-path" "Cargo.toml" "--no-deps", kill_on_drop: false }`
[INFO] started tweaking crates.io crate solomka-sdk 1.14.12
[INFO] finished tweaking crates.io crate solomka-sdk 1.14.12
[INFO] tweaked toml for crates.io crate solomka-sdk 1.14.12 written to /workspace/builds/worker-4-tc2/source/Cargo.toml
[INFO] running `Command { std: CARGO_HOME="/workspace/cargo-home" RUSTUP_HOME="/workspace/rustup-home" "/workspace/cargo-home/bin/cargo" "+beta-2023-12-22" "generate-lockfile" "--manifest-path" "Cargo.toml", kill_on_drop: false }`
[INFO] [stderr]     Updating crates.io index
[INFO] running `Command { std: CARGO_HOME="/workspace/cargo-home" RUSTUP_HOME="/workspace/rustup-home" "/workspace/cargo-home/bin/cargo" "+beta-2023-12-22" "fetch" "--manifest-path" "Cargo.toml", kill_on_drop: false }`
[INFO] running `Command { std: "docker" "create" "-v" "/var/lib/crater-agent-workspace/builds/worker-4-tc2/target:/opt/rustwide/target:rw,Z" "-v" "/var/lib/crater-agent-workspace/builds/worker-4-tc2/source:/opt/rustwide/workdir:ro,Z" "-v" "/var/lib/crater-agent-workspace/cargo-home:/opt/rustwide/cargo-home:ro,Z" "-v" "/var/lib/crater-agent-workspace/rustup-home:/opt/rustwide/rustup-home:ro,Z" "-e" "SOURCE_DIR=/opt/rustwide/workdir" "-e" "CARGO_TARGET_DIR=/opt/rustwide/target" "-e" "CARGO_HOME=/opt/rustwide/cargo-home" "-e" "RUSTUP_HOME=/opt/rustwide/rustup-home" "-w" "/opt/rustwide/workdir" "-m" "1610612736" "--user" "0:0" "--network" "none" "ghcr.io/rust-lang/crates-build-env/linux@sha256:2788e3201cd34a07e3172128adcd8b3090168a8e3bcc40d7c032b9dda1df7d1c" "/opt/rustwide/cargo-home/bin/cargo" "+beta-2023-12-22" "metadata" "--no-deps" "--format-version=1", kill_on_drop: false }`
[INFO] [stdout] 594dc4ee5f8456f786392e6cfeda48230c80d76097b9e9709315b3753e4bdbef
[INFO] running `Command { std: "docker" "start" "-a" "594dc4ee5f8456f786392e6cfeda48230c80d76097b9e9709315b3753e4bdbef", kill_on_drop: false }`
[INFO] running `Command { std: "docker" "inspect" "594dc4ee5f8456f786392e6cfeda48230c80d76097b9e9709315b3753e4bdbef", kill_on_drop: false }`
[INFO] running `Command { std: "docker" "rm" "-f" "594dc4ee5f8456f786392e6cfeda48230c80d76097b9e9709315b3753e4bdbef", kill_on_drop: false }`
[INFO] [stdout] 594dc4ee5f8456f786392e6cfeda48230c80d76097b9e9709315b3753e4bdbef
[INFO] running `Command { std: "docker" "create" "-v" "/var/lib/crater-agent-workspace/builds/worker-4-tc2/target:/opt/rustwide/target:rw,Z" "-v" "/var/lib/crater-agent-workspace/builds/worker-4-tc2/source:/opt/rustwide/workdir:ro,Z" "-v" "/var/lib/crater-agent-workspace/cargo-home:/opt/rustwide/cargo-home:ro,Z" "-v" "/var/lib/crater-agent-workspace/rustup-home:/opt/rustwide/rustup-home:ro,Z" "-e" "SOURCE_DIR=/opt/rustwide/workdir" "-e" "CARGO_TARGET_DIR=/opt/rustwide/target" "-e" "CARGO_INCREMENTAL=0" "-e" "RUST_BACKTRACE=full" "-e" "RUSTFLAGS=--cap-lints=warn" "-e" "RUSTDOCFLAGS=--cap-lints=warn" "-e" "CARGO_HOME=/opt/rustwide/cargo-home" "-e" "RUSTUP_HOME=/opt/rustwide/rustup-home" "-w" "/opt/rustwide/workdir" "-m" "1610612736" "--user" "0:0" "--network" "none" "ghcr.io/rust-lang/crates-build-env/linux@sha256:2788e3201cd34a07e3172128adcd8b3090168a8e3bcc40d7c032b9dda1df7d1c" "/opt/rustwide/cargo-home/bin/cargo" "+beta-2023-12-22" "build" "--frozen" "--message-format=json", kill_on_drop: false }`
[INFO] [stdout] 3480039b449c794bff4537cc6578c6d4a967024e840bcab4ca51bc7b27f7bd24
[INFO] running `Command { std: "docker" "start" "-a" "3480039b449c794bff4537cc6578c6d4a967024e840bcab4ca51bc7b27f7bd24", kill_on_drop: false }`
[INFO] [stderr]    Compiling serde v1.0.194
[INFO] [stderr]    Compiling libc v0.2.151
[INFO] [stderr]    Compiling subtle v2.5.0
[INFO] [stderr]    Compiling generic-array v0.14.7
[INFO] [stderr]    Compiling semver v1.0.21
[INFO] [stderr]    Compiling getrandom v0.1.16
[INFO] [stderr]    Compiling once_cell v1.19.0
[INFO] [stderr]    Compiling serde_derive v1.0.194
[INFO] [stderr]    Compiling syn v1.0.109
[INFO] [stderr]    Compiling crunchy v0.2.2
[INFO] [stderr]    Compiling crossbeam-utils v0.8.18
[INFO] [stderr]    Compiling block-padding v0.2.1
[INFO] [stderr]    Compiling rustc_version v0.4.0
[INFO] [stderr]    Compiling ahash v0.7.7
[INFO] [stderr]    Compiling digest v0.9.0
[INFO] [stderr]    Compiling wasm-bindgen-shared v0.2.89
[INFO] [stderr]    Compiling libsecp256k1-core v0.2.2
[INFO] [stderr]    Compiling crossbeam-epoch v0.9.17
[INFO] [stderr]    Compiling jobserver v0.1.27
[INFO] [stderr]    Compiling rayon-core v1.12.0
[INFO] [stderr]    Compiling zeroize v1.3.0
[INFO] [stderr]    Compiling cc v1.0.83
[INFO] [stderr]    Compiling crossbeam-deque v0.8.4
[INFO] [stderr]    Compiling log v0.4.20
[INFO] [stderr]    Compiling getrandom v0.2.11
[INFO] [stderr]    Compiling rand_core v0.5.1
[INFO] [stderr]    Compiling bumpalo v3.14.0
[INFO] [stderr]    Compiling rand_chacha v0.2.2
[INFO] [stderr]    Compiling feature-probe v0.1.1
[INFO] [stderr]    Compiling memchr v2.7.1
[INFO] [stderr]    Compiling rand v0.7.3
[INFO] [stderr]    Compiling either v1.9.0
[INFO] [stderr]    Compiling thiserror v1.0.56
[INFO] [stderr]    Compiling byteorder v1.5.0
[INFO] [stderr]    Compiling bv v0.11.1
[INFO] [stderr]    Compiling aho-corasick v1.1.2
[INFO] [stderr]    Compiling wasm-bindgen-backend v0.2.89
[INFO] [stderr]    Compiling libsecp256k1-gen-genmult v0.2.1
[INFO] [stderr]    Compiling libsecp256k1-gen-ecmult v0.2.1
[INFO] [stderr]    Compiling rand_core v0.6.4
[INFO] [stderr]    Compiling solana-frozen-abi-macro v1.14.12
[INFO] [stderr]    Compiling blake3 v1.5.0
[INFO] [stderr]    Compiling num-traits v0.2.17
[INFO] [stderr]    Compiling thiserror-impl v1.0.56
[INFO] [stderr]    Compiling bitmaps v2.1.0
[INFO] [stderr]    Compiling im v15.1.0
[INFO] [stderr]    Compiling rustversion v1.0.14
[INFO] [stderr]    Compiling anyhow v1.0.79
[INFO] [stderr]    Compiling regex-syntax v0.8.2
[INFO] [stderr]    Compiling tinyvec_macros v0.1.1
[INFO] [stderr]    Compiling arrayref v0.3.7
[INFO] [stderr]    Compiling toml v0.5.11
[INFO] [stderr]    Compiling serde_json v1.0.111
[INFO] [stderr]    Compiling tinyvec v1.6.0
[INFO] [stderr]    Compiling borsh-derive-internal v0.9.3
[INFO] [stderr]    Compiling borsh-schema-derive-internal v0.9.3
[INFO] [stderr]    Compiling sized-chunks v0.6.5
[INFO] [stderr]    Compiling proc-macro-crate v0.1.5
[INFO] [stderr]    Compiling wasm-bindgen-macro-support v0.2.89
[INFO] [stderr]    Compiling rayon v1.8.0
[INFO] [stderr]    Compiling rand_xoshiro v0.6.0
[INFO] [stderr]    Compiling regex-automata v0.4.3
[INFO] [stderr]    Compiling libsecp256k1 v0.6.0
[INFO] [stderr]    Compiling solana-frozen-abi v1.14.12
[INFO] [stderr]    Compiling itoa v1.0.10
[INFO] [stderr]    Compiling ryu v1.0.16
[INFO] [stderr]    Compiling constant_time_eq v0.3.0
[INFO] [stderr]    Compiling bs58 v0.4.0
[INFO] [stderr]    Compiling signature v1.6.4
[INFO] [stderr]    Compiling wasm-bindgen v0.2.89
[INFO] [stderr]    Compiling arrayvec v0.7.4
[INFO] [stderr]    Compiling ed25519 v1.5.3
[INFO] [stderr]    Compiling wasm-bindgen-macro v0.2.89
[INFO] [stderr]    Compiling borsh-derive v0.9.3
[INFO] [stderr]    Compiling unicode-normalization v0.1.22
[INFO] [stderr]    Compiling regex v1.10.2
[INFO] [stderr]    Compiling crypto-common v0.1.6
[INFO] [stderr]    Compiling block-buffer v0.10.4
[INFO] [stderr]    Compiling block-buffer v0.9.0
[INFO] [stderr]    Compiling digest v0.10.7
[INFO] [stderr]    Compiling crypto-mac v0.8.0
[INFO] [stderr]    Compiling sha2 v0.9.9
[INFO] [stderr]    Compiling hmac v0.8.1
[INFO] [stderr]    Compiling curve25519-dalek v3.2.1
[INFO] [stderr]    Compiling sha2 v0.10.8
[INFO] [stderr]    Compiling hmac-drbg v0.3.0
[INFO] [stderr]    Compiling pbkdf2 v0.4.0
[INFO] [stderr]    Compiling serde_bytes v0.11.14
[INFO] [stderr]    Compiling solomka-program v1.14.12
[INFO] [stderr]    Compiling hashbrown v0.11.2
[INFO] [stderr]    Compiling hashbrown v0.12.3
[INFO] [stderr]    Compiling atty v0.2.14
[INFO] [stderr]    Compiling memmap2 v0.5.10
[INFO] [stderr]    Compiling bytemuck_derive v1.5.0
[INFO] [stderr]    Compiling keccak v0.1.4
[INFO] [stderr]    Compiling termcolor v1.4.0
[INFO] [stderr]    Compiling rustc-hash v1.1.0
[INFO] [stderr]    Compiling humantime v2.1.0
[INFO] [stderr]    Compiling base64 v0.12.3
[INFO] [stderr]    Compiling sha3 v0.10.8
[INFO] [stderr]    Compiling env_logger v0.9.3
[INFO] [stderr]    Compiling tiny-bip39 v0.8.2
[INFO] [stderr]    Compiling solomka-sdk-macro v1.14.12
[INFO] [stderr]    Compiling borsh v0.9.3
[INFO] [stderr]    Compiling ed25519-dalek v1.0.1
[INFO] [stderr]    Compiling hmac v0.12.1
[INFO] [stderr]    Compiling bincode v1.3.3
[INFO] [stderr]    Compiling num-derive v0.3.3
[INFO] [stderr]    Compiling itertools v0.10.5
[INFO] [stderr]    Compiling bytemuck v1.14.0
[INFO] [stderr]    Compiling solomka-sdk v1.14.12 (/opt/rustwide/workdir)
[INFO] [stderr]    Compiling percent-encoding v2.3.1
[INFO] [stderr]    Compiling base64 v0.13.1
[INFO] [stderr]    Compiling derivation-path v0.2.0
[INFO] [stderr]    Compiling uriparse v0.6.4
[INFO] [stderr]    Compiling ed25519-dalek-bip32 v0.2.0
[INFO] [stderr]    Compiling qstring v0.7.2
[INFO] [stderr]    Compiling solana-logger v1.14.12
[INFO] [stderr]    Compiling pbkdf2 v0.11.0
[INFO] [stderr]    Compiling chrono v0.4.31
[INFO] [stderr]    Compiling assert_matches v1.5.0
[INFO] [stdout] warning: use of deprecated method `chrono::TimeZone::timestamp`: use `timestamp_opt()` instead
[INFO] [stdout]    --> src/genesis_config.rs:260:17
[INFO] [stdout]     |
[INFO] [stdout] 260 |             Utc.timestamp(self.creation_time, 0).to_rfc3339(),
[INFO] [stdout]     |                 ^^^^^^^^^
[INFO] [stdout]     |
[INFO] [stdout]     = note: `#[warn(deprecated)]` on by default
[INFO] [stdout] 
[INFO] [stdout] 
[INFO] [stdout] warning: 1 warning emitted
[INFO] [stdout] 
[INFO] [stdout] 
[INFO] [stderr]     Finished dev [unoptimized + debuginfo] target(s) in 1m 41s
[INFO] running `Command { std: "docker" "inspect" "3480039b449c794bff4537cc6578c6d4a967024e840bcab4ca51bc7b27f7bd24", kill_on_drop: false }`
[INFO] running `Command { std: "docker" "rm" "-f" "3480039b449c794bff4537cc6578c6d4a967024e840bcab4ca51bc7b27f7bd24", kill_on_drop: false }`
[INFO] [stdout] 3480039b449c794bff4537cc6578c6d4a967024e840bcab4ca51bc7b27f7bd24
[INFO] running `Command { std: "docker" "create" "-v" "/var/lib/crater-agent-workspace/builds/worker-4-tc2/target:/opt/rustwide/target:rw,Z" "-v" "/var/lib/crater-agent-workspace/builds/worker-4-tc2/source:/opt/rustwide/workdir:ro,Z" "-v" "/var/lib/crater-agent-workspace/cargo-home:/opt/rustwide/cargo-home:ro,Z" "-v" "/var/lib/crater-agent-workspace/rustup-home:/opt/rustwide/rustup-home:ro,Z" "-e" "SOURCE_DIR=/opt/rustwide/workdir" "-e" "CARGO_TARGET_DIR=/opt/rustwide/target" "-e" "CARGO_INCREMENTAL=0" "-e" "RUST_BACKTRACE=full" "-e" "RUSTFLAGS=--cap-lints=warn" "-e" "RUSTDOCFLAGS=--cap-lints=warn" "-e" "CARGO_HOME=/opt/rustwide/cargo-home" "-e" "RUSTUP_HOME=/opt/rustwide/rustup-home" "-w" "/opt/rustwide/workdir" "-m" "1610612736" "--user" "0:0" "--network" "none" "ghcr.io/rust-lang/crates-build-env/linux@sha256:2788e3201cd34a07e3172128adcd8b3090168a8e3bcc40d7c032b9dda1df7d1c" "/opt/rustwide/cargo-home/bin/cargo" "+beta-2023-12-22" "test" "--frozen" "--no-run" "--message-format=json", kill_on_drop: false }`
[INFO] [stdout] f180d30010a79daaf1c25b901ab55dee01c0fb91fba773d3d1fc05bc7e39a78e
[INFO] running `Command { std: "docker" "start" "-a" "f180d30010a79daaf1c25b901ab55dee01c0fb91fba773d3d1fc05bc7e39a78e", kill_on_drop: false }`
[INFO] [stderr]    Compiling static_assertions v1.1.0
[INFO] [stdout] warning: use of deprecated method `chrono::TimeZone::timestamp`: use `timestamp_opt()` instead
[INFO] [stdout]    --> src/genesis_config.rs:260:17
[INFO] [stdout]     |
[INFO] [stdout] 260 |             Utc.timestamp(self.creation_time, 0).to_rfc3339(),
[INFO] [stdout]     |                 ^^^^^^^^^
[INFO] [stdout]     |
[INFO] [stdout]     = note: `#[warn(deprecated)]` on by default
[INFO] [stdout] 
[INFO] [stdout] 
[INFO] [stdout] warning: 1 warning emitted
[INFO] [stdout] 
[INFO] [stdout] 
[INFO] [stderr]    Compiling solomka-sdk v1.14.12 (/opt/rustwide/workdir)
[INFO] [stdout] warning: use of deprecated method `chrono::TimeZone::timestamp`: use `timestamp_opt()` instead
[INFO] [stdout]    --> src/genesis_config.rs:260:17
[INFO] [stdout]     |
[INFO] [stdout] 260 |             Utc.timestamp(self.creation_time, 0).to_rfc3339(),
[INFO] [stdout]     |                 ^^^^^^^^^
[INFO] [stdout]     |
[INFO] [stdout]     = note: `#[warn(deprecated)]` on by default
[INFO] [stdout] 
[INFO] [stdout] 
[INFO] [stdout] warning: 1 warning emitted
[INFO] [stdout] 
[INFO] [stdout] 
[INFO] [stderr]     Finished test [unoptimized + debuginfo] target(s) in 8.50s
[INFO] running `Command { std: "docker" "inspect" "f180d30010a79daaf1c25b901ab55dee01c0fb91fba773d3d1fc05bc7e39a78e", kill_on_drop: false }`
[INFO] running `Command { std: "docker" "rm" "-f" "f180d30010a79daaf1c25b901ab55dee01c0fb91fba773d3d1fc05bc7e39a78e", kill_on_drop: false }`
[INFO] [stdout] f180d30010a79daaf1c25b901ab55dee01c0fb91fba773d3d1fc05bc7e39a78e
[INFO] running `Command { std: "docker" "create" "-v" "/var/lib/crater-agent-workspace/builds/worker-4-tc2/target:/opt/rustwide/target:rw,Z" "-v" "/var/lib/crater-agent-workspace/builds/worker-4-tc2/source:/opt/rustwide/workdir:ro,Z" "-v" "/var/lib/crater-agent-workspace/cargo-home:/opt/rustwide/cargo-home:ro,Z" "-v" "/var/lib/crater-agent-workspace/rustup-home:/opt/rustwide/rustup-home:ro,Z" "-e" "SOURCE_DIR=/opt/rustwide/workdir" "-e" "CARGO_TARGET_DIR=/opt/rustwide/target" "-e" "CARGO_INCREMENTAL=0" "-e" "RUST_BACKTRACE=full" "-e" "RUSTFLAGS=--cap-lints=warn" "-e" "RUSTDOCFLAGS=--cap-lints=warn" "-e" "CARGO_HOME=/opt/rustwide/cargo-home" "-e" "RUSTUP_HOME=/opt/rustwide/rustup-home" "-w" "/opt/rustwide/workdir" "-m" "1610612736" "--user" "0:0" "--network" "none" "ghcr.io/rust-lang/crates-build-env/linux@sha256:2788e3201cd34a07e3172128adcd8b3090168a8e3bcc40d7c032b9dda1df7d1c" "/opt/rustwide/cargo-home/bin/cargo" "+beta-2023-12-22" "test" "--frozen", kill_on_drop: false }`
[INFO] [stdout] 7531de34e05a40a789f30df5549beef60575debcc0fc90b4111ed8a0e7b9b823
[INFO] running `Command { std: "docker" "start" "-a" "7531de34e05a40a789f30df5549beef60575debcc0fc90b4111ed8a0e7b9b823", kill_on_drop: false }`
[INFO] [stderr] warning: use of deprecated method `chrono::TimeZone::timestamp`: use `timestamp_opt()` instead
[INFO] [stderr]    --> src/genesis_config.rs:260:17
[INFO] [stderr]     |
[INFO] [stderr] 260 |             Utc.timestamp(self.creation_time, 0).to_rfc3339(),
[INFO] [stderr]     |                 ^^^^^^^^^
[INFO] [stderr]     |
[INFO] [stderr]     = note: `#[warn(deprecated)]` on by default
[INFO] [stderr] 
[INFO] [stderr] warning: `solomka-sdk` (lib) generated 1 warning
[INFO] [stderr] warning: `solomka-sdk` (lib test) generated 1 warning (1 duplicate)
[INFO] [stderr]     Finished test [unoptimized + debuginfo] target(s) in 0.19s
[INFO] [stderr]      Running unittests src/lib.rs (/opt/rustwide/target/debug/deps/solomka_sdk-5ac2af2931cca60d)
[INFO] [stdout] 
[INFO] [stdout] running 233 tests
[INFO] [stdout] test account::tests::test_account_add_sub_lamports ... ok
[INFO] [stdout] test account::tests::test_account_data_copy_as_slice ... ok
[INFO] [stdout] test account::tests::test_account_saturating_add_lamports ... ok
[INFO] [stdout] test account::tests::test_account_saturating_sub_lamports ... ok
[INFO] [stdout] test account::tests::test_account_set_data_from_slice ... ok
[INFO] [stdout] test account::tests::test_account_shared_data ... ok
[INFO] [stdout] test account::tests::test_account_shared_data_all_fields ... ok
[INFO] [stdout] test account::tests::test_account_data_set_data ... ok
[INFO] [stdout] test account::tests::test_account_checked_add_lamports_overflow2 - should panic ... ok
[INFO] [stdout] test account::tests::test_account_checked_add_lamports_overflow - should panic ... ok
[INFO] [stdout] test account::tests::test_account_checked_sub_lamports_underflow - should panic ... ok
[INFO] [stdout] test account::tests::test_to_account_shared_data ... ok
[INFO] [stdout] test derivation_path::tests::test_derivation_path_debug ... ok
[INFO] [stdout] test account::tests::test_account_checked_sub_lamports_underflow2 - should panic ... ok
[INFO] [stdout] test account_utils::tests::test_account_state ... ok
[INFO] [stdout] test derivation_path::tests::test_from_uri ... ok
[INFO] [stdout] test derivation_path::tests::test_from_uri_full_path ... ok
[INFO] [stdout] test derivation_path::tests::test_get_query ... ok
[INFO] [stdout] test compute_budget::test_id ... ok
[INFO] [stdout] test derivation_path::tests::test_from_absolute_path_str ... ok
[INFO] [stdout] test account::tests::test_account_serialize - should panic ... ok
[INFO] [stdout] test account::tests::test_account_shared_data_deserialize - should panic ... ok
[INFO] [stdout] test derivation_path::tests::test_from_key_str ... ok
[INFO] [stdout] test ed25519_instruction::test::test_ed25519 ... ok
[INFO] [stdout] test ed25519_instruction::test::test_message_data_offsets ... ok
[INFO] [stdout] test account::tests::test_account_deserialize - should panic ... ok
[INFO] [stdout] test ed25519_instruction::test::test_signature_offset ... ok
[INFO] [stdout] test ed25519_instruction::test::test_invalid_offsets ... ok
[INFO] [stdout] test deserialize_utils::tests::test_default_on_eof ... ok
[INFO] [stdout] test feature_set::add_get_minimum_delegation_instruction_to_stake_program::test_id ... ok
[INFO] [stdout] test feature_set::add_get_processed_sibling_instruction_syscall::test_id ... ok
[INFO] [stdout] test feature_set::add_set_compute_unit_price_ix::test_id ... ok
[INFO] [stdout] test feature_set::add_shred_type_to_shred_seed::test_id ... ok
[INFO] [stdout] test feature_set::allow_votes_to_directly_update_vote_state::test_id ... ok
[INFO] [stdout] test feature_set::cap_accounts_data_len::test_id ... ok
[INFO] [stdout] test feature_set::cap_accounts_data_size_per_block::test_id ... ok
[INFO] [stdout] test feature_set::cap_bpf_program_instruction_accounts::test_id ... ok
[INFO] [stdout] test feature_set::check_init_vote_data::test_id ... ok
[INFO] [stdout] test feature_set::check_physical_overlapping::test_id ... ok
[INFO] [stdout] test feature_set::check_slice_translation_size::test_id ... ok
[INFO] [stdout] test feature_set::check_syscall_outputs_do_not_overlap::test_id ... ok
[INFO] [stdout] test feature_set::commission_updates_only_allowed_in_first_half_of_epoch::test_id ... ok
[INFO] [stdout] test feature_set::compact_vote_state_updates::test_id ... ok
[INFO] [stdout] test feature_set::concurrent_replay_of_forks::test_id ... ok
[INFO] [stdout] test feature_set::credits_auto_rewind::test_id ... ok
[INFO] [stdout] test feature_set::curve25519_syscall_enabled::test_id ... ok
[INFO] [stdout] test feature_set::dedupe_config_program_signers::test_id ... ok
[INFO] [stdout] test feature_set::default_units_per_instruction::test_id ... ok
[INFO] [stdout] test feature_set::demote_program_write_locks::test_id ... ok
[INFO] [stdout] test feature_set::deprecate_rewards_sysvar::test_id ... ok
[INFO] [stdout] test feature_set::disable_bpf_deprecated_load_instructions::test_id ... ok
[INFO] [stdout] test feature_set::disable_bpf_unresolved_symbols_at_runtime::test_id ... ok
[INFO] [stdout] test feature_set::disable_deploy_of_alloc_free_syscall::test_id ... ok
[INFO] [stdout] test feature_set::disable_deprecated_loader::test_id ... ok
[INFO] [stdout] test feature_set::disable_fee_calculator::test_id ... ok
[INFO] [stdout] test feature_set::disable_fees_sysvar::test_id ... ok
[INFO] [stdout] test feature_set::disable_rehash_for_rent_epoch::test_id ... ok
[INFO] [stdout] test feature_set::disable_turbine_fanout_experiments::test_id ... ok
[INFO] [stdout] test feature_set::do_support_realloc::test_id ... ok
[INFO] [stdout] test feature_set::drop_redundant_turbine_path::test_id ... ok
[INFO] [stdout] test feature_set::ed25519_program_enabled::test_id ... ok
[INFO] [stdout] test feature_set::enable_bpf_loader_extend_program_ix::test_id ... ok
[INFO] [stdout] test feature_set::enable_durable_nonce::test_id ... ok
[INFO] [stdout] test feature_set::enable_early_verification_of_account_modifications::test_id ... ok
[INFO] [stdout] test feature_set::enable_turbine_fanout_experiments::test_id ... ok
[INFO] [stdout] test feature_set::error_on_syscall_bpf_function_hash_collisions::test_id ... ok
[INFO] [stdout] test feature_set::evict_invalid_stakes_cache_entries::test_id ... ok
[INFO] [stdout] test feature_set::bank_tranaction_count_fix::test_id ... ok
[INFO] [stdout] test feature_set::add_compute_budget_program::test_id ... ok
[INFO] [stdout] test feature_set::blake3_syscall_enabled::test_id ... ok
[INFO] [stdout] test feature::test::feature_deserialize_none ... ok
[INFO] [stdout] test feature_set::fix_recent_blockhashes::test_id ... ok
[INFO] [stdout] test feature_set::filter_stake_delegation_accounts::test_id ... ok
[INFO] [stdout] test feature_set::fixed_memcpy_nonoverlapping_check::test_id ... ok
[INFO] [stdout] test feature_set::executables_incur_cpi_data_cost::test_id ... ok
[INFO] [stdout] test feature_set::filter_votes_outside_slot_hashes::test_id ... ok
[INFO] [stdout] test feature_set::gate_large_block::test_id ... ok
[INFO] [stdout] test account::tests::test_account_shared_data_serialize - should panic ... ok
[INFO] [stdout] test feature_set::full_inflation::devnet_and_testnet::test_id ... ok
[INFO] [stdout] test feature_set::full_inflation::mainnet::certusone::vote::test_id ... ok
[INFO] [stdout] test ed25519_instruction::test::test_pubkey_offset ... ok
[INFO] [stdout] test feature_set::include_account_index_in_rent_error::test_id ... ok
[INFO] [stdout] test feature_set::increase_tx_account_lock_limit::test_id ... ok
[INFO] [stdout] test feature_set::full_inflation::mainnet::certusone::enable::test_id ... ok
[INFO] [stdout] test feature_set::instructions_sysvar_owned_by_sysvar::test_id ... ok
[INFO] [stdout] test feature_set::incremental_snapshot_only_incremental_hash_calculation::test_id ... ok
[INFO] [stdout] test feature_set::libsecp256k1_fail_on_bad_count2::test_id ... ok
[INFO] [stdout] test feature_set::loosen_cpi_size_restriction::test_id ... ok
[INFO] [stdout] test feature_set::libsecp256k1_fail_on_bad_count::test_id ... ok
[INFO] [stdout] test feature_set::limit_secp256k1_recovery_id::test_id ... ok
[INFO] [stdout] test feature_set::move_serialized_len_ptr_in_cpi::test_id ... ok
[INFO] [stdout] test feature_set::no_overflow_rent_distribution::test_id ... ok
[INFO] [stdout] test feature_set::libsecp256k1_0_5_upgrade_enabled::test_id ... ok
[INFO] [stdout] test feature_set::nonce_must_be_advanceable::test_id ... ok
[INFO] [stdout] test deserialize_utils::tests::test_default_on_eof_additional_untagged_fields - should panic ... ok
[INFO] [stdout] test feature_set::leave_nonce_on_success::test_id ... ok
[INFO] [stdout] test feature_set::max_tx_account_locks::test_id ... ok
[INFO] [stdout] test feature_set::merge_nonce_error_into_system_error::test_id ... ok
[INFO] [stdout] test feature_set::pico_inflation::test_id ... ok
[INFO] [stdout] test feature_set::on_load_preserve_rent_epoch_for_rent_exempt_accounts::test_id ... ok
[INFO] [stdout] test feature_set::optimize_epoch_boundary_updates::test_id ... ok
[INFO] [stdout] test feature_set::nonce_must_be_writable::test_id ... ok
[INFO] [stdout] test feature_set::preserve_rent_epoch_for_rent_exempt_accounts::test_id ... ok
[INFO] [stdout] test feature_set::prevent_calling_precompiles_as_programs::test_id ... ok
[INFO] [stdout] test feature_set::quick_bail_on_panic::test_id ... ok
[INFO] [stdout] test feature_set::record_instruction_in_transaction_context_push::test_id ... ok
[INFO] [stdout] test feature_set::prevent_crediting_accounts_that_end_rent_paying::test_id ... ok
[INFO] [stdout] test feature_set::reject_empty_instruction_without_program::test_id ... ok
[INFO] [stdout] test feature_set::remove_native_loader::test_id ... ok
[INFO] [stdout] test feature_set::reduce_required_deploy_balance::test_id ... ok
[INFO] [stdout] test feature_set::reject_callx_r10::test_id ... ok
[INFO] [stdout] test feature_set::reject_vote_account_close_unless_zero_credit_epoch::test_id ... ok
[INFO] [stdout] test feature_set::rent_for_sysvars::test_id ... ok
[INFO] [stdout] test feature_set::reject_non_rent_exempt_vote_withdraws::test_id ... ok
[INFO] [stdout] test feature_set::require_rent_exempt_accounts::test_id ... ok
[INFO] [stdout] test feature_set::return_none_for_zero_lamport_accounts::test_id ... ok
[INFO] [stdout] test feature_set::requestable_heap_size::test_id ... ok
[INFO] [stdout] test feature_set::require_custodian_for_locked_stake_authorize::test_id ... ok
[INFO] [stdout] test feature_set::separate_nonce_from_blockhash::test_id ... ok
[INFO] [stdout] test feature_set::nonce_must_be_authorized::test_id ... ok
[INFO] [stdout] test feature_set::spl_associated_token_account_v1_0_4::test_id ... ok
[INFO] [stdout] test feature_set::secp256k1_recover_syscall_enabled::test_id ... ok
[INFO] [stdout] test feature_set::spl_associated_token_account_v1_1_0::test_id ... ok
[INFO] [stdout] test feature_set::secp256k1_program_enabled::test_id ... ok
[INFO] [stdout] test feature_set::send_to_tpu_vote_port::test_id ... ok
[INFO] [stdout] test feature_set::sol_log_data_syscall_enabled::test_id ... ok
[INFO] [stdout] test feature_set::spl_token_v2_self_transfer_fix::test_id ... ok
[INFO] [stdout] test feature_set::spl_token_v3_4_0::test_id ... ok
[INFO] [stdout] test feature_set::stake_allow_zero_undelegated_amount::test_id ... ok
[INFO] [stdout] test feature_set::stake_deactivate_delinquent_instruction::test_id ... ok
[INFO] [stdout] test feature_set::stake_program_advance_activating_credits_observed::test_id ... ok
[INFO] [stdout] test feature_set::stake_raise_minimum_delegation_to_1_sol::test_id ... ok
[INFO] [stdout] test feature_set::spl_token_v2_multisig_fix::test_id ... ok
[INFO] [stdout] test feature_set::stake_redelegate_instruction::test_id ... ok
[INFO] [stdout] test feature_set::stake_split_uses_rent_sysvar::test_id ... ok
[INFO] [stdout] test feature_set::stakes_remove_delegation_if_inactive::test_id ... ok
[INFO] [stdout] test feature_set::syscall_saturated_math::test_id ... ok
[INFO] [stdout] test feature_set::spl_token_v2_set_authority_fix::test_id ... ok
[INFO] [stdout] test feature_set::spl_token_v3_3_0_release::test_id ... ok
[INFO] [stdout] test feature_set::stake_merge_with_unmatched_credits_observed::test_id ... ok
[INFO] [stdout] test feature_set::require_static_program_ids_in_transaction::test_id ... ok
[INFO] [stdout] test feature_set::return_data_syscall_enabled::test_id ... ok
[INFO] [stdout] test feature_set::test::test_full_inflation_features_enabled ... ok
[INFO] [stdout] test feature_set::test::test_full_inflation_features_enabled_devnet_and_testnet ... ok
[INFO] [stdout] test feature_set::test::test_feature_set_activate_deactivate ... ok
[INFO] [stdout] test feature_set::tx_wide_compute_cap::test_id ... ok
[INFO] [stdout] test feature_set::update_syscall_base_costs::test_id ... ok
[INFO] [stdout] test feature_set::update_rewards_from_cached_accounts::test_id ... ok
[INFO] [stdout] test feature_set::system_transfer_zero_check::test_id ... ok
[INFO] [stdout] test feature_set::use_default_units_in_fee_calculation::test_id ... ok
[INFO] [stdout] test feature_set::vote_state_update_credit_per_dequeue::test_id ... ok
[INFO] [stdout] test feature_set::vote_state_update_root_fix::test_id ... ok
[INFO] [stdout] test feature_set::versioned_tx_message_enabled::test_id ... ok
[INFO] [stdout] test feature_set::vote_authorize_with_seed::test_id ... ok
[INFO] [stdout] test feature_set::vote_stake_checked_instructions::test_id ... ok
[INFO] [stdout] test feature_set::verify_tx_signatures_len::test_id ... ok
[INFO] [stdout] test feature_set::vote_withdraw_authority_may_change_authorized_voter::test_id ... ok
[INFO] [stdout] test feature_set::warp_timestamp_again::test_id ... ok
[INFO] [stdout] test hard_forks::tests::multiple_hard_forks_since_parent ... ok
[INFO] [stdout] test feature_set::zk_token_sdk_enabled::test_id ... ok
[INFO] [stdout] test native_loader::test_id ... ok
[INFO] [stdout] test inflation::tests::test_inflation_basic ... ok
[INFO] [stdout] test packet::tests::test_deserialize_slice ... ok
[INFO] [stdout] test program_utils::tests::test_limited_deserialize ... ok
[INFO] [stdout] test recent_blockhashes_account::tests::test_create_account_empty ... ok
[INFO] [stdout] test hard_forks::tests::iter_is_sorted ... ok
[INFO] [stdout] test pubkey::tests::test_read_write_pubkey ... FAILED
[INFO] [stdout] test genesis_config::tests::test_genesis_config ... FAILED
[INFO] [stdout] test inflation::tests::test_inflation_fixed ... ok
[INFO] [stdout] test nonce_account::tests::test_verify_bad_account_owner_fails ... ok
[INFO] [stdout] test recent_blockhashes_account::tests::test_create_account_truncate ... ok
[INFO] [stdout] test feature_set::warp_timestamp_with_a_vengeance::test_id ... ok
[INFO] [stdout] test recent_blockhashes_account::tests::test_create_account_full ... ok
[INFO] [stdout] test nonce_account::tests::test_verify_nonce_account ... ok
[INFO] [stdout] test recent_blockhashes_account::tests::test_create_account_unsorted ... ok
[INFO] [stdout] test secp256k1_instruction::test::test_eth_offset ... ok
[INFO] [stdout] test secp256k1_instruction::test::test_invalid_offsets ... ok
[INFO] [stdout] test shred_version::tests::test_compute_shred_version ... ok
[INFO] [stdout] test secp256k1_instruction::test::test_count_is_zero_but_sig_data_exists ... ok
[INFO] [stdout] test secp256k1_instruction::test::test_signature_offset ... ok
[INFO] [stdout] test secp256k1_instruction::test::test_message_data_offsets ... ok
[INFO] [stdout] test signature::tests::test_off_curve_pubkey_verify_fails ... ok
[INFO] [stdout] test signature::tests::test_signature_fromstr ... ok
[INFO] [stdout] test signer::keypair::tests::test_keypair ... ok
[INFO] [stdout] test signer::keypair::tests::test_keypair_from_seed ... ok
[INFO] [stdout] test secp256k1_instruction::test::test_secp256k1 ... ok
[INFO] [stdout] test signer::signers::tests::test_dyn_keypairs_by_ref_compile ... ok
[INFO] [stdout] test signer::signers::tests::test_dyn_keypairs_compile ... ok
[INFO] [stdout] test signer::keypair::tests::test_write_keypair_file_overwrite_ok ... FAILED
[INFO] [stdout] test signer::keypair::tests::test_write_keypair_file ... FAILED
[INFO] [stdout] test signer::keypair::tests::test_write_keypair_file_truncate ... FAILED
[INFO] [stdout] test signer::presigner::tests::test_presigner ... ok
[INFO] [stdout] test signer::tests::test_unique_signers ... ok
[INFO] [stdout] test tests::test_saturating_add_assign ... ok
[INFO] [stdout] test transaction::tests::get_nonce_pub_from_ix_no_accounts_fail ... ok
[INFO] [stdout] test transaction::tests::get_nonce_pub_from_ix_ok ... ok
[INFO] [stdout] test transaction::tests::test_partial_sign_mismatched_key - should panic ... ok
[INFO] [stdout] test timing::test::test_years_as_slots ... ok
[INFO] [stdout] test transaction::tests::test_partial_sign ... ok
[INFO] [stdout] test timing::test::test_slot_duration_from_slots_per_year ... ok
[INFO] [stdout] test transaction::tests::get_nonce_pub_from_ix_bad_acc_idx_fail ... ok
[INFO] [stdout] test secp256k1_instruction::test::test_malleability ... ok
[INFO] [stdout] test transaction::tests::test_refs_invalid_account ... ok
[INFO] [stdout] test transaction::tests::test_refs_invalid_program_id ... ok
[INFO] [stdout] test transaction::tests::test_sanitize_txs ... ok
[INFO] [stdout] test transaction::tests::test_transaction_minimum_serialized_size ... ok
[INFO] [stdout] test transaction::tests::test_transaction_missing_key - should panic ... ok
[INFO] [stdout] test transaction::tests::test_transaction_correct_key ... ok
[INFO] [stdout] test transaction::tests::test_transaction_missing_keypair - should panic ... ok
[INFO] [stdout] test transaction::tests::test_sdk_serialize ... ok
[INFO] [stdout] test transaction::tests::test_transaction_wrong_key - should panic ... ok
[INFO] [stdout] test transaction::tests::test_transaction_serialize ... ok
[INFO] [stdout] test transaction::tests::test_refs ... ok
[INFO] [stdout] test transaction::tests::test_transaction_instruction_with_duplicate_keys ... ok
[INFO] [stdout] test transaction::tests::test_try_sign_dyn_keypairs ... ok
[INFO] [stdout] test transaction::tests::tx_uses_nonce_bad_prog_id_idx_fail ... ok
[INFO] [stdout] test transaction::tests::tx_uses_nonce_empty_ix_fail ... ok
[INFO] [stdout] test transaction::tests::tx_keypair_pubkey_mismatch ... ok
[INFO] [stdout] test transaction::tests::tx_uses_nonce_wrong_first_nonce_ix_fail ... ok
[INFO] [stdout] test transaction::versioned::sanitized::tests::test_try_new_with_invalid_signatures ... ok
[INFO] [stdout] test transaction::tests::tx_uses_nonce_first_prog_id_not_nonce_fail ... ok
[INFO] [stdout] test transaction::tests::tx_uses_nonce_ok ... ok
[INFO] [stdout] test transaction::versioned::tests::tx_uses_nonce_first_prog_id_not_nonce_fail ... ok
[INFO] [stdout] test timing::test::test_interval_update ... ok
[INFO] [stdout] test transaction::versioned::tests::tx_uses_nonce_bad_prog_id_idx_fail ... ok
[INFO] [stdout] test transaction::versioned::tests::tx_uses_nonce_empty_ix_fail ... ok
[INFO] [stdout] test transaction::versioned::tests::tx_uses_nonce_wrong_first_nonce_ix_fail ... ok
[INFO] [stdout] test transaction::versioned::sanitized::tests::test_try_new ... ok
[INFO] [stdout] test transaction::tests::tx_uses_ro_nonce_account ... ok
[INFO] [stdout] test transaction::versioned::tests::tx_uses_ro_nonce_account ... ok
[INFO] [stdout] test transaction::versioned::tests::test_try_new ... ok
[INFO] [stdout] test transaction::versioned::tests::tx_uses_nonce_ok ... ok
[INFO] [stdout] test signer::keypair::tests::test_keypair_from_seed_phrase_and_passphrase ... ok
[INFO] [stdout] 
[INFO] [stdout] failures:
[INFO] [stdout] 
[INFO] [stdout] ---- pubkey::tests::test_read_write_pubkey stdout ----
[INFO] [stdout] Error: Os { code: 30, kind: ReadOnlyFilesystem, message: "Read-only file system" }
[INFO] [stdout] 
[INFO] [stdout] ---- genesis_config::tests::test_genesis_config stdout ----
[INFO] [stdout] thread 'genesis_config::tests::test_genesis_config' panicked at src/genesis_config.rs:343:28:
[INFO] [stdout] write: Os { code: 30, kind: ReadOnlyFilesystem, message: "Read-only file system" }
[INFO] [stdout] stack backtrace:
[INFO] [stdout]    0:     0x55fc0908fd06 - std::backtrace_rs::backtrace::libunwind::trace::h261606ad26a499c1
[INFO] [stdout]                                at /rustc/0e09125c6c3c2fd70d7de961bcf0e51575235fad/library/std/src/../../backtrace/src/backtrace/libunwind.rs:104:5
[INFO] [stdout]    1:     0x55fc0908fd06 - std::backtrace_rs::backtrace::trace_unsynchronized::hd183f0625477fb28
[INFO] [stdout]                                at /rustc/0e09125c6c3c2fd70d7de961bcf0e51575235fad/library/std/src/../../backtrace/src/backtrace/mod.rs:66:5
[INFO] [stdout]    2:     0x55fc0908fd06 - std::sys_common::backtrace::_print_fmt::hd7f8fef21b4eda67
[INFO] [stdout]                                at /rustc/0e09125c6c3c2fd70d7de961bcf0e51575235fad/library/std/src/sys_common/backtrace.rs:68:5
[INFO] [stdout]    3:     0x55fc0908fd06 - <std::sys_common::backtrace::_print::DisplayBacktrace as core::fmt::Display>::fmt::h623d9b51f2f453f1
[INFO] [stdout]                                at /rustc/0e09125c6c3c2fd70d7de961bcf0e51575235fad/library/std/src/sys_common/backtrace.rs:44:22
[INFO] [stdout]    4:     0x55fc090baf20 - core::fmt::rt::Argument::fmt::h9f417ac76a86f368
[INFO] [stdout]                                at /rustc/0e09125c6c3c2fd70d7de961bcf0e51575235fad/library/core/src/fmt/rt.rs:142:9
[INFO] [stdout]    5:     0x55fc090baf20 - core::fmt::write::hc9b6faf4ac2aeff7
[INFO] [stdout]                                at /rustc/0e09125c6c3c2fd70d7de961bcf0e51575235fad/library/core/src/fmt/mod.rs:1120:17
[INFO] [stdout]    6:     0x55fc0908d50f - std::io::Write::write_fmt::he04625a3a989fec3
[INFO] [stdout]                                at /rustc/0e09125c6c3c2fd70d7de961bcf0e51575235fad/library/std/src/io/mod.rs:1810:15
[INFO] [stdout]    7:     0x55fc0908fae4 - std::sys_common::backtrace::_print::hd5d66399c7df88a2
[INFO] [stdout]                                at /rustc/0e09125c6c3c2fd70d7de961bcf0e51575235fad/library/std/src/sys_common/backtrace.rs:47:5
[INFO] [stdout]    8:     0x55fc0908fae4 - std::sys_common::backtrace::print::he81ed2da642d37e5
[INFO] [stdout]                                at /rustc/0e09125c6c3c2fd70d7de961bcf0e51575235fad/library/std/src/sys_common/backtrace.rs:34:9
[INFO] [stdout]    9:     0x55fc09091857 - std::panicking::default_hook::{{closure}}::h85773f4fa117163d
[INFO] [stdout]   10:     0x55fc0909153d - std::panicking::default_hook::h6a1694a91d09b278
[INFO] [stdout]                                at /rustc/0e09125c6c3c2fd70d7de961bcf0e51575235fad/library/std/src/panicking.rs:289:9
[INFO] [stdout]   11:     0x55fc08ec4da7 - <alloc::boxed::Box<F,A> as core::ops::function::Fn<Args>>::call::h616ac37fa3cd6c8f
[INFO] [stdout]                                at /rustc/0e09125c6c3c2fd70d7de961bcf0e51575235fad/library/alloc/src/boxed.rs:2029:9
[INFO] [stdout]   12:     0x55fc08ec4da7 - test::test_main::{{closure}}::h00d84697cefdcbb6
[INFO] [stdout]                                at /rustc/0e09125c6c3c2fd70d7de961bcf0e51575235fad/library/test/src/lib.rs:138:21
[INFO] [stdout]   13:     0x55fc09091e76 - <alloc::boxed::Box<F,A> as core::ops::function::Fn<Args>>::call::hcb3fe3b9bb537ba8
[INFO] [stdout]                                at /rustc/0e09125c6c3c2fd70d7de961bcf0e51575235fad/library/alloc/src/boxed.rs:2029:9
[INFO] [stdout]   14:     0x55fc09091e76 - std::panicking::rust_panic_with_hook::h0a7ad96e90f7145b
[INFO] [stdout]                                at /rustc/0e09125c6c3c2fd70d7de961bcf0e51575235fad/library/std/src/panicking.rs:783:13
[INFO] [stdout]   15:     0x55fc09091bc2 - std::panicking::begin_panic_handler::{{closure}}::h7919090525c6485e
[INFO] [stdout]                                at /rustc/0e09125c6c3c2fd70d7de961bcf0e51575235fad/library/std/src/panicking.rs:657:13
[INFO] [stdout]   16:     0x55fc09090206 - std::sys_common::backtrace::__rust_end_short_backtrace::hf3289479464f7dfe
[INFO] [stdout]                                at /rustc/0e09125c6c3c2fd70d7de961bcf0e51575235fad/library/std/src/sys_common/backtrace.rs:171:18
[INFO] [stdout]   17:     0x55fc09091920 - rust_begin_unwind
[INFO] [stdout]                                at /rustc/0e09125c6c3c2fd70d7de961bcf0e51575235fad/library/std/src/panicking.rs:645:5
[INFO] [stdout]   18:     0x55fc08a97615 - core::panicking::panic_fmt::hcc9f77c5c132af55
[INFO] [stdout]                                at /rustc/0e09125c6c3c2fd70d7de961bcf0e51575235fad/library/core/src/panicking.rs:72:14
[INFO] [stdout]   19:     0x55fc08a97bf3 - core::result::unwrap_failed::hbe14f498be1452f9
[INFO] [stdout]                                at /rustc/0e09125c6c3c2fd70d7de961bcf0e51575235fad/library/core/src/result.rs:1649:5
[INFO] [stdout]   20:     0x55fc08ab421f - core::result::Result<T,E>::expect::h406fdfcea28586d2
[INFO] [stdout]                                at /rustc/0e09125c6c3c2fd70d7de961bcf0e51575235fad/library/core/src/result.rs:1030:23
[INFO] [stdout]   21:     0x55fc08b86645 - solomka_sdk::genesis_config::tests::test_genesis_config::h2330dae2f69346fc
[INFO] [stdout]                                at /opt/rustwide/workdir/src/genesis_config.rs:343:9
[INFO] [stdout]   22:     0x55fc08b862b7 - solomka_sdk::genesis_config::tests::test_genesis_config::{{closure}}::hb885179ed0ea1e48
[INFO] [stdout]                                at /opt/rustwide/workdir/src/genesis_config.rs:322:29
[INFO] [stdout]   23:     0x55fc08afc3b6 - core::ops::function::FnOnce::call_once::h6314b5f14f7b3ff2
[INFO] [stdout]                                at /rustc/0e09125c6c3c2fd70d7de961bcf0e51575235fad/library/core/src/ops/function.rs:250:5
[INFO] [stdout]   24:     0x55fc08eca67f - core::ops::function::FnOnce::call_once::hd64d26f405258157
[INFO] [stdout]                                at /rustc/0e09125c6c3c2fd70d7de961bcf0e51575235fad/library/core/src/ops/function.rs:250:5
[INFO] [stdout]   25:     0x55fc08eca67f - test::__rust_begin_short_backtrace::he21b0b7a6d731bf9
[INFO] [stdout]                                at /rustc/0e09125c6c3c2fd70d7de961bcf0e51575235fad/library/test/src/lib.rs:627:18
[INFO] [stdout]   26:     0x55fc08ec9401 - test::run_test_in_process::{{closure}}::hf5c73986d7bdfde2
[INFO] [stdout]                                at /rustc/0e09125c6c3c2fd70d7de961bcf0e51575235fad/library/test/src/lib.rs:650:60
[INFO] [stdout]   27:     0x55fc08ec9401 - <core::panic::unwind_safe::AssertUnwindSafe<F> as core::ops::function::FnOnce<()>>::call_once::h330011ad032aadc0
[INFO] [stdout]                                at /rustc/0e09125c6c3c2fd70d7de961bcf0e51575235fad/library/core/src/panic/unwind_safe.rs:272:9
[INFO] [stdout]   28:     0x55fc08ec9401 - std::panicking::try::do_call::he61b0a958b795a41
[INFO] [stdout]                                at /rustc/0e09125c6c3c2fd70d7de961bcf0e51575235fad/library/std/src/panicking.rs:552:40
[INFO] [stdout]   29:     0x55fc08ec9401 - std::panicking::try::h7309da130f906eb7
[INFO] [stdout]                                at /rustc/0e09125c6c3c2fd70d7de961bcf0e51575235fad/library/std/src/panicking.rs:516:19
[INFO] [stdout]   30:     0x55fc08ec9401 - std::panic::catch_unwind::hc5c3a06fdaf0a92a
[INFO] [stdout]                                at /rustc/0e09125c6c3c2fd70d7de961bcf0e51575235fad/library/std/src/panic.rs:142:14
[INFO] [stdout]   31:     0x55fc08ec9401 - test::run_test_in_process::h7e7b7c71c3324e0f
[INFO] [stdout]                                at /rustc/0e09125c6c3c2fd70d7de961bcf0e51575235fad/library/test/src/lib.rs:650:27
[INFO] [stdout]   32:     0x55fc08ec9401 - test::run_test::{{closure}}::h1f509f28f5cf20b1
[INFO] [stdout]                                at /rustc/0e09125c6c3c2fd70d7de961bcf0e51575235fad/library/test/src/lib.rs:573:43
[INFO] [stdout]   33:     0x55fc08e90736 - test::run_test::{{closure}}::h1754218abf443f6d
[INFO] [stdout]                                at /rustc/0e09125c6c3c2fd70d7de961bcf0e51575235fad/library/test/src/lib.rs:601:41
[INFO] [stdout]   34:     0x55fc08e90736 - std::sys_common::backtrace::__rust_begin_short_backtrace::h2ee174b9d5954948
[INFO] [stdout]                                at /rustc/0e09125c6c3c2fd70d7de961bcf0e51575235fad/library/std/src/sys_common/backtrace.rs:155:18
[INFO] [stdout]   35:     0x55fc08e95797 - std::thread::Builder::spawn_unchecked_::{{closure}}::{{closure}}::hf60bee9c1a17ef09
[INFO] [stdout]                                at /rustc/0e09125c6c3c2fd70d7de961bcf0e51575235fad/library/std/src/thread/mod.rs:529:17
[INFO] [stdout]   36:     0x55fc08e95797 - <core::panic::unwind_safe::AssertUnwindSafe<F> as core::ops::function::FnOnce<()>>::call_once::h33d0dddec5216160
[INFO] [stdout]                                at /rustc/0e09125c6c3c2fd70d7de961bcf0e51575235fad/library/core/src/panic/unwind_safe.rs:272:9
[INFO] [stdout]   37:     0x55fc08e95797 - std::panicking::try::do_call::h144b3048b546f835
[INFO] [stdout]                                at /rustc/0e09125c6c3c2fd70d7de961bcf0e51575235fad/library/std/src/panicking.rs:552:40
[INFO] [stdout]   38:     0x55fc08e95797 - std::panicking::try::h978244d04646189f
[INFO] [stdout]                                at /rustc/0e09125c6c3c2fd70d7de961bcf0e51575235fad/library/std/src/panicking.rs:516:19
[INFO] [stdout]   39:     0x55fc08e95797 - std::panic::catch_unwind::hdf436369d188fe86
[INFO] [stdout]                                at /rustc/0e09125c6c3c2fd70d7de961bcf0e51575235fad/library/std/src/panic.rs:142:14
[INFO] [stdout]   40:     0x55fc08e95797 - std::thread::Builder::spawn_unchecked_::{{closure}}::h87329cbdd33c79ec
[INFO] [stdout]                                at /rustc/0e09125c6c3c2fd70d7de961bcf0e51575235fad/library/std/src/thread/mod.rs:528:30
[INFO] [stdout]   41:     0x55fc08e95797 - core::ops::function::FnOnce::call_once{{vtable.shim}}::h401abbe67897d450
[INFO] [stdout]                                at /rustc/0e09125c6c3c2fd70d7de961bcf0e51575235fad/library/core/src/ops/function.rs:250:5
[INFO] [stdout]   42:     0x55fc090972f5 - <alloc::boxed::Box<F,A> as core::ops::function::FnOnce<Args>>::call_once::h5d7c8f150ab9c84c
[INFO] [stdout]                                at /rustc/0e09125c6c3c2fd70d7de961bcf0e51575235fad/library/alloc/src/boxed.rs:2015:9
[INFO] [stdout]   43:     0x55fc090972f5 - <alloc::boxed::Box<F,A> as core::ops::function::FnOnce<Args>>::call_once::h570d5b005c242c15
[INFO] [stdout]                                at /rustc/0e09125c6c3c2fd70d7de961bcf0e51575235fad/library/alloc/src/boxed.rs:2015:9
[INFO] [stdout]   44:     0x55fc090972f5 - std::sys::unix::thread::Thread::new::thread_start::h36b0a20c0b2361ad
[INFO] [stdout]                                at /rustc/0e09125c6c3c2fd70d7de961bcf0e51575235fad/library/std/src/sys/unix/thread.rs:108:17
[INFO] [stdout]   45:     0x7f0a23f9fac3 - <unknown>
[INFO] [stdout]   46:     0x7f0a24030bf4 - __clone
[INFO] [stdout]   47:                0x0 - <unknown>
[INFO] [stdout] 
[INFO] [stdout] ---- signer::keypair::tests::test_write_keypair_file_overwrite_ok stdout ----
[INFO] [stdout] thread 'signer::keypair::tests::test_write_keypair_file_overwrite_ok' panicked at src/signer/keypair.rs:274:55:
[INFO] [stdout] called `Result::unwrap()` on an `Err` value: Os { code: 30, kind: ReadOnlyFilesystem, message: "Read-only file system" }
[INFO] [stdout] stack backtrace:
[INFO] [stdout]    0:     0x55fc0908fd06 - std::backtrace_rs::backtrace::libunwind::trace::h261606ad26a499c1
[INFO] [stdout]                                at /rustc/0e09125c6c3c2fd70d7de961bcf0e51575235fad/library/std/src/../../backtrace/src/backtrace/libunwind.rs:104:5
[INFO] [stdout]    1:     0x55fc0908fd06 - std::backtrace_rs::backtrace::trace_unsynchronized::hd183f0625477fb28
[INFO] [stdout]                                at /rustc/0e09125c6c3c2fd70d7de961bcf0e51575235fad/library/std/src/../../backtrace/src/backtrace/mod.rs:66:5
[INFO] [stdout]    2:     0x55fc0908fd06 - std::sys_common::backtrace::_print_fmt::hd7f8fef21b4eda67
[INFO] [stdout]                                at /rustc/0e09125c6c3c2fd70d7de961bcf0e51575235fad/library/std/src/sys_common/backtrace.rs:68:5
[INFO] [stdout]    3:     0x55fc0908fd06 - <std::sys_common::backtrace::_print::DisplayBacktrace as core::fmt::Display>::fmt::h623d9b51f2f453f1
[INFO] [stdout]                                at /rustc/0e09125c6c3c2fd70d7de961bcf0e51575235fad/library/std/src/sys_common/backtrace.rs:44:22
[INFO] [stdout]    4:     0x55fc090baf20 - core::fmt::rt::Argument::fmt::h9f417ac76a86f368
[INFO] [stdout]                                at /rustc/0e09125c6c3c2fd70d7de961bcf0e51575235fad/library/core/src/fmt/rt.rs:142:9
[INFO] [stdout]    5:     0x55fc090baf20 - core::fmt::write::hc9b6faf4ac2aeff7
[INFO] [stdout]                                at /rustc/0e09125c6c3c2fd70d7de961bcf0e51575235fad/library/core/src/fmt/mod.rs:1120:17
[INFO] [stdout]    6:     0x55fc0908d50f - std::io::Write::write_fmt::he04625a3a989fec3
[INFO] [stdout]                                at /rustc/0e09125c6c3c2fd70d7de961bcf0e51575235fad/library/std/src/io/mod.rs:1810:15
[INFO] [stdout]    7:     0x55fc0908fae4 - std::sys_common::backtrace::_print::hd5d66399c7df88a2
[INFO] [stdout]                                at /rustc/0e09125c6c3c2fd70d7de961bcf0e51575235fad/library/std/src/sys_common/backtrace.rs:47:5
[INFO] [stdout]    8:     0x55fc0908fae4 - std::sys_common::backtrace::print::he81ed2da642d37e5
[INFO] [stdout]                                at /rustc/0e09125c6c3c2fd70d7de961bcf0e51575235fad/library/std/src/sys_common/backtrace.rs:34:9
[INFO] [stdout]    9:     0x55fc09091857 - std::panicking::default_hook::{{closure}}::h85773f4fa117163d
[INFO] [stdout]   10:     0x55fc0909153d - std::panicking::default_hook::h6a1694a91d09b278
[INFO] [stdout]                                at /rustc/0e09125c6c3c2fd70d7de961bcf0e51575235fad/library/std/src/panicking.rs:289:9
[INFO] [stdout]   11:     0x55fc08ec4da7 - <alloc::boxed::Box<F,A> as core::ops::function::Fn<Args>>::call::h616ac37fa3cd6c8f
[INFO] [stdout]                                at /rustc/0e09125c6c3c2fd70d7de961bcf0e51575235fad/library/alloc/src/boxed.rs:2029:9
[INFO] [stdout]   12:     0x55fc08ec4da7 - test::test_main::{{closure}}::h00d84697cefdcbb6
[INFO] [stdout]                                at /rustc/0e09125c6c3c2fd70d7de961bcf0e51575235fad/library/test/src/lib.rs:138:21
[INFO] [stdout]   13:     0x55fc09091e76 - <alloc::boxed::Box<F,A> as core::ops::function::Fn<Args>>::call::hcb3fe3b9bb537ba8
[INFO] [stdout]                                at /rustc/0e09125c6c3c2fd70d7de961bcf0e51575235fad/library/alloc/src/boxed.rs:2029:9
[INFO] [stdout]   14:     0x55fc09091e76 - std::panicking::rust_panic_with_hook::h0a7ad96e90f7145b
[INFO] [stdout]                                at /rustc/0e09125c6c3c2fd70d7de961bcf0e51575235fad/library/std/src/panicking.rs:783:13
[INFO] [stdout]   15:     0x55fc09091bc2 - std::panicking::begin_panic_handler::{{closure}}::h7919090525c6485e
[INFO] [stdout]                                at /rustc/0e09125c6c3c2fd70d7de961bcf0e51575235fad/library/std/src/panicking.rs:657:13
[INFO] [stdout]   16:     0x55fc09090206 - std::sys_common::backtrace::__rust_end_short_backtrace::hf3289479464f7dfe
[INFO] [stdout]                                at /rustc/0e09125c6c3c2fd70d7de961bcf0e51575235fad/library/std/src/sys_common/backtrace.rs:171:18
[INFO] [stdout]   17:     0x55fc09091920 - rust_begin_unwind
[INFO] [stdout]                                at /rustc/0e09125c6c3c2fd70d7de961bcf0e51575235fad/library/std/src/panicking.rs:645:5
[INFO] [stdout]   18:     0x55fc08a97615 - core::panicking::panic_fmt::hcc9f77c5c132af55
[INFO] [stdout]                                at /rustc/0e09125c6c3c2fd70d7de961bcf0e51575235fad/library/core/src/panicking.rs:72:14
[INFO] [stdout]   19:     0x55fc08a97bf3 - core::result::unwrap_failed::hbe14f498be1452f9
[INFO] [stdout]                                at /rustc/0e09125c6c3c2fd70d7de961bcf0e51575235fad/library/core/src/result.rs:1649:5
[INFO] [stdout]   20:     0x55fc08ab4e6d - core::result::Result<T,E>::unwrap::h443320af3a3144d9
[INFO] [stdout]                                at /rustc/0e09125c6c3c2fd70d7de961bcf0e51575235fad/library/core/src/result.rs:1073:23
[INFO] [stdout]   21:     0x55fc08b873ca - solomka_sdk::signer::keypair::tests::test_write_keypair_file_overwrite_ok::hbe3bee60fd5908b7
[INFO] [stdout]                                at /opt/rustwide/workdir/src/signer/keypair.rs:274:9
[INFO] [stdout]   22:     0x55fc08b87317 - solomka_sdk::signer::keypair::tests::test_write_keypair_file_overwrite_ok::{{closure}}::h969706722c1df8ce
[INFO] [stdout]                                at /opt/rustwide/workdir/src/signer/keypair.rs:271:46
[INFO] [stdout]   23:     0x55fc08b01826 - core::ops::function::FnOnce::call_once::hb0fb14672acbf743
[INFO] [stdout]                                at /rustc/0e09125c6c3c2fd70d7de961bcf0e51575235fad/library/core/src/ops/function.rs:250:5
[INFO] [stdout]   24:     0x55fc08eca67f - core::ops::function::FnOnce::call_once::hd64d26f405258157
[INFO] [stdout]                                at /rustc/0e09125c6c3c2fd70d7de961bcf0e51575235fad/library/core/src/ops/function.rs:250:5
[INFO] [stdout]   25:     0x55fc08eca67f - test::__rust_begin_short_backtrace::he21b0b7a6d731bf9
[INFO] [stdout]                                at /rustc/0e09125c6c3c2fd70d7de961bcf0e51575235fad/library/test/src/lib.rs:627:18
[INFO] [stdout]   26:     0x55fc08ec9401 - test::run_test_in_process::{{closure}}::hf5c73986d7bdfde2
[INFO] [stdout]                                at /rustc/0e09125c6c3c2fd70d7de961bcf0e51575235fad/library/test/src/lib.rs:650:60
[INFO] [stdout]   27:     0x55fc08ec9401 - <core::panic::unwind_safe::AssertUnwindSafe<F> as core::ops::function::FnOnce<()>>::call_once::h330011ad032aadc0
[INFO] [stdout]                                at /rustc/0e09125c6c3c2fd70d7de961bcf0e51575235fad/library/core/src/panic/unwind_safe.rs:272:9
[INFO] [stdout]   28:     0x55fc08ec9401 - std::panicking::try::do_call::he61b0a958b795a41
[INFO] [stdout]                                at /rustc/0e09125c6c3c2fd70d7de961bcf0e51575235fad/library/std/src/panicking.rs:552:40
[INFO] [stdout]   29:     0x55fc08ec9401 - std::panicking::try::h7309da130f906eb7
[INFO] [stdout]                                at /rustc/0e09125c6c3c2fd70d7de961bcf0e51575235fad/library/std/src/panicking.rs:516:19
[INFO] [stdout]   30:     0x55fc08ec9401 - std::panic::catch_unwind::hc5c3a06fdaf0a92a
[INFO] [stdout]                                at /rustc/0e09125c6c3c2fd70d7de961bcf0e51575235fad/library/std/src/panic.rs:142:14
[INFO] [stdout]   31:     0x55fc08ec9401 - test::run_test_in_process::h7e7b7c71c3324e0f
[INFO] [stdout]                                at /rustc/0e09125c6c3c2fd70d7de961bcf0e51575235fad/library/test/src/lib.rs:650:27
[INFO] [stdout]   32:     0x55fc08ec9401 - test::run_test::{{closure}}::h1f509f28f5cf20b1
[INFO] [stdout]                                at /rustc/0e09125c6c3c2fd70d7de961bcf0e51575235fad/library/test/src/lib.rs:573:43
[INFO] [stdout]   33:     0x55fc08e90736 - test::run_test::{{closure}}::h1754218abf443f6d
[INFO] [stdout]                                at /rustc/0e09125c6c3c2fd70d7de961bcf0e51575235fad/library/test/src/lib.rs:601:41
[INFO] [stdout]   34:     0x55fc08e90736 - std::sys_common::backtrace::__rust_begin_short_backtrace::h2ee174b9d5954948
[INFO] [stdout]                                at /rustc/0e09125c6c3c2fd70d7de961bcf0e51575235fad/library/std/src/sys_common/backtrace.rs:155:18
[INFO] [stdout]   35:     0x55fc08e95797 - std::thread::Builder::spawn_unchecked_::{{closure}}::{{closure}}::hf60bee9c1a17ef09
[INFO] [stdout]                                at /rustc/0e09125c6c3c2fd70d7de961bcf0e51575235fad/library/std/src/thread/mod.rs:529:17
[INFO] [stdout]   36:     0x55fc08e95797 - <core::panic::unwind_safe::AssertUnwindSafe<F> as core::ops::function::FnOnce<()>>::call_once::h33d0dddec5216160
[INFO] [stdout]                                at /rustc/0e09125c6c3c2fd70d7de961bcf0e51575235fad/library/core/src/panic/unwind_safe.rs:272:9
[INFO] [stdout]   37:     0x55fc08e95797 - std::panicking::try::do_call::h144b3048b546f835
[INFO] [stdout]                                at /rustc/0e09125c6c3c2fd70d7de961bcf0e51575235fad/library/std/src/panicking.rs:552:40
[INFO] [stdout]   38:     0x55fc08e95797 - std::panicking::try::h978244d04646189f
[INFO] [stdout]                                at /rustc/0e09125c6c3c2fd70d7de961bcf0e51575235fad/library/std/src/panicking.rs:516:19
[INFO] [stdout]   39:     0x55fc08e95797 - std::panic::catch_unwind::hdf436369d188fe86
[INFO] [stdout]                                at /rustc/0e09125c6c3c2fd70d7de961bcf0e51575235fad/library/std/src/panic.rs:142:14
[INFO] [stdout]   40:     0x55fc08e95797 - std::thread::Builder::spawn_unchecked_::{{closure}}::h87329cbdd33c79ec
[INFO] [stdout]                                at /rustc/0e09125c6c3c2fd70d7de961bcf0e51575235fad/library/std/src/thread/mod.rs:528:30
[INFO] [stdout]   41:     0x55fc08e95797 - core::ops::function::FnOnce::call_once{{vtable.shim}}::h401abbe67897d450
[INFO] [stdout]                                at /rustc/0e09125c6c3c2fd70d7de961bcf0e51575235fad/library/core/src/ops/function.rs:250:5
[INFO] [stdout]   42:     0x55fc090972f5 - <alloc::boxed::Box<F,A> as core::ops::function::FnOnce<Args>>::call_once::h5d7c8f150ab9c84c
[INFO] [stdout]                                at /rustc/0e09125c6c3c2fd70d7de961bcf0e51575235fad/library/alloc/src/boxed.rs:2015:9
[INFO] [stdout]   43:     0x55fc090972f5 - <alloc::boxed::Box<F,A> as core::ops::function::FnOnce<Args>>::call_once::h570d5b005c242c15
[INFO] [stdout]                                at /rustc/0e09125c6c3c2fd70d7de961bcf0e51575235fad/library/alloc/src/boxed.rs:2015:9
[INFO] [stdout]   44:     0x55fc090972f5 - std::sys::unix::thread::Thread::new::thread_start::h36b0a20c0b2361ad
[INFO] [stdout]                                at /rustc/0e09125c6c3c2fd70d7de961bcf0e51575235fad/library/std/src/sys/unix/thread.rs:108:17
[INFO] [stdout]   45:     0x7f0a23f9fac3 - <unknown>
[INFO] [stdout]   46:     0x7f0a24030bf4 - __clone
[INFO] [stdout]   47:                0x0 - <unknown>
[INFO] [stdout] 
[INFO] [stdout] ---- signer::keypair::tests::test_write_keypair_file stdout ----
[INFO] [stdout] thread 'signer::keypair::tests::test_write_keypair_file' panicked at src/signer/keypair.rs:239:80:
[INFO] [stdout] called `Result::unwrap()` on an `Err` value: Os { code: 30, kind: ReadOnlyFilesystem, message: "Read-only file system" }
[INFO] [stdout] stack backtrace:
[INFO] [stdout]    0:     0x55fc0908fd06 - std::backtrace_rs::backtrace::libunwind::trace::h261606ad26a499c1
[INFO] [stdout]                                at /rustc/0e09125c6c3c2fd70d7de961bcf0e51575235fad/library/std/src/../../backtrace/src/backtrace/libunwind.rs:104:5
[INFO] [stdout]    1:     0x55fc0908fd06 - std::backtrace_rs::backtrace::trace_unsynchronized::hd183f0625477fb28
[INFO] [stdout]                                at /rustc/0e09125c6c3c2fd70d7de961bcf0e51575235fad/library/std/src/../../backtrace/src/backtrace/mod.rs:66:5
[INFO] [stdout]    2:     0x55fc0908fd06 - std::sys_common::backtrace::_print_fmt::hd7f8fef21b4eda67
[INFO] [stdout]                                at /rustc/0e09125c6c3c2fd70d7de961bcf0e51575235fad/library/std/src/sys_common/backtrace.rs:68:5
[INFO] [stdout]    3:     0x55fc0908fd06 - <std::sys_common::backtrace::_print::DisplayBacktrace as core::fmt::Display>::fmt::h623d9b51f2f453f1
[INFO] [stdout]                                at /rustc/0e09125c6c3c2fd70d7de961bcf0e51575235fad/library/std/src/sys_common/backtrace.rs:44:22
[INFO] [stdout]    4:     0x55fc090baf20 - core::fmt::rt::Argument::fmt::h9f417ac76a86f368
[INFO] [stdout]                                at /rustc/0e09125c6c3c2fd70d7de961bcf0e51575235fad/library/core/src/fmt/rt.rs:142:9
[INFO] [stdout]    5:     0x55fc090baf20 - core::fmt::write::hc9b6faf4ac2aeff7
[INFO] [stdout]                                at /rustc/0e09125c6c3c2fd70d7de961bcf0e51575235fad/library/core/src/fmt/mod.rs:1120:17
[INFO] [stdout]    6:     0x55fc0908d50f - std::io::Write::write_fmt::he04625a3a989fec3
[INFO] [stdout]                                at /rustc/0e09125c6c3c2fd70d7de961bcf0e51575235fad/library/std/src/io/mod.rs:1810:15
[INFO] [stdout]    7:     0x55fc0908fae4 - std::sys_common::backtrace::_print::hd5d66399c7df88a2
[INFO] [stdout]                                at /rustc/0e09125c6c3c2fd70d7de961bcf0e51575235fad/library/std/src/sys_common/backtrace.rs:47:5
[INFO] [stdout]    8:     0x55fc0908fae4 - std::sys_common::backtrace::print::he81ed2da642d37e5
[INFO] [stdout]                                at /rustc/0e09125c6c3c2fd70d7de961bcf0e51575235fad/library/std/src/sys_common/backtrace.rs:34:9
[INFO] [stdout]    9:     0x55fc09091857 - std::panicking::default_hook::{{closure}}::h85773f4fa117163d
[INFO] [stdout]   10:     0x55fc0909153d - std::panicking::default_hook::h6a1694a91d09b278
[INFO] [stdout]                                at /rustc/0e09125c6c3c2fd70d7de961bcf0e51575235fad/library/std/src/panicking.rs:289:9
[INFO] [stdout]   11:     0x55fc08ec4da7 - <alloc::boxed::Box<F,A> as core::ops::function::Fn<Args>>::call::h616ac37fa3cd6c8f
[INFO] [stdout]                                at /rustc/0e09125c6c3c2fd70d7de961bcf0e51575235fad/library/alloc/src/boxed.rs:2029:9
[INFO] [stdout]   12:     0x55fc08ec4da7 - test::test_main::{{closure}}::h00d84697cefdcbb6
[INFO] [stdout]                                at /rustc/0e09125c6c3c2fd70d7de961bcf0e51575235fad/library/test/src/lib.rs:138:21
[INFO] [stdout]   13:     0x55fc09091e76 - <alloc::boxed::Box<F,A> as core::ops::function::Fn<Args>>::call::hcb3fe3b9bb537ba8
[INFO] [stdout]                                at /rustc/0e09125c6c3c2fd70d7de961bcf0e51575235fad/library/alloc/src/boxed.rs:2029:9
[INFO] [stdout]   14:     0x55fc09091e76 - std::panicking::rust_panic_with_hook::h0a7ad96e90f7145b
[INFO] [stdout]                                at /rustc/0e09125c6c3c2fd70d7de961bcf0e51575235fad/library/std/src/panicking.rs:783:13
[INFO] [stdout]   15:     0x55fc09091bc2 - std::panicking::begin_panic_handler::{{closure}}::h7919090525c6485e
[INFO] [stdout]                                at /rustc/0e09125c6c3c2fd70d7de961bcf0e51575235fad/library/std/src/panicking.rs:657:13
[INFO] [stdout]   16:     0x55fc09090206 - std::sys_common::backtrace::__rust_end_short_backtrace::hf3289479464f7dfe
[INFO] [stdout]                                at /rustc/0e09125c6c3c2fd70d7de961bcf0e51575235fad/library/std/src/sys_common/backtrace.rs:171:18
[INFO] [stdout]   17:     0x55fc09091920 - rust_begin_unwind
[INFO] [stdout]                                at /rustc/0e09125c6c3c2fd70d7de961bcf0e51575235fad/library/std/src/panicking.rs:645:5
[INFO] [stdout]   18:     0x55fc08a97615 - core::panicking::panic_fmt::hcc9f77c5c132af55
[INFO] [stdout]                                at /rustc/0e09125c6c3c2fd70d7de961bcf0e51575235fad/library/core/src/panicking.rs:72:14
[INFO] [stdout]   19:     0x55fc08a97bf3 - core::result::unwrap_failed::hbe14f498be1452f9
[INFO] [stdout]                                at /rustc/0e09125c6c3c2fd70d7de961bcf0e51575235fad/library/core/src/result.rs:1649:5
[INFO] [stdout]   20:     0x55fc08ab4e6d - core::result::Result<T,E>::unwrap::h443320af3a3144d9
[INFO] [stdout]                                at /rustc/0e09125c6c3c2fd70d7de961bcf0e51575235fad/library/core/src/result.rs:1073:23
[INFO] [stdout]   21:     0x55fc08b86c9b - solomka_sdk::signer::keypair::tests::test_write_keypair_file::he46ec212745c203d
[INFO] [stdout]                                at /opt/rustwide/workdir/src/signer/keypair.rs:239:34
[INFO] [stdout]   22:     0x55fc08b86bc7 - solomka_sdk::signer::keypair::tests::test_write_keypair_file::{{closure}}::h5dbc39c5f3249106
[INFO] [stdout]                                at /opt/rustwide/workdir/src/signer/keypair.rs:237:33
[INFO] [stdout]   23:     0x55fc08b022f6 - core::ops::function::FnOnce::call_once::hd9b02ff4e0b4a313
[INFO] [stdout]                                at /rustc/0e09125c6c3c2fd70d7de961bcf0e51575235fad/library/core/src/ops/function.rs:250:5
[INFO] [stdout]   24:     0x55fc08eca67f - core::ops::function::FnOnce::call_once::hd64d26f405258157
[INFO] [stdout]                                at /rustc/0e09125c6c3c2fd70d7de961bcf0e51575235fad/library/core/src/ops/function.rs:250:5
[INFO] [stdout]   25:     0x55fc08eca67f - test::__rust_begin_short_backtrace::he21b0b7a6d731bf9
[INFO] [stdout]                                at /rustc/0e09125c6c3c2fd70d7de961bcf0e51575235fad/library/test/src/lib.rs:627:18
[INFO] [stdout]   26:     0x55fc08ec9401 - test::run_test_in_process::{{closure}}::hf5c73986d7bdfde2
[INFO] [stdout]                                at /rustc/0e09125c6c3c2fd70d7de961bcf0e51575235fad/library/test/src/lib.rs:650:60
[INFO] [stdout]   27:     0x55fc08ec9401 - <core::panic::unwind_safe::AssertUnwindSafe<F> as core::ops::function::FnOnce<()>>::call_once::h330011ad032aadc0
[INFO] [stdout]                                at /rustc/0e09125c6c3c2fd70d7de961bcf0e51575235fad/library/core/src/panic/unwind_safe.rs:272:9
[INFO] [stdout]   28:     0x55fc08ec9401 - std::panicking::try::do_call::he61b0a958b795a41
[INFO] [stdout]                                at /rustc/0e09125c6c3c2fd70d7de961bcf0e51575235fad/library/std/src/panicking.rs:552:40
[INFO] [stdout]   29:     0x55fc08ec9401 - std::panicking::try::h7309da130f906eb7
[INFO] [stdout]                                at /rustc/0e09125c6c3c2fd70d7de961bcf0e51575235fad/library/std/src/panicking.rs:516:19
[INFO] [stdout]   30:     0x55fc08ec9401 - std::panic::catch_unwind::hc5c3a06fdaf0a92a
[INFO] [stdout]                                at /rustc/0e09125c6c3c2fd70d7de961bcf0e51575235fad/library/std/src/panic.rs:142:14
[INFO] [stdout]   31:     0x55fc08ec9401 - test::run_test_in_process::h7e7b7c71c3324e0f
[INFO] [stdout]                                at /rustc/0e09125c6c3c2fd70d7de961bcf0e51575235fad/library/test/src/lib.rs:650:27
[INFO] [stdout]   32:     0x55fc08ec9401 - test::run_test::{{closure}}::h1f509f28f5cf20b1
[INFO] [stdout]                                at /rustc/0e09125c6c3c2fd70d7de961bcf0e51575235fad/library/test/src/lib.rs:573:43
[INFO] [stdout]   33:     0x55fc08e90736 - test::run_test::{{closure}}::h1754218abf443f6d
[INFO] [stdout]                                at /rustc/0e09125c6c3c2fd70d7de961bcf0e51575235fad/library/test/src/lib.rs:601:41
[INFO] [stdout]   34:     0x55fc08e90736 - std::sys_common::backtrace::__rust_begin_short_backtrace::h2ee174b9d5954948
[INFO] [stdout]                                at /rustc/0e09125c6c3c2fd70d7de961bcf0e51575235fad/library/std/src/sys_common/backtrace.rs:155:18
[INFO] [stdout]   35:     0x55fc08e95797 - std::thread::Builder::spawn_unchecked_::{{closure}}::{{closure}}::hf60bee9c1a17ef09
[INFO] [stdout]                                at /rustc/0e09125c6c3c2fd70d7de961bcf0e51575235fad/library/std/src/thread/mod.rs:529:17
[INFO] [stdout]   36:     0x55fc08e95797 - <core::panic::unwind_safe::AssertUnwindSafe<F> as core::ops::function::FnOnce<()>>::call_once::h33d0dddec5216160
[INFO] [stdout]                                at /rustc/0e09125c6c3c2fd70d7de961bcf0e51575235fad/library/core/src/panic/unwind_safe.rs:272:9
[INFO] [stdout]   37:     0x55fc08e95797 - std::panicking::try::do_call::h144b3048b546f835
[INFO] [stdout]                                at /rustc/0e09125c6c3c2fd70d7de961bcf0e51575235fad/library/std/src/panicking.rs:552:40
[INFO] [stdout]   38:     0x55fc08e95797 - std::panicking::try::h978244d04646189f
[INFO] [stdout]                                at /rustc/0e09125c6c3c2fd70d7de961bcf0e51575235fad/library/std/src/panicking.rs:516:19
[INFO] [stdout]   39:     0x55fc08e95797 - std::panic::catch_unwind::hdf436369d188fe86
[INFO] [stdout]                                at /rustc/0e09125c6c3c2fd70d7de961bcf0e51575235fad/library/std/src/panic.rs:142:14
[INFO] [stdout]   40:     0x55fc08e95797 - std::thread::Builder::spawn_unchecked_::{{closure}}::h87329cbdd33c79ec
[INFO] [stdout]                                at /rustc/0e09125c6c3c2fd70d7de961bcf0e51575235fad/library/std/src/thread/mod.rs:528:30
[INFO] [stdout]   41:     0x55fc08e95797 - core::ops::function::FnOnce::call_once{{vtable.shim}}::h401abbe67897d450
[INFO] [stdout]                                at /rustc/0e09125c6c3c2fd70d7de961bcf0e51575235fad/library/core/src/ops/function.rs:250:5
[INFO] [stdout]   42:     0x55fc090972f5 - <alloc::boxed::Box<F,A> as core::ops::function::FnOnce<Args>>::call_once::h5d7c8f150ab9c84c
[INFO] [stdout]                                at /rustc/0e09125c6c3c2fd70d7de961bcf0e51575235fad/library/alloc/src/boxed.rs:2015:9
[INFO] [stdout]   43:     0x55fc090972f5 - <alloc::boxed::Box<F,A> as core::ops::function::FnOnce<Args>>::call_once::h570d5b005c242c15
[INFO] [stdout]                                at /rustc/0e09125c6c3c2fd70d7de961bcf0e51575235fad/library/alloc/src/boxed.rs:2015:9
[INFO] [stdout]   44:     0x55fc090972f5 - std::sys::unix::thread::Thread::new::thread_start::h36b0a20c0b2361ad
[INFO] [stdout]                                at /rustc/0e09125c6c3c2fd70d7de961bcf0e51575235fad/library/std/src/sys/unix/thread.rs:108:17
[INFO] [stdout]   45:     0x7f0a23f9fac3 - <unknown>
[INFO] [stdout]   46:     0x7f0a24030bf4 - __clone
[INFO] [stdout]   47:                0x0 - <unknown>
[INFO] [stdout] 
[INFO] [stdout] ---- signer::keypair::tests::test_write_keypair_file_truncate stdout ----
[INFO] [stdout] thread 'signer::keypair::tests::test_write_keypair_file_truncate' panicked at src/signer/keypair.rs:282:55:
[INFO] [stdout] called `Result::unwrap()` on an `Err` value: Os { code: 30, kind: ReadOnlyFilesystem, message: "Read-only file system" }
[INFO] [stdout] stack backtrace:
[INFO] [stdout]    0:     0x55fc0908fd06 - std::backtrace_rs::backtrace::libunwind::trace::h261606ad26a499c1
[INFO] [stdout]                                at /rustc/0e09125c6c3c2fd70d7de961bcf0e51575235fad/library/std/src/../../backtrace/src/backtrace/libunwind.rs:104:5
[INFO] [stdout]    1:     0x55fc0908fd06 - std::backtrace_rs::backtrace::trace_unsynchronized::hd183f0625477fb28
[INFO] [stdout]                                at /rustc/0e09125c6c3c2fd70d7de961bcf0e51575235fad/library/std/src/../../backtrace/src/backtrace/mod.rs:66:5
[INFO] [stdout]    2:     0x55fc0908fd06 - std::sys_common::backtrace::_print_fmt::hd7f8fef21b4eda67
[INFO] [stdout]                                at /rustc/0e09125c6c3c2fd70d7de961bcf0e51575235fad/library/std/src/sys_common/backtrace.rs:68:5
[INFO] [stdout]    3:     0x55fc0908fd06 - <std::sys_common::backtrace::_print::DisplayBacktrace as core::fmt::Display>::fmt::h623d9b51f2f453f1
[INFO] [stdout]                                at /rustc/0e09125c6c3c2fd70d7de961bcf0e51575235fad/library/std/src/sys_common/backtrace.rs:44:22
[INFO] [stdout]    4:     0x55fc090baf20 - core::fmt::rt::Argument::fmt::h9f417ac76a86f368
[INFO] [stdout]                                at /rustc/0e09125c6c3c2fd70d7de961bcf0e51575235fad/library/core/src/fmt/rt.rs:142:9
[INFO] [stdout]    5:     0x55fc090baf20 - core::fmt::write::hc9b6faf4ac2aeff7
[INFO] [stdout]                                at /rustc/0e09125c6c3c2fd70d7de961bcf0e51575235fad/library/core/src/fmt/mod.rs:1120:17
[INFO] [stdout]    6:     0x55fc0908d50f - std::io::Write::write_fmt::he04625a3a989fec3
[INFO] [stdout]                                at /rustc/0e09125c6c3c2fd70d7de961bcf0e51575235fad/library/std/src/io/mod.rs:1810:15
[INFO] [stdout]    7:     0x55fc0908fae4 - std::sys_common::backtrace::_print::hd5d66399c7df88a2
[INFO] [stdout]                                at /rustc/0e09125c6c3c2fd70d7de961bcf0e51575235fad/library/std/src/sys_common/backtrace.rs:47:5
[INFO] [stdout]    8:     0x55fc0908fae4 - std::sys_common::backtrace::print::he81ed2da642d37e5
[INFO] [stdout]                                at /rustc/0e09125c6c3c2fd70d7de961bcf0e51575235fad/library/std/src/sys_common/backtrace.rs:34:9
[INFO] [stdout]    9:     0x55fc09091857 - std::panicking::default_hook::{{closure}}::h85773f4fa117163d
[INFO] [stdout]   10:     0x55fc0909153d - std::panicking::default_hook::h6a1694a91d09b278
[INFO] [stdout]                                at /rustc/0e09125c6c3c2fd70d7de961bcf0e51575235fad/library/std/src/panicking.rs:289:9
[INFO] [stdout]   11:     0x55fc08ec4da7 - <alloc::boxed::Box<F,A> as core::ops::function::Fn<Args>>::call::h616ac37fa3cd6c8f
[INFO] [stdout]                                at /rustc/0e09125c6c3c2fd70d7de961bcf0e51575235fad/library/alloc/src/boxed.rs:2029:9
[INFO] [stdout]   12:     0x55fc08ec4da7 - test::test_main::{{closure}}::h00d84697cefdcbb6
[INFO] [stdout]                                at /rustc/0e09125c6c3c2fd70d7de961bcf0e51575235fad/library/test/src/lib.rs:138:21
[INFO] [stdout]   13:     0x55fc09091e76 - <alloc::boxed::Box<F,A> as core::ops::function::Fn<Args>>::call::hcb3fe3b9bb537ba8
[INFO] [stdout]                                at /rustc/0e09125c6c3c2fd70d7de961bcf0e51575235fad/library/alloc/src/boxed.rs:2029:9
[INFO] [stdout]   14:     0x55fc09091e76 - std::panicking::rust_panic_with_hook::h0a7ad96e90f7145b
[INFO] [stdout]                                at /rustc/0e09125c6c3c2fd70d7de961bcf0e51575235fad/library/std/src/panicking.rs:783:13
[INFO] [stdout]   15:     0x55fc09091bc2 - std::panicking::begin_panic_handler::{{closure}}::h7919090525c6485e
[INFO] [stdout]                                at /rustc/0e09125c6c3c2fd70d7de961bcf0e51575235fad/library/std/src/panicking.rs:657:13
[INFO] [stdout]   16:     0x55fc09090206 - std::sys_common::backtrace::__rust_end_short_backtrace::hf3289479464f7dfe
[INFO] [stdout]                                at /rustc/0e09125c6c3c2fd70d7de961bcf0e51575235fad/library/std/src/sys_common/backtrace.rs:171:18
[INFO] [stdout]   17:     0x55fc09091920 - rust_begin_unwind
[INFO] [stdout]                                at /rustc/0e09125c6c3c2fd70d7de961bcf0e51575235fad/library/std/src/panicking.rs:645:5
[INFO] [stdout]   18:     0x55fc08a97615 - core::panicking::panic_fmt::hcc9f77c5c132af55
[INFO] [stdout]                                at /rustc/0e09125c6c3c2fd70d7de961bcf0e51575235fad/library/core/src/panicking.rs:72:14
[INFO] [stdout]   19:     0x55fc08a97bf3 - core::result::unwrap_failed::hbe14f498be1452f9
[INFO] [stdout]                                at /rustc/0e09125c6c3c2fd70d7de961bcf0e51575235fad/library/core/src/result.rs:1649:5
[INFO] [stdout]   20:     0x55fc08ab4e6d - core::result::Result<T,E>::unwrap::h443320af3a3144d9
[INFO] [stdout]                                at /rustc/0e09125c6c3c2fd70d7de961bcf0e51575235fad/library/core/src/result.rs:1073:23
[INFO] [stdout]   21:     0x55fc08b87570 - solomka_sdk::signer::keypair::tests::test_write_keypair_file_truncate::he775620bfb2578a9
[INFO] [stdout]                                at /opt/rustwide/workdir/src/signer/keypair.rs:282:9
[INFO] [stdout]   22:     0x55fc08b874b7 - solomka_sdk::signer::keypair::tests::test_write_keypair_file_truncate::{{closure}}::h26f039d539aa2743
[INFO] [stdout]                                at /opt/rustwide/workdir/src/signer/keypair.rs:279:42
[INFO] [stdout]   23:     0x55fc08afb866 - core::ops::function::FnOnce::call_once::h3d698c147364ed59
[INFO] [stdout]                                at /rustc/0e09125c6c3c2fd70d7de961bcf0e51575235fad/library/core/src/ops/function.rs:250:5
[INFO] [stdout]   24:     0x55fc08eca67f - core::ops::function::FnOnce::call_once::hd64d26f405258157
[INFO] [stdout]                                at /rustc/0e09125c6c3c2fd70d7de961bcf0e51575235fad/library/core/src/ops/function.rs:250:5
[INFO] [stdout]   25:     0x55fc08eca67f - test::__rust_begin_short_backtrace::he21b0b7a6d731bf9
[INFO] [stdout]                                at /rustc/0e09125c6c3c2fd70d7de961bcf0e51575235fad/library/test/src/lib.rs:627:18
[INFO] [stdout]   26:     0x55fc08ec9401 - test::run_test_in_process::{{closure}}::hf5c73986d7bdfde2
[INFO] [stdout]                                at /rustc/0e09125c6c3c2fd70d7de961bcf0e51575235fad/library/test/src/lib.rs:650:60
[INFO] [stdout]   27:     0x55fc08ec9401 - <core::panic::unwind_safe::AssertUnwindSafe<F> as core::ops::function::FnOnce<()>>::call_once::h330011ad032aadc0
[INFO] [stdout]                                at /rustc/0e09125c6c3c2fd70d7de961bcf0e51575235fad/library/core/src/panic/unwind_safe.rs:272:9
[INFO] [stdout]   28:     0x55fc08ec9401 - std::panicking::try::do_call::he61b0a958b795a41
[INFO] [stdout]                                at /rustc/0e09125c6c3c2fd70d7de961bcf0e51575235fad/library/std/src/panicking.rs:552:40
[INFO] [stdout]   29:     0x55fc08ec9401 - std::panicking::try::h7309da130f906eb7
[INFO] [stdout]                                at /rustc/0e09125c6c3c2fd70d7de961bcf0e51575235fad/library/std/src/panicking.rs:516:19
[INFO] [stdout]   30:     0x55fc08ec9401 - std::panic::catch_unwind::hc5c3a06fdaf0a92a
[INFO] [stdout]                                at /rustc/0e09125c6c3c2fd70d7de961bcf0e51575235fad/library/std/src/panic.rs:142:14
[INFO] [stdout]   31:     0x55fc08ec9401 - test::run_test_in_process::h7e7b7c71c3324e0f
[INFO] [stdout]                                at /rustc/0e09125c6c3c2fd70d7de961bcf0e51575235fad/library/test/src/lib.rs:650:27
[INFO] [stdout]   32:     0x55fc08ec9401 - test::run_test::{{closure}}::h1f509f28f5cf20b1
[INFO] [stdout]                                at /rustc/0e09125c6c3c2fd70d7de961bcf0e51575235fad/library/test/src/lib.rs:573:43
[INFO] [stdout]   33:     0x55fc08e90736 - test::run_test::{{closure}}::h1754218abf443f6d
[INFO] [stdout]                                at /rustc/0e09125c6c3c2fd70d7de961bcf0e51575235fad/library/test/src/lib.rs:601:41
[INFO] [stdout]   34:     0x55fc08e90736 - std::sys_common::backtrace::__rust_begin_short_backtrace::h2ee174b9d5954948
[INFO] [stdout]                                at /rustc/0e09125c6c3c2fd70d7de961bcf0e51575235fad/library/std/src/sys_common/backtrace.rs:155:18
[INFO] [stdout]   35:     0x55fc08e95797 - std::thread::Builder::spawn_unchecked_::{{closure}}::{{closure}}::hf60bee9c1a17ef09
[INFO] [stdout]                                at /rustc/0e09125c6c3c2fd70d7de961bcf0e51575235fad/library/std/src/thread/mod.rs:529:17
[INFO] [stdout]   36:     0x55fc08e95797 - <core::panic::unwind_safe::AssertUnwindSafe<F> as core::ops::function::FnOnce<()>>::call_once::h33d0dddec5216160
[INFO] [stdout]                                at /rustc/0e09125c6c3c2fd70d7de961bcf0e51575235fad/library/core/src/panic/unwind_safe.rs:272:9
[INFO] [stdout]   37:     0x55fc08e95797 - std::panicking::try::do_call::h144b3048b546f835
[INFO] [stdout]                                at /rustc/0e09125c6c3c2fd70d7de961bcf0e51575235fad/library/std/src/panicking.rs:552:40
[INFO] [stdout]   38:     0x55fc08e95797 - std::panicking::try::h978244d04646189f
[INFO] [stdout]                                at /rustc/0e09125c6c3c2fd70d7de961bcf0e51575235fad/library/std/src/panicking.rs:516:19
[INFO] [stdout]   39:     0x55fc08e95797 - std::panic::catch_unwind::hdf436369d188fe86
[INFO] [stdout]                                at /rustc/0e09125c6c3c2fd70d7de961bcf0e51575235fad/library/std/src/panic.rs:142:14
[INFO] [stdout]   40:     0x55fc08e95797 - std::thread::Builder::spawn_unchecked_::{{closure}}::h87329cbdd33c79ec
[INFO] [stdout]                                at /rustc/0e09125c6c3c2fd70d7de961bcf0e51575235fad/library/std/src/thread/mod.rs:528:30
[INFO] [stdout]   41:     0x55fc08e95797 - core::ops::function::FnOnce::call_once{{vtable.shim}}::h401abbe67897d450
[INFO] [stdout]                                at /rustc/0e09125c6c3c2fd70d7de961bcf0e51575235fad/library/core/src/ops/function.rs:250:5
[INFO] [stdout]   42:     0x55fc090972f5 - <alloc::boxed::Box<F,A> as core::ops::function::FnOnce<Args>>::call_once::h5d7c8f150ab9c84c
[INFO] [stdout]                                at /rustc/0e09125c6c3c2fd70d7de961bcf0e51575235fad/library/alloc/src/boxed.rs:2015:9
[INFO] [stdout]   43:     0x55fc090972f5 - <alloc::boxed::Box<F,A> as core::ops::function::FnOnce<Args>>::call_once::h570d5b005c242c15
[INFO] [stdout]                                at /rustc/0e09125c6c3c2fd70d7de961bcf0e51575235fad/library/alloc/src/boxed.rs:2015:9
[INFO] [stdout]   44:     0x55fc090972f5 - std::sys::unix::thread::Thread::new::thread_start::h36b0a20c0b2361ad
[INFO] [stdout]                                at /rustc/0e09125c6c3c2fd70d7de961bcf0e51575235fad/library/std/src/sys/unix/thread.rs:108:17
[INFO] [stdout]   45:     0x7f0a23f9fac3 - <unknown>
[INFO] [stdout]   46:     0x7f0a24030bf4 - __clone
[INFO] [stdout]   47:                0x0 - <unknown>
[INFO] [stdout] 
[INFO] [stdout] 
[INFO] [stdout] failures:
[INFO] [stdout]     genesis_config::tests::test_genesis_config
[INFO] [stdout]     pubkey::tests::test_read_write_pubkey
[INFO] [stdout]     signer::keypair::tests::test_write_keypair_file
[INFO] [stdout]     signer::keypair::tests::test_write_keypair_file_overwrite_ok
[INFO] [stdout]     signer::keypair::tests::test_write_keypair_file_truncate
[INFO] [stdout] 
[INFO] [stdout] test result: FAILED. 228 passed; 5 failed; 0 ignored; 0 measured; 0 filtered out; finished in 0.64s
[INFO] [stdout] 
[INFO] [stderr] error: test failed, to rerun pass `--lib`
[INFO] running `Command { std: "docker" "inspect" "7531de34e05a40a789f30df5549beef60575debcc0fc90b4111ed8a0e7b9b823", kill_on_drop: false }`
[INFO] running `Command { std: "docker" "rm" "-f" "7531de34e05a40a789f30df5549beef60575debcc0fc90b4111ed8a0e7b9b823", kill_on_drop: false }`
[INFO] [stdout] 7531de34e05a40a789f30df5549beef60575debcc0fc90b4111ed8a0e7b9b823
