[INFO] fetching crate solana_libra_vm_genesis 0.0.1-sol5...
[INFO] testing solana_libra_vm_genesis-0.0.1-sol5 against 1.75.0 for beta-1.76-1
[INFO] extracting crate solana_libra_vm_genesis 0.0.1-sol5 into /workspace/builds/worker-5-tc1/source
[INFO] validating manifest of crates.io crate solana_libra_vm_genesis 0.0.1-sol5 on toolchain 1.75.0
[INFO] running `Command { std: CARGO_HOME="/workspace/cargo-home" RUSTUP_HOME="/workspace/rustup-home" "/workspace/cargo-home/bin/cargo" "+1.75.0" "metadata" "--manifest-path" "Cargo.toml" "--no-deps", kill_on_drop: false }`
[INFO] started tweaking crates.io crate solana_libra_vm_genesis 0.0.1-sol5
[INFO] finished tweaking crates.io crate solana_libra_vm_genesis 0.0.1-sol5
[INFO] tweaked toml for crates.io crate solana_libra_vm_genesis 0.0.1-sol5 written to /workspace/builds/worker-5-tc1/source/Cargo.toml
[INFO] crate crates.io crate solana_libra_vm_genesis 0.0.1-sol5 already has a lockfile, it will not be regenerated
[INFO] running `Command { std: CARGO_HOME="/workspace/cargo-home" RUSTUP_HOME="/workspace/rustup-home" "/workspace/cargo-home/bin/cargo" "+1.75.0" "fetch" "--manifest-path" "Cargo.toml", kill_on_drop: false }`
[INFO] [stderr]     Blocking waiting for file lock on package cache
[INFO] [stderr]     Updating crates.io index
[INFO] [stderr]     Blocking waiting for file lock on package cache
[INFO] [stderr]  Downloading crates ...
[INFO] [stderr]   Downloaded solana_libra_types v0.0.1-sol5
[INFO] [stderr]   Downloaded solana_libra_proptest_helpers v0.0.1-sol5
[INFO] [stderr]   Downloaded solana_libra_tools v0.0.1-sol5
[INFO] [stderr]   Downloaded solana_libra_failure_ext v0.0.1-sol5
[INFO] [stderr]   Downloaded parity-multiaddr v0.5.0
[INFO] [stderr]   Downloaded prost-derive v0.5.0
[INFO] [stderr]   Downloaded unsigned-varint v0.2.3
[INFO] [stderr]   Downloaded slog-term v2.5.0
[INFO] [stderr]   Downloaded x25519-dalek v0.6.0
[INFO] [stderr]   Downloaded mach_o_sys v0.1.1
[INFO] [stderr]   Downloaded curve25519-dalek v2.0.0
[INFO] [stderr]   Downloaded pairing v0.14.2
[INFO] [stderr]   Downloaded curve25519-dalek v1.2.3
[INFO] [stderr]   Downloaded proptest-derive v0.1.2
[INFO] [stderr]   Downloaded prost-build v0.5.0
[INFO] [stderr]   Downloaded ascii-canvas v2.0.0
[INFO] [stderr]   Downloaded slog-scope v4.3.0
[INFO] [stderr]   Downloaded ed25519-dalek v1.0.0-pre.3
[INFO] [stderr]   Downloaded ena v0.13.1
[INFO] [stderr]   Downloaded solana_libra_config v0.0.1-sol5
[INFO] [stderr]   Downloaded memsec v0.5.7
[INFO] [stderr]   Downloaded bit-vec v0.6.1
[INFO] [stderr]   Downloaded parity-multihash v0.1.3
[INFO] [stderr]   Downloaded sha2 v0.8.1
[INFO] [stderr]   Downloaded threshold_crypto v0.3.2
[INFO] [stderr]   Downloaded chashmap v2.2.2
[INFO] [stderr]   Downloaded prost v0.5.0
[INFO] [stderr]   Downloaded rand04 v0.1.1
[INFO] [stderr]   Downloaded solana_libra_logger v0.0.1-sol5
[INFO] [stderr]   Downloaded lalrpop-util v0.17.2
[INFO] [stderr]   Downloaded solana_libra_nibble v0.0.1-sol5
[INFO] [stderr]   Downloaded clear_on_drop v0.2.3
[INFO] [stderr]   Downloaded solana_libra_crypto-derive v0.0.1-sol5
[INFO] [stderr]   Downloaded solana_libra_state_view v0.0.1-sol5
[INFO] [stderr]   Downloaded solana_libra_canonical_serialization v0.0.1-sol5
[INFO] [stderr]   Downloaded rand04_compat v0.1.1
[INFO] [stderr]   Downloaded prometheus v0.7.0
[INFO] [stderr]   Downloaded solana_libra_transaction_builder v0.0.1-sol5
[INFO] [stderr]   Downloaded slog-async v2.5.0
[INFO] [stderr]   Downloaded solana_libra_metrics v0.0.1-sol5
[INFO] [stderr]   Downloaded solana_libra_crypto v0.0.1-sol5
[INFO] [stderr]   Downloaded zeroize_derive v1.0.0
[INFO] [stderr]   Downloaded rental v0.5.5
[INFO] [stderr]   Downloaded solana_libra_vm_cache_map v0.0.1-sol5
[INFO] [stderr]   Downloaded solana_libra_prost_ext v0.0.1-sol5
[INFO] [stderr]   Downloaded bech32 v0.6.0
[INFO] [stderr]   Downloaded solana_libra_stdlib v0.0.1-sol5
[INFO] [stderr]   Downloaded mirai-annotations v1.7.0
[INFO] [stderr]   Downloaded proc-macro-crate v0.1.4
[INFO] [stderr]   Downloaded solana_libra_failure_macros v0.0.1-sol5
[INFO] [stderr]   Downloaded solana_libra_ir_to_bytecode_syntax v0.0.1-sol5
[INFO] [stderr]   Downloaded prost-types v0.5.0
[INFO] [stderr]   Downloaded solana_libra_ir_to_bytecode v0.0.1-sol5
[INFO] [stderr]   Downloaded slog-stdlog v4.0.0
[INFO] [stderr]   Downloaded codespan-reporting v0.2.1
[INFO] [stderr]   Downloaded errno v0.2.5
[INFO] [stderr]   Downloaded multimap v0.4.0
[INFO] [stderr]   Downloaded codespan v0.2.1
[INFO] [stderr]   Downloaded slog v2.5.2
[INFO] [stderr]   Downloaded solana_libra_vm_runtime_types v0.0.1-sol5
[INFO] [stderr]   Downloaded solana_libra_bytecode_verifier v0.0.1-sol5
[INFO] [stderr]   Downloaded arc-swap v0.4.6
[INFO] [stderr]   Downloaded solana_libra_vm_runtime v0.0.1-sol5
[INFO] [stderr]   Downloaded solana_libra_vm v0.0.1-sol5
[INFO] [stderr]   Downloaded lalrpop v0.17.2
[INFO] running `Command { std: "docker" "create" "-v" "/var/lib/crater-agent-workspace/builds/worker-5-tc1/target:/opt/rustwide/target:rw,Z" "-v" "/var/lib/crater-agent-workspace/builds/worker-5-tc1/source:/opt/rustwide/workdir:ro,Z" "-v" "/var/lib/crater-agent-workspace/cargo-home:/opt/rustwide/cargo-home:ro,Z" "-v" "/var/lib/crater-agent-workspace/rustup-home:/opt/rustwide/rustup-home:ro,Z" "-e" "SOURCE_DIR=/opt/rustwide/workdir" "-e" "CARGO_TARGET_DIR=/opt/rustwide/target" "-e" "CARGO_HOME=/opt/rustwide/cargo-home" "-e" "RUSTUP_HOME=/opt/rustwide/rustup-home" "-w" "/opt/rustwide/workdir" "-m" "1610612736" "--user" "0:0" "--network" "none" "ghcr.io/rust-lang/crates-build-env/linux@sha256:2788e3201cd34a07e3172128adcd8b3090168a8e3bcc40d7c032b9dda1df7d1c" "/opt/rustwide/cargo-home/bin/cargo" "+1.75.0" "metadata" "--no-deps" "--format-version=1", kill_on_drop: false }`
[INFO] [stdout] 45064a52bec1eba78fe35a101d4793141b916707d8f65d5d7fb37dc32bda6c65
[INFO] running `Command { std: "docker" "start" "-a" "45064a52bec1eba78fe35a101d4793141b916707d8f65d5d7fb37dc32bda6c65", kill_on_drop: false }`
[INFO] running `Command { std: "docker" "inspect" "45064a52bec1eba78fe35a101d4793141b916707d8f65d5d7fb37dc32bda6c65", kill_on_drop: false }`
[INFO] running `Command { std: "docker" "rm" "-f" "45064a52bec1eba78fe35a101d4793141b916707d8f65d5d7fb37dc32bda6c65", kill_on_drop: false }`
[INFO] [stdout] 45064a52bec1eba78fe35a101d4793141b916707d8f65d5d7fb37dc32bda6c65
[INFO] running `Command { std: "docker" "create" "-v" "/var/lib/crater-agent-workspace/builds/worker-5-tc1/target:/opt/rustwide/target:rw,Z" "-v" "/var/lib/crater-agent-workspace/builds/worker-5-tc1/source:/opt/rustwide/workdir:ro,Z" "-v" "/var/lib/crater-agent-workspace/cargo-home:/opt/rustwide/cargo-home:ro,Z" "-v" "/var/lib/crater-agent-workspace/rustup-home:/opt/rustwide/rustup-home:ro,Z" "-e" "SOURCE_DIR=/opt/rustwide/workdir" "-e" "CARGO_TARGET_DIR=/opt/rustwide/target" "-e" "CARGO_INCREMENTAL=0" "-e" "RUST_BACKTRACE=full" "-e" "RUSTFLAGS=--cap-lints=warn" "-e" "RUSTDOCFLAGS=--cap-lints=warn" "-e" "CARGO_HOME=/opt/rustwide/cargo-home" "-e" "RUSTUP_HOME=/opt/rustwide/rustup-home" "-w" "/opt/rustwide/workdir" "-m" "1610612736" "--user" "0:0" "--network" "none" "ghcr.io/rust-lang/crates-build-env/linux@sha256:2788e3201cd34a07e3172128adcd8b3090168a8e3bcc40d7c032b9dda1df7d1c" "/opt/rustwide/cargo-home/bin/cargo" "+1.75.0" "build" "--frozen" "--message-format=json", kill_on_drop: false }`
[INFO] [stdout] 8a87ddba94b12ad9acd54231b31bab37c5b3d2a1952ece2ecd10f6ab266554c6
[INFO] running `Command { std: "docker" "start" "-a" "8a87ddba94b12ad9acd54231b31bab37c5b3d2a1952ece2ecd10f6ab266554c6", kill_on_drop: false }`
[INFO] [stderr]    Compiling libc v0.2.69
[INFO] [stderr]    Compiling cfg-if v0.1.10
[INFO] [stderr]    Compiling proc-macro2 v1.0.10
[INFO] [stderr]    Compiling syn v1.0.18
[INFO] [stderr]    Compiling byteorder v1.3.4
[INFO] [stderr]    Compiling autocfg v1.0.0
[INFO] [stderr]    Compiling serde v1.0.106
[INFO] [stderr]    Compiling either v1.5.3
[INFO] [stderr]    Compiling cc v1.0.52
[INFO] [stderr]    Compiling rand_core v0.4.2
[INFO] [stderr]    Compiling maybe-uninit v2.0.0
[INFO] [stderr]    Compiling autocfg v0.1.7
[INFO] [stderr]    Compiling log v0.4.8
[INFO] [stderr]    Compiling getrandom v0.1.14
[INFO] [stderr]    Compiling typenum v1.12.0
[INFO] [stderr]    Compiling failure_derive v0.1.7
[INFO] [stderr]    Compiling rustc-demangle v0.1.16
[INFO] [stderr]    Compiling scopeguard v1.1.0
[INFO] [stderr]    Compiling rand_core v0.3.1
[INFO] [stderr]    Compiling rand_jitter v0.1.4
[INFO] [stderr]    Compiling rand_xorshift v0.1.1
[INFO] [stderr]    Compiling rand_hc v0.1.0
[INFO] [stderr]    Compiling rand_isaac v0.1.1
[INFO] [stderr]    Compiling unicode-xid v0.1.0
[INFO] [stderr]    Compiling fnv v1.0.6
[INFO] [stderr]    Compiling ppv-lite86 v0.2.6
[INFO] [stderr]    Compiling crossbeam-utils v0.7.2
[INFO] [stderr]    Compiling memoffset v0.5.4
[INFO] [stderr]    Compiling rand_pcg v0.1.2
[INFO] [stderr]    Compiling rand_chacha v0.1.1
[INFO] [stderr]    Compiling rand v0.6.5
[INFO] [stderr]    Compiling crossbeam-epoch v0.8.2
[INFO] [stderr]    Compiling itertools v0.8.2
[INFO] [stderr]    Compiling proc-macro2 v0.4.30
[INFO] [stderr]    Compiling byte-tools v0.3.1
[INFO] [stderr]    Compiling num-traits v0.2.11
[INFO] [stderr]    Compiling regex-syntax v0.6.17
[INFO] [stderr]    Compiling syn v0.15.44
[INFO] [stderr]    Compiling block-padding v0.1.5
[INFO] [stderr]    Compiling memchr v2.3.3
[INFO] [stderr]    Compiling opaque-debug v0.2.3
[INFO] [stderr]    Compiling thread_local v1.0.1
[INFO] [stderr]    Compiling remove_dir_all v0.5.2
[INFO] [stderr]    Compiling quote v1.0.4
[INFO] [stderr]    Compiling fake-simd v0.1.2
[INFO] [stderr]    Compiling slog v2.5.2
[INFO] [stderr]    Compiling bit-vec v0.5.1
[INFO] [stderr]    Compiling iovec v0.1.4
[INFO] [stderr]    Compiling rand_os v0.1.3
[INFO] [stderr]    Compiling bytes v0.4.12
[INFO] [stderr]    Compiling backtrace-sys v0.1.37
[INFO] [stderr]    Compiling rand_core v0.5.1
[INFO] [stderr]    Compiling crossbeam-queue v0.2.1
[INFO] [stderr]    Compiling rand v0.4.6
[INFO] [stderr]    Compiling rand_pcg v0.2.1
[INFO] [stderr]    Compiling rand_chacha v0.2.2
[INFO] [stderr]    Compiling crossbeam-deque v0.7.3
[INFO] [stderr]    Compiling aho-corasick v0.7.10
[INFO] [stderr]    Compiling rand v0.7.3
[INFO] [stderr]    Compiling quote v0.6.13
[INFO] [stderr]    Compiling crossbeam-channel v0.4.2
[INFO] [stderr]    Compiling clear_on_drop v0.2.3
[INFO] [stderr]    Compiling bit-set v0.5.1
[INFO] [stderr]    Compiling generic-array v0.12.3
[INFO] [stderr]    Compiling atty v0.2.14
[INFO] [stderr]    Compiling num-integer v0.1.42
[INFO] [stderr]    Compiling itoa v0.4.5
[INFO] [stderr]    Compiling ordermap v0.3.5
[INFO] [stderr]    Compiling quick-error v1.2.3
[INFO] [stderr]    Compiling digest v0.8.1
[INFO] [stderr]    Compiling block-buffer v0.7.3
[INFO] [stderr]    Compiling subtle v2.2.2
[INFO] [stderr]    Compiling fixedbitset v0.1.9
[INFO] [stderr]    Compiling sha2 v0.8.1
[INFO] [stderr]    Compiling dirs-sys v0.3.4
[INFO] [stderr]    Compiling tempfile v3.1.0
[INFO] [stderr]    Compiling time v0.1.43
[INFO] [stderr]    Compiling futures v0.1.29
[INFO] [stderr]    Compiling bitflags v1.2.1
[INFO] [stderr]    Compiling petgraph v0.4.13
[INFO] [stderr]    Compiling subtle v1.0.0
[INFO] [stderr]    Compiling crypto-mac v0.7.0
[INFO] [stderr]    Compiling dirs v2.0.2
[INFO] [stderr]    Compiling crossbeam v0.7.3
[INFO] [stderr]    Compiling wait-timeout v0.2.0
[INFO] [stderr]    Compiling ryu v1.0.4
[INFO] [stderr]    Compiling semver-parser v0.7.0
[INFO] [stderr]    Compiling arc-swap v0.4.6
[INFO] [stderr]    Compiling term v0.6.1
[INFO] [stderr]    Compiling take_mut v0.2.2
[INFO] [stderr]    Compiling rusty-fork v0.2.2
[INFO] [stderr]    Compiling unicode-segmentation v1.6.0
[INFO] [stderr]    Compiling chrono v0.4.11
[INFO] [stderr]    Compiling slog-scope v4.3.0
[INFO] [stderr]    Compiling semver v0.9.0
[INFO] [stderr]    Compiling memsec v0.5.7
[INFO] [stderr]    Compiling keccak v0.1.0
[INFO] [stderr]    Compiling solana_libra_failure_macros v0.0.1-sol5
[INFO] [stderr]    Compiling heck v0.3.1
[INFO] [stderr]    Compiling slog-stdlog v4.0.0
[INFO] [stderr]    Compiling rustc_version v0.2.3
[INFO] [stderr]    Compiling regex v1.3.7
[INFO] [stderr]    Compiling proptest v0.9.6
[INFO] [stderr]    Compiling sha3 v0.8.2
[INFO] [stderr]    Compiling slog-async v2.5.0
[INFO] [stderr]    Compiling curve25519-dalek v1.2.3
[INFO] [stderr]    Compiling rand04 v0.1.1
[INFO] [stderr]    Compiling multimap v0.4.0
[INFO] [stderr]    Compiling tiny-keccak v1.5.0
[INFO] [stderr]    Compiling rand04_compat v0.1.1
[INFO] [stderr]    Compiling pairing v0.14.2
[INFO] [stderr]    Compiling thread-id v3.3.0
[INFO] [stderr]    Compiling errno v0.2.5
[INFO] [stderr]    Compiling hex_fmt v0.3.0
[INFO] [stderr]    Compiling hex v0.3.2
[INFO] [stderr]    Compiling siphasher v0.2.3
[INFO] [stderr]    Compiling hmac v0.7.1
[INFO] [stderr]    Compiling phf_shared v0.7.24
[INFO] [stderr]    Compiling smallvec v0.6.13
[INFO] [stderr]    Compiling endian-type v0.1.2
[INFO] [stderr]    Compiling nibble_vec v0.0.4
[INFO] [stderr]    Compiling string_cache_shared v0.3.0
[INFO] [stderr]    Compiling bech32 v0.6.0
[INFO] [stderr]    Compiling slog-term v2.5.0
[INFO] [stderr]    Compiling phf_generator v0.7.24
[INFO] [stderr]    Compiling radix_trie v0.1.6
[INFO] [stderr]    Compiling string_cache_codegen v0.4.4
[INFO] [stderr]    Compiling num_cpus v1.13.0
[INFO] [stderr]    Compiling slab v0.4.2
[INFO] [stderr]    Compiling parking_lot_core v0.6.2
[INFO] [stderr]    Compiling tokio-executor v0.1.10
[INFO] [stderr]    Compiling dirs v1.0.5
[INFO] [stderr]    Compiling term v0.5.2
[INFO] [stderr]    Compiling slog-envlogger v2.2.0
[INFO] [stderr]    Compiling parking_lot v0.9.0
[INFO] [stderr]    Compiling mirai-annotations v1.7.0
[INFO] [stderr]    Compiling string_cache v0.7.5
[INFO] [stderr]    Compiling new_debug_unreachable v1.0.4
[INFO] [stderr]    Compiling strsim v0.9.3
[INFO] [stderr]    Compiling precomputed-hash v0.1.1
[INFO] [stderr]    Compiling tokio-io v0.1.13
[INFO] [stderr]    Compiling net2 v0.2.33
[INFO] [stderr]    Compiling ena v0.13.1
[INFO] [stderr]    Compiling lock_api v0.3.4
[INFO] [stderr]    Compiling diff v0.1.12
[INFO] [stderr]    Compiling ascii-canvas v2.0.0
[INFO] [stderr]    Compiling matches v0.1.8
[INFO] [stderr]    Compiling lalrpop-util v0.17.2
[INFO] [stderr]    Compiling smallvec v1.4.0
[INFO] [stderr]    Compiling unicode-bidi v0.3.4
[INFO] [stderr]    Compiling mio v0.6.21
[INFO] [stderr]    Compiling tokio-sync v0.1.8
[INFO] [stderr]    Compiling indexmap v1.3.2
[INFO] [stderr]    Compiling stable_deref_trait v1.1.1
[INFO] [stderr]    Compiling blake2 v0.8.1
[INFO] [stderr]    Compiling sha-1 v0.8.2
[INFO] [stderr]    Compiling unicode-normalization v0.1.12
[INFO] [stderr]    Compiling http v0.1.21
[INFO] [stderr]    Compiling bit-vec v0.6.1
[INFO] [stderr]    Compiling percent-encoding v1.0.1
[INFO] [stderr]    Compiling httparse v1.3.4
[INFO] [stderr]    Compiling unsigned-varint v0.2.3
[INFO] [stderr]    Compiling parity-multihash v0.1.3
[INFO] [stderr]    Compiling owning_ref v0.3.3
[INFO] [stderr]    Compiling tokio-current-thread v0.1.7
[INFO] [stderr]    Compiling tokio-threadpool v0.1.18
[INFO] [stderr]    Compiling tokio-timer v0.2.13
[INFO] [stderr]    Compiling parking_lot_core v0.2.14
[INFO] [stderr]    Compiling hyper v0.12.35
[INFO] [stderr]    Compiling tokio-buf v0.1.1
[INFO] [stderr]    Compiling string v0.2.1
[INFO] [stderr]    Compiling tokio-reactor v0.1.12
[INFO] [stderr]    Compiling data-encoding v2.2.0
[INFO] [stderr]    Compiling idna v0.1.5
[INFO] [stderr]    Compiling prometheus v0.7.0
[INFO] [stderr]    Compiling c_linked_list v1.1.1
[INFO] [stderr]    Compiling termcolor v1.1.0
[INFO] [stderr]    Compiling arrayref v0.3.6
[INFO] [stderr]    Compiling bs58 v0.2.5
[INFO] [stderr]    Compiling rayon-core v1.7.0
[INFO] [stderr]    Compiling try-lock v0.2.2
[INFO] [stderr]    Compiling get_if_addrs v0.5.3
[INFO] [stderr]    Compiling want v0.2.0
[INFO] [stderr]    Compiling tokio v0.1.22
[INFO] [stderr]    Compiling tokio-tcp v0.1.4
[INFO] [stderr]    Compiling parking_lot v0.4.8
[INFO] [stderr]    Compiling solana_libra_tools v0.0.1-sol5
[INFO] [stderr]    Compiling futures-cpupool v0.1.8
[INFO] [stderr]    Compiling spin v0.5.2
[INFO] [stderr]    Compiling typed-arena v1.7.0
[INFO] [stderr]    Compiling synstructure v0.12.3
[INFO] [stderr]    Compiling url v1.7.2
[INFO] [stderr]    Compiling chashmap v2.2.2
[INFO] [stderr]    Compiling solana_libra_vm_cache_map v0.0.1-sol5
[INFO] [stderr]    Compiling rayon v1.3.0
[INFO] [stderr]    Compiling http-body v0.1.0
[INFO] [stderr]    Compiling h2 v0.1.26
[INFO] [stderr]    Compiling proptest-derive v0.1.2
[INFO] [stderr]    Compiling serde_derive v1.0.106
[INFO] [stderr]    Compiling zeroize_derive v1.0.0
[INFO] [stderr]    Compiling derivative v2.1.1
[INFO] [stderr]    Compiling solana_libra_crypto-derive v0.0.1-sol5
[INFO] [stderr]    Compiling rental-impl v0.5.5
[INFO] [stderr]    Compiling zeroize v1.1.0
[INFO] [stderr]    Compiling curve25519-dalek v2.0.0
[INFO] [stderr]    Compiling solana_libra_proptest_helpers v0.0.1-sol5
[INFO] [stderr]    Compiling x25519-dalek v0.6.0
[INFO] [stderr]    Compiling rental v0.5.5
[INFO] [stderr]    Compiling backtrace v0.3.46
[INFO] [stderr]    Compiling toml v0.5.6
[INFO] [stderr]    Compiling serde_json v1.0.52
[INFO] [stderr]    Compiling solana_libra_nibble v0.0.1-sol5
[INFO] [stderr]    Compiling bincode v1.2.1
[INFO] [stderr]    Compiling ed25519-dalek v1.0.0-pre.3
[INFO] [stderr]    Compiling docopt v1.1.0
[INFO] [stderr]    Compiling parity-multiaddr v0.5.0
[INFO] [stderr]    Compiling failure v0.1.7
[INFO] [stderr]    Compiling which v2.0.1
[INFO] [stderr]    Compiling solana_libra_failure_ext v0.0.1-sol5
[INFO] [stderr]    Compiling threshold_crypto v0.3.2
[INFO] [stderr]    Compiling codespan v0.2.1
[INFO] [stderr]    Compiling solana_libra_canonical_serialization v0.0.1-sol5
[INFO] [stderr]    Compiling prost-derive v0.5.0
[INFO] [stderr]    Compiling prost-build v0.5.0
[INFO] [stderr]    Compiling codespan-reporting v0.2.1
[INFO] [stderr]    Compiling lalrpop v0.17.2
[INFO] [stderr]    Compiling solana_libra_crypto v0.0.1-sol5
[INFO] [stderr]    Compiling proc-macro-crate v0.1.4
[INFO] [stderr]    Compiling solana_libra_logger v0.0.1-sol5
[INFO] [stderr]    Compiling solana_libra_metrics v0.0.1-sol5
[INFO] [stderr]    Compiling num_enum_derive v0.4.3
[INFO] [stderr]    Compiling prost v0.5.0
[INFO] [stderr]    Compiling prost-types v0.5.0
[INFO] [stderr]    Compiling solana_libra_prost_ext v0.0.1-sol5
[INFO] [stderr]    Compiling num_enum v0.4.3
[INFO] [stderr]    Compiling solana_libra_types v0.0.1-sol5
[INFO] [stderr]    Compiling solana_libra_vm v0.0.1-sol5
[INFO] [stderr]    Compiling solana_libra_config v0.0.1-sol5
[INFO] [stderr]    Compiling solana_libra_state_view v0.0.1-sol5
[INFO] [stderr]    Compiling solana_libra_ir_to_bytecode_syntax v0.0.1-sol5
[INFO] [stderr]    Compiling solana_libra_vm_runtime_types v0.0.1-sol5
[INFO] [stderr]    Compiling solana_libra_bytecode_verifier v0.0.1-sol5
[INFO] [stderr]    Compiling solana_libra_vm_runtime v0.0.1-sol5
[INFO] [stderr]    Compiling solana_libra_ir_to_bytecode v0.0.1-sol5
[INFO] [stderr]    Compiling solana_libra_stdlib v0.0.1-sol5
[INFO] [stderr]    Compiling solana_libra_transaction_builder v0.0.1-sol5
[INFO] [stderr]    Compiling solana_libra_vm_genesis v0.0.1-sol5 (/opt/rustwide/workdir)
[INFO] [stderr]     Finished dev [unoptimized + debuginfo] target(s) in 1m 39s
[INFO] [stderr] warning: the following packages contain code that will be rejected by a future version of Rust: lalrpop v0.17.2, rental v0.5.5, solana_libra_vm_runtime v0.0.1-sol5
[INFO] [stderr] note: to see what the problems were, use the option `--future-incompat-report`, or run `cargo report future-incompatibilities --id 1`
[INFO] running `Command { std: "docker" "inspect" "8a87ddba94b12ad9acd54231b31bab37c5b3d2a1952ece2ecd10f6ab266554c6", kill_on_drop: false }`
[INFO] running `Command { std: "docker" "rm" "-f" "8a87ddba94b12ad9acd54231b31bab37c5b3d2a1952ece2ecd10f6ab266554c6", kill_on_drop: false }`
[INFO] [stdout] 8a87ddba94b12ad9acd54231b31bab37c5b3d2a1952ece2ecd10f6ab266554c6
[INFO] running `Command { std: "docker" "create" "-v" "/var/lib/crater-agent-workspace/builds/worker-5-tc1/target:/opt/rustwide/target:rw,Z" "-v" "/var/lib/crater-agent-workspace/builds/worker-5-tc1/source:/opt/rustwide/workdir:ro,Z" "-v" "/var/lib/crater-agent-workspace/cargo-home:/opt/rustwide/cargo-home:ro,Z" "-v" "/var/lib/crater-agent-workspace/rustup-home:/opt/rustwide/rustup-home:ro,Z" "-e" "SOURCE_DIR=/opt/rustwide/workdir" "-e" "CARGO_TARGET_DIR=/opt/rustwide/target" "-e" "CARGO_INCREMENTAL=0" "-e" "RUST_BACKTRACE=full" "-e" "RUSTFLAGS=--cap-lints=warn" "-e" "RUSTDOCFLAGS=--cap-lints=warn" "-e" "CARGO_HOME=/opt/rustwide/cargo-home" "-e" "RUSTUP_HOME=/opt/rustwide/rustup-home" "-w" "/opt/rustwide/workdir" "-m" "1610612736" "--user" "0:0" "--network" "none" "ghcr.io/rust-lang/crates-build-env/linux@sha256:2788e3201cd34a07e3172128adcd8b3090168a8e3bcc40d7c032b9dda1df7d1c" "/opt/rustwide/cargo-home/bin/cargo" "+1.75.0" "test" "--frozen" "--no-run" "--message-format=json", kill_on_drop: false }`
[INFO] [stdout] b7d7e3a54e5a94af6194dd303ee57bd7b275c5d67406a3880cd5465a322a7415
[INFO] running `Command { std: "docker" "start" "-a" "b7d7e3a54e5a94af6194dd303ee57bd7b275c5d67406a3880cd5465a322a7415", kill_on_drop: false }`
[INFO] [stderr]    Compiling solana_libra_vm_genesis v0.0.1-sol5 (/opt/rustwide/workdir)
[INFO] [stdout] warning: panic message is not a string literal
[INFO] [stdout]   --> src/main.rs:52:13
[INFO] [stdout]    |
[INFO] [stdout] 52 | ...   format!("The freshly generated genesis file is different from the one on disk at {}. Did you forget to regenerate the genesis file via `cargo run` inside libra/language/vm/vm_genesis?", GENESIS_LOCATION...
[INFO] [stdout]    |       ^^^^^^^^^^^^^^^^^^^^^^^^^^^^^^^^^^^^^^^^^^^^^^^^^^^^^^^^^^^^^^^^^^^^^^^^^^^^^^^^^^^^^^^^^^^^^^^^^^^^^^^^^^^^^^^^^^^^^^^^^^^^^^^^^^^^^^^^^^^^^^^^^^^^^^^^^^^^^^^^^^^^^^^^^^^^^^^^^^^^^^^^^^^^^^^^^^^^^^^^^^^
[INFO] [stdout]    |
[INFO] [stdout]    = note: this usage of `assert!()` is deprecated; it will be a hard error in Rust 2021
[INFO] [stdout]    = note: for more information, see <https://doc.rust-lang.org/nightly/edition-guide/rust-2021/panic-macro-consistency.html>
[INFO] [stdout]    = note: the `assert!()` macro supports formatting, so there's no need for the `format!()` macro here
[INFO] [stdout]    = note: `#[warn(non_fmt_panics)]` on by default
[INFO] [stdout] help: remove the `format!(..)` macro call
[INFO] [stdout]    |
[INFO] [stdout] 52 -             format!("The freshly generated genesis file is different from the one on disk at {}. Did you forget to regenerate the genesis file via `cargo run` inside libra/language/vm/vm_genesis?", GENESIS_LOCATION));
[INFO] [stdout] 52 +             "The freshly generated genesis file is different from the one on disk at {}. Did you forget to regenerate the genesis file via `cargo run` inside libra/language/vm/vm_genesis?", GENESIS_LOCATION);
[INFO] [stdout]    |
[INFO] [stdout] 
[INFO] [stdout] 
[INFO] [stdout] warning: 1 warning emitted
[INFO] [stdout] 
[INFO] [stdout] 
[INFO] [stderr]     Finished test [unoptimized + debuginfo] target(s) in 6.36s
[INFO] [stderr] warning: the following packages contain code that will be rejected by a future version of Rust: lalrpop v0.17.2, rental v0.5.5, solana_libra_vm_runtime v0.0.1-sol5
[INFO] [stderr] note: to see what the problems were, use the option `--future-incompat-report`, or run `cargo report future-incompatibilities --id 1`
[INFO] running `Command { std: "docker" "inspect" "b7d7e3a54e5a94af6194dd303ee57bd7b275c5d67406a3880cd5465a322a7415", kill_on_drop: false }`
[INFO] running `Command { std: "docker" "rm" "-f" "b7d7e3a54e5a94af6194dd303ee57bd7b275c5d67406a3880cd5465a322a7415", kill_on_drop: false }`
[INFO] [stdout] b7d7e3a54e5a94af6194dd303ee57bd7b275c5d67406a3880cd5465a322a7415
[INFO] running `Command { std: "docker" "create" "-v" "/var/lib/crater-agent-workspace/builds/worker-5-tc1/target:/opt/rustwide/target:rw,Z" "-v" "/var/lib/crater-agent-workspace/builds/worker-5-tc1/source:/opt/rustwide/workdir:ro,Z" "-v" "/var/lib/crater-agent-workspace/cargo-home:/opt/rustwide/cargo-home:ro,Z" "-v" "/var/lib/crater-agent-workspace/rustup-home:/opt/rustwide/rustup-home:ro,Z" "-e" "SOURCE_DIR=/opt/rustwide/workdir" "-e" "CARGO_TARGET_DIR=/opt/rustwide/target" "-e" "CARGO_INCREMENTAL=0" "-e" "RUST_BACKTRACE=full" "-e" "RUSTFLAGS=--cap-lints=warn" "-e" "RUSTDOCFLAGS=--cap-lints=warn" "-e" "CARGO_HOME=/opt/rustwide/cargo-home" "-e" "RUSTUP_HOME=/opt/rustwide/rustup-home" "-w" "/opt/rustwide/workdir" "-m" "1610612736" "--user" "0:0" "--network" "none" "ghcr.io/rust-lang/crates-build-env/linux@sha256:2788e3201cd34a07e3172128adcd8b3090168a8e3bcc40d7c032b9dda1df7d1c" "/opt/rustwide/cargo-home/bin/cargo" "+1.75.0" "test" "--frozen", kill_on_drop: false }`
[INFO] [stdout] f9b1ed312b2d419b1898d1392dcf7ad49c76c4d6288be3afdcf34237b7c3502a
[INFO] running `Command { std: "docker" "start" "-a" "f9b1ed312b2d419b1898d1392dcf7ad49c76c4d6288be3afdcf34237b7c3502a", kill_on_drop: false }`
[INFO] [stderr] warning: panic message is not a string literal
[INFO] [stderr]   --> src/main.rs:52:13
[INFO] [stderr]    |
[INFO] [stderr] 52 | ...   format!("The freshly generated genesis file is different from the one on disk at {}. Did you forget to regenerate the genesis file via `cargo run` inside libra/language/vm/vm_genesis?", GENESIS_LOCATION...
[INFO] [stderr]    |       ^^^^^^^^^^^^^^^^^^^^^^^^^^^^^^^^^^^^^^^^^^^^^^^^^^^^^^^^^^^^^^^^^^^^^^^^^^^^^^^^^^^^^^^^^^^^^^^^^^^^^^^^^^^^^^^^^^^^^^^^^^^^^^^^^^^^^^^^^^^^^^^^^^^^^^^^^^^^^^^^^^^^^^^^^^^^^^^^^^^^^^^^^^^^^^^^^^^^^^^^^^^
[INFO] [stderr]    |
[INFO] [stderr]    = note: this usage of `assert!()` is deprecated; it will be a hard error in Rust 2021
[INFO] [stderr]    = note: for more information, see <https://doc.rust-lang.org/nightly/edition-guide/rust-2021/panic-macro-consistency.html>
[INFO] [stderr]    = note: the `assert!()` macro supports formatting, so there's no need for the `format!()` macro here
[INFO] [stderr]    = note: `#[warn(non_fmt_panics)]` on by default
[INFO] [stderr] help: remove the `format!(..)` macro call
[INFO] [stderr]    |
[INFO] [stderr] 52 -             format!("The freshly generated genesis file is different from the one on disk at {}. Did you forget to regenerate the genesis file via `cargo run` inside libra/language/vm/vm_genesis?", GENESIS_LOCATION));
[INFO] [stderr] 52 +             "The freshly generated genesis file is different from the one on disk at {}. Did you forget to regenerate the genesis file via `cargo run` inside libra/language/vm/vm_genesis?", GENESIS_LOCATION);
[INFO] [stderr]    |
[INFO] [stderr] 
[INFO] [stderr] warning: `solana_libra_vm_genesis` (bin "solana_libra_vm_genesis" test) generated 1 warning (run `cargo fix --bin "solana_libra_vm_genesis" --tests` to apply 1 suggestion)
[INFO] [stderr]     Finished test [unoptimized + debuginfo] target(s) in 0.16s
[INFO] [stderr] warning: the following packages contain code that will be rejected by a future version of Rust: lalrpop v0.17.2, rental v0.5.5, solana_libra_vm_runtime v0.0.1-sol5
[INFO] [stderr] note: to see what the problems were, use the option `--future-incompat-report`, or run `cargo report future-incompatibilities --id 1`
[INFO] [stderr]      Running unittests src/lib.rs (/opt/rustwide/target/debug/deps/solana_libra_vm_genesis-87f60e6c3e7bc1f8)
[INFO] [stdout] 
[INFO] [stdout] running 0 tests
[INFO] [stdout] 
[INFO] [stdout] test result: ok. 0 passed; 0 failed; 0 ignored; 0 measured; 0 filtered out; finished in 0.00s
[INFO] [stdout] 
[INFO] [stderr]      Running unittests src/main.rs (/opt/rustwide/target/debug/deps/solana_libra_vm_genesis-a81ac3bbc3e750f8)
[INFO] [stdout] 
[INFO] [stdout] running 1 test
[INFO] [stdout] test genesis_blob_unchanged ... FAILED
[INFO] [stdout] 
[INFO] [stdout] failures:
[INFO] [stdout] 
[INFO] [stdout] ---- genesis_blob_unchanged stdout ----
[INFO] [stdout] thread 'genesis_blob_unchanged' panicked at src/main.rs:51:5:
[INFO] [stdout] The freshly generated genesis file is different from the one on disk at genesis/genesis.blob. Did you forget to regenerate the genesis file via `cargo run` inside libra/language/vm/vm_genesis?
[INFO] [stdout] stack backtrace:
[INFO] [stdout]    0:     0x55dac36624bc - std::backtrace_rs::backtrace::libunwind::trace::ha637c64ce894333a
[INFO] [stdout]                                at /rustc/82e1608dfa6e0b5569232559e3d385fea5a93112/library/std/src/../../backtrace/src/backtrace/libunwind.rs:104:5
[INFO] [stdout]    1:     0x55dac36624bc - std::backtrace_rs::backtrace::trace_unsynchronized::h47f62dea28e0c88d
[INFO] [stdout]                                at /rustc/82e1608dfa6e0b5569232559e3d385fea5a93112/library/std/src/../../backtrace/src/backtrace/mod.rs:66:5
[INFO] [stdout]    2:     0x55dac36624bc - std::sys_common::backtrace::_print_fmt::h9eef0abe20ede486
[INFO] [stdout]                                at /rustc/82e1608dfa6e0b5569232559e3d385fea5a93112/library/std/src/sys_common/backtrace.rs:67:5
[INFO] [stdout]    3:     0x55dac36624bc - <std::sys_common::backtrace::_print::DisplayBacktrace as core::fmt::Display>::fmt::hed7f999df88cc644
[INFO] [stdout]                                at /rustc/82e1608dfa6e0b5569232559e3d385fea5a93112/library/std/src/sys_common/backtrace.rs:44:22
[INFO] [stdout]    4:     0x55dac368c290 - core::fmt::rt::Argument::fmt::h1539a9308b8d058d
[INFO] [stdout]                                at /rustc/82e1608dfa6e0b5569232559e3d385fea5a93112/library/core/src/fmt/rt.rs:142:9
[INFO] [stdout]    5:     0x55dac368c290 - core::fmt::write::h3a39390d8560d9c9
[INFO] [stdout]                                at /rustc/82e1608dfa6e0b5569232559e3d385fea5a93112/library/core/src/fmt/mod.rs:1120:17
[INFO] [stdout]    6:     0x55dac365fe4f - std::io::Write::write_fmt::h040b369f3a0f9cbc
[INFO] [stdout]                                at /rustc/82e1608dfa6e0b5569232559e3d385fea5a93112/library/std/src/io/mod.rs:1762:15
[INFO] [stdout]    7:     0x55dac36622a4 - std::sys_common::backtrace::_print::h894006fb5c6f3d45
[INFO] [stdout]                                at /rustc/82e1608dfa6e0b5569232559e3d385fea5a93112/library/std/src/sys_common/backtrace.rs:47:5
[INFO] [stdout]    8:     0x55dac36622a4 - std::sys_common::backtrace::print::h23a2d212c6fff936
[INFO] [stdout]                                at /rustc/82e1608dfa6e0b5569232559e3d385fea5a93112/library/std/src/sys_common/backtrace.rs:34:9
[INFO] [stdout]    9:     0x55dac3663f67 - std::panicking::default_hook::{{closure}}::h8a1d2ee00185001a
[INFO] [stdout]   10:     0x55dac3663c53 - std::panicking::default_hook::h6038f2eba384e475
[INFO] [stdout]                                at /rustc/82e1608dfa6e0b5569232559e3d385fea5a93112/library/std/src/panicking.rs:289:9
[INFO] [stdout]   11:     0x55dac2f6d827 - <alloc::boxed::Box<F,A> as core::ops::function::Fn<Args>>::call::h0ad024c9bdc6d768
[INFO] [stdout]                                at /rustc/82e1608dfa6e0b5569232559e3d385fea5a93112/library/alloc/src/boxed.rs:2021:9
[INFO] [stdout]   12:     0x55dac2f6d827 - test::test_main::{{closure}}::h7500b54257359db6
[INFO] [stdout]                                at /rustc/82e1608dfa6e0b5569232559e3d385fea5a93112/library/test/src/lib.rs:138:21
[INFO] [stdout]   13:     0x55dac3664578 - <alloc::boxed::Box<F,A> as core::ops::function::Fn<Args>>::call::h1f8f335eaa9cfaee
[INFO] [stdout]                                at /rustc/82e1608dfa6e0b5569232559e3d385fea5a93112/library/alloc/src/boxed.rs:2021:9
[INFO] [stdout]   14:     0x55dac3664578 - std::panicking::rust_panic_with_hook::h2b5517d590cab22e
[INFO] [stdout]                                at /rustc/82e1608dfa6e0b5569232559e3d385fea5a93112/library/std/src/panicking.rs:783:13
[INFO] [stdout]   15:     0x55dac2f3815f - std::panicking::begin_panic::{{closure}}::h5853f072cf4a129a
[INFO] [stdout]                                at /rustc/82e1608dfa6e0b5569232559e3d385fea5a93112/library/std/src/panicking.rs:687:9
[INFO] [stdout]   16:     0x55dac2f37fd6 - std::sys_common::backtrace::__rust_end_short_backtrace::h2d9f865849e14e21
[INFO] [stdout]                                at /rustc/82e1608dfa6e0b5569232559e3d385fea5a93112/library/std/src/sys_common/backtrace.rs:170:18
[INFO] [stdout]   17:     0x55dac2f380b8 - std::panicking::begin_panic::he9364b73e9e74426
[INFO] [stdout]                                at /rustc/82e1608dfa6e0b5569232559e3d385fea5a93112/library/std/src/panicking.rs:686:12
[INFO] [stdout]   18:     0x55dac2f39e15 - solana_libra_vm_genesis::genesis_blob_unchanged::hb09b253e87ca72b5
[INFO] [stdout]                                at /opt/rustwide/workdir/src/main.rs:51:5
[INFO] [stdout]   19:     0x55dac2f39c07 - solana_libra_vm_genesis::genesis_blob_unchanged::{{closure}}::hb1faeaf72031e241
[INFO] [stdout]                                at /opt/rustwide/workdir/src/main.rs:47:28
[INFO] [stdout]   20:     0x55dac2f38396 - core::ops::function::FnOnce::call_once::h414d971400e48e79
[INFO] [stdout]                                at /rustc/82e1608dfa6e0b5569232559e3d385fea5a93112/library/core/src/ops/function.rs:250:5
[INFO] [stdout]   21:     0x55dac2f72e7f - core::ops::function::FnOnce::call_once::h2b5d431d5046312d
[INFO] [stdout]                                at /rustc/82e1608dfa6e0b5569232559e3d385fea5a93112/library/core/src/ops/function.rs:250:5
[INFO] [stdout]   22:     0x55dac2f72e7f - test::__rust_begin_short_backtrace::h7714669af176e207
[INFO] [stdout]                                at /rustc/82e1608dfa6e0b5569232559e3d385fea5a93112/library/test/src/lib.rs:628:18
[INFO] [stdout]   23:     0x55dac2f71e95 - test::run_test_in_process::{{closure}}::h85218797dcbcec12
[INFO] [stdout]                                at /rustc/82e1608dfa6e0b5569232559e3d385fea5a93112/library/test/src/lib.rs:651:60
[INFO] [stdout]   24:     0x55dac2f71e95 - <core::panic::unwind_safe::AssertUnwindSafe<F> as core::ops::function::FnOnce<()>>::call_once::h76c106ea31c14d7b
[INFO] [stdout]                                at /rustc/82e1608dfa6e0b5569232559e3d385fea5a93112/library/core/src/panic/unwind_safe.rs:272:9
[INFO] [stdout]   25:     0x55dac2f71e95 - std::panicking::try::do_call::h3bd5d0f6620ee946
[INFO] [stdout]                                at /rustc/82e1608dfa6e0b5569232559e3d385fea5a93112/library/std/src/panicking.rs:552:40
[INFO] [stdout]   26:     0x55dac2f71e95 - std::panicking::try::h232e535e4744fe31
[INFO] [stdout]                                at /rustc/82e1608dfa6e0b5569232559e3d385fea5a93112/library/std/src/panicking.rs:516:19
[INFO] [stdout]   27:     0x55dac2f71e95 - std::panic::catch_unwind::h3ce3bd6ca8dbac68
[INFO] [stdout]                                at /rustc/82e1608dfa6e0b5569232559e3d385fea5a93112/library/std/src/panic.rs:142:14
[INFO] [stdout]   28:     0x55dac2f71e95 - test::run_test_in_process::hc97b257c9621286a
[INFO] [stdout]                                at /rustc/82e1608dfa6e0b5569232559e3d385fea5a93112/library/test/src/lib.rs:651:27
[INFO] [stdout]   29:     0x55dac2f71e95 - test::run_test::{{closure}}::h2aa798823a438d38
[INFO] [stdout]                                at /rustc/82e1608dfa6e0b5569232559e3d385fea5a93112/library/test/src/lib.rs:574:43
[INFO] [stdout]   30:     0x55dac2f3a156 - test::run_test::{{closure}}::h87d231c78fb59832
[INFO] [stdout]                                at /rustc/82e1608dfa6e0b5569232559e3d385fea5a93112/library/test/src/lib.rs:602:41
[INFO] [stdout]   31:     0x55dac2f3a156 - std::sys_common::backtrace::__rust_begin_short_backtrace::he6df152596625789
[INFO] [stdout]                                at /rustc/82e1608dfa6e0b5569232559e3d385fea5a93112/library/std/src/sys_common/backtrace.rs:154:18
[INFO] [stdout]   32:     0x55dac2f3f207 - std::thread::Builder::spawn_unchecked_::{{closure}}::{{closure}}::ha94be15d1e0acf36
[INFO] [stdout]                                at /rustc/82e1608dfa6e0b5569232559e3d385fea5a93112/library/std/src/thread/mod.rs:529:17
[INFO] [stdout]   33:     0x55dac2f3f207 - <core::panic::unwind_safe::AssertUnwindSafe<F> as core::ops::function::FnOnce<()>>::call_once::h9dc6bd6372f16606
[INFO] [stdout]                                at /rustc/82e1608dfa6e0b5569232559e3d385fea5a93112/library/core/src/panic/unwind_safe.rs:272:9
[INFO] [stdout]   34:     0x55dac2f3f207 - std::panicking::try::do_call::h9057517f80303cd4
[INFO] [stdout]                                at /rustc/82e1608dfa6e0b5569232559e3d385fea5a93112/library/std/src/panicking.rs:552:40
[INFO] [stdout]   35:     0x55dac2f3f207 - std::panicking::try::he3a30b11ee45340c
[INFO] [stdout]                                at /rustc/82e1608dfa6e0b5569232559e3d385fea5a93112/library/std/src/panicking.rs:516:19
[INFO] [stdout]   36:     0x55dac2f3f207 - std::panic::catch_unwind::h410458cfd3528b8b
[INFO] [stdout]                                at /rustc/82e1608dfa6e0b5569232559e3d385fea5a93112/library/std/src/panic.rs:142:14
[INFO] [stdout]   37:     0x55dac2f3f207 - std::thread::Builder::spawn_unchecked_::{{closure}}::h72ac3bdb567b737b
[INFO] [stdout]                                at /rustc/82e1608dfa6e0b5569232559e3d385fea5a93112/library/std/src/thread/mod.rs:528:30
[INFO] [stdout]   38:     0x55dac2f3f207 - core::ops::function::FnOnce::call_once{{vtable.shim}}::h38f34da3654a8344
[INFO] [stdout]                                at /rustc/82e1608dfa6e0b5569232559e3d385fea5a93112/library/core/src/ops/function.rs:250:5
[INFO] [stdout]   39:     0x55dac3669095 - <alloc::boxed::Box<F,A> as core::ops::function::FnOnce<Args>>::call_once::hc7eafaff61e32df9
[INFO] [stdout]                                at /rustc/82e1608dfa6e0b5569232559e3d385fea5a93112/library/alloc/src/boxed.rs:2007:9
[INFO] [stdout]   40:     0x55dac3669095 - <alloc::boxed::Box<F,A> as core::ops::function::FnOnce<Args>>::call_once::h6ba4a5de48dd2304
[INFO] [stdout]                                at /rustc/82e1608dfa6e0b5569232559e3d385fea5a93112/library/alloc/src/boxed.rs:2007:9
[INFO] [stdout]   41:     0x55dac3669095 - std::sys::unix::thread::Thread::new::thread_start::he469335aef763e45
[INFO] [stdout]                                at /rustc/82e1608dfa6e0b5569232559e3d385fea5a93112/library/std/src/sys/unix/thread.rs:108:17
[INFO] [stdout]   42:     0x7f7e9bcb1ac3 - <unknown>
[INFO] [stdout]   43:     0x7f7e9bd42bf4 - __clone
[INFO] [stdout]   44:                0x0 - <unknown>
[INFO] [stdout] 
[INFO] [stdout] 
[INFO] [stdout] failures:
[INFO] [stdout]     genesis_blob_unchanged
[INFO] [stdout] 
[INFO] [stdout] test result: FAILED. 0 passed; 1 failed; 0 ignored; 0 measured; 0 filtered out; finished in 0.39s
[INFO] [stdout] 
[INFO] [stderr] error: test failed, to rerun pass `--bin solana_libra_vm_genesis`
[INFO] running `Command { std: "docker" "inspect" "f9b1ed312b2d419b1898d1392dcf7ad49c76c4d6288be3afdcf34237b7c3502a", kill_on_drop: false }`
[INFO] running `Command { std: "docker" "rm" "-f" "f9b1ed312b2d419b1898d1392dcf7ad49c76c4d6288be3afdcf34237b7c3502a", kill_on_drop: false }`
[INFO] [stdout] f9b1ed312b2d419b1898d1392dcf7ad49c76c4d6288be3afdcf34237b7c3502a
