[INFO] fetching crate solana-client-wasm 1.17.4...
[INFO] testing solana-client-wasm-1.17.4 against 1.75.0 for beta-1.76-1
[INFO] extracting crate solana-client-wasm 1.17.4 into /workspace/builds/worker-6-tc1/source
[INFO] validating manifest of crates.io crate solana-client-wasm 1.17.4 on toolchain 1.75.0
[INFO] running `Command { std: CARGO_HOME="/workspace/cargo-home" RUSTUP_HOME="/workspace/rustup-home" "/workspace/cargo-home/bin/cargo" "+1.75.0" "metadata" "--manifest-path" "Cargo.toml" "--no-deps", kill_on_drop: false }`
[INFO] started tweaking crates.io crate solana-client-wasm 1.17.4
[INFO] finished tweaking crates.io crate solana-client-wasm 1.17.4
[INFO] tweaked toml for crates.io crate solana-client-wasm 1.17.4 written to /workspace/builds/worker-6-tc1/source/Cargo.toml
[INFO] running `Command { std: CARGO_HOME="/workspace/cargo-home" RUSTUP_HOME="/workspace/rustup-home" "/workspace/cargo-home/bin/cargo" "+1.75.0" "generate-lockfile" "--manifest-path" "Cargo.toml", kill_on_drop: false }`
[INFO] [stderr]     Updating crates.io index
[INFO] running `Command { std: CARGO_HOME="/workspace/cargo-home" RUSTUP_HOME="/workspace/rustup-home" "/workspace/cargo-home/bin/cargo" "+1.75.0" "fetch" "--manifest-path" "Cargo.toml", kill_on_drop: false }`
[INFO] [stderr]  Downloading crates ...
[INFO] [stderr]   Downloaded fluvio-wasm-timer v0.2.5
[INFO] [stderr]   Downloaded solana-sdk-macro v1.17.4
[INFO] [stderr]   Downloaded solana-logger v1.17.4
[INFO] [stderr]   Downloaded solana-frozen-abi-macro v1.17.4
[INFO] [stderr]   Downloaded solana-frozen-abi v1.17.4
[INFO] [stderr]   Downloaded solana-sdk v1.17.4
[INFO] [stderr]   Downloaded solana-extra-wasm v1.17.4
[INFO] [stderr]   Downloaded solana-program v1.17.4
[INFO] [stderr]   Downloaded light-poseidon v0.1.2
[INFO] running `Command { std: "docker" "create" "-v" "/var/lib/crater-agent-workspace/builds/worker-6-tc1/target:/opt/rustwide/target:rw,Z" "-v" "/var/lib/crater-agent-workspace/builds/worker-6-tc1/source:/opt/rustwide/workdir:ro,Z" "-v" "/var/lib/crater-agent-workspace/cargo-home:/opt/rustwide/cargo-home:ro,Z" "-v" "/var/lib/crater-agent-workspace/rustup-home:/opt/rustwide/rustup-home:ro,Z" "-e" "SOURCE_DIR=/opt/rustwide/workdir" "-e" "CARGO_TARGET_DIR=/opt/rustwide/target" "-e" "CARGO_HOME=/opt/rustwide/cargo-home" "-e" "RUSTUP_HOME=/opt/rustwide/rustup-home" "-w" "/opt/rustwide/workdir" "-m" "1610612736" "--user" "0:0" "--network" "none" "ghcr.io/rust-lang/crates-build-env/linux@sha256:2788e3201cd34a07e3172128adcd8b3090168a8e3bcc40d7c032b9dda1df7d1c" "/opt/rustwide/cargo-home/bin/cargo" "+1.75.0" "metadata" "--no-deps" "--format-version=1", kill_on_drop: false }`
[INFO] [stdout] 313639c13c4a9b8786c18cc32c296b7819e310263f09ef09fa5144673052d485
[INFO] running `Command { std: "docker" "start" "-a" "313639c13c4a9b8786c18cc32c296b7819e310263f09ef09fa5144673052d485", kill_on_drop: false }`
[INFO] running `Command { std: "docker" "inspect" "313639c13c4a9b8786c18cc32c296b7819e310263f09ef09fa5144673052d485", kill_on_drop: false }`
[INFO] running `Command { std: "docker" "rm" "-f" "313639c13c4a9b8786c18cc32c296b7819e310263f09ef09fa5144673052d485", kill_on_drop: false }`
[INFO] [stdout] 313639c13c4a9b8786c18cc32c296b7819e310263f09ef09fa5144673052d485
[INFO] running `Command { std: "docker" "create" "-v" "/var/lib/crater-agent-workspace/builds/worker-6-tc1/target:/opt/rustwide/target:rw,Z" "-v" "/var/lib/crater-agent-workspace/builds/worker-6-tc1/source:/opt/rustwide/workdir:ro,Z" "-v" "/var/lib/crater-agent-workspace/cargo-home:/opt/rustwide/cargo-home:ro,Z" "-v" "/var/lib/crater-agent-workspace/rustup-home:/opt/rustwide/rustup-home:ro,Z" "-e" "SOURCE_DIR=/opt/rustwide/workdir" "-e" "CARGO_TARGET_DIR=/opt/rustwide/target" "-e" "CARGO_INCREMENTAL=0" "-e" "RUST_BACKTRACE=full" "-e" "RUSTFLAGS=--cap-lints=warn" "-e" "RUSTDOCFLAGS=--cap-lints=warn" "-e" "CARGO_HOME=/opt/rustwide/cargo-home" "-e" "RUSTUP_HOME=/opt/rustwide/rustup-home" "-w" "/opt/rustwide/workdir" "-m" "1610612736" "--user" "0:0" "--network" "none" "ghcr.io/rust-lang/crates-build-env/linux@sha256:2788e3201cd34a07e3172128adcd8b3090168a8e3bcc40d7c032b9dda1df7d1c" "/opt/rustwide/cargo-home/bin/cargo" "+1.75.0" "build" "--frozen" "--message-format=json", kill_on_drop: false }`
[INFO] [stdout] e0253355e7be541ece3cdd079af72a8984952b2bc7b42990a93ea30e57b84172
[INFO] running `Command { std: "docker" "start" "-a" "e0253355e7be541ece3cdd079af72a8984952b2bc7b42990a93ea30e57b84172", kill_on_drop: false }`
[INFO] [stderr]    Compiling serde v1.0.194
[INFO] [stderr]    Compiling generic-array v0.14.7
[INFO] [stderr]    Compiling subtle v2.5.0
[INFO] [stderr]    Compiling syn v1.0.109
[INFO] [stderr]    Compiling syn v2.0.48
[INFO] [stderr]    Compiling getrandom v0.2.11
[INFO] [stderr]    Compiling jobserver v0.1.27
[INFO] [stderr]    Compiling semver v1.0.21
[INFO] [stderr]    Compiling getrandom v0.1.16
[INFO] [stderr]    Compiling rand_core v0.6.4
[INFO] [stderr]    Compiling ahash v0.8.7
[INFO] [stderr]    Compiling cc v1.0.83
[INFO] [stderr]    Compiling either v1.9.0
[INFO] [stderr]    Compiling rand_chacha v0.3.1
[INFO] [stderr]    Compiling rustc_version v0.4.0
[INFO] [stderr]    Compiling zerocopy v0.7.32
[INFO] [stderr]    Compiling crunchy v0.2.2
[INFO] [stderr]    Compiling rand_core v0.5.1
[INFO] [stderr]    Compiling rand v0.8.5
[INFO] [stderr]    Compiling paste v1.0.14
[INFO] [stderr]    Compiling futures-io v0.3.30
[INFO] [stderr]    Compiling wasm-bindgen-shared v0.2.89
[INFO] [stderr]    Compiling rand_chacha v0.2.2
[INFO] [stderr]    Compiling hashbrown v0.13.2
[INFO] [stderr]    Compiling itertools v0.10.5
[INFO] [stderr]    Compiling toml_datetime v0.6.5
[INFO] [stderr]    Compiling ark-std v0.4.0
[INFO] [stderr]    Compiling winnow v0.5.32
[INFO] [stderr]    Compiling strsim v0.10.0
[INFO] [stderr]    Compiling rand v0.7.3
[INFO] [stderr]    Compiling ahash v0.7.7
[INFO] [stderr]    Compiling byteorder v1.5.0
[INFO] [stderr]    Compiling feature-probe v0.1.1
[INFO] [stderr]    Compiling openssl-sys v0.9.98
[INFO] [stderr]    Compiling ident_case v1.0.1
[INFO] [stderr]    Compiling bumpalo v3.14.0
[INFO] [stderr]    Compiling bv v0.11.1
[INFO] [stderr]    Compiling blake3 v1.5.0
[INFO] [stderr]    Compiling tokio v1.35.1
[INFO] [stderr]    Compiling wasm-bindgen-backend v0.2.89
[INFO] [stderr]    Compiling darling_core v0.20.3
[INFO] [stderr]    Compiling solana-frozen-abi-macro v1.17.4
[INFO] [stderr]    Compiling bitmaps v2.1.0
[INFO] [stderr]    Compiling im v15.1.0
[INFO] [stderr]    Compiling rustversion v1.0.14
[INFO] [stderr]    Compiling toml_edit v0.19.15
[INFO] [stderr]    Compiling arrayref v0.3.7
[INFO] [stderr]    Compiling openssl v0.10.62
[INFO] [stderr]    Compiling tracing v0.1.40
[INFO] [stderr]    Compiling sized-chunks v0.6.5
[INFO] [stderr]    Compiling borsh-derive-internal v0.9.3
[INFO] [stderr]    Compiling borsh-derive-internal v0.10.3
[INFO] [stderr]    Compiling borsh-schema-derive-internal v0.9.3
[INFO] [stderr]    Compiling borsh-schema-derive-internal v0.10.3
[INFO] [stderr]    Compiling wasm-bindgen-macro-support v0.2.89
[INFO] [stderr]    Compiling rayon v1.8.0
[INFO] [stderr]    Compiling proc-macro-crate v1.3.1
[INFO] [stderr]    Compiling serde_derive v1.0.194
[INFO] [stderr]    Compiling zeroize_derive v1.4.2
[INFO] [stderr]    Compiling futures-macro v0.3.30
[INFO] [stderr]    Compiling thiserror-impl v1.0.56
[INFO] [stderr]    Compiling ark-serialize-derive v0.4.2
[INFO] [stderr]    Compiling ark-ff-macros v0.4.2
[INFO] [stderr]    Compiling zeroize v1.3.0
[INFO] [stderr]    Compiling derivative v2.2.0
[INFO] [stderr]    Compiling ark-ff-asm v0.4.2
[INFO] [stderr]    Compiling futures-util v0.3.30
[INFO] [stderr]    Compiling darling_macro v0.20.3
[INFO] [stderr]    Compiling thiserror v1.0.56
[INFO] [stderr]    Compiling openssl-macros v0.1.1
[INFO] [stderr]    Compiling solana-frozen-abi v1.17.4
[INFO] [stderr]    Compiling rand_xoshiro v0.6.0
[INFO] [stderr]    Compiling memoffset v0.9.0
[INFO] [stderr]    Compiling lock_api v0.4.11
[INFO] [stderr]    Compiling signature v1.6.4
[INFO] [stderr]    Compiling parking_lot_core v0.8.6
[INFO] [stderr]    Compiling arrayvec v0.7.4
[INFO] [stderr]    Compiling wasm-bindgen v0.2.89
[INFO] [stderr]    Compiling bs58 v0.4.0
[INFO] [stderr]    Compiling constant_time_eq v0.3.0
[INFO] [stderr]    Compiling ed25519 v1.5.3
[INFO] [stderr]    Compiling native-tls v0.2.11
[INFO] [stderr]    Compiling hashbrown v0.11.2
[INFO] [stderr]    Compiling darling v0.20.3
[INFO] [stderr]    Compiling tokio-util v0.7.10
[INFO] [stderr]    Compiling bytemuck_derive v1.5.0
[INFO] [stderr]    Compiling wasm-bindgen-macro v0.2.89
[INFO] [stderr]    Compiling solana-program v1.17.4
[INFO] [stderr]    Compiling memmap2 v0.5.10
[INFO] [stderr]    Compiling instant v0.1.12
[INFO] [stderr]    Compiling indexmap v1.9.3
[INFO] [stderr]    Compiling base64 v0.12.3
[INFO] [stderr]    Compiling rustc-hash v1.1.0
[INFO] [stderr]    Compiling keccak v0.1.4
[INFO] [stderr]    Compiling humantime v2.1.0
[INFO] [stderr]    Compiling smallvec v1.11.2
[INFO] [stderr]    Compiling solana-sdk-macro v1.17.4
[INFO] [stderr]    Compiling env_logger v0.9.3
[INFO] [stderr]    Compiling futures-executor v0.3.30
[INFO] [stderr]    Compiling h2 v0.3.22
[INFO] [stderr]    Compiling serde_with_macros v2.3.3
[INFO] [stderr]    Compiling bytemuck v1.14.0
[INFO] [stderr]    Compiling num_enum_derive v0.6.1
[INFO] [stderr]    Compiling num-derive v0.3.3
[INFO] [stderr]    Compiling solana-sdk v1.17.4
[INFO] [stderr]    Compiling os_str_bytes v6.6.1
[INFO] [stderr]    Compiling hashbrown v0.12.3
[INFO] [stderr]    Compiling derivation-path v0.2.0
[INFO] [stderr]    Compiling clap_lex v0.2.4
[INFO] [stderr]    Compiling idna v0.5.0
[INFO] [stderr]    Compiling futures v0.3.30
[INFO] [stderr]    Compiling solana-logger v1.17.4
[INFO] [stderr]    Compiling parking_lot v0.11.2
[INFO] [stderr]    Compiling num_enum_derive v0.5.11
[INFO] [stderr]    Compiling qualifier_attr v0.2.2
[INFO] [stderr]    Compiling qstring v0.7.2
[INFO] [stderr]    Compiling num_enum v0.6.1
[INFO] [stderr]    Compiling uriparse v0.6.4
[INFO] [stderr]    Compiling solana-extra-wasm v1.17.4
[INFO] [stderr]    Compiling textwrap v0.16.0
[INFO] [stderr]    Compiling assert_matches v1.5.0
[INFO] [stderr]    Compiling unicode-width v0.1.11
[INFO] [stderr]    Compiling fluvio-wasm-timer v0.2.5
[INFO] [stderr]    Compiling console v0.15.7
[INFO] [stderr]    Compiling toml v0.5.11
[INFO] [stderr]    Compiling bitflags v2.4.1
[INFO] [stderr]    Compiling serde_json v1.0.111
[INFO] [stderr]    Compiling serde_bytes v0.11.14
[INFO] [stderr]    Compiling block-buffer v0.10.4
[INFO] [stderr]    Compiling crypto-common v0.1.6
[INFO] [stderr]    Compiling digest v0.10.7
[INFO] [stderr]    Compiling digest v0.9.0
[INFO] [stderr]    Compiling ark-serialize v0.4.2
[INFO] [stderr]    Compiling libsecp256k1-core v0.2.2
[INFO] [stderr]    Compiling block-buffer v0.9.0
[INFO] [stderr]    Compiling crypto-mac v0.8.0
[INFO] [stderr]    Compiling ark-ff v0.4.2
[INFO] [stderr]    Compiling sha2 v0.9.9
[INFO] [stderr]    Compiling proc-macro-crate v0.1.5
[INFO] [stderr]    Compiling hmac v0.8.1
[INFO] [stderr]    Compiling sha2 v0.10.8
[INFO] [stderr]    Compiling libsecp256k1-gen-ecmult v0.2.1
[INFO] [stderr]    Compiling libsecp256k1-gen-genmult v0.2.1
[INFO] [stderr]    Compiling curve25519-dalek v3.2.1
[INFO] [stderr]    Compiling hmac-drbg v0.3.0
[INFO] [stderr]    Compiling borsh-derive v0.10.3
[INFO] [stderr]    Compiling borsh-derive v0.9.3
[INFO] [stderr]    Compiling pbkdf2 v0.4.0
[INFO] [stderr]    Compiling tiny-bip39 v0.8.2
[INFO] [stderr]    Compiling libsecp256k1 v0.6.0
[INFO] [stderr]    Compiling borsh v0.10.3
[INFO] [stderr]    Compiling borsh v0.9.3
[INFO] [stderr]    Compiling ed25519-dalek v1.0.1
[INFO] [stderr]    Compiling sha3 v0.10.8
[INFO] [stderr]    Compiling hmac v0.12.1
[INFO] [stderr]    Compiling bincode v1.3.3
[INFO] [stderr]    Compiling ed25519-dalek-bip32 v0.2.0
[INFO] [stderr]    Compiling pbkdf2 v0.11.0
[INFO] [stderr]    Compiling hyper v0.14.28
[INFO] [stderr]    Compiling chrono v0.4.31
[INFO] [stderr]    Compiling serde_with v2.3.3
[INFO] [stderr]    Compiling tokio-native-tls v0.3.1
[INFO] [stderr]    Compiling num_enum v0.5.11
[INFO] [stderr]    Compiling serde_urlencoded v0.7.1
[INFO] [stderr]    Compiling clap v3.2.25
[INFO] [stderr]    Compiling url v2.5.0
[INFO] [stderr]    Compiling Inflector v0.11.4
[INFO] [stderr]    Compiling async-trait v0.1.77
[INFO] [stderr]    Compiling hyper-tls v0.5.0
[INFO] [stderr]    Compiling reqwest v0.11.23
[INFO] [stderr]    Compiling ark-poly v0.4.2
[INFO] [stderr]    Compiling ark-ec v0.4.2
[INFO] [stderr]    Compiling ark-bn254 v0.4.0
[INFO] [stderr]    Compiling light-poseidon v0.1.2
[INFO] [stderr]    Compiling solana-client-wasm v1.17.4 (/opt/rustwide/workdir)
[INFO] [stdout] warning: unused imports: `GetBlockCommitmentRequest`, `GetBlockCommitmentResponse`, `GetHealthRequest`, `GetHealthResponse`, `GetHighestSnapshotSlotRequest`, `GetHighestSnapshotSlotResponse`, `GetIdentityRequest`, `GetIdentityResponse`, `GetMaxRetransmitSlotRequest`, `GetMaxRetransmitSlotResponse`, `GetSlotLeaderRequest`, `GetSlotLeaderResponse`, `GetSlotLeadersRequest`, `GetSlotLeadersResponse`, `GetStakeActivationRequest`, `GetStakeActivationResponse`, `GetTokenAccountsByDelegateRequest`, `GetTokenAccountsByDelegateResponse`, `GetTokenLargestAccountsRequest`, `GetTokenLargestAccountsResponse`
[INFO] [stdout]    --> src/methods/mod.rs:58:24
[INFO] [stdout]     |
[INFO] [stdout] 58  |     block_commitment::{GetBlockCommitmentRequest, GetBlockCommitmentResponse},
[INFO] [stdout]     |                        ^^^^^^^^^^^^^^^^^^^^^^^^^  ^^^^^^^^^^^^^^^^^^^^^^^^^^
[INFO] [stdout] ...
[INFO] [stdout] 71  |     health::{GetHealthRequest, GetHealthResponse},
[INFO] [stdout]     |              ^^^^^^^^^^^^^^^^  ^^^^^^^^^^^^^^^^^
[INFO] [stdout] 72  |     highest_snapshot_slot::{GetHighestSnapshotSlotRequest, GetHighestSnapshotSlotResponse},
[INFO] [stdout]     |                             ^^^^^^^^^^^^^^^^^^^^^^^^^^^^^  ^^^^^^^^^^^^^^^^^^^^^^^^^^^^^^
[INFO] [stdout] 73  |     identity::{GetIdentityRequest, GetIdentityResponse},
[INFO] [stdout]     |                ^^^^^^^^^^^^^^^^^^  ^^^^^^^^^^^^^^^^^^^
[INFO] [stdout] ...
[INFO] [stdout] 80  |     max_retransmit_slot::{GetMaxRetransmitSlotRequest, GetMaxRetransmitSlotResponse},
[INFO] [stdout]     |                           ^^^^^^^^^^^^^^^^^^^^^^^^^^^  ^^^^^^^^^^^^^^^^^^^^^^^^^^^^
[INFO] [stdout] ...
[INFO] [stdout] 99  |     slot_leader::{GetSlotLeaderRequest, GetSlotLeaderResponse},
[INFO] [stdout]     |                   ^^^^^^^^^^^^^^^^^^^^  ^^^^^^^^^^^^^^^^^^^^^
[INFO] [stdout] 100 |     slot_leaders::{GetSlotLeadersRequest, GetSlotLeadersResponse},
[INFO] [stdout]     |                    ^^^^^^^^^^^^^^^^^^^^^  ^^^^^^^^^^^^^^^^^^^^^^
[INFO] [stdout] 101 |     stake_activation::{GetStakeActivationRequest, GetStakeActivationResponse},
[INFO] [stdout]     |                        ^^^^^^^^^^^^^^^^^^^^^^^^^  ^^^^^^^^^^^^^^^^^^^^^^^^^^
[INFO] [stdout] ...
[INFO] [stdout] 105 |         GetTokenAccountsByDelegateRequest, GetTokenAccountsByDelegateResponse,
[INFO] [stdout]     |         ^^^^^^^^^^^^^^^^^^^^^^^^^^^^^^^^^  ^^^^^^^^^^^^^^^^^^^^^^^^^^^^^^^^^^
[INFO] [stdout] ...
[INFO] [stdout] 108 |     token_largest_accounts::{GetTokenLargestAccountsRequest, GetTokenLargestAccountsResponse},
[INFO] [stdout]     |                              ^^^^^^^^^^^^^^^^^^^^^^^^^^^^^^  ^^^^^^^^^^^^^^^^^^^^^^^^^^^^^^^
[INFO] [stdout]     |
[INFO] [stdout]     = note: `#[warn(unused_imports)]` on by default
[INFO] [stdout] 
[INFO] [stdout] 
[INFO] [stdout] warning: 1 warning emitted
[INFO] [stdout] 
[INFO] [stdout] 
[INFO] [stderr]     Finished dev [unoptimized + debuginfo] target(s) in 2m 35s
[INFO] running `Command { std: "docker" "inspect" "e0253355e7be541ece3cdd079af72a8984952b2bc7b42990a93ea30e57b84172", kill_on_drop: false }`
[INFO] running `Command { std: "docker" "rm" "-f" "e0253355e7be541ece3cdd079af72a8984952b2bc7b42990a93ea30e57b84172", kill_on_drop: false }`
[INFO] [stdout] e0253355e7be541ece3cdd079af72a8984952b2bc7b42990a93ea30e57b84172
[INFO] running `Command { std: "docker" "create" "-v" "/var/lib/crater-agent-workspace/builds/worker-6-tc1/target:/opt/rustwide/target:rw,Z" "-v" "/var/lib/crater-agent-workspace/builds/worker-6-tc1/source:/opt/rustwide/workdir:ro,Z" "-v" "/var/lib/crater-agent-workspace/cargo-home:/opt/rustwide/cargo-home:ro,Z" "-v" "/var/lib/crater-agent-workspace/rustup-home:/opt/rustwide/rustup-home:ro,Z" "-e" "SOURCE_DIR=/opt/rustwide/workdir" "-e" "CARGO_TARGET_DIR=/opt/rustwide/target" "-e" "CARGO_INCREMENTAL=0" "-e" "RUST_BACKTRACE=full" "-e" "RUSTFLAGS=--cap-lints=warn" "-e" "RUSTDOCFLAGS=--cap-lints=warn" "-e" "CARGO_HOME=/opt/rustwide/cargo-home" "-e" "RUSTUP_HOME=/opt/rustwide/rustup-home" "-w" "/opt/rustwide/workdir" "-m" "1610612736" "--user" "0:0" "--network" "none" "ghcr.io/rust-lang/crates-build-env/linux@sha256:2788e3201cd34a07e3172128adcd8b3090168a8e3bcc40d7c032b9dda1df7d1c" "/opt/rustwide/cargo-home/bin/cargo" "+1.75.0" "test" "--frozen" "--no-run" "--message-format=json", kill_on_drop: false }`
[INFO] [stdout] 1e687f40466ba8ae71f31970e1401c1802987fe6d19a0cbbae007a994b330ef8
[INFO] running `Command { std: "docker" "start" "-a" "1e687f40466ba8ae71f31970e1401c1802987fe6d19a0cbbae007a994b330ef8", kill_on_drop: false }`
[INFO] [stderr]    Compiling js-sys v0.3.66
[INFO] [stderr]    Compiling console_error_panic_hook v0.1.7
[INFO] [stderr]    Compiling wasm-bindgen-test-macro v0.3.39
[INFO] [stdout] warning: unused imports: `GetBlockCommitmentRequest`, `GetBlockCommitmentResponse`, `GetHealthRequest`, `GetHealthResponse`, `GetHighestSnapshotSlotRequest`, `GetHighestSnapshotSlotResponse`, `GetIdentityRequest`, `GetIdentityResponse`, `GetMaxRetransmitSlotRequest`, `GetMaxRetransmitSlotResponse`, `GetSlotLeaderRequest`, `GetSlotLeaderResponse`, `GetSlotLeadersRequest`, `GetSlotLeadersResponse`, `GetStakeActivationRequest`, `GetStakeActivationResponse`, `GetTokenAccountsByDelegateRequest`, `GetTokenAccountsByDelegateResponse`, `GetTokenLargestAccountsRequest`, `GetTokenLargestAccountsResponse`
[INFO] [stdout]    --> src/methods/mod.rs:58:24
[INFO] [stdout]     |
[INFO] [stdout] 58  |     block_commitment::{GetBlockCommitmentRequest, GetBlockCommitmentResponse},
[INFO] [stdout]     |                        ^^^^^^^^^^^^^^^^^^^^^^^^^  ^^^^^^^^^^^^^^^^^^^^^^^^^^
[INFO] [stdout] ...
[INFO] [stdout] 71  |     health::{GetHealthRequest, GetHealthResponse},
[INFO] [stdout]     |              ^^^^^^^^^^^^^^^^  ^^^^^^^^^^^^^^^^^
[INFO] [stdout] 72  |     highest_snapshot_slot::{GetHighestSnapshotSlotRequest, GetHighestSnapshotSlotResponse},
[INFO] [stdout]     |                             ^^^^^^^^^^^^^^^^^^^^^^^^^^^^^  ^^^^^^^^^^^^^^^^^^^^^^^^^^^^^^
[INFO] [stdout] 73  |     identity::{GetIdentityRequest, GetIdentityResponse},
[INFO] [stdout]     |                ^^^^^^^^^^^^^^^^^^  ^^^^^^^^^^^^^^^^^^^
[INFO] [stdout] ...
[INFO] [stdout] 80  |     max_retransmit_slot::{GetMaxRetransmitSlotRequest, GetMaxRetransmitSlotResponse},
[INFO] [stdout]     |                           ^^^^^^^^^^^^^^^^^^^^^^^^^^^  ^^^^^^^^^^^^^^^^^^^^^^^^^^^^
[INFO] [stdout] ...
[INFO] [stdout] 99  |     slot_leader::{GetSlotLeaderRequest, GetSlotLeaderResponse},
[INFO] [stdout]     |                   ^^^^^^^^^^^^^^^^^^^^  ^^^^^^^^^^^^^^^^^^^^^
[INFO] [stdout] 100 |     slot_leaders::{GetSlotLeadersRequest, GetSlotLeadersResponse},
[INFO] [stdout]     |                    ^^^^^^^^^^^^^^^^^^^^^  ^^^^^^^^^^^^^^^^^^^^^^
[INFO] [stdout] 101 |     stake_activation::{GetStakeActivationRequest, GetStakeActivationResponse},
[INFO] [stdout]     |                        ^^^^^^^^^^^^^^^^^^^^^^^^^  ^^^^^^^^^^^^^^^^^^^^^^^^^^
[INFO] [stdout] ...
[INFO] [stdout] 105 |         GetTokenAccountsByDelegateRequest, GetTokenAccountsByDelegateResponse,
[INFO] [stdout]     |         ^^^^^^^^^^^^^^^^^^^^^^^^^^^^^^^^^  ^^^^^^^^^^^^^^^^^^^^^^^^^^^^^^^^^^
[INFO] [stdout] ...
[INFO] [stdout] 108 |     token_largest_accounts::{GetTokenLargestAccountsRequest, GetTokenLargestAccountsResponse},
[INFO] [stdout]     |                              ^^^^^^^^^^^^^^^^^^^^^^^^^^^^^^  ^^^^^^^^^^^^^^^^^^^^^^^^^^^^^^^
[INFO] [stdout]     |
[INFO] [stdout]     = note: `#[warn(unused_imports)]` on by default
[INFO] [stdout] 
[INFO] [stdout] 
[INFO] [stdout] warning: 1 warning emitted
[INFO] [stdout] 
[INFO] [stdout] 
[INFO] [stderr]    Compiling wasm-bindgen-futures v0.4.39
[INFO] [stderr]    Compiling wasm-bindgen-test v0.3.39
[INFO] [stderr]    Compiling solana-client-wasm v1.17.4 (/opt/rustwide/workdir)
[INFO] [stdout] warning: unused imports: `GetBlockCommitmentRequest`, `GetBlockCommitmentResponse`, `GetHealthRequest`, `GetHealthResponse`, `GetHighestSnapshotSlotRequest`, `GetHighestSnapshotSlotResponse`, `GetIdentityRequest`, `GetIdentityResponse`, `GetMaxRetransmitSlotRequest`, `GetMaxRetransmitSlotResponse`, `GetSlotLeaderRequest`, `GetSlotLeaderResponse`, `GetSlotLeadersRequest`, `GetSlotLeadersResponse`, `GetStakeActivationRequest`, `GetStakeActivationResponse`, `GetTokenAccountsByDelegateRequest`, `GetTokenAccountsByDelegateResponse`, `GetTokenLargestAccountsRequest`, `GetTokenLargestAccountsResponse`
[INFO] [stdout]    --> src/methods/mod.rs:58:24
[INFO] [stdout]     |
[INFO] [stdout] 58  |     block_commitment::{GetBlockCommitmentRequest, GetBlockCommitmentResponse},
[INFO] [stdout]     |                        ^^^^^^^^^^^^^^^^^^^^^^^^^  ^^^^^^^^^^^^^^^^^^^^^^^^^^
[INFO] [stdout] ...
[INFO] [stdout] 71  |     health::{GetHealthRequest, GetHealthResponse},
[INFO] [stdout]     |              ^^^^^^^^^^^^^^^^  ^^^^^^^^^^^^^^^^^
[INFO] [stdout] 72  |     highest_snapshot_slot::{GetHighestSnapshotSlotRequest, GetHighestSnapshotSlotResponse},
[INFO] [stdout]     |                             ^^^^^^^^^^^^^^^^^^^^^^^^^^^^^  ^^^^^^^^^^^^^^^^^^^^^^^^^^^^^^
[INFO] [stdout] 73  |     identity::{GetIdentityRequest, GetIdentityResponse},
[INFO] [stdout]     |                ^^^^^^^^^^^^^^^^^^  ^^^^^^^^^^^^^^^^^^^
[INFO] [stdout] ...
[INFO] [stdout] 80  |     max_retransmit_slot::{GetMaxRetransmitSlotRequest, GetMaxRetransmitSlotResponse},
[INFO] [stdout]     |                           ^^^^^^^^^^^^^^^^^^^^^^^^^^^  ^^^^^^^^^^^^^^^^^^^^^^^^^^^^
[INFO] [stdout] ...
[INFO] [stdout] 99  |     slot_leader::{GetSlotLeaderRequest, GetSlotLeaderResponse},
[INFO] [stdout]     |                   ^^^^^^^^^^^^^^^^^^^^  ^^^^^^^^^^^^^^^^^^^^^
[INFO] [stdout] 100 |     slot_leaders::{GetSlotLeadersRequest, GetSlotLeadersResponse},
[INFO] [stdout]     |                    ^^^^^^^^^^^^^^^^^^^^^  ^^^^^^^^^^^^^^^^^^^^^^
[INFO] [stdout] 101 |     stake_activation::{GetStakeActivationRequest, GetStakeActivationResponse},
[INFO] [stdout]     |                        ^^^^^^^^^^^^^^^^^^^^^^^^^  ^^^^^^^^^^^^^^^^^^^^^^^^^^
[INFO] [stdout] ...
[INFO] [stdout] 105 |         GetTokenAccountsByDelegateRequest, GetTokenAccountsByDelegateResponse,
[INFO] [stdout]     |         ^^^^^^^^^^^^^^^^^^^^^^^^^^^^^^^^^  ^^^^^^^^^^^^^^^^^^^^^^^^^^^^^^^^^^
[INFO] [stdout] ...
[INFO] [stdout] 108 |     token_largest_accounts::{GetTokenLargestAccountsRequest, GetTokenLargestAccountsResponse},
[INFO] [stdout]     |                              ^^^^^^^^^^^^^^^^^^^^^^^^^^^^^^  ^^^^^^^^^^^^^^^^^^^^^^^^^^^^^^^
[INFO] [stdout]     |
[INFO] [stdout]     = note: `#[warn(unused_imports)]` on by default
[INFO] [stdout] 
[INFO] [stdout] 
[INFO] [stdout] warning: 1 warning emitted
[INFO] [stdout] 
[INFO] [stdout] 
[INFO] [stderr]     Finished test [unoptimized + debuginfo] target(s) in 12.18s
[INFO] running `Command { std: "docker" "inspect" "1e687f40466ba8ae71f31970e1401c1802987fe6d19a0cbbae007a994b330ef8", kill_on_drop: false }`
[INFO] running `Command { std: "docker" "rm" "-f" "1e687f40466ba8ae71f31970e1401c1802987fe6d19a0cbbae007a994b330ef8", kill_on_drop: false }`
[INFO] [stdout] 1e687f40466ba8ae71f31970e1401c1802987fe6d19a0cbbae007a994b330ef8
[INFO] running `Command { std: "docker" "create" "-v" "/var/lib/crater-agent-workspace/builds/worker-6-tc1/target:/opt/rustwide/target:rw,Z" "-v" "/var/lib/crater-agent-workspace/builds/worker-6-tc1/source:/opt/rustwide/workdir:ro,Z" "-v" "/var/lib/crater-agent-workspace/cargo-home:/opt/rustwide/cargo-home:ro,Z" "-v" "/var/lib/crater-agent-workspace/rustup-home:/opt/rustwide/rustup-home:ro,Z" "-e" "SOURCE_DIR=/opt/rustwide/workdir" "-e" "CARGO_TARGET_DIR=/opt/rustwide/target" "-e" "CARGO_INCREMENTAL=0" "-e" "RUST_BACKTRACE=full" "-e" "RUSTFLAGS=--cap-lints=warn" "-e" "RUSTDOCFLAGS=--cap-lints=warn" "-e" "CARGO_HOME=/opt/rustwide/cargo-home" "-e" "RUSTUP_HOME=/opt/rustwide/rustup-home" "-w" "/opt/rustwide/workdir" "-m" "1610612736" "--user" "0:0" "--network" "none" "ghcr.io/rust-lang/crates-build-env/linux@sha256:2788e3201cd34a07e3172128adcd8b3090168a8e3bcc40d7c032b9dda1df7d1c" "/opt/rustwide/cargo-home/bin/cargo" "+1.75.0" "test" "--frozen", kill_on_drop: false }`
[INFO] [stdout] 3a6312873d876c945327c0ce696735df8470226cb1482c6ddbafa9eaddab4160
[INFO] running `Command { std: "docker" "start" "-a" "3a6312873d876c945327c0ce696735df8470226cb1482c6ddbafa9eaddab4160", kill_on_drop: false }`
[INFO] [stderr] warning: unused imports: `GetBlockCommitmentRequest`, `GetBlockCommitmentResponse`, `GetHealthRequest`, `GetHealthResponse`, `GetHighestSnapshotSlotRequest`, `GetHighestSnapshotSlotResponse`, `GetIdentityRequest`, `GetIdentityResponse`, `GetMaxRetransmitSlotRequest`, `GetMaxRetransmitSlotResponse`, `GetSlotLeaderRequest`, `GetSlotLeaderResponse`, `GetSlotLeadersRequest`, `GetSlotLeadersResponse`, `GetStakeActivationRequest`, `GetStakeActivationResponse`, `GetTokenAccountsByDelegateRequest`, `GetTokenAccountsByDelegateResponse`, `GetTokenLargestAccountsRequest`, `GetTokenLargestAccountsResponse`
[INFO] [stderr]    --> src/methods/mod.rs:58:24
[INFO] [stderr]     |
[INFO] [stderr] 58  |     block_commitment::{GetBlockCommitmentRequest, GetBlockCommitmentResponse},
[INFO] [stderr]     |                        ^^^^^^^^^^^^^^^^^^^^^^^^^  ^^^^^^^^^^^^^^^^^^^^^^^^^^
[INFO] [stderr] ...
[INFO] [stderr] 71  |     health::{GetHealthRequest, GetHealthResponse},
[INFO] [stderr]     |              ^^^^^^^^^^^^^^^^  ^^^^^^^^^^^^^^^^^
[INFO] [stderr] 72  |     highest_snapshot_slot::{GetHighestSnapshotSlotRequest, GetHighestSnapshotSlotResponse},
[INFO] [stderr]     |                             ^^^^^^^^^^^^^^^^^^^^^^^^^^^^^  ^^^^^^^^^^^^^^^^^^^^^^^^^^^^^^
[INFO] [stderr] 73  |     identity::{GetIdentityRequest, GetIdentityResponse},
[INFO] [stderr]     |                ^^^^^^^^^^^^^^^^^^  ^^^^^^^^^^^^^^^^^^^
[INFO] [stderr] ...
[INFO] [stderr] 80  |     max_retransmit_slot::{GetMaxRetransmitSlotRequest, GetMaxRetransmitSlotResponse},
[INFO] [stderr]     |                           ^^^^^^^^^^^^^^^^^^^^^^^^^^^  ^^^^^^^^^^^^^^^^^^^^^^^^^^^^
[INFO] [stderr] ...
[INFO] [stderr] 99  |     slot_leader::{GetSlotLeaderRequest, GetSlotLeaderResponse},
[INFO] [stderr]     |                   ^^^^^^^^^^^^^^^^^^^^  ^^^^^^^^^^^^^^^^^^^^^
[INFO] [stderr] 100 |     slot_leaders::{GetSlotLeadersRequest, GetSlotLeadersResponse},
[INFO] [stderr]     |                    ^^^^^^^^^^^^^^^^^^^^^  ^^^^^^^^^^^^^^^^^^^^^^
[INFO] [stderr] 101 |     stake_activation::{GetStakeActivationRequest, GetStakeActivationResponse},
[INFO] [stderr]     |                        ^^^^^^^^^^^^^^^^^^^^^^^^^  ^^^^^^^^^^^^^^^^^^^^^^^^^^
[INFO] [stderr] ...
[INFO] [stderr] 105 |         GetTokenAccountsByDelegateRequest, GetTokenAccountsByDelegateResponse,
[INFO] [stderr]     |         ^^^^^^^^^^^^^^^^^^^^^^^^^^^^^^^^^  ^^^^^^^^^^^^^^^^^^^^^^^^^^^^^^^^^^
[INFO] [stderr] ...
[INFO] [stderr] 108 |     token_largest_accounts::{GetTokenLargestAccountsRequest, GetTokenLargestAccountsResponse},
[INFO] [stderr]     |                              ^^^^^^^^^^^^^^^^^^^^^^^^^^^^^^  ^^^^^^^^^^^^^^^^^^^^^^^^^^^^^^^
[INFO] [stderr]     |
[INFO] [stderr]     = note: `#[warn(unused_imports)]` on by default
[INFO] [stderr] 
[INFO] [stderr] warning: `solana-client-wasm` (lib) generated 1 warning (run `cargo fix --lib -p solana-client-wasm` to apply 1 suggestion)
[INFO] [stderr] warning: `solana-client-wasm` (lib test) generated 1 warning (1 duplicate)
[INFO] [stderr]     Finished test [unoptimized + debuginfo] target(s) in 0.35s
[INFO] [stdout] 
[INFO] [stderr]      Running unittests src/lib.rs (/opt/rustwide/target/debug/deps/solana_client_wasm-798e4de7c38ccb1d)
[INFO] [stdout] running 0 tests
[INFO] [stderr]    Doc-tests solana-client-wasm
[INFO] [stdout] 
[INFO] [stdout] test result: ok. 0 passed; 0 failed; 0 ignored; 0 measured; 0 filtered out; finished in 0.00s
[INFO] [stdout] 
[INFO] [stdout] 
[INFO] [stdout] running 2 tests
[INFO] [stdout] test src/utils/nonce_utils.rs - utils::nonce_utils::data_from_account (line 159) - compile ... FAILED
[INFO] [stdout] test src/utils/nonce_utils.rs - utils::nonce_utils::state_from_account (line 108) - compile ... FAILED
[INFO] [stdout] 
[INFO] [stdout] failures:
[INFO] [stdout] 
[INFO] [stdout] ---- src/utils/nonce_utils.rs - utils::nonce_utils::data_from_account (line 159) stdout ----
[INFO] [stdout] error[E0433]: failed to resolve: use of undeclared crate or module `solana_client`
[INFO] [stdout]  --> src/utils/nonce_utils.rs:160:5
[INFO] [stdout]   |
[INFO] [stdout] 3 | use solana_client::{
[INFO] [stdout]   |     ^^^^^^^^^^^^^ use of undeclared crate or module `solana_client`
[INFO] [stdout] 
[INFO] [stdout] error[E0432]: unresolved import `solana_client`
[INFO] [stdout]  --> src/utils/nonce_utils.rs:160:5
[INFO] [stdout]   |
[INFO] [stdout] 3 | use solana_client::{
[INFO] [stdout]   |     ^^^^^^^^^^^^^ use of undeclared crate or module `solana_client`
[INFO] [stdout] 
[INFO] [stdout] error[E0432]: unresolved import `anyhow`
[INFO] [stdout]   --> src/utils/nonce_utils.rs:173:5
[INFO] [stdout]    |
[INFO] [stdout] 16 | use anyhow::anyhow;
[INFO] [stdout]    |     ^^^^^^ use of undeclared crate or module `anyhow`
[INFO] [stdout] 
[INFO] [stdout] error: aborting due to 3 previous errors
[INFO] [stdout] 
[INFO] [stdout] Some errors have detailed explanations: E0432, E0433.
[INFO] [stdout] For more information about an error, try `rustc --explain E0432`.
[INFO] [stdout] Couldn't compile the test.
[INFO] [stdout] ---- src/utils/nonce_utils.rs - utils::nonce_utils::state_from_account (line 108) stdout ----
[INFO] [stdout] error[E0433]: failed to resolve: use of undeclared crate or module `solana_client`
[INFO] [stdout]  --> src/utils/nonce_utils.rs:109:5
[INFO] [stdout]   |
[INFO] [stdout] 3 | use solana_client::{
[INFO] [stdout]   |     ^^^^^^^^^^^^^ use of undeclared crate or module `solana_client`
[INFO] [stdout] 
[INFO] [stdout] error[E0432]: unresolved import `solana_client`
[INFO] [stdout]  --> src/utils/nonce_utils.rs:109:5
[INFO] [stdout]   |
[INFO] [stdout] 3 | use solana_client::{
[INFO] [stdout]   |     ^^^^^^^^^^^^^ use of undeclared crate or module `solana_client`
[INFO] [stdout] 
[INFO] [stdout] error[E0432]: unresolved import `anyhow`
[INFO] [stdout]   --> src/utils/nonce_utils.rs:117:5
[INFO] [stdout]    |
[INFO] [stdout] 11 | use anyhow::Result;
[INFO] [stdout]    |     ^^^^^^ use of undeclared crate or module `anyhow`
[INFO] [stdout] 
[INFO] [stdout] error[E0433]: failed to resolve: use of undeclared crate or module `anyhow`
[INFO] [stdout]   --> src/utils/nonce_utils.rs:136:10
[INFO] [stdout]    |
[INFO] [stdout] 30 | Ok::<(), anyhow::NonceError>(())
[INFO] [stdout]    |          ^^^^^^ use of undeclared crate or module `anyhow`
[INFO] [stdout] 
[INFO] [stdout] error: aborting due to 4 previous errors
[INFO] [stdout] 
[INFO] [stdout] Some errors have detailed explanations: E0432, E0433.
[INFO] [stdout] For more information about an error, try `rustc --explain E0432`.
[INFO] [stdout] Couldn't compile the test.
[INFO] [stdout] 
[INFO] [stdout] failures:
[INFO] [stdout]     src/utils/nonce_utils.rs - utils::nonce_utils::data_from_account (line 159)
[INFO] [stdout]     src/utils/nonce_utils.rs - utils::nonce_utils::state_from_account (line 108)
[INFO] [stdout] 
[INFO] [stdout] test result: FAILED. 0 passed; 2 failed; 0 ignored; 0 measured; 0 filtered out; finished in 0.31s
[INFO] [stdout] 
[INFO] [stderr] error: doctest failed, to rerun pass `--doc`
[INFO] running `Command { std: "docker" "inspect" "3a6312873d876c945327c0ce696735df8470226cb1482c6ddbafa9eaddab4160", kill_on_drop: false }`
[INFO] running `Command { std: "docker" "rm" "-f" "3a6312873d876c945327c0ce696735df8470226cb1482c6ddbafa9eaddab4160", kill_on_drop: false }`
[INFO] [stdout] 3a6312873d876c945327c0ce696735df8470226cb1482c6ddbafa9eaddab4160
[INFO] testing solana-client-wasm-1.17.4 against beta-2023-12-22 for beta-1.76-1
[INFO] extracting crate solana-client-wasm 1.17.4 into /workspace/builds/worker-6-tc2/source
[INFO] validating manifest of crates.io crate solana-client-wasm 1.17.4 on toolchain beta-2023-12-22
[INFO] running `Command { std: CARGO_HOME="/workspace/cargo-home" RUSTUP_HOME="/workspace/rustup-home" "/workspace/cargo-home/bin/cargo" "+beta-2023-12-22" "metadata" "--manifest-path" "Cargo.toml" "--no-deps", kill_on_drop: false }`
[INFO] started tweaking crates.io crate solana-client-wasm 1.17.4
[INFO] finished tweaking crates.io crate solana-client-wasm 1.17.4
[INFO] tweaked toml for crates.io crate solana-client-wasm 1.17.4 written to /workspace/builds/worker-6-tc2/source/Cargo.toml
[INFO] running `Command { std: CARGO_HOME="/workspace/cargo-home" RUSTUP_HOME="/workspace/rustup-home" "/workspace/cargo-home/bin/cargo" "+beta-2023-12-22" "generate-lockfile" "--manifest-path" "Cargo.toml", kill_on_drop: false }`
[INFO] [stderr]     Updating crates.io index
[INFO] running `Command { std: CARGO_HOME="/workspace/cargo-home" RUSTUP_HOME="/workspace/rustup-home" "/workspace/cargo-home/bin/cargo" "+beta-2023-12-22" "fetch" "--manifest-path" "Cargo.toml", kill_on_drop: false }`
[INFO] running `Command { std: "docker" "create" "-v" "/var/lib/crater-agent-workspace/builds/worker-6-tc2/target:/opt/rustwide/target:rw,Z" "-v" "/var/lib/crater-agent-workspace/builds/worker-6-tc2/source:/opt/rustwide/workdir:ro,Z" "-v" "/var/lib/crater-agent-workspace/cargo-home:/opt/rustwide/cargo-home:ro,Z" "-v" "/var/lib/crater-agent-workspace/rustup-home:/opt/rustwide/rustup-home:ro,Z" "-e" "SOURCE_DIR=/opt/rustwide/workdir" "-e" "CARGO_TARGET_DIR=/opt/rustwide/target" "-e" "CARGO_HOME=/opt/rustwide/cargo-home" "-e" "RUSTUP_HOME=/opt/rustwide/rustup-home" "-w" "/opt/rustwide/workdir" "-m" "1610612736" "--user" "0:0" "--network" "none" "ghcr.io/rust-lang/crates-build-env/linux@sha256:2788e3201cd34a07e3172128adcd8b3090168a8e3bcc40d7c032b9dda1df7d1c" "/opt/rustwide/cargo-home/bin/cargo" "+beta-2023-12-22" "metadata" "--no-deps" "--format-version=1", kill_on_drop: false }`
[INFO] [stdout] 3080e330738e85be423c8c91482eee33060f00bf76ef2be96d07b4358215070e
[INFO] running `Command { std: "docker" "start" "-a" "3080e330738e85be423c8c91482eee33060f00bf76ef2be96d07b4358215070e", kill_on_drop: false }`
[INFO] running `Command { std: "docker" "inspect" "3080e330738e85be423c8c91482eee33060f00bf76ef2be96d07b4358215070e", kill_on_drop: false }`
[INFO] running `Command { std: "docker" "rm" "-f" "3080e330738e85be423c8c91482eee33060f00bf76ef2be96d07b4358215070e", kill_on_drop: false }`
[INFO] [stdout] 3080e330738e85be423c8c91482eee33060f00bf76ef2be96d07b4358215070e
[INFO] running `Command { std: "docker" "create" "-v" "/var/lib/crater-agent-workspace/builds/worker-6-tc2/target:/opt/rustwide/target:rw,Z" "-v" "/var/lib/crater-agent-workspace/builds/worker-6-tc2/source:/opt/rustwide/workdir:ro,Z" "-v" "/var/lib/crater-agent-workspace/cargo-home:/opt/rustwide/cargo-home:ro,Z" "-v" "/var/lib/crater-agent-workspace/rustup-home:/opt/rustwide/rustup-home:ro,Z" "-e" "SOURCE_DIR=/opt/rustwide/workdir" "-e" "CARGO_TARGET_DIR=/opt/rustwide/target" "-e" "CARGO_INCREMENTAL=0" "-e" "RUST_BACKTRACE=full" "-e" "RUSTFLAGS=--cap-lints=warn" "-e" "RUSTDOCFLAGS=--cap-lints=warn" "-e" "CARGO_HOME=/opt/rustwide/cargo-home" "-e" "RUSTUP_HOME=/opt/rustwide/rustup-home" "-w" "/opt/rustwide/workdir" "-m" "1610612736" "--user" "0:0" "--network" "none" "ghcr.io/rust-lang/crates-build-env/linux@sha256:2788e3201cd34a07e3172128adcd8b3090168a8e3bcc40d7c032b9dda1df7d1c" "/opt/rustwide/cargo-home/bin/cargo" "+beta-2023-12-22" "build" "--frozen" "--message-format=json", kill_on_drop: false }`
[INFO] [stdout] 9e635c163cf582af2a06347ebd60fdb35fb462a51a833c555e19edf04db54663
[INFO] running `Command { std: "docker" "start" "-a" "9e635c163cf582af2a06347ebd60fdb35fb462a51a833c555e19edf04db54663", kill_on_drop: false }`
[INFO] [stderr]    Compiling serde v1.0.194
[INFO] [stderr]    Compiling generic-array v0.14.7
[INFO] [stderr]    Compiling subtle v2.5.0
[INFO] [stderr]    Compiling syn v1.0.109
[INFO] [stderr]    Compiling syn v2.0.48
[INFO] [stderr]    Compiling getrandom v0.2.11
[INFO] [stderr]    Compiling jobserver v0.1.27
[INFO] [stderr]    Compiling semver v1.0.21
[INFO] [stderr]    Compiling rand_core v0.6.4
[INFO] [stderr]    Compiling getrandom v0.1.16
[INFO] [stderr]    Compiling cc v1.0.83
[INFO] [stderr]    Compiling ahash v0.8.7
[INFO] [stderr]    Compiling either v1.9.0
[INFO] [stderr]    Compiling rand_chacha v0.3.1
[INFO] [stderr]    Compiling rustc_version v0.4.0
[INFO] [stderr]    Compiling zerocopy v0.7.32
[INFO] [stderr]    Compiling crunchy v0.2.2
[INFO] [stderr]    Compiling rand v0.8.5
[INFO] [stderr]    Compiling rand_core v0.5.1
[INFO] [stderr]    Compiling paste v1.0.14
[INFO] [stderr]    Compiling wasm-bindgen-shared v0.2.89
[INFO] [stderr]    Compiling futures-io v0.3.30
[INFO] [stderr]    Compiling rand_chacha v0.2.2
[INFO] [stderr]    Compiling hashbrown v0.13.2
[INFO] [stderr]    Compiling itertools v0.10.5
[INFO] [stderr]    Compiling ark-std v0.4.0
[INFO] [stderr]    Compiling toml_datetime v0.6.5
[INFO] [stderr]    Compiling strsim v0.10.0
[INFO] [stderr]    Compiling winnow v0.5.32
[INFO] [stderr]    Compiling rand v0.7.3
[INFO] [stderr]    Compiling ahash v0.7.7
[INFO] [stderr]    Compiling feature-probe v0.1.1
[INFO] [stderr]    Compiling bumpalo v3.14.0
[INFO] [stderr]    Compiling byteorder v1.5.0
[INFO] [stderr]    Compiling ident_case v1.0.1
[INFO] [stderr]    Compiling bv v0.11.1
[INFO] [stderr]    Compiling tokio v1.35.1
[INFO] [stderr]    Compiling solana-frozen-abi-macro v1.17.4
[INFO] [stderr]    Compiling openssl-sys v0.9.98
[INFO] [stderr]    Compiling blake3 v1.5.0
[INFO] [stderr]    Compiling bitmaps v2.1.0
[INFO] [stderr]    Compiling im v15.1.0
[INFO] [stderr]    Compiling arrayref v0.3.7
[INFO] [stderr]    Compiling rustversion v1.0.14
[INFO] [stderr]    Compiling openssl v0.10.62
[INFO] [stderr]    Compiling tracing v0.1.40
[INFO] [stderr]    Compiling toml_edit v0.19.15
[INFO] [stderr]    Compiling rayon v1.8.0
[INFO] [stderr]    Compiling sized-chunks v0.6.5
[INFO] [stderr]    Compiling solana-frozen-abi v1.17.4
[INFO] [stderr]    Compiling rand_xoshiro v0.6.0
[INFO] [stderr]    Compiling lock_api v0.4.11
[INFO] [stderr]    Compiling darling_core v0.20.3
[INFO] [stderr]    Compiling wasm-bindgen-backend v0.2.89
[INFO] [stderr]    Compiling borsh-derive-internal v0.10.3
[INFO] [stderr]    Compiling borsh-schema-derive-internal v0.9.3
[INFO] [stderr]    Compiling proc-macro-crate v1.3.1
[INFO] [stderr]    Compiling wasm-bindgen-macro-support v0.2.89
[INFO] [stderr]    Compiling borsh-schema-derive-internal v0.10.3
[INFO] [stderr]    Compiling borsh-derive-internal v0.9.3
[INFO] [stderr]    Compiling memoffset v0.9.0
[INFO] [stderr]    Compiling wasm-bindgen v0.2.89
[INFO] [stderr]    Compiling signature v1.6.4
[INFO] [stderr]    Compiling constant_time_eq v0.3.0
[INFO] [stderr]    Compiling parking_lot_core v0.8.6
[INFO] [stderr]    Compiling arrayvec v0.7.4
[INFO] [stderr]    Compiling bs58 v0.4.0
[INFO] [stderr]    Compiling native-tls v0.2.11
[INFO] [stderr]    Compiling serde_derive v1.0.194
[INFO] [stderr]    Compiling zeroize_derive v1.4.2
[INFO] [stderr]    Compiling futures-macro v0.3.30
[INFO] [stderr]    Compiling thiserror-impl v1.0.56
[INFO] [stderr]    Compiling openssl-macros v0.1.1
[INFO] [stderr]    Compiling darling_macro v0.20.3
[INFO] [stderr]    Compiling ark-serialize-derive v0.4.2
[INFO] [stderr]    Compiling ark-ff-macros v0.4.2
[INFO] [stderr]    Compiling derivative v2.2.0
[INFO] [stderr]    Compiling zeroize v1.3.0
[INFO] [stderr]    Compiling ark-ff-asm v0.4.2
[INFO] [stderr]    Compiling futures-util v0.3.30
[INFO] [stderr]    Compiling darling v0.20.3
[INFO] [stderr]    Compiling bytemuck_derive v1.5.0
[INFO] [stderr]    Compiling thiserror v1.0.56
[INFO] [stderr]    Compiling wasm-bindgen-macro v0.2.89
[INFO] [stderr]    Compiling ed25519 v1.5.3
[INFO] [stderr]    Compiling tokio-util v0.7.10
[INFO] [stderr]    Compiling hashbrown v0.11.2
[INFO] [stderr]    Compiling solana-program v1.17.4
[INFO] [stderr]    Compiling memmap2 v0.5.10
[INFO] [stderr]    Compiling indexmap v1.9.3
[INFO] [stderr]    Compiling instant v0.1.12
[INFO] [stderr]    Compiling smallvec v1.11.2
[INFO] [stderr]    Compiling base64 v0.12.3
[INFO] [stderr]    Compiling humantime v2.1.0
[INFO] [stderr]    Compiling rustc-hash v1.1.0
[INFO] [stderr]    Compiling keccak v0.1.4
[INFO] [stderr]    Compiling env_logger v0.9.3
[INFO] [stderr]    Compiling bytemuck v1.14.0
[INFO] [stderr]    Compiling solana-sdk-macro v1.17.4
[INFO] [stderr]    Compiling serde_with_macros v2.3.3
[INFO] [stderr]    Compiling num-derive v0.3.3
[INFO] [stderr]    Compiling num_enum_derive v0.6.1
[INFO] [stderr]    Compiling solana-sdk v1.17.4
[INFO] [stderr]    Compiling hashbrown v0.12.3
[INFO] [stderr]    Compiling derivation-path v0.2.0
[INFO] [stderr]    Compiling os_str_bytes v6.6.1
[INFO] [stderr]    Compiling idna v0.5.0
[INFO] [stderr]    Compiling h2 v0.3.22
[INFO] [stderr]    Compiling futures-executor v0.3.30
[INFO] [stderr]    Compiling clap_lex v0.2.4
[INFO] [stderr]    Compiling futures v0.3.30
[INFO] [stderr]    Compiling solana-logger v1.17.4
[INFO] [stderr]    Compiling parking_lot v0.11.2
[INFO] [stderr]    Compiling num_enum_derive v0.5.11
[INFO] [stderr]    Compiling num_enum v0.6.1
[INFO] [stderr]    Compiling qualifier_attr v0.2.2
[INFO] [stderr]    Compiling qstring v0.7.2
[INFO] [stderr]    Compiling uriparse v0.6.4
[INFO] [stderr]    Compiling solana-extra-wasm v1.17.4
[INFO] [stderr]    Compiling unicode-width v0.1.11
[INFO] [stderr]    Compiling textwrap v0.16.0
[INFO] [stderr]    Compiling assert_matches v1.5.0
[INFO] [stderr]    Compiling console v0.15.7
[INFO] [stderr]    Compiling fluvio-wasm-timer v0.2.5
[INFO] [stderr]    Compiling clap v3.2.25
[INFO] [stderr]    Compiling url v2.5.0
[INFO] [stderr]    Compiling Inflector v0.11.4
[INFO] [stderr]    Compiling async-trait v0.1.77
[INFO] [stderr]    Compiling num_enum v0.5.11
[INFO] [stderr]    Compiling hyper v0.14.28
[INFO] [stderr]    Compiling bitflags v2.4.1
[INFO] [stderr]    Compiling toml v0.5.11
[INFO] [stderr]    Compiling serde_json v1.0.111
[INFO] [stderr]    Compiling serde_bytes v0.11.14
[INFO] [stderr]    Compiling block-buffer v0.10.4
[INFO] [stderr]    Compiling crypto-common v0.1.6
[INFO] [stderr]    Compiling digest v0.9.0
[INFO] [stderr]    Compiling digest v0.10.7
[INFO] [stderr]    Compiling libsecp256k1-core v0.2.2
[INFO] [stderr]    Compiling ark-serialize v0.4.2
[INFO] [stderr]    Compiling block-buffer v0.9.0
[INFO] [stderr]    Compiling crypto-mac v0.8.0
[INFO] [stderr]    Compiling sha2 v0.9.9
[INFO] [stderr]    Compiling ark-ff v0.4.2
[INFO] [stderr]    Compiling proc-macro-crate v0.1.5
[INFO] [stderr]    Compiling libsecp256k1-gen-ecmult v0.2.1
[INFO] [stderr]    Compiling libsecp256k1-gen-genmult v0.2.1
[INFO] [stderr]    Compiling hmac v0.8.1
[INFO] [stderr]    Compiling sha2 v0.10.8
[INFO] [stderr]    Compiling curve25519-dalek v3.2.1
[INFO] [stderr]    Compiling libsecp256k1 v0.6.0
[INFO] [stderr]    Compiling hmac-drbg v0.3.0
[INFO] [stderr]    Compiling borsh-derive v0.10.3
[INFO] [stderr]    Compiling borsh-derive v0.9.3
[INFO] [stderr]    Compiling pbkdf2 v0.4.0
[INFO] [stderr]    Compiling borsh v0.9.3
[INFO] [stderr]    Compiling tiny-bip39 v0.8.2
[INFO] [stderr]    Compiling borsh v0.10.3
[INFO] [stderr]    Compiling ed25519-dalek v1.0.1
[INFO] [stderr]    Compiling sha3 v0.10.8
[INFO] [stderr]    Compiling hmac v0.12.1
[INFO] [stderr]    Compiling bincode v1.3.3
[INFO] [stderr]    Compiling ed25519-dalek-bip32 v0.2.0
[INFO] [stderr]    Compiling tokio-native-tls v0.3.1
[INFO] [stderr]    Compiling pbkdf2 v0.11.0
[INFO] [stderr]    Compiling serde_with v2.3.3
[INFO] [stderr]    Compiling chrono v0.4.31
[INFO] [stderr]    Compiling hyper-tls v0.5.0
[INFO] [stderr]    Compiling serde_urlencoded v0.7.1
[INFO] [stderr]    Compiling reqwest v0.11.23
[INFO] [stderr]    Compiling ark-poly v0.4.2
[INFO] [stderr]    Compiling ark-ec v0.4.2
[INFO] [stderr]    Compiling ark-bn254 v0.4.0
[INFO] [stderr]    Compiling light-poseidon v0.1.2
[INFO] [stderr]    Compiling solana-client-wasm v1.17.4 (/opt/rustwide/workdir)
[INFO] [stdout] warning: unused imports: `GetBlockCommitmentRequest`, `GetBlockCommitmentResponse`, `GetHealthRequest`, `GetHealthResponse`, `GetHighestSnapshotSlotRequest`, `GetHighestSnapshotSlotResponse`, `GetIdentityRequest`, `GetIdentityResponse`, `GetMaxRetransmitSlotRequest`, `GetMaxRetransmitSlotResponse`, `GetSlotLeaderRequest`, `GetSlotLeaderResponse`, `GetSlotLeadersRequest`, `GetSlotLeadersResponse`, `GetStakeActivationRequest`, `GetStakeActivationResponse`, `GetTokenAccountsByDelegateRequest`, `GetTokenAccountsByDelegateResponse`, `GetTokenLargestAccountsRequest`, `GetTokenLargestAccountsResponse`
[INFO] [stdout]    --> src/methods/mod.rs:58:24
[INFO] [stdout]     |
[INFO] [stdout] 58  |     block_commitment::{GetBlockCommitmentRequest, GetBlockCommitmentResponse},
[INFO] [stdout]     |                        ^^^^^^^^^^^^^^^^^^^^^^^^^  ^^^^^^^^^^^^^^^^^^^^^^^^^^
[INFO] [stdout] ...
[INFO] [stdout] 71  |     health::{GetHealthRequest, GetHealthResponse},
[INFO] [stdout]     |              ^^^^^^^^^^^^^^^^  ^^^^^^^^^^^^^^^^^
[INFO] [stdout] 72  |     highest_snapshot_slot::{GetHighestSnapshotSlotRequest, GetHighestSnapshotSlotResponse},
[INFO] [stdout]     |                             ^^^^^^^^^^^^^^^^^^^^^^^^^^^^^  ^^^^^^^^^^^^^^^^^^^^^^^^^^^^^^
[INFO] [stdout] 73  |     identity::{GetIdentityRequest, GetIdentityResponse},
[INFO] [stdout]     |                ^^^^^^^^^^^^^^^^^^  ^^^^^^^^^^^^^^^^^^^
[INFO] [stdout] ...
[INFO] [stdout] 80  |     max_retransmit_slot::{GetMaxRetransmitSlotRequest, GetMaxRetransmitSlotResponse},
[INFO] [stdout]     |                           ^^^^^^^^^^^^^^^^^^^^^^^^^^^  ^^^^^^^^^^^^^^^^^^^^^^^^^^^^
[INFO] [stdout] ...
[INFO] [stdout] 99  |     slot_leader::{GetSlotLeaderRequest, GetSlotLeaderResponse},
[INFO] [stdout]     |                   ^^^^^^^^^^^^^^^^^^^^  ^^^^^^^^^^^^^^^^^^^^^
[INFO] [stdout] 100 |     slot_leaders::{GetSlotLeadersRequest, GetSlotLeadersResponse},
[INFO] [stdout]     |                    ^^^^^^^^^^^^^^^^^^^^^  ^^^^^^^^^^^^^^^^^^^^^^
[INFO] [stdout] 101 |     stake_activation::{GetStakeActivationRequest, GetStakeActivationResponse},
[INFO] [stdout]     |                        ^^^^^^^^^^^^^^^^^^^^^^^^^  ^^^^^^^^^^^^^^^^^^^^^^^^^^
[INFO] [stdout] ...
[INFO] [stdout] 105 |         GetTokenAccountsByDelegateRequest, GetTokenAccountsByDelegateResponse,
[INFO] [stdout]     |         ^^^^^^^^^^^^^^^^^^^^^^^^^^^^^^^^^  ^^^^^^^^^^^^^^^^^^^^^^^^^^^^^^^^^^
[INFO] [stdout] ...
[INFO] [stdout] 108 |     token_largest_accounts::{GetTokenLargestAccountsRequest, GetTokenLargestAccountsResponse},
[INFO] [stdout]     |                              ^^^^^^^^^^^^^^^^^^^^^^^^^^^^^^  ^^^^^^^^^^^^^^^^^^^^^^^^^^^^^^^
[INFO] [stdout]     |
[INFO] [stdout]     = note: `#[warn(unused_imports)]` on by default
[INFO] [stdout] 
[INFO] [stdout] 
[INFO] [stdout] warning: 1 warning emitted
[INFO] [stdout] 
[INFO] [stdout] 
[INFO] [stderr]     Finished dev [unoptimized + debuginfo] target(s) in 2m 47s
[INFO] running `Command { std: "docker" "inspect" "9e635c163cf582af2a06347ebd60fdb35fb462a51a833c555e19edf04db54663", kill_on_drop: false }`
[INFO] running `Command { std: "docker" "rm" "-f" "9e635c163cf582af2a06347ebd60fdb35fb462a51a833c555e19edf04db54663", kill_on_drop: false }`
[INFO] [stdout] 9e635c163cf582af2a06347ebd60fdb35fb462a51a833c555e19edf04db54663
[INFO] running `Command { std: "docker" "create" "-v" "/var/lib/crater-agent-workspace/builds/worker-6-tc2/target:/opt/rustwide/target:rw,Z" "-v" "/var/lib/crater-agent-workspace/builds/worker-6-tc2/source:/opt/rustwide/workdir:ro,Z" "-v" "/var/lib/crater-agent-workspace/cargo-home:/opt/rustwide/cargo-home:ro,Z" "-v" "/var/lib/crater-agent-workspace/rustup-home:/opt/rustwide/rustup-home:ro,Z" "-e" "SOURCE_DIR=/opt/rustwide/workdir" "-e" "CARGO_TARGET_DIR=/opt/rustwide/target" "-e" "CARGO_INCREMENTAL=0" "-e" "RUST_BACKTRACE=full" "-e" "RUSTFLAGS=--cap-lints=warn" "-e" "RUSTDOCFLAGS=--cap-lints=warn" "-e" "CARGO_HOME=/opt/rustwide/cargo-home" "-e" "RUSTUP_HOME=/opt/rustwide/rustup-home" "-w" "/opt/rustwide/workdir" "-m" "1610612736" "--user" "0:0" "--network" "none" "ghcr.io/rust-lang/crates-build-env/linux@sha256:2788e3201cd34a07e3172128adcd8b3090168a8e3bcc40d7c032b9dda1df7d1c" "/opt/rustwide/cargo-home/bin/cargo" "+beta-2023-12-22" "test" "--frozen" "--no-run" "--message-format=json", kill_on_drop: false }`
[INFO] [stdout] bc1d7d4e4f8e55ab17b0d5fcf5a4105d2d0fa1d043f56a7705fa3f1d0c9844c8
[INFO] running `Command { std: "docker" "start" "-a" "bc1d7d4e4f8e55ab17b0d5fcf5a4105d2d0fa1d043f56a7705fa3f1d0c9844c8", kill_on_drop: false }`
[INFO] [stderr]    Compiling js-sys v0.3.66
[INFO] [stderr]    Compiling console_error_panic_hook v0.1.7
[INFO] [stderr]    Compiling wasm-bindgen-test-macro v0.3.39
[INFO] [stdout] warning: unused imports: `GetBlockCommitmentRequest`, `GetBlockCommitmentResponse`, `GetHealthRequest`, `GetHealthResponse`, `GetHighestSnapshotSlotRequest`, `GetHighestSnapshotSlotResponse`, `GetIdentityRequest`, `GetIdentityResponse`, `GetMaxRetransmitSlotRequest`, `GetMaxRetransmitSlotResponse`, `GetSlotLeaderRequest`, `GetSlotLeaderResponse`, `GetSlotLeadersRequest`, `GetSlotLeadersResponse`, `GetStakeActivationRequest`, `GetStakeActivationResponse`, `GetTokenAccountsByDelegateRequest`, `GetTokenAccountsByDelegateResponse`, `GetTokenLargestAccountsRequest`, `GetTokenLargestAccountsResponse`
[INFO] [stdout]    --> src/methods/mod.rs:58:24
[INFO] [stdout]     |
[INFO] [stdout] 58  |     block_commitment::{GetBlockCommitmentRequest, GetBlockCommitmentResponse},
[INFO] [stdout]     |                        ^^^^^^^^^^^^^^^^^^^^^^^^^  ^^^^^^^^^^^^^^^^^^^^^^^^^^
[INFO] [stdout] ...
[INFO] [stdout] 71  |     health::{GetHealthRequest, GetHealthResponse},
[INFO] [stdout]     |              ^^^^^^^^^^^^^^^^  ^^^^^^^^^^^^^^^^^
[INFO] [stdout] 72  |     highest_snapshot_slot::{GetHighestSnapshotSlotRequest, GetHighestSnapshotSlotResponse},
[INFO] [stdout]     |                             ^^^^^^^^^^^^^^^^^^^^^^^^^^^^^  ^^^^^^^^^^^^^^^^^^^^^^^^^^^^^^
[INFO] [stdout] 73  |     identity::{GetIdentityRequest, GetIdentityResponse},
[INFO] [stdout]     |                ^^^^^^^^^^^^^^^^^^  ^^^^^^^^^^^^^^^^^^^
[INFO] [stdout] ...
[INFO] [stdout] 80  |     max_retransmit_slot::{GetMaxRetransmitSlotRequest, GetMaxRetransmitSlotResponse},
[INFO] [stdout]     |                           ^^^^^^^^^^^^^^^^^^^^^^^^^^^  ^^^^^^^^^^^^^^^^^^^^^^^^^^^^
[INFO] [stdout] ...
[INFO] [stdout] 99  |     slot_leader::{GetSlotLeaderRequest, GetSlotLeaderResponse},
[INFO] [stdout]     |                   ^^^^^^^^^^^^^^^^^^^^  ^^^^^^^^^^^^^^^^^^^^^
[INFO] [stdout] 100 |     slot_leaders::{GetSlotLeadersRequest, GetSlotLeadersResponse},
[INFO] [stdout]     |                    ^^^^^^^^^^^^^^^^^^^^^  ^^^^^^^^^^^^^^^^^^^^^^
[INFO] [stdout] 101 |     stake_activation::{GetStakeActivationRequest, GetStakeActivationResponse},
[INFO] [stdout]     |                        ^^^^^^^^^^^^^^^^^^^^^^^^^  ^^^^^^^^^^^^^^^^^^^^^^^^^^
[INFO] [stdout] ...
[INFO] [stdout] 105 |         GetTokenAccountsByDelegateRequest, GetTokenAccountsByDelegateResponse,
[INFO] [stdout]     |         ^^^^^^^^^^^^^^^^^^^^^^^^^^^^^^^^^  ^^^^^^^^^^^^^^^^^^^^^^^^^^^^^^^^^^
[INFO] [stdout] ...
[INFO] [stdout] 108 |     token_largest_accounts::{GetTokenLargestAccountsRequest, GetTokenLargestAccountsResponse},
[INFO] [stdout]     |                              ^^^^^^^^^^^^^^^^^^^^^^^^^^^^^^  ^^^^^^^^^^^^^^^^^^^^^^^^^^^^^^^
[INFO] [stdout]     |
[INFO] [stdout]     = note: `#[warn(unused_imports)]` on by default
[INFO] [stdout] 
[INFO] [stdout] 
[INFO] [stdout] warning: 1 warning emitted
[INFO] [stdout] 
[INFO] [stdout] 
[INFO] [stderr]    Compiling wasm-bindgen-futures v0.4.39
[INFO] [stderr]    Compiling wasm-bindgen-test v0.3.39
[INFO] [stderr]    Compiling solana-client-wasm v1.17.4 (/opt/rustwide/workdir)
[INFO] [stdout] warning: unused imports: `GetBlockCommitmentRequest`, `GetBlockCommitmentResponse`, `GetHealthRequest`, `GetHealthResponse`, `GetHighestSnapshotSlotRequest`, `GetHighestSnapshotSlotResponse`, `GetIdentityRequest`, `GetIdentityResponse`, `GetMaxRetransmitSlotRequest`, `GetMaxRetransmitSlotResponse`, `GetSlotLeaderRequest`, `GetSlotLeaderResponse`, `GetSlotLeadersRequest`, `GetSlotLeadersResponse`, `GetStakeActivationRequest`, `GetStakeActivationResponse`, `GetTokenAccountsByDelegateRequest`, `GetTokenAccountsByDelegateResponse`, `GetTokenLargestAccountsRequest`, `GetTokenLargestAccountsResponse`
[INFO] [stdout]    --> src/methods/mod.rs:58:24
[INFO] [stdout]     |
[INFO] [stdout] 58  |     block_commitment::{GetBlockCommitmentRequest, GetBlockCommitmentResponse},
[INFO] [stdout]     |                        ^^^^^^^^^^^^^^^^^^^^^^^^^  ^^^^^^^^^^^^^^^^^^^^^^^^^^
[INFO] [stdout] ...
[INFO] [stdout] 71  |     health::{GetHealthRequest, GetHealthResponse},
[INFO] [stdout]     |              ^^^^^^^^^^^^^^^^  ^^^^^^^^^^^^^^^^^
[INFO] [stdout] 72  |     highest_snapshot_slot::{GetHighestSnapshotSlotRequest, GetHighestSnapshotSlotResponse},
[INFO] [stdout]     |                             ^^^^^^^^^^^^^^^^^^^^^^^^^^^^^  ^^^^^^^^^^^^^^^^^^^^^^^^^^^^^^
[INFO] [stdout] 73  |     identity::{GetIdentityRequest, GetIdentityResponse},
[INFO] [stdout]     |                ^^^^^^^^^^^^^^^^^^  ^^^^^^^^^^^^^^^^^^^
[INFO] [stdout] ...
[INFO] [stdout] 80  |     max_retransmit_slot::{GetMaxRetransmitSlotRequest, GetMaxRetransmitSlotResponse},
[INFO] [stdout]     |                           ^^^^^^^^^^^^^^^^^^^^^^^^^^^  ^^^^^^^^^^^^^^^^^^^^^^^^^^^^
[INFO] [stdout] ...
[INFO] [stdout] 99  |     slot_leader::{GetSlotLeaderRequest, GetSlotLeaderResponse},
[INFO] [stdout]     |                   ^^^^^^^^^^^^^^^^^^^^  ^^^^^^^^^^^^^^^^^^^^^
[INFO] [stdout] 100 |     slot_leaders::{GetSlotLeadersRequest, GetSlotLeadersResponse},
[INFO] [stdout]     |                    ^^^^^^^^^^^^^^^^^^^^^  ^^^^^^^^^^^^^^^^^^^^^^
[INFO] [stdout] 101 |     stake_activation::{GetStakeActivationRequest, GetStakeActivationResponse},
[INFO] [stdout]     |                        ^^^^^^^^^^^^^^^^^^^^^^^^^  ^^^^^^^^^^^^^^^^^^^^^^^^^^
[INFO] [stdout] ...
[INFO] [stdout] 105 |         GetTokenAccountsByDelegateRequest, GetTokenAccountsByDelegateResponse,
[INFO] [stdout]     |         ^^^^^^^^^^^^^^^^^^^^^^^^^^^^^^^^^  ^^^^^^^^^^^^^^^^^^^^^^^^^^^^^^^^^^
[INFO] [stdout] ...
[INFO] [stdout] 108 |     token_largest_accounts::{GetTokenLargestAccountsRequest, GetTokenLargestAccountsResponse},
[INFO] [stdout]     |                              ^^^^^^^^^^^^^^^^^^^^^^^^^^^^^^  ^^^^^^^^^^^^^^^^^^^^^^^^^^^^^^^
[INFO] [stdout]     |
[INFO] [stdout]     = note: `#[warn(unused_imports)]` on by default
[INFO] [stdout] 
[INFO] [stdout] 
[INFO] [stdout] warning: 1 warning emitted
[INFO] [stdout] 
[INFO] [stdout] 
[INFO] [stderr]     Finished test [unoptimized + debuginfo] target(s) in 11.83s
[INFO] running `Command { std: "docker" "inspect" "bc1d7d4e4f8e55ab17b0d5fcf5a4105d2d0fa1d043f56a7705fa3f1d0c9844c8", kill_on_drop: false }`
[INFO] running `Command { std: "docker" "rm" "-f" "bc1d7d4e4f8e55ab17b0d5fcf5a4105d2d0fa1d043f56a7705fa3f1d0c9844c8", kill_on_drop: false }`
[INFO] [stdout] bc1d7d4e4f8e55ab17b0d5fcf5a4105d2d0fa1d043f56a7705fa3f1d0c9844c8
[INFO] running `Command { std: "docker" "create" "-v" "/var/lib/crater-agent-workspace/builds/worker-6-tc2/target:/opt/rustwide/target:rw,Z" "-v" "/var/lib/crater-agent-workspace/builds/worker-6-tc2/source:/opt/rustwide/workdir:ro,Z" "-v" "/var/lib/crater-agent-workspace/cargo-home:/opt/rustwide/cargo-home:ro,Z" "-v" "/var/lib/crater-agent-workspace/rustup-home:/opt/rustwide/rustup-home:ro,Z" "-e" "SOURCE_DIR=/opt/rustwide/workdir" "-e" "CARGO_TARGET_DIR=/opt/rustwide/target" "-e" "CARGO_INCREMENTAL=0" "-e" "RUST_BACKTRACE=full" "-e" "RUSTFLAGS=--cap-lints=warn" "-e" "RUSTDOCFLAGS=--cap-lints=warn" "-e" "CARGO_HOME=/opt/rustwide/cargo-home" "-e" "RUSTUP_HOME=/opt/rustwide/rustup-home" "-w" "/opt/rustwide/workdir" "-m" "1610612736" "--user" "0:0" "--network" "none" "ghcr.io/rust-lang/crates-build-env/linux@sha256:2788e3201cd34a07e3172128adcd8b3090168a8e3bcc40d7c032b9dda1df7d1c" "/opt/rustwide/cargo-home/bin/cargo" "+beta-2023-12-22" "test" "--frozen", kill_on_drop: false }`
[INFO] [stdout] 2efac2c5215b4b827a925ddea303b4d999b1be1ebb4d46fdfa3b6000a23377d7
[INFO] running `Command { std: "docker" "start" "-a" "2efac2c5215b4b827a925ddea303b4d999b1be1ebb4d46fdfa3b6000a23377d7", kill_on_drop: false }`
[INFO] [stderr] warning: unused imports: `GetBlockCommitmentRequest`, `GetBlockCommitmentResponse`, `GetHealthRequest`, `GetHealthResponse`, `GetHighestSnapshotSlotRequest`, `GetHighestSnapshotSlotResponse`, `GetIdentityRequest`, `GetIdentityResponse`, `GetMaxRetransmitSlotRequest`, `GetMaxRetransmitSlotResponse`, `GetSlotLeaderRequest`, `GetSlotLeaderResponse`, `GetSlotLeadersRequest`, `GetSlotLeadersResponse`, `GetStakeActivationRequest`, `GetStakeActivationResponse`, `GetTokenAccountsByDelegateRequest`, `GetTokenAccountsByDelegateResponse`, `GetTokenLargestAccountsRequest`, `GetTokenLargestAccountsResponse`
[INFO] [stderr]    --> src/methods/mod.rs:58:24
[INFO] [stderr]     |
[INFO] [stderr] 58  |     block_commitment::{GetBlockCommitmentRequest, GetBlockCommitmentResponse},
[INFO] [stderr]     |                        ^^^^^^^^^^^^^^^^^^^^^^^^^  ^^^^^^^^^^^^^^^^^^^^^^^^^^
[INFO] [stderr] ...
[INFO] [stderr] 71  |     health::{GetHealthRequest, GetHealthResponse},
[INFO] [stderr]     |              ^^^^^^^^^^^^^^^^  ^^^^^^^^^^^^^^^^^
[INFO] [stderr] 72  |     highest_snapshot_slot::{GetHighestSnapshotSlotRequest, GetHighestSnapshotSlotResponse},
[INFO] [stderr]     |                             ^^^^^^^^^^^^^^^^^^^^^^^^^^^^^  ^^^^^^^^^^^^^^^^^^^^^^^^^^^^^^
[INFO] [stderr] 73  |     identity::{GetIdentityRequest, GetIdentityResponse},
[INFO] [stderr]     |                ^^^^^^^^^^^^^^^^^^  ^^^^^^^^^^^^^^^^^^^
[INFO] [stderr] ...
[INFO] [stderr] 80  |     max_retransmit_slot::{GetMaxRetransmitSlotRequest, GetMaxRetransmitSlotResponse},
[INFO] [stderr]     |                           ^^^^^^^^^^^^^^^^^^^^^^^^^^^  ^^^^^^^^^^^^^^^^^^^^^^^^^^^^
[INFO] [stderr] ...
[INFO] [stderr] 99  |     slot_leader::{GetSlotLeaderRequest, GetSlotLeaderResponse},
[INFO] [stderr]     |                   ^^^^^^^^^^^^^^^^^^^^  ^^^^^^^^^^^^^^^^^^^^^
[INFO] [stderr] 100 |     slot_leaders::{GetSlotLeadersRequest, GetSlotLeadersResponse},
[INFO] [stderr]     |                    ^^^^^^^^^^^^^^^^^^^^^  ^^^^^^^^^^^^^^^^^^^^^^
[INFO] [stderr] 101 |     stake_activation::{GetStakeActivationRequest, GetStakeActivationResponse},
[INFO] [stderr]     |                        ^^^^^^^^^^^^^^^^^^^^^^^^^  ^^^^^^^^^^^^^^^^^^^^^^^^^^
[INFO] [stderr] ...
[INFO] [stderr] 105 |         GetTokenAccountsByDelegateRequest, GetTokenAccountsByDelegateResponse,
[INFO] [stderr]     |         ^^^^^^^^^^^^^^^^^^^^^^^^^^^^^^^^^  ^^^^^^^^^^^^^^^^^^^^^^^^^^^^^^^^^^
[INFO] [stderr] ...
[INFO] [stderr] 108 |     token_largest_accounts::{GetTokenLargestAccountsRequest, GetTokenLargestAccountsResponse},
[INFO] [stderr]     |                              ^^^^^^^^^^^^^^^^^^^^^^^^^^^^^^  ^^^^^^^^^^^^^^^^^^^^^^^^^^^^^^^
[INFO] [stderr]     |
[INFO] [stderr]     = note: `#[warn(unused_imports)]` on by default
[INFO] [stderr] 
[INFO] [stderr] warning: `solana-client-wasm` (lib) generated 1 warning (run `cargo fix --lib -p solana-client-wasm` to apply 1 suggestion)
[INFO] [stderr] warning: `solana-client-wasm` (lib test) generated 1 warning (1 duplicate)
[INFO] [stderr]     Finished test [unoptimized + debuginfo] target(s) in 0.53s
[INFO] [stderr]      Running unittests src/lib.rs (/opt/rustwide/target/debug/deps/solana_client_wasm-4b0d712d810116da)
[INFO] [stdout] 
[INFO] [stdout] running 0 tests
[INFO] [stdout] 
[INFO] [stdout] test result: ok. 0 passed; 0 failed; 0 ignored; 0 measured; 0 filtered out; finished in 0.00s
[INFO] [stdout] 
[INFO] [stderr]    Doc-tests solana-client-wasm
[INFO] [stdout] 
[INFO] [stdout] running 2 tests
[INFO] [stdout] test src/utils/nonce_utils.rs - utils::nonce_utils::state_from_account (line 108) - compile ... FAILED
[INFO] [stdout] test src/utils/nonce_utils.rs - utils::nonce_utils::data_from_account (line 159) - compile ... FAILED
[INFO] [stdout] 
[INFO] [stdout] failures:
[INFO] [stdout] 
[INFO] [stdout] ---- src/utils/nonce_utils.rs - utils::nonce_utils::state_from_account (line 108) stdout ----
[INFO] [stdout] error[E0433]: failed to resolve: use of undeclared crate or module `solana_client`
[INFO] [stdout]  --> src/utils/nonce_utils.rs:109:5
[INFO] [stdout]   |
[INFO] [stdout] 3 | use solana_client::{
[INFO] [stdout]   |     ^^^^^^^^^^^^^ use of undeclared crate or module `solana_client`
[INFO] [stdout] 
[INFO] [stdout] error[E0432]: unresolved import `solana_client`
[INFO] [stdout]  --> src/utils/nonce_utils.rs:109:5
[INFO] [stdout]   |
[INFO] [stdout] 3 | use solana_client::{
[INFO] [stdout]   |     ^^^^^^^^^^^^^ use of undeclared crate or module `solana_client`
[INFO] [stdout] 
[INFO] [stdout] error[E0432]: unresolved import `anyhow`
[INFO] [stdout]   --> src/utils/nonce_utils.rs:117:5
[INFO] [stdout]    |
[INFO] [stdout] 11 | use anyhow::Result;
[INFO] [stdout]    |     ^^^^^^ use of undeclared crate or module `anyhow`
[INFO] [stdout] 
[INFO] [stdout] error[E0433]: failed to resolve: use of undeclared crate or module `anyhow`
[INFO] [stdout]   --> src/utils/nonce_utils.rs:136:10
[INFO] [stdout]    |
[INFO] [stdout] 30 | Ok::<(), anyhow::NonceError>(())
[INFO] [stdout]    |          ^^^^^^ use of undeclared crate or module `anyhow`
[INFO] [stdout] 
[INFO] [stdout] error: aborting due to 4 previous errors
[INFO] [stdout] 
[INFO] [stdout] Some errors have detailed explanations: E0432, E0433.
[INFO] [stdout] For more information about an error, try `rustc --explain E0432`.
[INFO] [stdout] Couldn't compile the test.
[INFO] [stdout] ---- src/utils/nonce_utils.rs - utils::nonce_utils::data_from_account (line 159) stdout ----
[INFO] [stdout] error[E0433]: failed to resolve: use of undeclared crate or module `solana_client`
[INFO] [stdout]  --> src/utils/nonce_utils.rs:160:5
[INFO] [stdout]   |
[INFO] [stdout] 3 | use solana_client::{
[INFO] [stdout]   |     ^^^^^^^^^^^^^ use of undeclared crate or module `solana_client`
[INFO] [stdout] 
[INFO] [stdout] error[E0432]: unresolved import `solana_client`
[INFO] [stdout]  --> src/utils/nonce_utils.rs:160:5
[INFO] [stdout]   |
[INFO] [stdout] 3 | use solana_client::{
[INFO] [stdout]   |     ^^^^^^^^^^^^^ use of undeclared crate or module `solana_client`
[INFO] [stdout] 
[INFO] [stdout] error[E0432]: unresolved import `anyhow`
[INFO] [stdout]   --> src/utils/nonce_utils.rs:173:5
[INFO] [stdout]    |
[INFO] [stdout] 16 | use anyhow::anyhow;
[INFO] [stdout]    |     ^^^^^^ use of undeclared crate or module `anyhow`
[INFO] [stdout] 
[INFO] [stdout] error: aborting due to 3 previous errors
[INFO] [stdout] 
[INFO] [stdout] Some errors have detailed explanations: E0432, E0433.
[INFO] [stdout] For more information about an error, try `rustc --explain E0432`.
[INFO] [stdout] Couldn't compile the test.
[INFO] [stdout] 
[INFO] [stdout] failures:
[INFO] [stdout]     src/utils/nonce_utils.rs - utils::nonce_utils::data_from_account (line 159)
[INFO] [stdout]     src/utils/nonce_utils.rs - utils::nonce_utils::state_from_account (line 108)
[INFO] [stdout] 
[INFO] [stdout] test result: FAILED. 0 passed; 2 failed; 0 ignored; 0 measured; 0 filtered out; finished in 0.22s
[INFO] [stdout] 
[INFO] [stderr] error: doctest failed, to rerun pass `--doc`
[INFO] running `Command { std: "docker" "inspect" "2efac2c5215b4b827a925ddea303b4d999b1be1ebb4d46fdfa3b6000a23377d7", kill_on_drop: false }`
[INFO] running `Command { std: "docker" "rm" "-f" "2efac2c5215b4b827a925ddea303b4d999b1be1ebb4d46fdfa3b6000a23377d7", kill_on_drop: false }`
[INFO] [stdout] 2efac2c5215b4b827a925ddea303b4d999b1be1ebb4d46fdfa3b6000a23377d7
