[INFO] fetching crate sod-crossbeam 0.3.1...
[INFO] testing sod-crossbeam-0.3.1 against 1.75.0 for beta-1.76-1
[INFO] extracting crate sod-crossbeam 0.3.1 into /workspace/builds/worker-2-tc1/source
[INFO] validating manifest of crates.io crate sod-crossbeam 0.3.1 on toolchain 1.75.0
[INFO] running `Command { std: CARGO_HOME="/workspace/cargo-home" RUSTUP_HOME="/workspace/rustup-home" "/workspace/cargo-home/bin/cargo" "+1.75.0" "metadata" "--manifest-path" "Cargo.toml" "--no-deps", kill_on_drop: false }`
[INFO] started tweaking crates.io crate sod-crossbeam 0.3.1
[INFO] finished tweaking crates.io crate sod-crossbeam 0.3.1
[INFO] tweaked toml for crates.io crate sod-crossbeam 0.3.1 written to /workspace/builds/worker-2-tc1/source/Cargo.toml
[INFO] running `Command { std: CARGO_HOME="/workspace/cargo-home" RUSTUP_HOME="/workspace/rustup-home" "/workspace/cargo-home/bin/cargo" "+1.75.0" "generate-lockfile" "--manifest-path" "Cargo.toml", kill_on_drop: false }`
[INFO] [stderr]     Updating crates.io index
[INFO] running `Command { std: CARGO_HOME="/workspace/cargo-home" RUSTUP_HOME="/workspace/rustup-home" "/workspace/cargo-home/bin/cargo" "+1.75.0" "fetch" "--manifest-path" "Cargo.toml", kill_on_drop: false }`
[INFO] [stderr]  Downloading crates ...
[INFO] [stderr]   Downloaded sod v0.3.2
[INFO] running `Command { std: "docker" "create" "-v" "/var/lib/crater-agent-workspace/builds/worker-2-tc1/target:/opt/rustwide/target:rw,Z" "-v" "/var/lib/crater-agent-workspace/builds/worker-2-tc1/source:/opt/rustwide/workdir:ro,Z" "-v" "/var/lib/crater-agent-workspace/cargo-home:/opt/rustwide/cargo-home:ro,Z" "-v" "/var/lib/crater-agent-workspace/rustup-home:/opt/rustwide/rustup-home:ro,Z" "-e" "SOURCE_DIR=/opt/rustwide/workdir" "-e" "CARGO_TARGET_DIR=/opt/rustwide/target" "-e" "CARGO_HOME=/opt/rustwide/cargo-home" "-e" "RUSTUP_HOME=/opt/rustwide/rustup-home" "-w" "/opt/rustwide/workdir" "-m" "1610612736" "--user" "0:0" "--network" "none" "ghcr.io/rust-lang/crates-build-env/linux@sha256:2788e3201cd34a07e3172128adcd8b3090168a8e3bcc40d7c032b9dda1df7d1c" "/opt/rustwide/cargo-home/bin/cargo" "+1.75.0" "metadata" "--no-deps" "--format-version=1", kill_on_drop: false }`
[INFO] [stdout] 717cf838757cde74e35b9280d70fa306a4438b27c7c2415d6c01a7e15ab975f1
[INFO] running `Command { std: "docker" "start" "-a" "717cf838757cde74e35b9280d70fa306a4438b27c7c2415d6c01a7e15ab975f1", kill_on_drop: false }`
[INFO] running `Command { std: "docker" "inspect" "717cf838757cde74e35b9280d70fa306a4438b27c7c2415d6c01a7e15ab975f1", kill_on_drop: false }`
[INFO] running `Command { std: "docker" "rm" "-f" "717cf838757cde74e35b9280d70fa306a4438b27c7c2415d6c01a7e15ab975f1", kill_on_drop: false }`
[INFO] [stdout] 717cf838757cde74e35b9280d70fa306a4438b27c7c2415d6c01a7e15ab975f1
[INFO] running `Command { std: "docker" "create" "-v" "/var/lib/crater-agent-workspace/builds/worker-2-tc1/target:/opt/rustwide/target:rw,Z" "-v" "/var/lib/crater-agent-workspace/builds/worker-2-tc1/source:/opt/rustwide/workdir:ro,Z" "-v" "/var/lib/crater-agent-workspace/cargo-home:/opt/rustwide/cargo-home:ro,Z" "-v" "/var/lib/crater-agent-workspace/rustup-home:/opt/rustwide/rustup-home:ro,Z" "-e" "SOURCE_DIR=/opt/rustwide/workdir" "-e" "CARGO_TARGET_DIR=/opt/rustwide/target" "-e" "CARGO_INCREMENTAL=0" "-e" "RUST_BACKTRACE=full" "-e" "RUSTFLAGS=--cap-lints=warn" "-e" "RUSTDOCFLAGS=--cap-lints=warn" "-e" "CARGO_HOME=/opt/rustwide/cargo-home" "-e" "RUSTUP_HOME=/opt/rustwide/rustup-home" "-w" "/opt/rustwide/workdir" "-m" "1610612736" "--user" "0:0" "--network" "none" "ghcr.io/rust-lang/crates-build-env/linux@sha256:2788e3201cd34a07e3172128adcd8b3090168a8e3bcc40d7c032b9dda1df7d1c" "/opt/rustwide/cargo-home/bin/cargo" "+1.75.0" "build" "--frozen" "--message-format=json", kill_on_drop: false }`
[INFO] [stdout] d091efec819dd13f8471d0348d21b8f8422b7ed43e7ad4f24e37894f8137f946
[INFO] running `Command { std: "docker" "start" "-a" "d091efec819dd13f8471d0348d21b8f8422b7ed43e7ad4f24e37894f8137f946", kill_on_drop: false }`
[INFO] [stderr]    Compiling crossbeam-channel v0.5.10
[INFO] [stderr]    Compiling crossbeam-queue v0.3.10
[INFO] [stderr]    Compiling crossbeam-deque v0.8.4
[INFO] [stderr]    Compiling sod v0.3.2
[INFO] [stderr]    Compiling crossbeam v0.8.3
[INFO] [stderr]    Compiling sod-crossbeam v0.3.1 (/opt/rustwide/workdir)
[INFO] [stderr]     Finished dev [unoptimized + debuginfo] target(s) in 0.36s
[INFO] running `Command { std: "docker" "inspect" "d091efec819dd13f8471d0348d21b8f8422b7ed43e7ad4f24e37894f8137f946", kill_on_drop: false }`
[INFO] running `Command { std: "docker" "rm" "-f" "d091efec819dd13f8471d0348d21b8f8422b7ed43e7ad4f24e37894f8137f946", kill_on_drop: false }`
[INFO] [stdout] d091efec819dd13f8471d0348d21b8f8422b7ed43e7ad4f24e37894f8137f946
[INFO] running `Command { std: "docker" "create" "-v" "/var/lib/crater-agent-workspace/builds/worker-2-tc1/target:/opt/rustwide/target:rw,Z" "-v" "/var/lib/crater-agent-workspace/builds/worker-2-tc1/source:/opt/rustwide/workdir:ro,Z" "-v" "/var/lib/crater-agent-workspace/cargo-home:/opt/rustwide/cargo-home:ro,Z" "-v" "/var/lib/crater-agent-workspace/rustup-home:/opt/rustwide/rustup-home:ro,Z" "-e" "SOURCE_DIR=/opt/rustwide/workdir" "-e" "CARGO_TARGET_DIR=/opt/rustwide/target" "-e" "CARGO_INCREMENTAL=0" "-e" "RUST_BACKTRACE=full" "-e" "RUSTFLAGS=--cap-lints=warn" "-e" "RUSTDOCFLAGS=--cap-lints=warn" "-e" "CARGO_HOME=/opt/rustwide/cargo-home" "-e" "RUSTUP_HOME=/opt/rustwide/rustup-home" "-w" "/opt/rustwide/workdir" "-m" "1610612736" "--user" "0:0" "--network" "none" "ghcr.io/rust-lang/crates-build-env/linux@sha256:2788e3201cd34a07e3172128adcd8b3090168a8e3bcc40d7c032b9dda1df7d1c" "/opt/rustwide/cargo-home/bin/cargo" "+1.75.0" "test" "--frozen" "--no-run" "--message-format=json", kill_on_drop: false }`
[INFO] [stdout] be06f3ade530fcbb929d9845b75a15cb28a3c5c3a5e01b4945dea6e972fc94ad
[INFO] running `Command { std: "docker" "start" "-a" "be06f3ade530fcbb929d9845b75a15cb28a3c5c3a5e01b4945dea6e972fc94ad", kill_on_drop: false }`
[INFO] [stderr]    Compiling sod-crossbeam v0.3.1 (/opt/rustwide/workdir)
[INFO] [stderr]     Finished test [unoptimized + debuginfo] target(s) in 0.36s
[INFO] running `Command { std: "docker" "inspect" "be06f3ade530fcbb929d9845b75a15cb28a3c5c3a5e01b4945dea6e972fc94ad", kill_on_drop: false }`
[INFO] running `Command { std: "docker" "rm" "-f" "be06f3ade530fcbb929d9845b75a15cb28a3c5c3a5e01b4945dea6e972fc94ad", kill_on_drop: false }`
[INFO] [stdout] be06f3ade530fcbb929d9845b75a15cb28a3c5c3a5e01b4945dea6e972fc94ad
[INFO] running `Command { std: "docker" "create" "-v" "/var/lib/crater-agent-workspace/builds/worker-2-tc1/target:/opt/rustwide/target:rw,Z" "-v" "/var/lib/crater-agent-workspace/builds/worker-2-tc1/source:/opt/rustwide/workdir:ro,Z" "-v" "/var/lib/crater-agent-workspace/cargo-home:/opt/rustwide/cargo-home:ro,Z" "-v" "/var/lib/crater-agent-workspace/rustup-home:/opt/rustwide/rustup-home:ro,Z" "-e" "SOURCE_DIR=/opt/rustwide/workdir" "-e" "CARGO_TARGET_DIR=/opt/rustwide/target" "-e" "CARGO_INCREMENTAL=0" "-e" "RUST_BACKTRACE=full" "-e" "RUSTFLAGS=--cap-lints=warn" "-e" "RUSTDOCFLAGS=--cap-lints=warn" "-e" "CARGO_HOME=/opt/rustwide/cargo-home" "-e" "RUSTUP_HOME=/opt/rustwide/rustup-home" "-w" "/opt/rustwide/workdir" "-m" "1610612736" "--user" "0:0" "--network" "none" "ghcr.io/rust-lang/crates-build-env/linux@sha256:2788e3201cd34a07e3172128adcd8b3090168a8e3bcc40d7c032b9dda1df7d1c" "/opt/rustwide/cargo-home/bin/cargo" "+1.75.0" "test" "--frozen", kill_on_drop: false }`
[INFO] [stdout] d279e53b1afd14b43eac6c59f8b2139fc8fdf51aad36ca0b0562f049b3a3b879
[INFO] running `Command { std: "docker" "start" "-a" "d279e53b1afd14b43eac6c59f8b2139fc8fdf51aad36ca0b0562f049b3a3b879", kill_on_drop: false }`
[INFO] [stderr]     Finished test [unoptimized + debuginfo] target(s) in 0.01s
[INFO] [stderr]      Running unittests src/lib.rs (/opt/rustwide/target/debug/deps/sod_crossbeam-fbe461f415f688a5)
[INFO] [stdout] 
[INFO] [stdout] running 3 tests
[INFO] [stdout] test tests::array_queue ... ok
[INFO] [stdout] test tests::seg_queue ... ok
[INFO] [stdout] test tests::push_with_retry ... ok
[INFO] [stdout] 
[INFO] [stdout] test result: ok. 3 passed; 0 failed; 0 ignored; 0 measured; 0 filtered out; finished in 1.10s
[INFO] [stdout] 
[INFO] [stderr]    Doc-tests sod-crossbeam
[INFO] [stdout] 
[INFO] [stdout] running 3 tests
[INFO] [stdout] test src/lib.rs - (line 25) - compile ... ok
[INFO] [stdout] test src/lib.rs - (line 11) ... FAILED
[INFO] [stdout] test src/lib.rs - (line 41) ... ok
[INFO] [stdout] 
[INFO] [stdout] failures:
[INFO] [stdout] 
[INFO] [stdout] ---- src/lib.rs - (line 11) stdout ----
[INFO] [stdout] error[E0432]: unresolved import `sod::IntoMutService`
[INFO] [stdout]  --> src/lib.rs:14:24
[INFO] [stdout]   |
[INFO] [stdout] 6 | use sod::{PollService, IntoMutService, Service};
[INFO] [stdout]   |                        ^^^^^^^^^^^^^^
[INFO] [stdout]   |                        |
[INFO] [stdout]   |                        no `IntoMutService` in the root
[INFO] [stdout]   |                        help: a similar name exists in the module: `IntoService`
[INFO] [stdout] 
[INFO] [stdout] error: aborting due to previous error
[INFO] [stdout] 
[INFO] [stdout] For more information about this error, try `rustc --explain E0432`.
[INFO] [stdout] Couldn't compile the test.
[INFO] [stdout] 
[INFO] [stdout] failures:
[INFO] [stdout]     src/lib.rs - (line 11)
[INFO] [stdout] 
[INFO] [stdout] test result: FAILED. 2 passed; 1 failed; 0 ignored; 0 measured; 0 filtered out; finished in 0.20s
[INFO] [stdout] 
[INFO] [stderr] error: doctest failed, to rerun pass `--doc`
[INFO] running `Command { std: "docker" "inspect" "d279e53b1afd14b43eac6c59f8b2139fc8fdf51aad36ca0b0562f049b3a3b879", kill_on_drop: false }`
[INFO] running `Command { std: "docker" "rm" "-f" "d279e53b1afd14b43eac6c59f8b2139fc8fdf51aad36ca0b0562f049b3a3b879", kill_on_drop: false }`
[INFO] [stdout] d279e53b1afd14b43eac6c59f8b2139fc8fdf51aad36ca0b0562f049b3a3b879
