[INFO] fetching crate socks5-async 0.1.4...
[INFO] testing socks5-async-0.1.4 against 1.75.0 for beta-1.76-1
[INFO] extracting crate socks5-async 0.1.4 into /workspace/builds/worker-6-tc1/source
[INFO] validating manifest of crates.io crate socks5-async 0.1.4 on toolchain 1.75.0
[INFO] running `Command { std: CARGO_HOME="/workspace/cargo-home" RUSTUP_HOME="/workspace/rustup-home" "/workspace/cargo-home/bin/cargo" "+1.75.0" "metadata" "--manifest-path" "Cargo.toml" "--no-deps", kill_on_drop: false }`
[INFO] started tweaking crates.io crate socks5-async 0.1.4
[INFO] finished tweaking crates.io crate socks5-async 0.1.4
[INFO] tweaked toml for crates.io crate socks5-async 0.1.4 written to /workspace/builds/worker-6-tc1/source/Cargo.toml
[INFO] running `Command { std: CARGO_HOME="/workspace/cargo-home" RUSTUP_HOME="/workspace/rustup-home" "/workspace/cargo-home/bin/cargo" "+1.75.0" "generate-lockfile" "--manifest-path" "Cargo.toml", kill_on_drop: false }`
[INFO] [stderr]     Blocking waiting for file lock on package cache
[INFO] [stderr]     Updating crates.io index
[INFO] running `Command { std: CARGO_HOME="/workspace/cargo-home" RUSTUP_HOME="/workspace/rustup-home" "/workspace/cargo-home/bin/cargo" "+1.75.0" "fetch" "--manifest-path" "Cargo.toml", kill_on_drop: false }`
[INFO] running `Command { std: "docker" "create" "-v" "/var/lib/crater-agent-workspace/builds/worker-6-tc1/target:/opt/rustwide/target:rw,Z" "-v" "/var/lib/crater-agent-workspace/builds/worker-6-tc1/source:/opt/rustwide/workdir:ro,Z" "-v" "/var/lib/crater-agent-workspace/cargo-home:/opt/rustwide/cargo-home:ro,Z" "-v" "/var/lib/crater-agent-workspace/rustup-home:/opt/rustwide/rustup-home:ro,Z" "-e" "SOURCE_DIR=/opt/rustwide/workdir" "-e" "CARGO_TARGET_DIR=/opt/rustwide/target" "-e" "CARGO_HOME=/opt/rustwide/cargo-home" "-e" "RUSTUP_HOME=/opt/rustwide/rustup-home" "-w" "/opt/rustwide/workdir" "-m" "1610612736" "--user" "0:0" "--network" "none" "ghcr.io/rust-lang/crates-build-env/linux@sha256:2788e3201cd34a07e3172128adcd8b3090168a8e3bcc40d7c032b9dda1df7d1c" "/opt/rustwide/cargo-home/bin/cargo" "+1.75.0" "metadata" "--no-deps" "--format-version=1", kill_on_drop: false }`
[INFO] [stdout] c83488bc17234a130a03d7e95d9ab631fc37631020f4beb9ec2b808c4454f28b
[INFO] running `Command { std: "docker" "start" "-a" "c83488bc17234a130a03d7e95d9ab631fc37631020f4beb9ec2b808c4454f28b", kill_on_drop: false }`
[INFO] running `Command { std: "docker" "inspect" "c83488bc17234a130a03d7e95d9ab631fc37631020f4beb9ec2b808c4454f28b", kill_on_drop: false }`
[INFO] running `Command { std: "docker" "rm" "-f" "c83488bc17234a130a03d7e95d9ab631fc37631020f4beb9ec2b808c4454f28b", kill_on_drop: false }`
[INFO] [stdout] c83488bc17234a130a03d7e95d9ab631fc37631020f4beb9ec2b808c4454f28b
[INFO] running `Command { std: "docker" "create" "-v" "/var/lib/crater-agent-workspace/builds/worker-6-tc1/target:/opt/rustwide/target:rw,Z" "-v" "/var/lib/crater-agent-workspace/builds/worker-6-tc1/source:/opt/rustwide/workdir:ro,Z" "-v" "/var/lib/crater-agent-workspace/cargo-home:/opt/rustwide/cargo-home:ro,Z" "-v" "/var/lib/crater-agent-workspace/rustup-home:/opt/rustwide/rustup-home:ro,Z" "-e" "SOURCE_DIR=/opt/rustwide/workdir" "-e" "CARGO_TARGET_DIR=/opt/rustwide/target" "-e" "CARGO_INCREMENTAL=0" "-e" "RUST_BACKTRACE=full" "-e" "RUSTFLAGS=--cap-lints=warn" "-e" "RUSTDOCFLAGS=--cap-lints=warn" "-e" "CARGO_HOME=/opt/rustwide/cargo-home" "-e" "RUSTUP_HOME=/opt/rustwide/rustup-home" "-w" "/opt/rustwide/workdir" "-m" "1610612736" "--user" "0:0" "--network" "none" "ghcr.io/rust-lang/crates-build-env/linux@sha256:2788e3201cd34a07e3172128adcd8b3090168a8e3bcc40d7c032b9dda1df7d1c" "/opt/rustwide/cargo-home/bin/cargo" "+1.75.0" "build" "--frozen" "--message-format=json", kill_on_drop: false }`
[INFO] [stdout] 8f7e7ca8927ccf58c2d1cc548c463f5e209710fb05378981b8768b9c28f9c813
[INFO] running `Command { std: "docker" "start" "-a" "8f7e7ca8927ccf58c2d1cc548c463f5e209710fb05378981b8768b9c28f9c813", kill_on_drop: false }`
[INFO] [stderr]    Compiling proc-macro2 v1.0.75
[INFO] [stderr]    Compiling unicode-ident v1.0.12
[INFO] [stderr]    Compiling autocfg v1.1.0
[INFO] [stderr]    Compiling futures-core v0.3.30
[INFO] [stderr]    Compiling futures-sink v0.3.30
[INFO] [stderr]    Compiling syn v1.0.109
[INFO] [stderr]    Compiling cfg-if v0.1.10
[INFO] [stderr]    Compiling memchr v2.7.1
[INFO] [stderr]    Compiling net2 v0.2.39
[INFO] [stderr]    Compiling iovec v0.1.4
[INFO] [stderr]    Compiling futures-task v0.3.30
[INFO] [stderr]    Compiling futures-channel v0.3.30
[INFO] [stderr]    Compiling pin-project-lite v0.2.13
[INFO] [stderr]    Compiling futures-io v0.3.30
[INFO] [stderr]    Compiling pin-utils v0.1.0
[INFO] [stderr]    Compiling num_cpus v1.16.0
[INFO] [stderr]    Compiling signal-hook-registry v1.4.1
[INFO] [stderr]    Compiling slab v0.4.9
[INFO] [stderr]    Compiling fnv v1.0.7
[INFO] [stderr]    Compiling bytes v0.5.6
[INFO] [stderr]    Compiling pin-project-lite v0.1.12
[INFO] [stderr]    Compiling lazy_static v1.4.0
[INFO] [stderr]    Compiling mio v0.6.23
[INFO] [stderr]    Compiling quote v1.0.35
[INFO] [stderr]    Compiling syn v2.0.48
[INFO] [stderr]    Compiling mio-uds v0.6.8
[INFO] [stderr]    Compiling futures-macro v0.3.30
[INFO] [stderr]    Compiling tokio-macros v0.2.6
[INFO] [stderr]    Compiling tokio v0.2.25
[INFO] [stderr]    Compiling futures-util v0.3.30
[INFO] [stderr]    Compiling futures-executor v0.3.30
[INFO] [stderr]    Compiling futures v0.3.30
[INFO] [stderr]    Compiling socks5-async v0.1.4 (/opt/rustwide/workdir)
[INFO] [stdout] warning: unnecessary parentheses around index expression
[INFO] [stdout]   --> src/socks.rs:89:46
[INFO] [stdout]    |
[INFO] [stdout] 89 |                     .map(|x| (u16::from(addr[(x * 2)]) << 8) | u16::from(addr[(x * 2) + 1]))
[INFO] [stdout]    |                                              ^     ^
[INFO] [stdout]    |
[INFO] [stdout]    = note: `#[warn(unused_parens)]` on by default
[INFO] [stdout] help: remove these parentheses
[INFO] [stdout]    |
[INFO] [stdout] 89 -                     .map(|x| (u16::from(addr[(x * 2)]) << 8) | u16::from(addr[(x * 2) + 1]))
[INFO] [stdout] 89 +                     .map(|x| (u16::from(addr[x * 2]) << 8) | u16::from(addr[(x * 2) + 1]))
[INFO] [stdout]    |
[INFO] [stdout] 
[INFO] [stdout] 
[INFO] [stdout] warning: 1 warning emitted
[INFO] [stdout] 
[INFO] [stdout] 
[INFO] [stderr]     Finished dev [unoptimized + debuginfo] target(s) in 17.04s
[INFO] running `Command { std: "docker" "inspect" "8f7e7ca8927ccf58c2d1cc548c463f5e209710fb05378981b8768b9c28f9c813", kill_on_drop: false }`
[INFO] running `Command { std: "docker" "rm" "-f" "8f7e7ca8927ccf58c2d1cc548c463f5e209710fb05378981b8768b9c28f9c813", kill_on_drop: false }`
[INFO] [stdout] 8f7e7ca8927ccf58c2d1cc548c463f5e209710fb05378981b8768b9c28f9c813
[INFO] running `Command { std: "docker" "create" "-v" "/var/lib/crater-agent-workspace/builds/worker-6-tc1/target:/opt/rustwide/target:rw,Z" "-v" "/var/lib/crater-agent-workspace/builds/worker-6-tc1/source:/opt/rustwide/workdir:ro,Z" "-v" "/var/lib/crater-agent-workspace/cargo-home:/opt/rustwide/cargo-home:ro,Z" "-v" "/var/lib/crater-agent-workspace/rustup-home:/opt/rustwide/rustup-home:ro,Z" "-e" "SOURCE_DIR=/opt/rustwide/workdir" "-e" "CARGO_TARGET_DIR=/opt/rustwide/target" "-e" "CARGO_INCREMENTAL=0" "-e" "RUST_BACKTRACE=full" "-e" "RUSTFLAGS=--cap-lints=warn" "-e" "RUSTDOCFLAGS=--cap-lints=warn" "-e" "CARGO_HOME=/opt/rustwide/cargo-home" "-e" "RUSTUP_HOME=/opt/rustwide/rustup-home" "-w" "/opt/rustwide/workdir" "-m" "1610612736" "--user" "0:0" "--network" "none" "ghcr.io/rust-lang/crates-build-env/linux@sha256:2788e3201cd34a07e3172128adcd8b3090168a8e3bcc40d7c032b9dda1df7d1c" "/opt/rustwide/cargo-home/bin/cargo" "+1.75.0" "test" "--frozen" "--no-run" "--message-format=json", kill_on_drop: false }`
[INFO] [stdout] bfa939062507668296b775c2a0c613f310c3bc5c9747335cc303b2881d822779
[INFO] running `Command { std: "docker" "start" "-a" "bfa939062507668296b775c2a0c613f310c3bc5c9747335cc303b2881d822779", kill_on_drop: false }`
[INFO] [stderr]    Compiling socks5-async v0.1.4 (/opt/rustwide/workdir)
[INFO] [stdout] warning: unnecessary parentheses around index expression
[INFO] [stdout]   --> src/socks.rs:89:46
[INFO] [stdout]    |
[INFO] [stdout] 89 |                     .map(|x| (u16::from(addr[(x * 2)]) << 8) | u16::from(addr[(x * 2) + 1]))
[INFO] [stdout]    |                                              ^     ^
[INFO] [stdout]    |
[INFO] [stdout]    = note: `#[warn(unused_parens)]` on by default
[INFO] [stdout] help: remove these parentheses
[INFO] [stdout]    |
[INFO] [stdout] 89 -                     .map(|x| (u16::from(addr[(x * 2)]) << 8) | u16::from(addr[(x * 2) + 1]))
[INFO] [stdout] 89 +                     .map(|x| (u16::from(addr[x * 2]) << 8) | u16::from(addr[(x * 2) + 1]))
[INFO] [stdout]    |
[INFO] [stdout] 
[INFO] [stdout] 
[INFO] [stdout] warning: 1 warning emitted
[INFO] [stdout] 
[INFO] [stdout] 
[INFO] [stdout] warning: unnecessary parentheses around index expression
[INFO] [stdout]   --> src/socks.rs:89:46
[INFO] [stdout]    |
[INFO] [stdout] 89 |                     .map(|x| (u16::from(addr[(x * 2)]) << 8) | u16::from(addr[(x * 2) + 1]))
[INFO] [stdout]    |                                              ^     ^
[INFO] [stdout]    |
[INFO] [stdout]    = note: `#[warn(unused_parens)]` on by default
[INFO] [stdout] help: remove these parentheses
[INFO] [stdout]    |
[INFO] [stdout] 89 -                     .map(|x| (u16::from(addr[(x * 2)]) << 8) | u16::from(addr[(x * 2) + 1]))
[INFO] [stdout] 89 +                     .map(|x| (u16::from(addr[x * 2]) << 8) | u16::from(addr[(x * 2) + 1]))
[INFO] [stdout]    |
[INFO] [stdout] 
[INFO] [stdout] 
[INFO] [stdout] warning: 1 warning emitted
[INFO] [stdout] 
[INFO] [stdout] 
[INFO] [stderr]     Finished test [unoptimized + debuginfo] target(s) in 0.57s
[INFO] running `Command { std: "docker" "inspect" "bfa939062507668296b775c2a0c613f310c3bc5c9747335cc303b2881d822779", kill_on_drop: false }`
[INFO] running `Command { std: "docker" "rm" "-f" "bfa939062507668296b775c2a0c613f310c3bc5c9747335cc303b2881d822779", kill_on_drop: false }`
[INFO] [stdout] bfa939062507668296b775c2a0c613f310c3bc5c9747335cc303b2881d822779
[INFO] running `Command { std: "docker" "create" "-v" "/var/lib/crater-agent-workspace/builds/worker-6-tc1/target:/opt/rustwide/target:rw,Z" "-v" "/var/lib/crater-agent-workspace/builds/worker-6-tc1/source:/opt/rustwide/workdir:ro,Z" "-v" "/var/lib/crater-agent-workspace/cargo-home:/opt/rustwide/cargo-home:ro,Z" "-v" "/var/lib/crater-agent-workspace/rustup-home:/opt/rustwide/rustup-home:ro,Z" "-e" "SOURCE_DIR=/opt/rustwide/workdir" "-e" "CARGO_TARGET_DIR=/opt/rustwide/target" "-e" "CARGO_INCREMENTAL=0" "-e" "RUST_BACKTRACE=full" "-e" "RUSTFLAGS=--cap-lints=warn" "-e" "RUSTDOCFLAGS=--cap-lints=warn" "-e" "CARGO_HOME=/opt/rustwide/cargo-home" "-e" "RUSTUP_HOME=/opt/rustwide/rustup-home" "-w" "/opt/rustwide/workdir" "-m" "1610612736" "--user" "0:0" "--network" "none" "ghcr.io/rust-lang/crates-build-env/linux@sha256:2788e3201cd34a07e3172128adcd8b3090168a8e3bcc40d7c032b9dda1df7d1c" "/opt/rustwide/cargo-home/bin/cargo" "+1.75.0" "test" "--frozen", kill_on_drop: false }`
[INFO] [stdout] cedf28400490c310c23551304751c2d0654c37cc4bf6dd81501c5720f9f4b49d
[INFO] running `Command { std: "docker" "start" "-a" "cedf28400490c310c23551304751c2d0654c37cc4bf6dd81501c5720f9f4b49d", kill_on_drop: false }`
[INFO] [stderr] warning: unnecessary parentheses around index expression
[INFO] [stderr]   --> src/socks.rs:89:46
[INFO] [stderr]    |
[INFO] [stderr] 89 |                     .map(|x| (u16::from(addr[(x * 2)]) << 8) | u16::from(addr[(x * 2) + 1]))
[INFO] [stderr]    |                                              ^     ^
[INFO] [stderr]    |
[INFO] [stderr]    = note: `#[warn(unused_parens)]` on by default
[INFO] [stderr] help: remove these parentheses
[INFO] [stderr]    |
[INFO] [stderr] 89 -                     .map(|x| (u16::from(addr[(x * 2)]) << 8) | u16::from(addr[(x * 2) + 1]))
[INFO] [stderr] 89 +                     .map(|x| (u16::from(addr[x * 2]) << 8) | u16::from(addr[(x * 2) + 1]))
[INFO] [stderr]    |
[INFO] [stderr] 
[INFO] [stderr] warning: `socks5-async` (lib) generated 1 warning (run `cargo fix --lib -p socks5-async` to apply 1 suggestion)
[INFO] [stderr] warning: `socks5-async` (lib test) generated 1 warning (1 duplicate)
[INFO] [stderr]     Finished test [unoptimized + debuginfo] target(s) in 0.04s
[INFO] [stderr]      Running unittests src/lib.rs (/opt/rustwide/target/debug/deps/socks5_async-dd93f79d1c02a35c)
[INFO] [stdout] 
[INFO] [stderr]    Doc-tests socks5-async
[INFO] [stdout] running 0 tests
[INFO] [stdout] 
[INFO] [stdout] test result: ok. 0 passed; 0 failed; 0 ignored; 0 measured; 0 filtered out; finished in 0.00s
[INFO] [stdout] 
[INFO] [stderr] warning: unnecessary parentheses around index expression
[INFO] [stderr]   --> src/socks.rs:89:46
[INFO] [stderr]    |
[INFO] [stderr] 89 |                     .map(|x| (u16::from(addr[(x * 2)]) << 8) | u16::from(addr[(x * 2) + 1]))
[INFO] [stderr]    |                                              ^     ^
[INFO] [stderr]    |
[INFO] [stderr]    = note: `#[warn(unused_parens)]` on by default
[INFO] [stderr] help: remove these parentheses
[INFO] [stderr]    |
[INFO] [stderr] 89 -                     .map(|x| (u16::from(addr[(x * 2)]) << 8) | u16::from(addr[(x * 2) + 1]))
[INFO] [stderr] 89 +                     .map(|x| (u16::from(addr[x * 2]) << 8) | u16::from(addr[(x * 2) + 1]))
[INFO] [stderr]    |
[INFO] [stderr] 
[INFO] [stderr] warning: 1 warning emitted
[INFO] [stderr] 
[INFO] [stdout] 
[INFO] [stdout] running 2 tests
[INFO] [stdout] test src/lib.rs - SocksServer::serve (line 56) ... FAILED
[INFO] [stdout] test src/lib.rs - SocksStream::connect (line 268) ... FAILED
[INFO] [stdout] 
[INFO] [stdout] failures:
[INFO] [stdout] 
[INFO] [stdout] ---- src/lib.rs - SocksServer::serve (line 56) stdout ----
[INFO] [stdout] error[E0728]: `await` is only allowed inside `async` functions and blocks
[INFO] [stdout]   --> src/lib.rs:76:3
[INFO] [stdout]    |
[INFO] [stdout] 4  | fn main() { #[allow(non_snake_case)] fn _doctest_main_src_lib_rs_56_0() {
[INFO] [stdout]    |                                         ----------------------------- this is not `async`
[INFO] [stdout] ...
[INFO] [stdout] 23 | ).await;
[INFO] [stdout]    |   ^^^^^ only allowed inside `async` functions and blocks
[INFO] [stdout] 
[INFO] [stdout] error[E0728]: `await` is only allowed inside `async` functions and blocks
[INFO] [stdout]   --> src/lib.rs:77:16
[INFO] [stdout]    |
[INFO] [stdout] 4  | fn main() { #[allow(non_snake_case)] fn _doctest_main_src_lib_rs_56_0() {
[INFO] [stdout]    |                                         ----------------------------- this is not `async`
[INFO] [stdout] ...
[INFO] [stdout] 24 | socks5.serve().await;
[INFO] [stdout]    |                ^^^^^ only allowed inside `async` functions and blocks
[INFO] [stdout] 
[INFO] [stdout] error: aborting due to 2 previous errors
[INFO] [stdout] 
[INFO] [stdout] For more information about this error, try `rustc --explain E0728`.
[INFO] [stdout] Couldn't compile the test.
[INFO] [stdout] ---- src/lib.rs - SocksStream::connect (line 268) stdout ----
[INFO] [stdout] error[E0412]: cannot find type `SocketAddr` in this scope
[INFO] [stdout]  --> src/lib.rs:273:12
[INFO] [stdout]   |
[INFO] [stdout] 8 | let proxy: SocketAddr = "127.0.0.1:1080".parse().unwrap();
[INFO] [stdout]   |            ^^^^^^^^^^ not found in this scope
[INFO] [stdout]   |
[INFO] [stdout] help: consider importing one of these items
[INFO] [stdout]   |
[INFO] [stdout] 2 + use core::net::SocketAddr;
[INFO] [stdout]   |
[INFO] [stdout] 2 + use std::net::SocketAddr;
[INFO] [stdout]   |
[INFO] [stdout] 2 + use std::os::unix::net::SocketAddr;
[INFO] [stdout]   |
[INFO] [stdout] 
[INFO] [stdout] error[E0412]: cannot find type `SocketAddrV4` in this scope
[INFO] [stdout]   --> src/lib.rs:276:13
[INFO] [stdout]    |
[INFO] [stdout] 11 | let target: SocketAddrV4 = "127.0.0.1:3033".parse().unwrap();
[INFO] [stdout]    |             ^^^^^^^^^^^^ not found in this scope
[INFO] [stdout]    |
[INFO] [stdout] help: consider importing one of these items
[INFO] [stdout]    |
[INFO] [stdout] 2  + use core::net::SocketAddrV4;
[INFO] [stdout]    |
[INFO] [stdout] 2  + use std::net::SocketAddrV4;
[INFO] [stdout]    |
[INFO] [stdout] 
[INFO] [stdout] error[E0728]: `await` is only allowed inside `async` functions and blocks
[INFO] [stdout]   --> src/lib.rs:284:3
[INFO] [stdout]    |
[INFO] [stdout] 4  | fn main() { #[allow(non_snake_case)] fn _doctest_main_src_lib_rs_268_0() {
[INFO] [stdout]    |                                         ------------------------------ this is not `async`
[INFO] [stdout] ...
[INFO] [stdout] 19 | ).await?;
[INFO] [stdout]    |   ^^^^^ only allowed inside `async` functions and blocks
[INFO] [stdout] 
[INFO] [stdout] error[E0277]: the `?` operator can only be used in a function that returns `Result` or `Option` (or another type that implements `FromResidual`)
[INFO] [stdout]   --> src/lib.rs:284:8
[INFO] [stdout]    |
[INFO] [stdout] 4  | fn main() { #[allow(non_snake_case)] fn _doctest_main_src_lib_rs_268_0() {
[INFO] [stdout]    |                                      ----------------------------------- this function should return `Result` or `Option` to accept `?`
[INFO] [stdout] ...
[INFO] [stdout] 19 | ).await?;
[INFO] [stdout]    |        ^ cannot use the `?` operator in a function that returns `()`
[INFO] [stdout]    |
[INFO] [stdout]    = help: the trait `FromResidual<_>` is not implemented for `()`
[INFO] [stdout] 
[INFO] [stdout] error: aborting due to 4 previous errors
[INFO] [stdout] 
[INFO] [stdout] Some errors have detailed explanations: E0277, E0412, E0728.
[INFO] [stdout] For more information about an error, try `rustc --explain E0277`.
[INFO] [stdout] Couldn't compile the test.
[INFO] [stdout] 
[INFO] [stdout] failures:
[INFO] [stdout]     src/lib.rs - SocksServer::serve (line 56)
[INFO] [stdout]     src/lib.rs - SocksStream::connect (line 268)
[INFO] [stdout] 
[INFO] [stdout] test result: FAILED. 0 passed; 2 failed; 0 ignored; 0 measured; 0 filtered out; finished in 0.13s
[INFO] [stdout] 
[INFO] [stderr] error: doctest failed, to rerun pass `--doc`
[INFO] running `Command { std: "docker" "inspect" "cedf28400490c310c23551304751c2d0654c37cc4bf6dd81501c5720f9f4b49d", kill_on_drop: false }`
[INFO] running `Command { std: "docker" "rm" "-f" "cedf28400490c310c23551304751c2d0654c37cc4bf6dd81501c5720f9f4b49d", kill_on_drop: false }`
[INFO] [stdout] cedf28400490c310c23551304751c2d0654c37cc4bf6dd81501c5720f9f4b49d
