[INFO] fetching crate snor 0.1.1...
[INFO] testing snor-0.1.1 against 1.75.0 for beta-1.76-1
[INFO] extracting crate snor 0.1.1 into /workspace/builds/worker-1-tc1/source
[INFO] validating manifest of crates.io crate snor 0.1.1 on toolchain 1.75.0
[INFO] running `Command { std: CARGO_HOME="/workspace/cargo-home" RUSTUP_HOME="/workspace/rustup-home" "/workspace/cargo-home/bin/cargo" "+1.75.0" "metadata" "--manifest-path" "Cargo.toml" "--no-deps", kill_on_drop: false }`
[INFO] started tweaking crates.io crate snor 0.1.1
[INFO] finished tweaking crates.io crate snor 0.1.1
[INFO] tweaked toml for crates.io crate snor 0.1.1 written to /workspace/builds/worker-1-tc1/source/Cargo.toml
[INFO] running `Command { std: CARGO_HOME="/workspace/cargo-home" RUSTUP_HOME="/workspace/rustup-home" "/workspace/cargo-home/bin/cargo" "+1.75.0" "generate-lockfile" "--manifest-path" "Cargo.toml", kill_on_drop: false }`
[INFO] running `Command { std: CARGO_HOME="/workspace/cargo-home" RUSTUP_HOME="/workspace/rustup-home" "/workspace/cargo-home/bin/cargo" "+1.75.0" "fetch" "--manifest-path" "Cargo.toml", kill_on_drop: false }`
[INFO] running `Command { std: "docker" "create" "-v" "/var/lib/crater-agent-workspace/builds/worker-1-tc1/target:/opt/rustwide/target:rw,Z" "-v" "/var/lib/crater-agent-workspace/builds/worker-1-tc1/source:/opt/rustwide/workdir:ro,Z" "-v" "/var/lib/crater-agent-workspace/cargo-home:/opt/rustwide/cargo-home:ro,Z" "-v" "/var/lib/crater-agent-workspace/rustup-home:/opt/rustwide/rustup-home:ro,Z" "-e" "SOURCE_DIR=/opt/rustwide/workdir" "-e" "CARGO_TARGET_DIR=/opt/rustwide/target" "-e" "CARGO_HOME=/opt/rustwide/cargo-home" "-e" "RUSTUP_HOME=/opt/rustwide/rustup-home" "-w" "/opt/rustwide/workdir" "-m" "1610612736" "--user" "0:0" "--network" "none" "ghcr.io/rust-lang/crates-build-env/linux@sha256:2788e3201cd34a07e3172128adcd8b3090168a8e3bcc40d7c032b9dda1df7d1c" "/opt/rustwide/cargo-home/bin/cargo" "+1.75.0" "metadata" "--no-deps" "--format-version=1", kill_on_drop: false }`
[INFO] [stdout] 9cc89f4e5f57d25ad53b2614429a14b8a81aae3be65479a1b1d286d81f199cbd
[INFO] running `Command { std: "docker" "start" "-a" "9cc89f4e5f57d25ad53b2614429a14b8a81aae3be65479a1b1d286d81f199cbd", kill_on_drop: false }`
[INFO] running `Command { std: "docker" "inspect" "9cc89f4e5f57d25ad53b2614429a14b8a81aae3be65479a1b1d286d81f199cbd", kill_on_drop: false }`
[INFO] running `Command { std: "docker" "rm" "-f" "9cc89f4e5f57d25ad53b2614429a14b8a81aae3be65479a1b1d286d81f199cbd", kill_on_drop: false }`
[INFO] [stdout] 9cc89f4e5f57d25ad53b2614429a14b8a81aae3be65479a1b1d286d81f199cbd
[INFO] running `Command { std: "docker" "create" "-v" "/var/lib/crater-agent-workspace/builds/worker-1-tc1/target:/opt/rustwide/target:rw,Z" "-v" "/var/lib/crater-agent-workspace/builds/worker-1-tc1/source:/opt/rustwide/workdir:ro,Z" "-v" "/var/lib/crater-agent-workspace/cargo-home:/opt/rustwide/cargo-home:ro,Z" "-v" "/var/lib/crater-agent-workspace/rustup-home:/opt/rustwide/rustup-home:ro,Z" "-e" "SOURCE_DIR=/opt/rustwide/workdir" "-e" "CARGO_TARGET_DIR=/opt/rustwide/target" "-e" "CARGO_INCREMENTAL=0" "-e" "RUST_BACKTRACE=full" "-e" "RUSTFLAGS=--cap-lints=warn" "-e" "RUSTDOCFLAGS=--cap-lints=warn" "-e" "CARGO_HOME=/opt/rustwide/cargo-home" "-e" "RUSTUP_HOME=/opt/rustwide/rustup-home" "-w" "/opt/rustwide/workdir" "-m" "1610612736" "--user" "0:0" "--network" "none" "ghcr.io/rust-lang/crates-build-env/linux@sha256:2788e3201cd34a07e3172128adcd8b3090168a8e3bcc40d7c032b9dda1df7d1c" "/opt/rustwide/cargo-home/bin/cargo" "+1.75.0" "build" "--frozen" "--message-format=json", kill_on_drop: false }`
[INFO] [stdout] 66506a26d987646959b0890b4eba0c6d95461723234bbd5bede777f6048c91fe
[INFO] running `Command { std: "docker" "start" "-a" "66506a26d987646959b0890b4eba0c6d95461723234bbd5bede777f6048c91fe", kill_on_drop: false }`
[INFO] [stderr]    Compiling snor v0.1.1 (/opt/rustwide/workdir)
[INFO] [stderr]     Finished dev [unoptimized + debuginfo] target(s) in 0.03s
[INFO] running `Command { std: "docker" "inspect" "66506a26d987646959b0890b4eba0c6d95461723234bbd5bede777f6048c91fe", kill_on_drop: false }`
[INFO] running `Command { std: "docker" "rm" "-f" "66506a26d987646959b0890b4eba0c6d95461723234bbd5bede777f6048c91fe", kill_on_drop: false }`
[INFO] [stdout] 66506a26d987646959b0890b4eba0c6d95461723234bbd5bede777f6048c91fe
[INFO] running `Command { std: "docker" "create" "-v" "/var/lib/crater-agent-workspace/builds/worker-1-tc1/target:/opt/rustwide/target:rw,Z" "-v" "/var/lib/crater-agent-workspace/builds/worker-1-tc1/source:/opt/rustwide/workdir:ro,Z" "-v" "/var/lib/crater-agent-workspace/cargo-home:/opt/rustwide/cargo-home:ro,Z" "-v" "/var/lib/crater-agent-workspace/rustup-home:/opt/rustwide/rustup-home:ro,Z" "-e" "SOURCE_DIR=/opt/rustwide/workdir" "-e" "CARGO_TARGET_DIR=/opt/rustwide/target" "-e" "CARGO_INCREMENTAL=0" "-e" "RUST_BACKTRACE=full" "-e" "RUSTFLAGS=--cap-lints=warn" "-e" "RUSTDOCFLAGS=--cap-lints=warn" "-e" "CARGO_HOME=/opt/rustwide/cargo-home" "-e" "RUSTUP_HOME=/opt/rustwide/rustup-home" "-w" "/opt/rustwide/workdir" "-m" "1610612736" "--user" "0:0" "--network" "none" "ghcr.io/rust-lang/crates-build-env/linux@sha256:2788e3201cd34a07e3172128adcd8b3090168a8e3bcc40d7c032b9dda1df7d1c" "/opt/rustwide/cargo-home/bin/cargo" "+1.75.0" "test" "--frozen" "--no-run" "--message-format=json", kill_on_drop: false }`
[INFO] [stdout] c26472e4cb4f72dc93c9de99c029b8dd6bf8365f5fb016c2281547e14cb3ecc5
[INFO] running `Command { std: "docker" "start" "-a" "c26472e4cb4f72dc93c9de99c029b8dd6bf8365f5fb016c2281547e14cb3ecc5", kill_on_drop: false }`
[INFO] [stderr]    Compiling snor v0.1.1 (/opt/rustwide/workdir)
[INFO] [stderr]     Finished test [unoptimized + debuginfo] target(s) in 0.18s
[INFO] running `Command { std: "docker" "inspect" "c26472e4cb4f72dc93c9de99c029b8dd6bf8365f5fb016c2281547e14cb3ecc5", kill_on_drop: false }`
[INFO] running `Command { std: "docker" "rm" "-f" "c26472e4cb4f72dc93c9de99c029b8dd6bf8365f5fb016c2281547e14cb3ecc5", kill_on_drop: false }`
[INFO] [stdout] c26472e4cb4f72dc93c9de99c029b8dd6bf8365f5fb016c2281547e14cb3ecc5
[INFO] running `Command { std: "docker" "create" "-v" "/var/lib/crater-agent-workspace/builds/worker-1-tc1/target:/opt/rustwide/target:rw,Z" "-v" "/var/lib/crater-agent-workspace/builds/worker-1-tc1/source:/opt/rustwide/workdir:ro,Z" "-v" "/var/lib/crater-agent-workspace/cargo-home:/opt/rustwide/cargo-home:ro,Z" "-v" "/var/lib/crater-agent-workspace/rustup-home:/opt/rustwide/rustup-home:ro,Z" "-e" "SOURCE_DIR=/opt/rustwide/workdir" "-e" "CARGO_TARGET_DIR=/opt/rustwide/target" "-e" "CARGO_INCREMENTAL=0" "-e" "RUST_BACKTRACE=full" "-e" "RUSTFLAGS=--cap-lints=warn" "-e" "RUSTDOCFLAGS=--cap-lints=warn" "-e" "CARGO_HOME=/opt/rustwide/cargo-home" "-e" "RUSTUP_HOME=/opt/rustwide/rustup-home" "-w" "/opt/rustwide/workdir" "-m" "1610612736" "--user" "0:0" "--network" "none" "ghcr.io/rust-lang/crates-build-env/linux@sha256:2788e3201cd34a07e3172128adcd8b3090168a8e3bcc40d7c032b9dda1df7d1c" "/opt/rustwide/cargo-home/bin/cargo" "+1.75.0" "test" "--frozen", kill_on_drop: false }`
[INFO] [stdout] 9f8889fd09dccacf3d895d30c28cafc07762ed0fe35b6a50c963696a7a9e0f42
[INFO] running `Command { std: "docker" "start" "-a" "9f8889fd09dccacf3d895d30c28cafc07762ed0fe35b6a50c963696a7a9e0f42", kill_on_drop: false }`
[INFO] [stderr]     Finished test [unoptimized + debuginfo] target(s) in 0.00s
[INFO] [stderr]      Running unittests src/lib.rs (/opt/rustwide/target/debug/deps/snor-04645cfff1681335)
[INFO] [stdout] 
[INFO] [stdout] running 0 tests
[INFO] [stdout] 
[INFO] [stdout] test result: ok. 0 passed; 0 failed; 0 ignored; 0 measured; 0 filtered out; finished in 0.00s
[INFO] [stdout] 
[INFO] [stderr]    Doc-tests snor
[INFO] [stdout] 
[INFO] [stdout] running 2 tests
[INFO] [stdout] test src/lib.rs - (line 10) ... FAILED
[INFO] [stdout] test src/lib.rs - (line 16) ... ok
[INFO] [stdout] 
[INFO] [stdout] failures:
[INFO] [stdout] 
[INFO] [stdout] ---- src/lib.rs - (line 10) stdout ----
[INFO] [stdout] error: expected `;`, found `snor`
[INFO] [stdout]  --> src/lib.rs:12:15
[INFO] [stdout]   |
[INFO] [stdout] 5 | [dependencies]
[INFO] [stdout]   |               ^ help: add `;` here
[INFO] [stdout] 6 | snor = "0.1.1"
[INFO] [stdout]   | ---- unexpected token
[INFO] [stdout] 
[INFO] [stdout] error[E0423]: expected value, found crate `snor`
[INFO] [stdout]  --> src/lib.rs:13:1
[INFO] [stdout]   |
[INFO] [stdout] 6 | snor = "0.1.1"
[INFO] [stdout]   | ^^^^
[INFO] [stdout]   |
[INFO] [stdout] help: you might have meant to introduce a new binding
[INFO] [stdout]   |
[INFO] [stdout] 6 | let snor = "0.1.1"
[INFO] [stdout]   | +++
[INFO] [stdout] 
[INFO] [stdout] error: aborting due to 2 previous errors
[INFO] [stdout] 
[INFO] [stdout] For more information about this error, try `rustc --explain E0423`.
[INFO] [stdout] Couldn't compile the test.
[INFO] [stdout] 
[INFO] [stdout] failures:
[INFO] [stdout]     src/lib.rs - (line 10)
[INFO] [stdout] 
[INFO] [stdout] test result: FAILED. 1 passed; 1 failed; 0 ignored; 0 measured; 0 filtered out; finished in 10.23s
[INFO] [stdout] 
[INFO] [stderr] error: doctest failed, to rerun pass `--doc`
[INFO] running `Command { std: "docker" "inspect" "9f8889fd09dccacf3d895d30c28cafc07762ed0fe35b6a50c963696a7a9e0f42", kill_on_drop: false }`
[INFO] running `Command { std: "docker" "rm" "-f" "9f8889fd09dccacf3d895d30c28cafc07762ed0fe35b6a50c963696a7a9e0f42", kill_on_drop: false }`
[INFO] [stdout] 9f8889fd09dccacf3d895d30c28cafc07762ed0fe35b6a50c963696a7a9e0f42
[INFO] testing snor-0.1.1 against beta-2023-12-22 for beta-1.76-1
[INFO] extracting crate snor 0.1.1 into /workspace/builds/worker-1-tc2/source
[INFO] validating manifest of crates.io crate snor 0.1.1 on toolchain beta-2023-12-22
[INFO] running `Command { std: CARGO_HOME="/workspace/cargo-home" RUSTUP_HOME="/workspace/rustup-home" "/workspace/cargo-home/bin/cargo" "+beta-2023-12-22" "metadata" "--manifest-path" "Cargo.toml" "--no-deps", kill_on_drop: false }`
[INFO] started tweaking crates.io crate snor 0.1.1
[INFO] finished tweaking crates.io crate snor 0.1.1
[INFO] tweaked toml for crates.io crate snor 0.1.1 written to /workspace/builds/worker-1-tc2/source/Cargo.toml
[INFO] running `Command { std: CARGO_HOME="/workspace/cargo-home" RUSTUP_HOME="/workspace/rustup-home" "/workspace/cargo-home/bin/cargo" "+beta-2023-12-22" "generate-lockfile" "--manifest-path" "Cargo.toml", kill_on_drop: false }`
[INFO] running `Command { std: CARGO_HOME="/workspace/cargo-home" RUSTUP_HOME="/workspace/rustup-home" "/workspace/cargo-home/bin/cargo" "+beta-2023-12-22" "fetch" "--manifest-path" "Cargo.toml", kill_on_drop: false }`
[INFO] running `Command { std: "docker" "create" "-v" "/var/lib/crater-agent-workspace/builds/worker-1-tc2/target:/opt/rustwide/target:rw,Z" "-v" "/var/lib/crater-agent-workspace/builds/worker-1-tc2/source:/opt/rustwide/workdir:ro,Z" "-v" "/var/lib/crater-agent-workspace/cargo-home:/opt/rustwide/cargo-home:ro,Z" "-v" "/var/lib/crater-agent-workspace/rustup-home:/opt/rustwide/rustup-home:ro,Z" "-e" "SOURCE_DIR=/opt/rustwide/workdir" "-e" "CARGO_TARGET_DIR=/opt/rustwide/target" "-e" "CARGO_HOME=/opt/rustwide/cargo-home" "-e" "RUSTUP_HOME=/opt/rustwide/rustup-home" "-w" "/opt/rustwide/workdir" "-m" "1610612736" "--user" "0:0" "--network" "none" "ghcr.io/rust-lang/crates-build-env/linux@sha256:2788e3201cd34a07e3172128adcd8b3090168a8e3bcc40d7c032b9dda1df7d1c" "/opt/rustwide/cargo-home/bin/cargo" "+beta-2023-12-22" "metadata" "--no-deps" "--format-version=1", kill_on_drop: false }`
[INFO] [stdout] b56a86163c8d70e07342374a259c2b0e94607e19cf755e95d32f290ba534f352
[INFO] running `Command { std: "docker" "start" "-a" "b56a86163c8d70e07342374a259c2b0e94607e19cf755e95d32f290ba534f352", kill_on_drop: false }`
[INFO] running `Command { std: "docker" "inspect" "b56a86163c8d70e07342374a259c2b0e94607e19cf755e95d32f290ba534f352", kill_on_drop: false }`
[INFO] running `Command { std: "docker" "rm" "-f" "b56a86163c8d70e07342374a259c2b0e94607e19cf755e95d32f290ba534f352", kill_on_drop: false }`
[INFO] [stdout] b56a86163c8d70e07342374a259c2b0e94607e19cf755e95d32f290ba534f352
[INFO] running `Command { std: "docker" "create" "-v" "/var/lib/crater-agent-workspace/builds/worker-1-tc2/target:/opt/rustwide/target:rw,Z" "-v" "/var/lib/crater-agent-workspace/builds/worker-1-tc2/source:/opt/rustwide/workdir:ro,Z" "-v" "/var/lib/crater-agent-workspace/cargo-home:/opt/rustwide/cargo-home:ro,Z" "-v" "/var/lib/crater-agent-workspace/rustup-home:/opt/rustwide/rustup-home:ro,Z" "-e" "SOURCE_DIR=/opt/rustwide/workdir" "-e" "CARGO_TARGET_DIR=/opt/rustwide/target" "-e" "CARGO_INCREMENTAL=0" "-e" "RUST_BACKTRACE=full" "-e" "RUSTFLAGS=--cap-lints=warn" "-e" "RUSTDOCFLAGS=--cap-lints=warn" "-e" "CARGO_HOME=/opt/rustwide/cargo-home" "-e" "RUSTUP_HOME=/opt/rustwide/rustup-home" "-w" "/opt/rustwide/workdir" "-m" "1610612736" "--user" "0:0" "--network" "none" "ghcr.io/rust-lang/crates-build-env/linux@sha256:2788e3201cd34a07e3172128adcd8b3090168a8e3bcc40d7c032b9dda1df7d1c" "/opt/rustwide/cargo-home/bin/cargo" "+beta-2023-12-22" "build" "--frozen" "--message-format=json", kill_on_drop: false }`
[INFO] [stdout] 57cd5c139c3fe951cff2404b167dad2663c33db132acc2a3c6532ab538ea6c3e
[INFO] running `Command { std: "docker" "start" "-a" "57cd5c139c3fe951cff2404b167dad2663c33db132acc2a3c6532ab538ea6c3e", kill_on_drop: false }`
[INFO] [stderr]    Compiling snor v0.1.1 (/opt/rustwide/workdir)
[INFO] [stderr]     Finished dev [unoptimized + debuginfo] target(s) in 0.12s
[INFO] running `Command { std: "docker" "inspect" "57cd5c139c3fe951cff2404b167dad2663c33db132acc2a3c6532ab538ea6c3e", kill_on_drop: false }`
[INFO] running `Command { std: "docker" "rm" "-f" "57cd5c139c3fe951cff2404b167dad2663c33db132acc2a3c6532ab538ea6c3e", kill_on_drop: false }`
[INFO] [stdout] 57cd5c139c3fe951cff2404b167dad2663c33db132acc2a3c6532ab538ea6c3e
[INFO] running `Command { std: "docker" "create" "-v" "/var/lib/crater-agent-workspace/builds/worker-1-tc2/target:/opt/rustwide/target:rw,Z" "-v" "/var/lib/crater-agent-workspace/builds/worker-1-tc2/source:/opt/rustwide/workdir:ro,Z" "-v" "/var/lib/crater-agent-workspace/cargo-home:/opt/rustwide/cargo-home:ro,Z" "-v" "/var/lib/crater-agent-workspace/rustup-home:/opt/rustwide/rustup-home:ro,Z" "-e" "SOURCE_DIR=/opt/rustwide/workdir" "-e" "CARGO_TARGET_DIR=/opt/rustwide/target" "-e" "CARGO_INCREMENTAL=0" "-e" "RUST_BACKTRACE=full" "-e" "RUSTFLAGS=--cap-lints=warn" "-e" "RUSTDOCFLAGS=--cap-lints=warn" "-e" "CARGO_HOME=/opt/rustwide/cargo-home" "-e" "RUSTUP_HOME=/opt/rustwide/rustup-home" "-w" "/opt/rustwide/workdir" "-m" "1610612736" "--user" "0:0" "--network" "none" "ghcr.io/rust-lang/crates-build-env/linux@sha256:2788e3201cd34a07e3172128adcd8b3090168a8e3bcc40d7c032b9dda1df7d1c" "/opt/rustwide/cargo-home/bin/cargo" "+beta-2023-12-22" "test" "--frozen" "--no-run" "--message-format=json", kill_on_drop: false }`
[INFO] [stdout] 1287b992a36c2762b4c5237c167b34d5baa00cb158921fbab348a5abb49baea8
[INFO] running `Command { std: "docker" "start" "-a" "1287b992a36c2762b4c5237c167b34d5baa00cb158921fbab348a5abb49baea8", kill_on_drop: false }`
[INFO] [stderr]    Compiling snor v0.1.1 (/opt/rustwide/workdir)
[INFO] [stderr]     Finished test [unoptimized + debuginfo] target(s) in 0.37s
[INFO] running `Command { std: "docker" "inspect" "1287b992a36c2762b4c5237c167b34d5baa00cb158921fbab348a5abb49baea8", kill_on_drop: false }`
[INFO] running `Command { std: "docker" "rm" "-f" "1287b992a36c2762b4c5237c167b34d5baa00cb158921fbab348a5abb49baea8", kill_on_drop: false }`
[INFO] [stdout] 1287b992a36c2762b4c5237c167b34d5baa00cb158921fbab348a5abb49baea8
[INFO] running `Command { std: "docker" "create" "-v" "/var/lib/crater-agent-workspace/builds/worker-1-tc2/target:/opt/rustwide/target:rw,Z" "-v" "/var/lib/crater-agent-workspace/builds/worker-1-tc2/source:/opt/rustwide/workdir:ro,Z" "-v" "/var/lib/crater-agent-workspace/cargo-home:/opt/rustwide/cargo-home:ro,Z" "-v" "/var/lib/crater-agent-workspace/rustup-home:/opt/rustwide/rustup-home:ro,Z" "-e" "SOURCE_DIR=/opt/rustwide/workdir" "-e" "CARGO_TARGET_DIR=/opt/rustwide/target" "-e" "CARGO_INCREMENTAL=0" "-e" "RUST_BACKTRACE=full" "-e" "RUSTFLAGS=--cap-lints=warn" "-e" "RUSTDOCFLAGS=--cap-lints=warn" "-e" "CARGO_HOME=/opt/rustwide/cargo-home" "-e" "RUSTUP_HOME=/opt/rustwide/rustup-home" "-w" "/opt/rustwide/workdir" "-m" "1610612736" "--user" "0:0" "--network" "none" "ghcr.io/rust-lang/crates-build-env/linux@sha256:2788e3201cd34a07e3172128adcd8b3090168a8e3bcc40d7c032b9dda1df7d1c" "/opt/rustwide/cargo-home/bin/cargo" "+beta-2023-12-22" "test" "--frozen", kill_on_drop: false }`
[INFO] [stdout] c76f0b4d3b6c2d03d36d8ec81d66dc6d5e20b7fa75b8ac523a6547bf319b6396
[INFO] running `Command { std: "docker" "start" "-a" "c76f0b4d3b6c2d03d36d8ec81d66dc6d5e20b7fa75b8ac523a6547bf319b6396", kill_on_drop: false }`
[INFO] [stderr]     Finished test [unoptimized + debuginfo] target(s) in 0.01s
[INFO] [stderr]      Running unittests src/lib.rs (/opt/rustwide/target/debug/deps/snor-f4c809c170e0aa3f)
[INFO] [stdout] 
[INFO] [stdout] running 0 tests
[INFO] [stdout] 
[INFO] [stdout] test result: ok. 0 passed; 0 failed; 0 ignored; 0 measured; 0 filtered out; finished in 0.00s
[INFO] [stdout] 
[INFO] [stderr]    Doc-tests snor
[INFO] [stdout] 
[INFO] [stdout] running 2 tests
[INFO] [stdout] test src/lib.rs - (line 10) ... FAILED
[INFO] [stdout] test src/lib.rs - (line 16) ... ok
[INFO] [stdout] 
[INFO] [stdout] failures:
[INFO] [stdout] 
[INFO] [stdout] ---- src/lib.rs - (line 10) stdout ----
[INFO] [stdout] error: expected `;`, found `snor`
[INFO] [stdout]  --> src/lib.rs:12:15
[INFO] [stdout]   |
[INFO] [stdout] 5 | [dependencies]
[INFO] [stdout]   |               ^ help: add `;` here
[INFO] [stdout] 6 | snor = "0.1.1"
[INFO] [stdout]   | ---- unexpected token
[INFO] [stdout] 
[INFO] [stdout] error[E0423]: expected value, found crate `snor`
[INFO] [stdout]  --> src/lib.rs:13:1
[INFO] [stdout]   |
[INFO] [stdout] 6 | snor = "0.1.1"
[INFO] [stdout]   | ^^^^
[INFO] [stdout]   |
[INFO] [stdout] help: you might have meant to introduce a new binding
[INFO] [stdout]   |
[INFO] [stdout] 6 | let snor = "0.1.1"
[INFO] [stdout]   | +++
[INFO] [stdout] 
[INFO] [stdout] error: aborting due to 2 previous errors
[INFO] [stdout] 
[INFO] [stdout] For more information about this error, try `rustc --explain E0423`.
[INFO] [stdout] Couldn't compile the test.
[INFO] [stdout] 
[INFO] [stdout] failures:
[INFO] [stdout]     src/lib.rs - (line 10)
[INFO] [stdout] 
[INFO] [stdout] test result: FAILED. 1 passed; 1 failed; 0 ignored; 0 measured; 0 filtered out; finished in 10.36s
[INFO] [stdout] 
[INFO] [stderr] error: doctest failed, to rerun pass `--doc`
[INFO] running `Command { std: "docker" "inspect" "c76f0b4d3b6c2d03d36d8ec81d66dc6d5e20b7fa75b8ac523a6547bf319b6396", kill_on_drop: false }`
[INFO] running `Command { std: "docker" "rm" "-f" "c76f0b4d3b6c2d03d36d8ec81d66dc6d5e20b7fa75b8ac523a6547bf319b6396", kill_on_drop: false }`
[INFO] [stdout] c76f0b4d3b6c2d03d36d8ec81d66dc6d5e20b7fa75b8ac523a6547bf319b6396
