[INFO] fetching crate slimweb 0.3.0...
[INFO] testing slimweb-0.3.0 against 1.75.0 for beta-1.76-1
[INFO] extracting crate slimweb 0.3.0 into /workspace/builds/worker-5-tc1/source
[INFO] validating manifest of crates.io crate slimweb 0.3.0 on toolchain 1.75.0
[INFO] running `Command { std: CARGO_HOME="/workspace/cargo-home" RUSTUP_HOME="/workspace/rustup-home" "/workspace/cargo-home/bin/cargo" "+1.75.0" "metadata" "--manifest-path" "Cargo.toml" "--no-deps", kill_on_drop: false }`
[INFO] started tweaking crates.io crate slimweb 0.3.0
[INFO] finished tweaking crates.io crate slimweb 0.3.0
[INFO] tweaked toml for crates.io crate slimweb 0.3.0 written to /workspace/builds/worker-5-tc1/source/Cargo.toml
[INFO] running `Command { std: CARGO_HOME="/workspace/cargo-home" RUSTUP_HOME="/workspace/rustup-home" "/workspace/cargo-home/bin/cargo" "+1.75.0" "generate-lockfile" "--manifest-path" "Cargo.toml", kill_on_drop: false }`
[INFO] [stderr]     Updating crates.io index
[INFO] running `Command { std: CARGO_HOME="/workspace/cargo-home" RUSTUP_HOME="/workspace/rustup-home" "/workspace/cargo-home/bin/cargo" "+1.75.0" "fetch" "--manifest-path" "Cargo.toml", kill_on_drop: false }`
[INFO] [stderr]  Downloading crates ...
[INFO] [stderr]   Downloaded punycode v0.4.1
[INFO] running `Command { std: "docker" "create" "-v" "/var/lib/crater-agent-workspace/builds/worker-5-tc1/target:/opt/rustwide/target:rw,Z" "-v" "/var/lib/crater-agent-workspace/builds/worker-5-tc1/source:/opt/rustwide/workdir:ro,Z" "-v" "/var/lib/crater-agent-workspace/cargo-home:/opt/rustwide/cargo-home:ro,Z" "-v" "/var/lib/crater-agent-workspace/rustup-home:/opt/rustwide/rustup-home:ro,Z" "-e" "SOURCE_DIR=/opt/rustwide/workdir" "-e" "CARGO_TARGET_DIR=/opt/rustwide/target" "-e" "CARGO_HOME=/opt/rustwide/cargo-home" "-e" "RUSTUP_HOME=/opt/rustwide/rustup-home" "-w" "/opt/rustwide/workdir" "-m" "1610612736" "--user" "0:0" "--network" "none" "ghcr.io/rust-lang/crates-build-env/linux@sha256:2788e3201cd34a07e3172128adcd8b3090168a8e3bcc40d7c032b9dda1df7d1c" "/opt/rustwide/cargo-home/bin/cargo" "+1.75.0" "metadata" "--no-deps" "--format-version=1", kill_on_drop: false }`
[INFO] [stdout] 9c0861f3fd86b542b3b7c2b80aaedcafe31fbec8efcb9e57ab2d070c3803cf10
[INFO] running `Command { std: "docker" "start" "-a" "9c0861f3fd86b542b3b7c2b80aaedcafe31fbec8efcb9e57ab2d070c3803cf10", kill_on_drop: false }`
[INFO] running `Command { std: "docker" "inspect" "9c0861f3fd86b542b3b7c2b80aaedcafe31fbec8efcb9e57ab2d070c3803cf10", kill_on_drop: false }`
[INFO] running `Command { std: "docker" "rm" "-f" "9c0861f3fd86b542b3b7c2b80aaedcafe31fbec8efcb9e57ab2d070c3803cf10", kill_on_drop: false }`
[INFO] [stdout] 9c0861f3fd86b542b3b7c2b80aaedcafe31fbec8efcb9e57ab2d070c3803cf10
[INFO] running `Command { std: "docker" "create" "-v" "/var/lib/crater-agent-workspace/builds/worker-5-tc1/target:/opt/rustwide/target:rw,Z" "-v" "/var/lib/crater-agent-workspace/builds/worker-5-tc1/source:/opt/rustwide/workdir:ro,Z" "-v" "/var/lib/crater-agent-workspace/cargo-home:/opt/rustwide/cargo-home:ro,Z" "-v" "/var/lib/crater-agent-workspace/rustup-home:/opt/rustwide/rustup-home:ro,Z" "-e" "SOURCE_DIR=/opt/rustwide/workdir" "-e" "CARGO_TARGET_DIR=/opt/rustwide/target" "-e" "CARGO_INCREMENTAL=0" "-e" "RUST_BACKTRACE=full" "-e" "RUSTFLAGS=--cap-lints=warn" "-e" "RUSTDOCFLAGS=--cap-lints=warn" "-e" "CARGO_HOME=/opt/rustwide/cargo-home" "-e" "RUSTUP_HOME=/opt/rustwide/rustup-home" "-w" "/opt/rustwide/workdir" "-m" "1610612736" "--user" "0:0" "--network" "none" "ghcr.io/rust-lang/crates-build-env/linux@sha256:2788e3201cd34a07e3172128adcd8b3090168a8e3bcc40d7c032b9dda1df7d1c" "/opt/rustwide/cargo-home/bin/cargo" "+1.75.0" "build" "--frozen" "--message-format=json", kill_on_drop: false }`
[INFO] [stdout] 4c42dc3002a30f389fa2506688a26031d16b585a0d7d41a4efaa2eee4a783576
[INFO] running `Command { std: "docker" "start" "-a" "4c42dc3002a30f389fa2506688a26031d16b585a0d7d41a4efaa2eee4a783576", kill_on_drop: false }`
[INFO] [stderr]    Compiling base64 v0.11.0
[INFO] [stderr]    Compiling slimweb v0.3.0 (/opt/rustwide/workdir)
[INFO] [stdout] warning: use of deprecated method `std::error::Error::description`: use the Display impl or to_string()
[INFO] [stdout]    --> src/stream.rs:681:14
[INFO] [stdout]     |
[INFO] [stdout] 681 |         return msg.description().contains("CloseNotify");
[INFO] [stdout]     |                    ^^^^^^^^^^^
[INFO] [stdout]     |
[INFO] [stdout]     = note: `#[warn(deprecated)]` on by default
[INFO] [stdout] 
[INFO] [stdout] 
[INFO] [stdout] warning: 1 warning emitted
[INFO] [stdout] 
[INFO] [stdout] 
[INFO] [stderr]     Finished dev [unoptimized + debuginfo] target(s) in 0.50s
[INFO] running `Command { std: "docker" "inspect" "4c42dc3002a30f389fa2506688a26031d16b585a0d7d41a4efaa2eee4a783576", kill_on_drop: false }`
[INFO] running `Command { std: "docker" "rm" "-f" "4c42dc3002a30f389fa2506688a26031d16b585a0d7d41a4efaa2eee4a783576", kill_on_drop: false }`
[INFO] [stdout] 4c42dc3002a30f389fa2506688a26031d16b585a0d7d41a4efaa2eee4a783576
[INFO] running `Command { std: "docker" "create" "-v" "/var/lib/crater-agent-workspace/builds/worker-5-tc1/target:/opt/rustwide/target:rw,Z" "-v" "/var/lib/crater-agent-workspace/builds/worker-5-tc1/source:/opt/rustwide/workdir:ro,Z" "-v" "/var/lib/crater-agent-workspace/cargo-home:/opt/rustwide/cargo-home:ro,Z" "-v" "/var/lib/crater-agent-workspace/rustup-home:/opt/rustwide/rustup-home:ro,Z" "-e" "SOURCE_DIR=/opt/rustwide/workdir" "-e" "CARGO_TARGET_DIR=/opt/rustwide/target" "-e" "CARGO_INCREMENTAL=0" "-e" "RUST_BACKTRACE=full" "-e" "RUSTFLAGS=--cap-lints=warn" "-e" "RUSTDOCFLAGS=--cap-lints=warn" "-e" "CARGO_HOME=/opt/rustwide/cargo-home" "-e" "RUSTUP_HOME=/opt/rustwide/rustup-home" "-w" "/opt/rustwide/workdir" "-m" "1610612736" "--user" "0:0" "--network" "none" "ghcr.io/rust-lang/crates-build-env/linux@sha256:2788e3201cd34a07e3172128adcd8b3090168a8e3bcc40d7c032b9dda1df7d1c" "/opt/rustwide/cargo-home/bin/cargo" "+1.75.0" "test" "--frozen" "--no-run" "--message-format=json", kill_on_drop: false }`
[INFO] [stdout] fb2e92db3bdd650a1e475d3e2952bf2afa6a6dd5673213e516dcb5e1963cb978
[INFO] running `Command { std: "docker" "start" "-a" "fb2e92db3bdd650a1e475d3e2952bf2afa6a6dd5673213e516dcb5e1963cb978", kill_on_drop: false }`
[INFO] [stderr]    Compiling slimweb v0.3.0 (/opt/rustwide/workdir)
[INFO] [stdout] warning: use of deprecated method `std::error::Error::description`: use the Display impl or to_string()
[INFO] [stdout]    --> src/stream.rs:681:14
[INFO] [stdout]     |
[INFO] [stdout] 681 |         return msg.description().contains("CloseNotify");
[INFO] [stdout]     |                    ^^^^^^^^^^^
[INFO] [stdout]     |
[INFO] [stdout]     = note: `#[warn(deprecated)]` on by default
[INFO] [stdout] 
[INFO] [stdout] 
[INFO] [stdout] warning: 1 warning emitted
[INFO] [stdout] 
[INFO] [stdout] 
[INFO] [stdout] warning: use of deprecated method `std::error::Error::description`: use the Display impl or to_string()
[INFO] [stdout]    --> src/stream.rs:681:14
[INFO] [stdout]     |
[INFO] [stdout] 681 |         return msg.description().contains("CloseNotify");
[INFO] [stdout]     |                    ^^^^^^^^^^^
[INFO] [stdout]     |
[INFO] [stdout]     = note: `#[warn(deprecated)]` on by default
[INFO] [stdout] 
[INFO] [stdout] 
[INFO] [stdout] warning: 1 warning emitted
[INFO] [stdout] 
[INFO] [stdout] 
[INFO] [stderr]     Finished test [unoptimized + debuginfo] target(s) in 0.57s
[INFO] running `Command { std: "docker" "inspect" "fb2e92db3bdd650a1e475d3e2952bf2afa6a6dd5673213e516dcb5e1963cb978", kill_on_drop: false }`
[INFO] running `Command { std: "docker" "rm" "-f" "fb2e92db3bdd650a1e475d3e2952bf2afa6a6dd5673213e516dcb5e1963cb978", kill_on_drop: false }`
[INFO] [stdout] fb2e92db3bdd650a1e475d3e2952bf2afa6a6dd5673213e516dcb5e1963cb978
[INFO] running `Command { std: "docker" "create" "-v" "/var/lib/crater-agent-workspace/builds/worker-5-tc1/target:/opt/rustwide/target:rw,Z" "-v" "/var/lib/crater-agent-workspace/builds/worker-5-tc1/source:/opt/rustwide/workdir:ro,Z" "-v" "/var/lib/crater-agent-workspace/cargo-home:/opt/rustwide/cargo-home:ro,Z" "-v" "/var/lib/crater-agent-workspace/rustup-home:/opt/rustwide/rustup-home:ro,Z" "-e" "SOURCE_DIR=/opt/rustwide/workdir" "-e" "CARGO_TARGET_DIR=/opt/rustwide/target" "-e" "CARGO_INCREMENTAL=0" "-e" "RUST_BACKTRACE=full" "-e" "RUSTFLAGS=--cap-lints=warn" "-e" "RUSTDOCFLAGS=--cap-lints=warn" "-e" "CARGO_HOME=/opt/rustwide/cargo-home" "-e" "RUSTUP_HOME=/opt/rustwide/rustup-home" "-w" "/opt/rustwide/workdir" "-m" "1610612736" "--user" "0:0" "--network" "none" "ghcr.io/rust-lang/crates-build-env/linux@sha256:2788e3201cd34a07e3172128adcd8b3090168a8e3bcc40d7c032b9dda1df7d1c" "/opt/rustwide/cargo-home/bin/cargo" "+1.75.0" "test" "--frozen", kill_on_drop: false }`
[INFO] [stdout] 468425b3ac7f339690bcddb7a205b326879b8650d97e76e0d9a941370dd80385
[INFO] running `Command { std: "docker" "start" "-a" "468425b3ac7f339690bcddb7a205b326879b8650d97e76e0d9a941370dd80385", kill_on_drop: false }`
[INFO] [stderr] warning: use of deprecated method `std::error::Error::description`: use the Display impl or to_string()
[INFO] [stderr]    --> src/stream.rs:681:14
[INFO] [stderr]     |
[INFO] [stderr] 681 |         return msg.description().contains("CloseNotify");
[INFO] [stderr]     |                    ^^^^^^^^^^^
[INFO] [stderr]     |
[INFO] [stderr]     = note: `#[warn(deprecated)]` on by default
[INFO] [stderr] 
[INFO] [stderr] warning: `slimweb` (lib) generated 1 warning
[INFO] [stderr] warning: `slimweb` (lib test) generated 1 warning (1 duplicate)
[INFO] [stderr]     Finished test [unoptimized + debuginfo] target(s) in 0.02s
[INFO] [stderr]      Running unittests src/lib.rs (/opt/rustwide/target/debug/deps/slimweb-8b639ef39eec639b)
[INFO] [stdout] 
[INFO] [stdout] running 8 tests
[INFO] [stdout] test client::tests::test_delete ... FAILED
[INFO] [stdout] test client::tests::test_put ... FAILED
[INFO] [stdout] test client::tests::test_max_redirects ... FAILED
[INFO] [stdout] test client::tests::test_set_body ... FAILED
[INFO] [stdout] test client::tests::test_get ... FAILED
[INFO] [stdout] test client::tests::test_post ... FAILED
[INFO] [stdout] test client::tests::test_set_header ... FAILED
[INFO] [stdout] test client::tests::test_patch ... FAILED
[INFO] [stdout] 
[INFO] [stdout] failures:
[INFO] [stdout] 
[INFO] [stdout] ---- client::tests::test_delete stdout ----
[INFO] [stdout] Error: Custom { kind: Other, error: ConnectionFailed("failed to lookup address information: Temporary failure in name resolution") }
[INFO] [stdout] 
[INFO] [stdout] ---- client::tests::test_put stdout ----
[INFO] [stdout] Error: Custom { kind: Other, error: ConnectionFailed("failed to lookup address information: Temporary failure in name resolution") }
[INFO] [stdout] 
[INFO] [stdout] ---- client::tests::test_max_redirects stdout ----
[INFO] [stdout] Error: Custom { kind: Other, error: ConnectionFailed("failed to lookup address information: Temporary failure in name resolution") }
[INFO] [stdout] 
[INFO] [stdout] ---- client::tests::test_set_body stdout ----
[INFO] [stdout] Error: Custom { kind: Other, error: ConnectionFailed("failed to lookup address information: Temporary failure in name resolution") }
[INFO] [stdout] 
[INFO] [stdout] ---- client::tests::test_get stdout ----
[INFO] [stdout] Error: Custom { kind: Other, error: ConnectionFailed("failed to lookup address information: Temporary failure in name resolution") }
[INFO] [stdout] 
[INFO] [stdout] ---- client::tests::test_post stdout ----
[INFO] [stdout] Error: Custom { kind: Other, error: ConnectionFailed("failed to lookup address information: Temporary failure in name resolution") }
[INFO] [stdout] 
[INFO] [stdout] ---- client::tests::test_set_header stdout ----
[INFO] [stdout] Error: Custom { kind: Other, error: ConnectionFailed("failed to lookup address information: Temporary failure in name resolution") }
[INFO] [stdout] 
[INFO] [stdout] ---- client::tests::test_patch stdout ----
[INFO] [stdout] Error: Custom { kind: Other, error: ConnectionFailed("failed to lookup address information: Temporary failure in name resolution") }
[INFO] [stdout] 
[INFO] [stdout] 
[INFO] [stdout] failures:
[INFO] [stdout]     client::tests::test_delete
[INFO] [stdout]     client::tests::test_get
[INFO] [stdout]     client::tests::test_max_redirects
[INFO] [stdout]     client::tests::test_patch
[INFO] [stdout]     client::tests::test_post
[INFO] [stdout]     client::tests::test_put
[INFO] [stdout]     client::tests::test_set_body
[INFO] [stdout]     client::tests::test_set_header
[INFO] [stdout] 
[INFO] [stdout] test result: FAILED. 0 passed; 8 failed; 0 ignored; 0 measured; 0 filtered out; finished in 0.00s
[INFO] [stdout] 
[INFO] [stderr] error: test failed, to rerun pass `--lib`
[INFO] running `Command { std: "docker" "inspect" "468425b3ac7f339690bcddb7a205b326879b8650d97e76e0d9a941370dd80385", kill_on_drop: false }`
[INFO] running `Command { std: "docker" "rm" "-f" "468425b3ac7f339690bcddb7a205b326879b8650d97e76e0d9a941370dd80385", kill_on_drop: false }`
[INFO] [stdout] 468425b3ac7f339690bcddb7a205b326879b8650d97e76e0d9a941370dd80385
