[INFO] fetching crate slice-pool2 0.4.3...
[INFO] testing slice-pool2-0.4.3 against 1.75.0 for beta-1.76-1
[INFO] extracting crate slice-pool2 0.4.3 into /workspace/builds/worker-6-tc1/source
[INFO] validating manifest of crates.io crate slice-pool2 0.4.3 on toolchain 1.75.0
[INFO] running `Command { std: CARGO_HOME="/workspace/cargo-home" RUSTUP_HOME="/workspace/rustup-home" "/workspace/cargo-home/bin/cargo" "+1.75.0" "metadata" "--manifest-path" "Cargo.toml" "--no-deps", kill_on_drop: false }`
[INFO] started tweaking crates.io crate slice-pool2 0.4.3
[INFO] finished tweaking crates.io crate slice-pool2 0.4.3
[INFO] tweaked toml for crates.io crate slice-pool2 0.4.3 written to /workspace/builds/worker-6-tc1/source/Cargo.toml
[INFO] running `Command { std: CARGO_HOME="/workspace/cargo-home" RUSTUP_HOME="/workspace/rustup-home" "/workspace/cargo-home/bin/cargo" "+1.75.0" "generate-lockfile" "--manifest-path" "Cargo.toml", kill_on_drop: false }`
[INFO] running `Command { std: CARGO_HOME="/workspace/cargo-home" RUSTUP_HOME="/workspace/rustup-home" "/workspace/cargo-home/bin/cargo" "+1.75.0" "fetch" "--manifest-path" "Cargo.toml", kill_on_drop: false }`
[INFO] running `Command { std: "docker" "create" "-v" "/var/lib/crater-agent-workspace/builds/worker-6-tc1/target:/opt/rustwide/target:rw,Z" "-v" "/var/lib/crater-agent-workspace/builds/worker-6-tc1/source:/opt/rustwide/workdir:ro,Z" "-v" "/var/lib/crater-agent-workspace/cargo-home:/opt/rustwide/cargo-home:ro,Z" "-v" "/var/lib/crater-agent-workspace/rustup-home:/opt/rustwide/rustup-home:ro,Z" "-e" "SOURCE_DIR=/opt/rustwide/workdir" "-e" "CARGO_TARGET_DIR=/opt/rustwide/target" "-e" "CARGO_HOME=/opt/rustwide/cargo-home" "-e" "RUSTUP_HOME=/opt/rustwide/rustup-home" "-w" "/opt/rustwide/workdir" "-m" "1610612736" "--user" "0:0" "--network" "none" "ghcr.io/rust-lang/crates-build-env/linux@sha256:2788e3201cd34a07e3172128adcd8b3090168a8e3bcc40d7c032b9dda1df7d1c" "/opt/rustwide/cargo-home/bin/cargo" "+1.75.0" "metadata" "--no-deps" "--format-version=1", kill_on_drop: false }`
[INFO] [stdout] 123a0d7a906ece11ce4cf7c9474305d07df18c215fb70fa70e3b01d7055199b5
[INFO] running `Command { std: "docker" "start" "-a" "123a0d7a906ece11ce4cf7c9474305d07df18c215fb70fa70e3b01d7055199b5", kill_on_drop: false }`
[INFO] running `Command { std: "docker" "inspect" "123a0d7a906ece11ce4cf7c9474305d07df18c215fb70fa70e3b01d7055199b5", kill_on_drop: false }`
[INFO] running `Command { std: "docker" "rm" "-f" "123a0d7a906ece11ce4cf7c9474305d07df18c215fb70fa70e3b01d7055199b5", kill_on_drop: false }`
[INFO] [stdout] 123a0d7a906ece11ce4cf7c9474305d07df18c215fb70fa70e3b01d7055199b5
[INFO] running `Command { std: "docker" "create" "-v" "/var/lib/crater-agent-workspace/builds/worker-6-tc1/target:/opt/rustwide/target:rw,Z" "-v" "/var/lib/crater-agent-workspace/builds/worker-6-tc1/source:/opt/rustwide/workdir:ro,Z" "-v" "/var/lib/crater-agent-workspace/cargo-home:/opt/rustwide/cargo-home:ro,Z" "-v" "/var/lib/crater-agent-workspace/rustup-home:/opt/rustwide/rustup-home:ro,Z" "-e" "SOURCE_DIR=/opt/rustwide/workdir" "-e" "CARGO_TARGET_DIR=/opt/rustwide/target" "-e" "CARGO_INCREMENTAL=0" "-e" "RUST_BACKTRACE=full" "-e" "RUSTFLAGS=--cap-lints=warn" "-e" "RUSTDOCFLAGS=--cap-lints=warn" "-e" "CARGO_HOME=/opt/rustwide/cargo-home" "-e" "RUSTUP_HOME=/opt/rustwide/rustup-home" "-w" "/opt/rustwide/workdir" "-m" "1610612736" "--user" "0:0" "--network" "none" "ghcr.io/rust-lang/crates-build-env/linux@sha256:2788e3201cd34a07e3172128adcd8b3090168a8e3bcc40d7c032b9dda1df7d1c" "/opt/rustwide/cargo-home/bin/cargo" "+1.75.0" "build" "--frozen" "--message-format=json", kill_on_drop: false }`
[INFO] [stdout] 4325799dfac62b32baadb965bef77694d48375f0b38955dc9507d2129be7205c
[INFO] running `Command { std: "docker" "start" "-a" "4325799dfac62b32baadb965bef77694d48375f0b38955dc9507d2129be7205c", kill_on_drop: false }`
[INFO] [stderr]    Compiling slice-pool2 v0.4.3 (/opt/rustwide/workdir)
[INFO] [stderr]     Finished dev [unoptimized + debuginfo] target(s) in 0.29s
[INFO] running `Command { std: "docker" "inspect" "4325799dfac62b32baadb965bef77694d48375f0b38955dc9507d2129be7205c", kill_on_drop: false }`
[INFO] running `Command { std: "docker" "rm" "-f" "4325799dfac62b32baadb965bef77694d48375f0b38955dc9507d2129be7205c", kill_on_drop: false }`
[INFO] [stdout] 4325799dfac62b32baadb965bef77694d48375f0b38955dc9507d2129be7205c
[INFO] running `Command { std: "docker" "create" "-v" "/var/lib/crater-agent-workspace/builds/worker-6-tc1/target:/opt/rustwide/target:rw,Z" "-v" "/var/lib/crater-agent-workspace/builds/worker-6-tc1/source:/opt/rustwide/workdir:ro,Z" "-v" "/var/lib/crater-agent-workspace/cargo-home:/opt/rustwide/cargo-home:ro,Z" "-v" "/var/lib/crater-agent-workspace/rustup-home:/opt/rustwide/rustup-home:ro,Z" "-e" "SOURCE_DIR=/opt/rustwide/workdir" "-e" "CARGO_TARGET_DIR=/opt/rustwide/target" "-e" "CARGO_INCREMENTAL=0" "-e" "RUST_BACKTRACE=full" "-e" "RUSTFLAGS=--cap-lints=warn" "-e" "RUSTDOCFLAGS=--cap-lints=warn" "-e" "CARGO_HOME=/opt/rustwide/cargo-home" "-e" "RUSTUP_HOME=/opt/rustwide/rustup-home" "-w" "/opt/rustwide/workdir" "-m" "1610612736" "--user" "0:0" "--network" "none" "ghcr.io/rust-lang/crates-build-env/linux@sha256:2788e3201cd34a07e3172128adcd8b3090168a8e3bcc40d7c032b9dda1df7d1c" "/opt/rustwide/cargo-home/bin/cargo" "+1.75.0" "test" "--frozen" "--no-run" "--message-format=json", kill_on_drop: false }`
[INFO] [stdout] 6647bddc869d9f7fce8b472747098290bf58ff68cf823db6bdfe82fa8ea572c8
[INFO] running `Command { std: "docker" "start" "-a" "6647bddc869d9f7fce8b472747098290bf58ff68cf823db6bdfe82fa8ea572c8", kill_on_drop: false }`
[INFO] [stderr]    Compiling slice-pool2 v0.4.3 (/opt/rustwide/workdir)
[INFO] [stderr]     Finished test [unoptimized + debuginfo] target(s) in 0.88s
[INFO] running `Command { std: "docker" "inspect" "6647bddc869d9f7fce8b472747098290bf58ff68cf823db6bdfe82fa8ea572c8", kill_on_drop: false }`
[INFO] running `Command { std: "docker" "rm" "-f" "6647bddc869d9f7fce8b472747098290bf58ff68cf823db6bdfe82fa8ea572c8", kill_on_drop: false }`
[INFO] [stdout] 6647bddc869d9f7fce8b472747098290bf58ff68cf823db6bdfe82fa8ea572c8
[INFO] running `Command { std: "docker" "create" "-v" "/var/lib/crater-agent-workspace/builds/worker-6-tc1/target:/opt/rustwide/target:rw,Z" "-v" "/var/lib/crater-agent-workspace/builds/worker-6-tc1/source:/opt/rustwide/workdir:ro,Z" "-v" "/var/lib/crater-agent-workspace/cargo-home:/opt/rustwide/cargo-home:ro,Z" "-v" "/var/lib/crater-agent-workspace/rustup-home:/opt/rustwide/rustup-home:ro,Z" "-e" "SOURCE_DIR=/opt/rustwide/workdir" "-e" "CARGO_TARGET_DIR=/opt/rustwide/target" "-e" "CARGO_INCREMENTAL=0" "-e" "RUST_BACKTRACE=full" "-e" "RUSTFLAGS=--cap-lints=warn" "-e" "RUSTDOCFLAGS=--cap-lints=warn" "-e" "CARGO_HOME=/opt/rustwide/cargo-home" "-e" "RUSTUP_HOME=/opt/rustwide/rustup-home" "-w" "/opt/rustwide/workdir" "-m" "1610612736" "--user" "0:0" "--network" "none" "ghcr.io/rust-lang/crates-build-env/linux@sha256:2788e3201cd34a07e3172128adcd8b3090168a8e3bcc40d7c032b9dda1df7d1c" "/opt/rustwide/cargo-home/bin/cargo" "+1.75.0" "test" "--frozen", kill_on_drop: false }`
[INFO] [stdout] 4c9b37669e14fb32f2d18f5f3bf0ac76293daa9cf09820df680a8387270fdb4d
[INFO] running `Command { std: "docker" "start" "-a" "4c9b37669e14fb32f2d18f5f3bf0ac76293daa9cf09820df680a8387270fdb4d", kill_on_drop: false }`
[INFO] [stderr]     Finished test [unoptimized + debuginfo] target(s) in 0.01s
[INFO] [stdout] 
[INFO] [stderr]      Running unittests src/lib.rs (/opt/rustwide/target/debug/deps/slice_pool2-aabac042990c6b2c)
[INFO] [stdout] running 6 tests
[INFO] [stdout] test sync::owned::tests::pool_owned_lifetime ... ok
[INFO] [stdout] test unsync::owned::tests::pool_owned_lifetime ... ok
[INFO] [stdout] test sync::owned::tests::pool_owned_thread ... ok
[INFO] [stdout] test sync::owned::tests::pool_complex_fragmentation ... ok
[INFO] [stderr]    Doc-tests slice-pool2
[INFO] [stdout] test sync::owned::tests::pool_fragmentation ... ok
[INFO] [stdout] test unsync::owned::tests::pool_fragmentation ... ok
[INFO] [stdout] 
[INFO] [stdout] test result: ok. 6 passed; 0 failed; 0 ignored; 0 measured; 0 filtered out; finished in 0.01s
[INFO] [stdout] 
[INFO] [stdout] 
[INFO] [stdout] running 1 test
[INFO] [stdout] test src/lib.rs - (line 6) ... FAILED
[INFO] [stderr] error: doctest failed, to rerun pass `--doc`
[INFO] [stdout] 
[INFO] [stdout] failures:
[INFO] [stdout] 
[INFO] [stdout] ---- src/lib.rs - (line 6) stdout ----
[INFO] [stdout] error[E0433]: failed to resolve: use of undeclared crate or module `slice_pool`
[INFO] [stdout]  --> src/lib.rs:7:5
[INFO] [stdout]   |
[INFO] [stdout] 3 | use slice_pool::sync::SlicePool;
[INFO] [stdout]   |     ^^^^^^^^^^ use of undeclared crate or module `slice_pool`
[INFO] [stdout]   |
[INFO] [stdout] help: there is a crate or module with a similar name
[INFO] [stdout]   |
[INFO] [stdout] 3 | use slice_pool2::sync::SlicePool;
[INFO] [stdout]   |     ~~~~~~~~~~~
[INFO] [stdout] 
[INFO] [stdout] error: aborting due to previous error
[INFO] [stdout] 
[INFO] [stdout] For more information about this error, try `rustc --explain E0433`.
[INFO] [stdout] Couldn't compile the test.
[INFO] [stdout] 
[INFO] [stdout] failures:
[INFO] [stdout]     src/lib.rs - (line 6)
[INFO] [stdout] 
[INFO] [stdout] test result: FAILED. 0 passed; 1 failed; 0 ignored; 0 measured; 0 filtered out; finished in 0.06s
[INFO] [stdout] 
[INFO] running `Command { std: "docker" "inspect" "4c9b37669e14fb32f2d18f5f3bf0ac76293daa9cf09820df680a8387270fdb4d", kill_on_drop: false }`
[INFO] running `Command { std: "docker" "rm" "-f" "4c9b37669e14fb32f2d18f5f3bf0ac76293daa9cf09820df680a8387270fdb4d", kill_on_drop: false }`
[INFO] [stdout] 4c9b37669e14fb32f2d18f5f3bf0ac76293daa9cf09820df680a8387270fdb4d
