[INFO] fetching crate slashies-macros 0.1.3...
[INFO] testing slashies-macros-0.1.3 against 1.75.0 for beta-1.76-1
[INFO] extracting crate slashies-macros 0.1.3 into /workspace/builds/worker-1-tc1/source
[INFO] validating manifest of crates.io crate slashies-macros 0.1.3 on toolchain 1.75.0
[INFO] running `Command { std: CARGO_HOME="/workspace/cargo-home" RUSTUP_HOME="/workspace/rustup-home" "/workspace/cargo-home/bin/cargo" "+1.75.0" "metadata" "--manifest-path" "Cargo.toml" "--no-deps", kill_on_drop: false }`
[INFO] started tweaking crates.io crate slashies-macros 0.1.3
[INFO] finished tweaking crates.io crate slashies-macros 0.1.3
[INFO] tweaked toml for crates.io crate slashies-macros 0.1.3 written to /workspace/builds/worker-1-tc1/source/Cargo.toml
[INFO] running `Command { std: CARGO_HOME="/workspace/cargo-home" RUSTUP_HOME="/workspace/rustup-home" "/workspace/cargo-home/bin/cargo" "+1.75.0" "generate-lockfile" "--manifest-path" "Cargo.toml", kill_on_drop: false }`
[INFO] [stderr]     Updating crates.io index
[INFO] running `Command { std: CARGO_HOME="/workspace/cargo-home" RUSTUP_HOME="/workspace/rustup-home" "/workspace/cargo-home/bin/cargo" "+1.75.0" "fetch" "--manifest-path" "Cargo.toml", kill_on_drop: false }`
[INFO] [stderr]  Downloading crates ...
[INFO] [stderr]   Downloaded typemap_rev v0.1.5
[INFO] [stderr]   Downloaded slashies v0.1.3
[INFO] [stderr]   Downloaded serenity v0.11.7
[INFO] running `Command { std: "docker" "create" "-v" "/var/lib/crater-agent-workspace/builds/worker-1-tc1/target:/opt/rustwide/target:rw,Z" "-v" "/var/lib/crater-agent-workspace/builds/worker-1-tc1/source:/opt/rustwide/workdir:ro,Z" "-v" "/var/lib/crater-agent-workspace/cargo-home:/opt/rustwide/cargo-home:ro,Z" "-v" "/var/lib/crater-agent-workspace/rustup-home:/opt/rustwide/rustup-home:ro,Z" "-e" "SOURCE_DIR=/opt/rustwide/workdir" "-e" "CARGO_TARGET_DIR=/opt/rustwide/target" "-e" "CARGO_HOME=/opt/rustwide/cargo-home" "-e" "RUSTUP_HOME=/opt/rustwide/rustup-home" "-w" "/opt/rustwide/workdir" "-m" "1610612736" "--user" "0:0" "--network" "none" "ghcr.io/rust-lang/crates-build-env/linux@sha256:2788e3201cd34a07e3172128adcd8b3090168a8e3bcc40d7c032b9dda1df7d1c" "/opt/rustwide/cargo-home/bin/cargo" "+1.75.0" "metadata" "--no-deps" "--format-version=1", kill_on_drop: false }`
[INFO] [stdout] 269333b40b066d84ae580ae371794abd491549e33f5a84cff2538e74c7addb94
[INFO] running `Command { std: "docker" "start" "-a" "269333b40b066d84ae580ae371794abd491549e33f5a84cff2538e74c7addb94", kill_on_drop: false }`
[INFO] running `Command { std: "docker" "inspect" "269333b40b066d84ae580ae371794abd491549e33f5a84cff2538e74c7addb94", kill_on_drop: false }`
[INFO] running `Command { std: "docker" "rm" "-f" "269333b40b066d84ae580ae371794abd491549e33f5a84cff2538e74c7addb94", kill_on_drop: false }`
[INFO] [stdout] 269333b40b066d84ae580ae371794abd491549e33f5a84cff2538e74c7addb94
[INFO] running `Command { std: "docker" "create" "-v" "/var/lib/crater-agent-workspace/builds/worker-1-tc1/target:/opt/rustwide/target:rw,Z" "-v" "/var/lib/crater-agent-workspace/builds/worker-1-tc1/source:/opt/rustwide/workdir:ro,Z" "-v" "/var/lib/crater-agent-workspace/cargo-home:/opt/rustwide/cargo-home:ro,Z" "-v" "/var/lib/crater-agent-workspace/rustup-home:/opt/rustwide/rustup-home:ro,Z" "-e" "SOURCE_DIR=/opt/rustwide/workdir" "-e" "CARGO_TARGET_DIR=/opt/rustwide/target" "-e" "CARGO_INCREMENTAL=0" "-e" "RUST_BACKTRACE=full" "-e" "RUSTFLAGS=--cap-lints=warn" "-e" "RUSTDOCFLAGS=--cap-lints=warn" "-e" "CARGO_HOME=/opt/rustwide/cargo-home" "-e" "RUSTUP_HOME=/opt/rustwide/rustup-home" "-w" "/opt/rustwide/workdir" "-m" "1610612736" "--user" "0:0" "--network" "none" "ghcr.io/rust-lang/crates-build-env/linux@sha256:2788e3201cd34a07e3172128adcd8b3090168a8e3bcc40d7c032b9dda1df7d1c" "/opt/rustwide/cargo-home/bin/cargo" "+1.75.0" "build" "--frozen" "--message-format=json", kill_on_drop: false }`
[INFO] [stdout] 653508d63ab2865ca567d1432c8667c1add769fedf142ecfde35dd8be3328ad7
[INFO] running `Command { std: "docker" "start" "-a" "653508d63ab2865ca567d1432c8667c1add769fedf142ecfde35dd8be3328ad7", kill_on_drop: false }`
[INFO] [stderr]    Compiling libc v0.2.151
[INFO] [stderr]    Compiling cfg-if v1.0.0
[INFO] [stderr]    Compiling pin-project-lite v0.2.13
[INFO] [stderr]    Compiling once_cell v1.19.0
[INFO] [stderr]    Compiling spin v0.9.8
[INFO] [stderr]    Compiling untrusted v0.9.0
[INFO] [stderr]    Compiling serde v1.0.194
[INFO] [stderr]    Compiling syn v2.0.48
[INFO] [stderr]    Compiling bytes v1.5.0
[INFO] [stderr]    Compiling log v0.4.20
[INFO] [stderr]    Compiling itoa v1.0.10
[INFO] [stderr]    Compiling slab v0.4.9
[INFO] [stderr]    Compiling typenum v1.17.0
[INFO] [stderr]    Compiling futures-core v0.3.30
[INFO] [stderr]    Compiling futures-sink v0.3.30
[INFO] [stderr]    Compiling generic-array v0.14.7
[INFO] [stderr]    Compiling fnv v1.0.7
[INFO] [stderr]    Compiling futures-channel v0.3.30
[INFO] [stderr]    Compiling futures-io v0.3.30
[INFO] [stderr]    Compiling http v0.2.11
[INFO] [stderr]    Compiling tinyvec_macros v0.1.1
[INFO] [stderr]    Compiling memchr v2.7.1
[INFO] [stderr]    Compiling pin-utils v0.1.0
[INFO] [stderr]    Compiling futures-task v0.3.30
[INFO] [stderr]    Compiling httparse v1.8.0
[INFO] [stderr]    Compiling tinyvec v1.6.0
[INFO] [stderr]    Compiling cc v1.0.83
[INFO] [stderr]    Compiling getrandom v0.2.11
[INFO] [stderr]    Compiling mio v0.8.10
[INFO] [stderr]    Compiling socket2 v0.5.5
[INFO] [stderr]    Compiling futures-util v0.3.30
[INFO] [stderr]    Compiling tracing-core v0.1.32
[INFO] [stderr]    Compiling hashbrown v0.14.3
[INFO] [stderr]    Compiling percent-encoding v2.3.1
[INFO] [stderr]    Compiling form_urlencoded v1.2.1
[INFO] [stderr]    Compiling unicase v2.7.0
[INFO] [stderr]    Compiling unicode-normalization v0.1.22
[INFO] [stderr]    Compiling spin v0.5.2
[INFO] [stderr]    Compiling ring v0.17.7
[INFO] [stderr]    Compiling ring v0.16.20
[INFO] [stderr]    Compiling equivalent v1.0.1
[INFO] [stderr]    Compiling rustls v0.21.10
[INFO] [stderr]    Compiling unicode-bidi v0.3.14
[INFO] [stderr]    Compiling untrusted v0.7.1
[INFO] [stderr]    Compiling rustls v0.20.9
[INFO] [stderr]    Compiling block-buffer v0.10.4
[INFO] [stderr]    Compiling idna v0.5.0
[INFO] [stderr]    Compiling crypto-common v0.1.6
[INFO] [stderr]    Compiling indexmap v2.1.0
[INFO] [stderr]    Compiling rand_core v0.6.4
[INFO] [stderr]    Compiling num-traits v0.2.17
[INFO] [stderr]    Compiling lock_api v0.4.11
[INFO] [stderr]    Compiling thiserror v1.0.56
[INFO] [stderr]    Compiling parking_lot_core v0.9.9
[INFO] [stderr]    Compiling try-lock v0.2.5
[INFO] [stderr]    Compiling ppv-lite86 v0.2.17
[INFO] [stderr]    Compiling want v0.3.1
[INFO] [stderr]    Compiling mime_guess v2.0.4
[INFO] [stderr]    Compiling digest v0.10.7
[INFO] [stderr]    Compiling http-body v0.4.6
[INFO] [stderr]    Compiling rand_chacha v0.3.1
[INFO] [stderr]    Compiling tower-service v0.3.2
[INFO] [stderr]    Compiling httpdate v1.0.3
[INFO] [stderr]    Compiling crc32fast v1.3.2
[INFO] [stderr]    Compiling smallvec v1.11.2
[INFO] [stderr]    Compiling ryu v1.0.16
[INFO] [stderr]    Compiling scopeguard v1.2.0
[INFO] [stderr]    Compiling cpufeatures v0.2.12
[INFO] [stderr]    Compiling sha-1 v0.10.1
[INFO] [stderr]    Compiling rand v0.8.5
[INFO] [stderr]    Compiling serde_json v1.0.111
[INFO] [stderr]    Compiling adler v1.0.2
[INFO] [stderr]    Compiling rustversion v1.0.14
[INFO] [stderr]    Compiling base64 v0.21.5
[INFO] [stderr]    Compiling base64 v0.13.1
[INFO] [stderr]    Compiling byteorder v1.5.0
[INFO] [stderr]    Compiling utf-8 v0.7.6
[INFO] [stderr]    Compiling mime v0.3.17
[INFO] [stderr]    Compiling powerfmt v0.2.0
[INFO] [stderr]    Compiling async-trait v0.1.77
[INFO] [stderr]    Compiling rustls-pemfile v1.0.4
[INFO] [stderr]    Compiling miniz_oxide v0.7.1
[INFO] [stderr]    Compiling encoding_rs v0.8.33
[INFO] [stderr]    Compiling ordered-float v2.10.1
[INFO] [stderr]    Compiling proc-macro-error-attr v1.0.4
[INFO] [stderr]    Compiling ipnet v2.9.0
[INFO] [stderr]    Compiling serenity v0.11.7
[INFO] [stderr]    Compiling syn v1.0.109
[INFO] [stderr]    Compiling time-core v0.1.2
[INFO] [stderr]    Compiling webpki-roots v0.25.3
[INFO] [stderr]    Compiling flate2 v1.0.28
[INFO] [stderr]    Compiling futures v0.3.30
[INFO] [stderr]    Compiling parking_lot v0.12.1
[INFO] [stderr]    Compiling proc-macro-error v1.0.4
[INFO] [stderr]    Compiling typemap_rev v0.1.5
[INFO] [stderr]    Compiling bitflags v1.3.2
[INFO] [stderr]    Compiling sct v0.7.1
[INFO] [stderr]    Compiling webpki v0.22.4
[INFO] [stderr]    Compiling rustls-webpki v0.101.7
[INFO] [stderr]    Compiling serde_derive v1.0.194
[INFO] [stderr]    Compiling tokio-macros v2.2.0
[INFO] [stderr]    Compiling tracing-attributes v0.1.27
[INFO] [stderr]    Compiling thiserror-impl v1.0.56
[INFO] [stderr]    Compiling webpki-roots v0.22.6
[INFO] [stderr]    Compiling tokio v1.35.1
[INFO] [stderr]    Compiling tracing v0.1.40
[INFO] [stderr]    Compiling either v1.9.0
[INFO] [stderr]    Compiling itertools v0.10.5
[INFO] [stderr]    Compiling tokio-util v0.7.10
[INFO] [stderr]    Compiling tokio-rustls v0.24.1
[INFO] [stderr]    Compiling tokio-rustls v0.23.4
[INFO] [stderr]    Compiling h2 v0.3.22
[INFO] [stderr]    Compiling url v2.5.0
[INFO] [stderr]    Compiling serde_urlencoded v0.7.1
[INFO] [stderr]    Compiling deranged v0.3.11
[INFO] [stderr]    Compiling dashmap v5.5.3
[INFO] [stderr]    Compiling serde-value v0.7.0
[INFO] [stderr]    Compiling tungstenite v0.17.3
[INFO] [stderr]    Compiling time v0.3.31
[INFO] [stderr]    Compiling async-tungstenite v0.17.2
[INFO] [stderr]    Compiling hyper v0.14.28
[INFO] [stderr]    Compiling hyper-rustls v0.24.2
[INFO] [stderr]    Compiling reqwest v0.11.23
[INFO] [stderr]    Compiling slashies v0.1.3
[INFO] [stderr]    Compiling slashies-macros v0.1.3 (/opt/rustwide/workdir)
[INFO] [stderr]     Finished dev [unoptimized + debuginfo] target(s) in 1m 24s
[INFO] running `Command { std: "docker" "inspect" "653508d63ab2865ca567d1432c8667c1add769fedf142ecfde35dd8be3328ad7", kill_on_drop: false }`
[INFO] running `Command { std: "docker" "rm" "-f" "653508d63ab2865ca567d1432c8667c1add769fedf142ecfde35dd8be3328ad7", kill_on_drop: false }`
[INFO] [stdout] 653508d63ab2865ca567d1432c8667c1add769fedf142ecfde35dd8be3328ad7
[INFO] running `Command { std: "docker" "create" "-v" "/var/lib/crater-agent-workspace/builds/worker-1-tc1/target:/opt/rustwide/target:rw,Z" "-v" "/var/lib/crater-agent-workspace/builds/worker-1-tc1/source:/opt/rustwide/workdir:ro,Z" "-v" "/var/lib/crater-agent-workspace/cargo-home:/opt/rustwide/cargo-home:ro,Z" "-v" "/var/lib/crater-agent-workspace/rustup-home:/opt/rustwide/rustup-home:ro,Z" "-e" "SOURCE_DIR=/opt/rustwide/workdir" "-e" "CARGO_TARGET_DIR=/opt/rustwide/target" "-e" "CARGO_INCREMENTAL=0" "-e" "RUST_BACKTRACE=full" "-e" "RUSTFLAGS=--cap-lints=warn" "-e" "RUSTDOCFLAGS=--cap-lints=warn" "-e" "CARGO_HOME=/opt/rustwide/cargo-home" "-e" "RUSTUP_HOME=/opt/rustwide/rustup-home" "-w" "/opt/rustwide/workdir" "-m" "1610612736" "--user" "0:0" "--network" "none" "ghcr.io/rust-lang/crates-build-env/linux@sha256:2788e3201cd34a07e3172128adcd8b3090168a8e3bcc40d7c032b9dda1df7d1c" "/opt/rustwide/cargo-home/bin/cargo" "+1.75.0" "test" "--frozen" "--no-run" "--message-format=json", kill_on_drop: false }`
[INFO] [stdout] 4c2debd32c22eb6bc0e6841c5f97b0c7641b5ab0cbe0c287b3b3a7e0bdaaed7f
[INFO] running `Command { std: "docker" "start" "-a" "4c2debd32c22eb6bc0e6841c5f97b0c7641b5ab0cbe0c287b3b3a7e0bdaaed7f", kill_on_drop: false }`
[INFO] [stderr]    Compiling trybuild v1.0.87
[INFO] [stderr]    Compiling basic-toml v0.1.8
[INFO] [stderr]    Compiling termcolor v1.4.0
[INFO] [stderr]    Compiling glob v0.3.1
[INFO] [stderr]    Compiling slashies-macros v0.1.3 (/opt/rustwide/workdir)
[INFO] [stderr]     Finished test [unoptimized + debuginfo] target(s) in 5.11s
[INFO] running `Command { std: "docker" "inspect" "4c2debd32c22eb6bc0e6841c5f97b0c7641b5ab0cbe0c287b3b3a7e0bdaaed7f", kill_on_drop: false }`
[INFO] running `Command { std: "docker" "rm" "-f" "4c2debd32c22eb6bc0e6841c5f97b0c7641b5ab0cbe0c287b3b3a7e0bdaaed7f", kill_on_drop: false }`
[INFO] [stdout] 4c2debd32c22eb6bc0e6841c5f97b0c7641b5ab0cbe0c287b3b3a7e0bdaaed7f
[INFO] running `Command { std: "docker" "create" "-v" "/var/lib/crater-agent-workspace/builds/worker-1-tc1/target:/opt/rustwide/target:rw,Z" "-v" "/var/lib/crater-agent-workspace/builds/worker-1-tc1/source:/opt/rustwide/workdir:ro,Z" "-v" "/var/lib/crater-agent-workspace/cargo-home:/opt/rustwide/cargo-home:ro,Z" "-v" "/var/lib/crater-agent-workspace/rustup-home:/opt/rustwide/rustup-home:ro,Z" "-e" "SOURCE_DIR=/opt/rustwide/workdir" "-e" "CARGO_TARGET_DIR=/opt/rustwide/target" "-e" "CARGO_INCREMENTAL=0" "-e" "RUST_BACKTRACE=full" "-e" "RUSTFLAGS=--cap-lints=warn" "-e" "RUSTDOCFLAGS=--cap-lints=warn" "-e" "CARGO_HOME=/opt/rustwide/cargo-home" "-e" "RUSTUP_HOME=/opt/rustwide/rustup-home" "-w" "/opt/rustwide/workdir" "-m" "1610612736" "--user" "0:0" "--network" "none" "ghcr.io/rust-lang/crates-build-env/linux@sha256:2788e3201cd34a07e3172128adcd8b3090168a8e3bcc40d7c032b9dda1df7d1c" "/opt/rustwide/cargo-home/bin/cargo" "+1.75.0" "test" "--frozen", kill_on_drop: false }`
[INFO] [stdout] 9b5553c8e415c7be931df42b341f1754f38ba953e5c993edec18edf654121848
[INFO] running `Command { std: "docker" "start" "-a" "9b5553c8e415c7be931df42b341f1754f38ba953e5c993edec18edf654121848", kill_on_drop: false }`
[INFO] [stderr]     Finished test [unoptimized + debuginfo] target(s) in 0.15s
[INFO] [stderr]      Running unittests src/lib.rs (/opt/rustwide/target/debug/deps/slashies_macros-3a51813fdbdfbc1f)
[INFO] [stdout] 
[INFO] [stdout] running 2 tests
[INFO] [stderr]    Compiling libc v0.2.151
[INFO] [stderr]    Compiling proc-macro2 v1.0.75
[INFO] [stderr]    Compiling unicode-ident v1.0.12
[INFO] [stderr]    Compiling version_check v0.9.4
[INFO] [stderr]    Compiling autocfg v1.1.0
[INFO] [stderr]    Compiling serde v1.0.194
[INFO] [stderr]    Compiling cfg-if v1.0.0
[INFO] [stderr]    Compiling typenum v1.17.0
[INFO] [stderr]    Compiling httparse v1.8.0
[INFO] [stderr]    Compiling once_cell v1.19.0
[INFO] [stderr]    Compiling pin-project-lite v0.2.13
[INFO] [stderr]    Compiling untrusted v0.9.0
[INFO] [stderr]    Compiling spin v0.9.8
[INFO] [stderr]    Compiling rustls v0.20.9
[INFO] [stderr]    Compiling slab v0.4.9
[INFO] [stderr]    Compiling generic-array v0.14.7
[INFO] [stderr]    Compiling unicase v2.7.0
[INFO] [stderr]    Compiling quote v1.0.35
[INFO] [stderr]    Compiling bytes v1.5.0
[INFO] [stderr]    Compiling log v0.4.20
[INFO] [stderr]    Compiling rustls v0.21.10
[INFO] [stderr]    Compiling itoa v1.0.10
[INFO] [stderr]    Compiling syn v2.0.48
[INFO] [stderr]    Compiling cc v1.0.83
[INFO] [stderr]    Compiling getrandom v0.2.11
[INFO] [stderr]    Compiling lock_api v0.4.11
[INFO] [stderr]    Compiling num-traits v0.2.17
[INFO] [stderr]    Compiling thiserror v1.0.56
[INFO] [stderr]    Compiling parking_lot_core v0.9.9
[INFO] [stderr]    Compiling mio v0.8.10
[INFO] [stderr]    Compiling socket2 v0.5.5
[INFO] [stderr]    Compiling futures-core v0.3.30
[INFO] [stderr]    Compiling futures-sink v0.3.30
[INFO] [stderr]    Compiling mime_guess v2.0.4
[INFO] [stderr]    Compiling fnv v1.0.7
[INFO] [stderr]    Compiling crc32fast v1.3.2
[INFO] [stderr]    Compiling serde_json v1.0.111
[INFO] [stderr]    Compiling http v0.2.11
[INFO] [stderr]    Compiling futures-channel v0.3.30
[INFO] [stderr]    Compiling pin-utils v0.1.0
[INFO] [stderr]    Compiling futures-io v0.3.30
[INFO] [stderr]    Compiling memchr v2.7.1
[INFO] [stderr]    Compiling futures-task v0.3.30
[INFO] [stderr]    Compiling tinyvec_macros v0.1.1
[INFO] [stderr]    Compiling tinyvec v1.6.0
[INFO] [stderr]    Compiling ring v0.17.7
[INFO] [stderr]    Compiling ring v0.16.20
[INFO] [stderr]    Compiling futures-util v0.3.30
[INFO] [stderr]    Compiling tracing-core v0.1.32
[INFO] [stderr]    Compiling hashbrown v0.14.3
[INFO] [stderr]    Compiling percent-encoding v2.3.1
[INFO] [stderr]    Compiling form_urlencoded v1.2.1
[INFO] [stderr]    Compiling unicode-normalization v0.1.22
[INFO] [stderr]    Compiling unicode-bidi v0.3.14
[INFO] [stderr]    Compiling equivalent v1.0.1
[INFO] [stderr]    Compiling untrusted v0.7.1
[INFO] [stderr]    Compiling spin v0.5.2
[INFO] [stderr]    Compiling idna v0.5.0
[INFO] [stderr]    Compiling indexmap v2.1.0
[INFO] [stderr]    Compiling block-buffer v0.10.4
[INFO] [stderr]    Compiling crypto-common v0.1.6
[INFO] [stderr]    Compiling rand_core v0.6.4
[INFO] [stderr]    Compiling ppv-lite86 v0.2.17
[INFO] [stderr]    Compiling try-lock v0.2.5
[INFO] [stderr]    Compiling rustversion v1.0.14
[INFO] [stderr]    Compiling syn v1.0.109
[INFO] [stderr]    Compiling async-trait v0.1.77
[INFO] [stderr]     Checking sct v0.7.1
[INFO] [stderr]     Checking webpki v0.22.4
[INFO] [stderr]    Compiling serenity v0.11.7
[INFO] [stderr]     Checking rustls-webpki v0.101.7
[INFO] [stderr]    Compiling rand_chacha v0.3.1
[INFO] [stderr]    Compiling want v0.3.1
[INFO] [stderr]    Compiling digest v0.10.7
[INFO] [stderr]    Compiling http-body v0.4.6
[INFO] [stderr]    Compiling smallvec v1.11.2
[INFO] [stderr]    Compiling serde_derive v1.0.194
[INFO] [stderr]    Compiling tokio-macros v2.2.0
[INFO] [stderr]    Compiling tracing-attributes v0.1.27
[INFO] [stderr]    Compiling thiserror-impl v1.0.56
[INFO] [stderr]    Compiling cpufeatures v0.2.12
[INFO] [stderr]    Compiling ryu v1.0.16
[INFO] [stderr]    Compiling scopeguard v1.2.0
[INFO] [stderr]    Compiling tower-service v0.3.2
[INFO] [stderr]    Compiling httpdate v1.0.3
[INFO] [stderr]    Compiling sha-1 v0.10.1
[INFO] [stderr]    Compiling tokio v1.35.1
[INFO] [stderr]    Compiling tracing v0.1.40
[INFO] [stderr]    Compiling rand v0.8.5
[INFO] [stderr]     Checking tokio-util v0.7.10
[INFO] [stdout] test command::test::examples_fail_with_correct_error has been running for over 60 seconds
[INFO] [stdout] test commands::test::examples_fail_with_correct_error has been running for over 60 seconds
[INFO] [stderr]    Compiling proc-macro-error-attr v1.0.4
[INFO] [stderr]    Compiling proc-macro-error v1.0.4
[INFO] [stderr]    Compiling utf-8 v0.7.6
[INFO] [stderr]     Checking h2 v0.3.22
[INFO] [stderr]    Compiling byteorder v1.5.0
[INFO] [stderr]    Compiling tokio-rustls v0.24.1
[INFO] [stderr]    Compiling powerfmt v0.2.0
[INFO] [stderr]    Compiling base64 v0.13.1
[INFO] [stderr]    Compiling base64 v0.21.5
[INFO] [stderr]    Compiling mime v0.3.17
[INFO] [stderr]    Compiling adler v1.0.2
[INFO] [stderr]    Compiling miniz_oxide v0.7.1
[INFO] [stderr]    Compiling rustls-pemfile v1.0.4
[INFO] [stderr]    Compiling tokio-rustls v0.23.4
[INFO] [stderr]    Compiling ordered-float v2.10.1
[INFO] [stderr]    Compiling webpki-roots v0.22.6
[INFO] [stderr]    Compiling encoding_rs v0.8.33
[INFO] [stderr]    Compiling webpki-roots v0.25.3
[INFO] [stderr]    Compiling ipnet v2.9.0
[INFO] [stderr]    Compiling time-core v0.1.2
[INFO] [stderr]     Checking url v2.5.0
[INFO] [stderr]     Checking hyper v0.14.28
[INFO] [stderr]     Checking serde_urlencoded v0.7.1
[INFO] [stderr]     Checking deranged v0.3.11
[INFO] [stderr]    Compiling flate2 v1.0.28
[INFO] [stderr]    Compiling tungstenite v0.17.3
[INFO] [stderr]    Compiling dashmap v5.5.3
[INFO] [stderr]    Compiling time v0.3.31
[INFO] [stderr]    Compiling async-tungstenite v0.17.2
[INFO] [stderr]    Compiling serde-value v0.7.0
[INFO] [stderr]    Compiling parking_lot v0.12.1
[INFO] [stderr]    Compiling futures v0.3.30
[INFO] [stderr]    Compiling bitflags v1.3.2
[INFO] [stderr]     Checking hyper-rustls v0.24.2
[INFO] [stderr]    Compiling typemap_rev v0.1.5
[INFO] [stderr]    Compiling either v1.9.0
[INFO] [stderr]     Checking reqwest v0.11.23
[INFO] [stderr]    Compiling itertools v0.10.5
[INFO] [stderr]     Checking slashies v0.1.3
[INFO] [stderr]    Compiling slashies-macros v0.1.3 (/opt/rustwide/workdir)
[INFO] [stderr]     Checking slashies-macros-tests v0.0.0 (/opt/rustwide/target/tests/trybuild/slashies-macros)
[INFO] [stderr]     Finished dev [unoptimized + debuginfo] target(s) in 2m 31s
[INFO] [stderr] 
[INFO] [stderr] 
[INFO] [stderr] test tests/command/e01_no_docstring_on_field.rs ... ok
[INFO] [stderr] test tests/command/e02_invalid_docstring_on_field.rs ... mismatch
[INFO] [stderr] 
[INFO] [stderr] EXPECTED:
[INFO] [stderr] ┈┈┈┈┈┈┈┈┈┈┈┈┈┈┈┈┈┈┈┈┈┈┈┈┈┈┈┈┈┈┈┈┈┈┈┈┈┈┈┈┈┈┈┈┈┈┈┈┈┈┈┈┈┈┈┈┈┈┈┈
[INFO] [stderr] error: Invalid description docstring
[INFO] [stderr]  --> tests/command/e02_invalid_docstring_on_field.rs:7:5
[INFO] [stderr]   |
[INFO] [stderr] 7 |     #[doc]
[INFO] [stderr]   |     ^^^^^^
[INFO] [stderr] 
[INFO] [stderr] error: attribute must be of the form `#[doc(hidden|inline|...)]` or `#[doc = "string"]`
[INFO] [stderr]  --> tests/command/e02_invalid_docstring_on_field.rs:7:5
[INFO] [stderr]   |
[INFO] [stderr] 7 |     #[doc]
[INFO] [stderr]   |     ^^^^^^
[INFO] [stderr]   |
[INFO] [stderr]   = note: `#[deny(ill_formed_attribute_input)]` on by default
[INFO] [stderr]   = warning: this was previously accepted by the compiler but is being phased out; it will become a hard error in a future release!
[INFO] [stderr]   = note: for more information, see issue #57571 <https://github.com/rust-lang/rust/issues/57571>
[INFO] [stderr] ┈┈┈┈┈┈┈┈┈┈┈┈┈┈┈┈┈┈┈┈┈┈┈┈┈┈┈┈┈┈┈┈┈┈┈┈┈┈┈┈┈┈┈┈┈┈┈┈┈┈┈┈┈┈┈┈┈┈┈┈
[INFO] [stderr] 
[INFO] [stderr] ACTUAL OUTPUT:
[INFO] [stderr] ┈┈┈┈┈┈┈┈┈┈┈┈┈┈┈┈┈┈┈┈┈┈┈┈┈┈┈┈┈┈┈┈┈┈┈┈┈┈┈┈┈┈┈┈┈┈┈┈┈┈┈┈┈┈┈┈┈┈┈┈
[INFO] [stderr] error: Invalid description docstring
[INFO] [stderr]  --> tests/command/e02_invalid_docstring_on_field.rs:7:5
[INFO] [stderr]   |
[INFO] [stderr] 7 |     #[doc]
[INFO] [stderr]   |     ^^^^^^
[INFO] [stderr] 
[INFO] [stderr] warning: attribute must be of the form `#[doc(hidden|inline|...)]` or `#[doc = "string"]`
[INFO] [stderr]  --> tests/command/e02_invalid_docstring_on_field.rs:7:5
[INFO] [stderr]   |
[INFO] [stderr] 7 |     #[doc]
[INFO] [stderr]   |     ^^^^^^
[INFO] [stderr]   |
[INFO] [stderr]   = warning: this was previously accepted by the compiler but is being phased out; it will become a hard error in a future release!
[INFO] [stderr]   = note: for more information, see issue #57571 <https://github.com/rust-lang/rust/issues/57571>
[INFO] [stderr]   = note: `#[warn(ill_formed_attribute_input)]` on by default
[INFO] [stderr] ┈┈┈┈┈┈┈┈┈┈┈┈┈┈┈┈┈┈┈┈┈┈┈┈┈┈┈┈┈┈┈┈┈┈┈┈┈┈┈┈┈┈┈┈┈┈┈┈┈┈┈┈┈┈┈┈┈┈┈┈
[INFO] [stderr] note: If the actual output is the correct output you can bless it by rerunning
[INFO] [stderr]       your test with the environment variable TRYBUILD=overwrite
[INFO] [stderr] 
[INFO] [stderr] test tests/command/e03_no_docstring_on_struct.rs ... mismatch
[INFO] [stderr] 
[INFO] [stderr] EXPECTED:
[INFO] [stderr] ┈┈┈┈┈┈┈┈┈┈┈┈┈┈┈┈┈┈┈┈┈┈┈┈┈┈┈┈┈┈┈┈┈┈┈┈┈┈┈┈┈┈┈┈┈┈┈┈┈┈┈┈┈┈┈┈┈┈┈┈
[INFO] [stderr] error: Command must specify a description via a docstring
[INFO] [stderr]  --> tests/command/e03_no_docstring_on_struct.rs:7:8
[INFO] [stderr]   |
[INFO] [stderr] 7 | struct BadCommand;
[INFO] [stderr]   |        ^^^^^^^^^^
[INFO] [stderr] ┈┈┈┈┈┈┈┈┈┈┈┈┈┈┈┈┈┈┈┈┈┈┈┈┈┈┈┈┈┈┈┈┈┈┈┈┈┈┈┈┈┈┈┈┈┈┈┈┈┈┈┈┈┈┈┈┈┈┈┈
[INFO] [stderr] 
[INFO] [stderr] ACTUAL OUTPUT:
[INFO] [stderr] ┈┈┈┈┈┈┈┈┈┈┈┈┈┈┈┈┈┈┈┈┈┈┈┈┈┈┈┈┈┈┈┈┈┈┈┈┈┈┈┈┈┈┈┈┈┈┈┈┈┈┈┈┈┈┈┈┈┈┈┈
[INFO] [stderr] error: Command must specify a description via a docstring
[INFO] [stderr]  --> tests/command/e03_no_docstring_on_struct.rs:7:8
[INFO] [stderr]   |
[INFO] [stderr] 7 | struct BadCommand;
[INFO] [stderr]   |        ^^^^^^^^^^
[INFO] [stderr] 
[INFO] [stderr] warning: use of deprecated type alias `serenity::model::interactions::application_command::ApplicationCommandInteraction`: use `model::application::interaction::application_command::ApplicationCommandInteraction`
[INFO] [stderr]  --> tests/command/e03_no_docstring_on_struct.rs:3:88
[INFO] [stderr]   |
[INFO] [stderr] 3 | use serenity::{async_trait, client::Context, model::interactions::application_command::ApplicationCommandInteraction};
[INFO] [stderr]   |                                                                                        ^^^^^^^^^^^^^^^^^^^^^^^^^^^^^
[INFO] [stderr]   |
[INFO] [stderr]   = note: `#[warn(deprecated)]` on by default
[INFO] [stderr] 
[INFO] [stderr] warning: use of deprecated type alias `serenity::model::interactions::application_command::ApplicationCommandInteraction`: use `model::application::interaction::application_command::ApplicationCommandInteraction`
[INFO] [stderr]   --> tests/command/e03_no_docstring_on_struct.rs:14:20
[INFO] [stderr]    |
[INFO] [stderr] 14 |         _command: &ApplicationCommandInteraction,
[INFO] [stderr]    |                    ^^^^^^^^^^^^^^^^^^^^^^^^^^^^^
[INFO] [stderr] ┈┈┈┈┈┈┈┈┈┈┈┈┈┈┈┈┈┈┈┈┈┈┈┈┈┈┈┈┈┈┈┈┈┈┈┈┈┈┈┈┈┈┈┈┈┈┈┈┈┈┈┈┈┈┈┈┈┈┈┈
[INFO] [stderr] note: If the actual output is the correct output you can bless it by rerunning
[INFO] [stderr]       your test with the environment variable TRYBUILD=overwrite
[INFO] [stderr] 
[INFO] [stderr] test tests/command/e04_invalid_docstring_on_struct.rs ... mismatch
[INFO] [stderr] 
[INFO] [stderr] EXPECTED:
[INFO] [stderr] ┈┈┈┈┈┈┈┈┈┈┈┈┈┈┈┈┈┈┈┈┈┈┈┈┈┈┈┈┈┈┈┈┈┈┈┈┈┈┈┈┈┈┈┈┈┈┈┈┈┈┈┈┈┈┈┈┈┈┈┈
[INFO] [stderr] error: Invalid description docstring
[INFO] [stderr]  --> tests/command/e04_invalid_docstring_on_struct.rs:5:1
[INFO] [stderr]   |
[INFO] [stderr] 5 | #[doc]
[INFO] [stderr]   | ^^^^^^
[INFO] [stderr] 
[INFO] [stderr] error: attribute must be of the form `#[doc(hidden|inline|...)]` or `#[doc = "string"]`
[INFO] [stderr]  --> tests/command/e04_invalid_docstring_on_struct.rs:5:1
[INFO] [stderr]   |
[INFO] [stderr] 5 | #[doc]
[INFO] [stderr]   | ^^^^^^
[INFO] [stderr]   |
[INFO] [stderr]   = note: `#[deny(ill_formed_attribute_input)]` on by default
[INFO] [stderr]   = warning: this was previously accepted by the compiler but is being phased out; it will become a hard error in a future release!
[INFO] [stderr]   = note: for more information, see issue #57571 <https://github.com/rust-lang/rust/issues/57571>
[INFO] [stderr] ┈┈┈┈┈┈┈┈┈┈┈┈┈┈┈┈┈┈┈┈┈┈┈┈┈┈┈┈┈┈┈┈┈┈┈┈┈┈┈┈┈┈┈┈┈┈┈┈┈┈┈┈┈┈┈┈┈┈┈┈
[INFO] [stderr] 
[INFO] [stderr] ACTUAL OUTPUT:
[INFO] [stderr] ┈┈┈┈┈┈┈┈┈┈┈┈┈┈┈┈┈┈┈┈┈┈┈┈┈┈┈┈┈┈┈┈┈┈┈┈┈┈┈┈┈┈┈┈┈┈┈┈┈┈┈┈┈┈┈┈┈┈┈┈
[INFO] [stderr] error: Invalid description docstring
[INFO] [stderr]  --> tests/command/e04_invalid_docstring_on_struct.rs:5:1
[INFO] [stderr]   |
[INFO] [stderr] 5 | #[doc]
[INFO] [stderr]   | ^^^^^^
[INFO] [stderr] 
[INFO] [stderr] warning: attribute must be of the form `#[doc(hidden|inline|...)]` or `#[doc = "string"]`
[INFO] [stderr]  --> tests/command/e04_invalid_docstring_on_struct.rs:5:1
[INFO] [stderr]   |
[INFO] [stderr] 5 | #[doc]
[INFO] [stderr]   | ^^^^^^
[INFO] [stderr]   |
[INFO] [stderr]   = warning: this was previously accepted by the compiler but is being phased out; it will become a hard error in a future release!
[INFO] [stderr]   = note: for more information, see issue #57571 <https://github.com/rust-lang/rust/issues/57571>
[INFO] [stderr]   = note: `#[warn(ill_formed_attribute_input)]` on by default
[INFO] [stderr] 
[INFO] [stderr] warning: use of deprecated type alias `serenity::model::interactions::application_command::ApplicationCommandInteraction`: use `model::application::interaction::application_command::ApplicationCommandInteraction`
[INFO] [stderr]  --> tests/command/e04_invalid_docstring_on_struct.rs:3:88
[INFO] [stderr]   |
[INFO] [stderr] 3 | use serenity::{async_trait, client::Context, model::interactions::application_command::ApplicationCommandInteraction};
[INFO] [stderr]   |                                                                                        ^^^^^^^^^^^^^^^^^^^^^^^^^^^^^
[INFO] [stderr]   |
[INFO] [stderr]   = note: `#[warn(deprecated)]` on by default
[INFO] [stderr] 
[INFO] [stderr] warning: use of deprecated type alias `serenity::model::interactions::application_command::ApplicationCommandInteraction`: use `model::application::interaction::application_command::ApplicationCommandInteraction`
[INFO] [stderr]   --> tests/command/e04_invalid_docstring_on_struct.rs:15:20
[INFO] [stderr]    |
[INFO] [stderr] 15 |         _command: &ApplicationCommandInteraction,
[INFO] [stderr]    |                    ^^^^^^^^^^^^^^^^^^^^^^^^^^^^^
[INFO] [stderr] ┈┈┈┈┈┈┈┈┈┈┈┈┈┈┈┈┈┈┈┈┈┈┈┈┈┈┈┈┈┈┈┈┈┈┈┈┈┈┈┈┈┈┈┈┈┈┈┈┈┈┈┈┈┈┈┈┈┈┈┈
[INFO] [stderr] note: If the actual output is the correct output you can bless it by rerunning
[INFO] [stderr]       your test with the environment variable TRYBUILD=overwrite
[INFO] [stderr] 
[INFO] [stderr] test tests/command/e05_struct_with_unnamed_fields.rs ... ok
[INFO] [stderr] test tests/command/e06_unnamed_sub_command.rs ... ok
[INFO] [stderr] test tests/command/e07_invalid_sub_command_name.rs ... mismatch
[INFO] [stderr] 
[INFO] [stderr] EXPECTED:
[INFO] [stderr] ┈┈┈┈┈┈┈┈┈┈┈┈┈┈┈┈┈┈┈┈┈┈┈┈┈┈┈┈┈┈┈┈┈┈┈┈┈┈┈┈┈┈┈┈┈┈┈┈┈┈┈┈┈┈┈┈┈┈┈┈
[INFO] [stderr] error: Invalid "name" attribute
[INFO] [stderr]   --> tests/command/e07_invalid_sub_command_name.rs:10:5
[INFO] [stderr]    |
[INFO] [stderr] 10 |     #[name]
[INFO] [stderr]    |     ^^^^^^^
[INFO] [stderr] ┈┈┈┈┈┈┈┈┈┈┈┈┈┈┈┈┈┈┈┈┈┈┈┈┈┈┈┈┈┈┈┈┈┈┈┈┈┈┈┈┈┈┈┈┈┈┈┈┈┈┈┈┈┈┈┈┈┈┈┈
[INFO] [stderr] 
[INFO] [stderr] ACTUAL OUTPUT:
[INFO] [stderr] ┈┈┈┈┈┈┈┈┈┈┈┈┈┈┈┈┈┈┈┈┈┈┈┈┈┈┈┈┈┈┈┈┈┈┈┈┈┈┈┈┈┈┈┈┈┈┈┈┈┈┈┈┈┈┈┈┈┈┈┈
[INFO] [stderr] error: Invalid "name" attribute
[INFO] [stderr]   --> tests/command/e07_invalid_sub_command_name.rs:10:5
[INFO] [stderr]    |
[INFO] [stderr] 10 |     #[name]
[INFO] [stderr]    |     ^^^^^^^
[INFO] [stderr] 
[INFO] [stderr] warning: use of deprecated type alias `serenity::model::interactions::application_command::ApplicationCommandInteraction`: use `model::application::interaction::application_command::ApplicationCommandInteraction`
[INFO] [stderr]  --> tests/command/e07_invalid_sub_command_name.rs:3:88
[INFO] [stderr]   |
[INFO] [stderr] 3 | use serenity::{async_trait, client::Context, model::interactions::application_command::ApplicationCommandInteraction};
[INFO] [stderr]   |                                                                                        ^^^^^^^^^^^^^^^^^^^^^^^^^^^^^
[INFO] [stderr]   |
[INFO] [stderr]   = note: `#[warn(deprecated)]` on by default
[INFO] [stderr] 
[INFO] [stderr] warning: use of deprecated type alias `serenity::model::interactions::application_command::ApplicationCommandInteraction`: use `model::application::interaction::application_command::ApplicationCommandInteraction`
[INFO] [stderr]   --> tests/command/e07_invalid_sub_command_name.rs:22:20
[INFO] [stderr]    |
[INFO] [stderr] 22 |         _command: &ApplicationCommandInteraction,
[INFO] [stderr]    |                    ^^^^^^^^^^^^^^^^^^^^^^^^^^^^^
[INFO] [stderr] ┈┈┈┈┈┈┈┈┈┈┈┈┈┈┈┈┈┈┈┈┈┈┈┈┈┈┈┈┈┈┈┈┈┈┈┈┈┈┈┈┈┈┈┈┈┈┈┈┈┈┈┈┈┈┈┈┈┈┈┈
[INFO] [stderr] note: If the actual output is the correct output you can bless it by rerunning
[INFO] [stderr]       your test with the environment variable TRYBUILD=overwrite
[INFO] [stderr] 
[INFO] [stderr] test tests/command/e08_invalid_command_enum.rs ... ok
[INFO] [stderr] test tests/command/e09_unnamed_struct.rs ... ok
[INFO] [stderr] test tests/command/e10_not_a_struct_or_enum.rs ... ok
[INFO] [stderr] test tests/command/e11_subcommand_not_implemented.rs ... mismatch
[INFO] [stderr] 
[INFO] [stderr] EXPECTED:
[INFO] [stderr] ┈┈┈┈┈┈┈┈┈┈┈┈┈┈┈┈┈┈┈┈┈┈┈┈┈┈┈┈┈┈┈┈┈┈┈┈┈┈┈┈┈┈┈┈┈┈┈┈┈┈┈┈┈┈┈┈┈┈┈┈
[INFO] [stderr] error[E0277]: the trait bound `BadCommand: ApplicationCommandInteractionHandler` is not satisfied
[INFO] [stderr]    --> tests/command/e11_subcommand_not_implemented.rs:4:10
[INFO] [stderr]     |
[INFO] [stderr] 4   | #[derive(Command)]
[INFO] [stderr]     |          ^^^^^^^ the trait `ApplicationCommandInteractionHandler` is not implemented for `BadCommand`
[INFO] [stderr]     |
[INFO] [stderr] note: required by a bound in `slashies::Command`
[INFO] [stderr]    --> $WORKSPACE/slashies/src/lib.rs
[INFO] [stderr]     |
[INFO] [stderr]     | pub trait Command: ApplicationCommandInteractionHandler + Sized {
[INFO] [stderr]     |                    ^^^^^^^^^^^^^^^^^^^^^^^^^^^^^^^^^^^^ required by this bound in `slashies::Command`
[INFO] [stderr]     = note: this error originates in the derive macro `Command` (in Nightly builds, run with -Z macro-backtrace for more info)
[INFO] [stderr] ┈┈┈┈┈┈┈┈┈┈┈┈┈┈┈┈┈┈┈┈┈┈┈┈┈┈┈┈┈┈┈┈┈┈┈┈┈┈┈┈┈┈┈┈┈┈┈┈┈┈┈┈┈┈┈┈┈┈┈┈
[INFO] [stderr] 
[INFO] [stderr] ACTUAL OUTPUT:
[INFO] [stderr] ┈┈┈┈┈┈┈┈┈┈┈┈┈┈┈┈┈┈┈┈┈┈┈┈┈┈┈┈┈┈┈┈┈┈┈┈┈┈┈┈┈┈┈┈┈┈┈┈┈┈┈┈┈┈┈┈┈┈┈┈
[INFO] [stderr] error[E0277]: the trait bound `BadCommand: ApplicationCommandInteractionHandler` is not satisfied
[INFO] [stderr]  --> tests/command/e11_subcommand_not_implemented.rs:6:6
[INFO] [stderr]   |
[INFO] [stderr] 6 | enum BadCommand {
[INFO] [stderr]   |      ^^^^^^^^^^ the trait `ApplicationCommandInteractionHandler` is not implemented for `BadCommand`
[INFO] [stderr]   |
[INFO] [stderr] note: required by a bound in `slashies::Command`
[INFO] [stderr]  --> $CARGO/slashies-0.1.3/src/lib.rs
[INFO] [stderr]   |
[INFO] [stderr]   | pub trait Command: ApplicationCommandInteractionHandler + Sized {
[INFO] [stderr]   |                    ^^^^^^^^^^^^^^^^^^^^^^^^^^^^^^^^^^^^ required by this bound in `Command`
[INFO] [stderr] ┈┈┈┈┈┈┈┈┈┈┈┈┈┈┈┈┈┈┈┈┈┈┈┈┈┈┈┈┈┈┈┈┈┈┈┈┈┈┈┈┈┈┈┈┈┈┈┈┈┈┈┈┈┈┈┈┈┈┈┈
[INFO] [stderr] note: If the actual output is the correct output you can bless it by rerunning
[INFO] [stderr]       your test with the environment variable TRYBUILD=overwrite
[INFO] [stderr] 
[INFO] [stderr] test tests/command/e12_invalid_choices_format.rs ... ok
[INFO] [stderr] test tests/command/e13_invalid_choices_format_2.rs ... ok
[INFO] [stderr] test tests/command/e14_invalid_choices_types.rs ... ok
[INFO] [stderr] test tests/command/e15_invalid_channel_types_format.rs ... ok
[INFO] [stderr] test tests/command/e16_invalid_channel_types_invalid_types.rs ... ok
[INFO] [stderr] test tests/command/e17_invalid_min_format.rs ... ok
[INFO] [stderr] test tests/command/e18_invalid_min_type.rs ... ok
[INFO] [stderr] test tests/command/e19_invalid_max_format.rs ... ok
[INFO] [stderr] test tests/command/e20_invalid_max_type.rs ... ok
[INFO] [stderr] 
[INFO] [stderr] 
[INFO] [stdout] test command::test::examples_fail_with_correct_error ... FAILED
[INFO] [stderr]     Checking slashies-macros-tests v0.0.0 (/opt/rustwide/target/tests/trybuild/slashies-macros)
[INFO] [stderr]     Finished dev [unoptimized + debuginfo] target(s) in 0.33s
[INFO] [stderr] 
[INFO] [stderr] 
[INFO] [stderr] test tests/commands/e01_not_an_enum.rs ... ok
[INFO] [stdout] test commands::test::examples_fail_with_correct_error ... FAILED
[INFO] [stderr] test tests/commands/e02_bad_enum_structure.rs ... ok
[INFO] [stdout] 
[INFO] [stderr] test tests/commands/e03_command_not_implemented.rs ... mismatch
[INFO] [stdout] failures:
[INFO] [stderr] 
[INFO] [stdout] 
[INFO] [stderr] EXPECTED:
[INFO] [stdout] ---- command::test::examples_fail_with_correct_error stdout ----
[INFO] [stderr] ┈┈┈┈┈┈┈┈┈┈┈┈┈┈┈┈┈┈┈┈┈┈┈┈┈┈┈┈┈┈┈┈┈┈┈┈┈┈┈┈┈┈┈┈┈┈┈┈┈┈┈┈┈┈┈┈┈┈┈┈
[INFO] [stdout] thread 'command::test::examples_fail_with_correct_error' panicked at /opt/rustwide/cargo-home/registry/src/index.crates.io-6f17d22bba15001f/trybuild-1.0.87/src/run.rs:101:13:
[INFO] [stderr] error[E0706]: functions in traits cannot be declared `async`
[INFO] [stdout] 5 of 20 tests failed
[INFO] [stderr]  --> tests/commands/e03_command_not_implemented.rs:3:10
[INFO] [stdout] stack backtrace:
[INFO] [stderr]   |
[INFO] [stdout]    0:     0x7f3cdc19162c - std::backtrace_rs::backtrace::libunwind::trace::ha637c64ce894333a
[INFO] [stderr] 3 | #[derive(Commands)]
[INFO] [stdout]                                at /rustc/82e1608dfa6e0b5569232559e3d385fea5a93112/library/std/src/../../backtrace/src/backtrace/libunwind.rs:104:5
[INFO] [stderr]   |          ^^^^^^^^ `async` because of this
[INFO] [stdout]    1:     0x7f3cdc19162c - std::backtrace_rs::backtrace::trace_unsynchronized::h47f62dea28e0c88d
[INFO] [stderr]   |
[INFO] [stdout]                                at /rustc/82e1608dfa6e0b5569232559e3d385fea5a93112/library/std/src/../../backtrace/src/backtrace/mod.rs:66:5
[INFO] [stderr]   = note: `async` trait functions are not currently supported
[INFO] [stdout]    2:     0x7f3cdc19162c - std::sys_common::backtrace::_print_fmt::h9eef0abe20ede486
[INFO] [stderr]   = note: consider using the `async-trait` crate: https://crates.io/crates/async-trait
[INFO] [stdout]                                at /rustc/82e1608dfa6e0b5569232559e3d385fea5a93112/library/std/src/sys_common/backtrace.rs:67:5
[INFO] [stderr]   = note: this error originates in the derive macro `Commands` (in Nightly builds, run with -Z macro-backtrace for more info)
[INFO] [stdout]    3:     0x7f3cdc19162c - <std::sys_common::backtrace::_print::DisplayBacktrace as core::fmt::Display>::fmt::hed7f999df88cc644
[INFO] [stderr] 
[INFO] [stdout]                                at /rustc/82e1608dfa6e0b5569232559e3d385fea5a93112/library/std/src/sys_common/backtrace.rs:44:22
[INFO] [stderr] error: cannot find attribute `async_trait` in this scope
[INFO] [stdout]    4:     0x7f3cdc1e4630 - core::fmt::rt::Argument::fmt::h1539a9308b8d058d
[INFO] [stderr]  --> tests/commands/e03_command_not_implemented.rs:3:10
[INFO] [stdout]                                at /rustc/82e1608dfa6e0b5569232559e3d385fea5a93112/library/core/src/fmt/rt.rs:142:9
[INFO] [stderr]   |
[INFO] [stdout]    5:     0x7f3cdc1e4630 - core::fmt::write::h3a39390d8560d9c9
[INFO] [stderr] 3 | #[derive(Commands)]
[INFO] [stdout]                                at /rustc/82e1608dfa6e0b5569232559e3d385fea5a93112/library/core/src/fmt/mod.rs:1120:17
[INFO] [stderr]   |          ^^^^^^^^
[INFO] [stdout]    6:     0x7f3cdc1854bf - std::io::Write::write_fmt::h040b369f3a0f9cbc
[INFO] [stderr]   |
[INFO] [stdout]                                at /rustc/82e1608dfa6e0b5569232559e3d385fea5a93112/library/std/src/io/mod.rs:1762:15
[INFO] [stderr]   = note: consider importing this attribute macro:
[INFO] [stdout]    7:     0x7f3cdc191414 - std::sys_common::backtrace::_print::h894006fb5c6f3d45
[INFO] [stderr]           serenity::async_trait
[INFO] [stdout]                                at /rustc/82e1608dfa6e0b5569232559e3d385fea5a93112/library/std/src/sys_common/backtrace.rs:47:5
[INFO] [stderr]   = note: this error originates in the derive macro `Commands` (in Nightly builds, run with -Z macro-backtrace for more info)
[INFO] [stdout]    8:     0x7f3cdc191414 - std::sys_common::backtrace::print::h23a2d212c6fff936
[INFO] [stderr] 
[INFO] [stdout]                                at /rustc/82e1608dfa6e0b5569232559e3d385fea5a93112/library/std/src/sys_common/backtrace.rs:34:9
[INFO] [stderr] error[E0412]: cannot find type `Context` in this scope
[INFO] [stdout]    9:     0x7f3cdc1940a7 - std::panicking::default_hook::{{closure}}::h8a1d2ee00185001a
[INFO] [stderr]  --> tests/commands/e03_command_not_implemented.rs:3:10
[INFO] [stdout]   10:     0x7f3cdc193d93 - std::panicking::default_hook::h6038f2eba384e475
[INFO] [stderr]   |
[INFO] [stdout]                                at /rustc/82e1608dfa6e0b5569232559e3d385fea5a93112/library/std/src/panicking.rs:289:9
[INFO] [stderr] 3 | #[derive(Commands)]
[INFO] [stdout]   11:     0x7f3cdc25fd07 - <alloc::boxed::Box<F,A> as core::ops::function::Fn<Args>>::call::h0ad024c9bdc6d768
[INFO] [stderr]   |          ^^^^^^^^ not found in this scope
[INFO] [stdout]                                at /rustc/82e1608dfa6e0b5569232559e3d385fea5a93112/library/alloc/src/boxed.rs:2021:9
[INFO] [stderr]   |
[INFO] [stdout]   12:     0x7f3cdc25fd07 - test::test_main::{{closure}}::h7500b54257359db6
[INFO] [stderr]   = note: this error originates in the derive macro `Commands` (in Nightly builds, run with -Z macro-backtrace for more info)
[INFO] [stdout]                                at /rustc/82e1608dfa6e0b5569232559e3d385fea5a93112/library/test/src/lib.rs:138:21
[INFO] [stderr] help: consider importing one of these items
[INFO] [stdout]   13:     0x7f3cdc1947e8 - <alloc::boxed::Box<F,A> as core::ops::function::Fn<Args>>::call::h1f8f335eaa9cfaee
[INFO] [stderr]   |
[INFO] [stdout]                                at /rustc/82e1608dfa6e0b5569232559e3d385fea5a93112/library/alloc/src/boxed.rs:2021:9
[INFO] [stderr] 1 | use core::task::Context;
[INFO] [stdout]   14:     0x7f3cdc1947e8 - std::panicking::rust_panic_with_hook::h2b5517d590cab22e
[INFO] [stderr]   |
[INFO] [stdout]                                at /rustc/82e1608dfa6e0b5569232559e3d385fea5a93112/library/std/src/panicking.rs:783:13
[INFO] [stderr] 1 | use serenity::client::Context;
[INFO] [stdout]   15:     0x7f3cdc19453e - std::panicking::begin_panic_handler::{{closure}}::h233112c06e0ef43e
[INFO] [stderr]   |
[INFO] [stdout]                                at /rustc/82e1608dfa6e0b5569232559e3d385fea5a93112/library/std/src/panicking.rs:657:13
[INFO] [stderr] 1 | use std::task::Context;
[INFO] [stdout]   16:     0x7f3cdc191af6 - std::sys_common::backtrace::__rust_end_short_backtrace::h6e893f24d7ebbff8
[INFO] [stderr]   |
[INFO] [stdout]                                at /rustc/82e1608dfa6e0b5569232559e3d385fea5a93112/library/std/src/sys_common/backtrace.rs:170:18
[INFO] [stderr] 
[INFO] [stdout]   17:     0x7f3cdc1942a2 - rust_begin_unwind
[INFO] [stderr] error[E0412]: cannot find type `ApplicationCommandInteraction` in this scope
[INFO] [stdout]                                at /rustc/82e1608dfa6e0b5569232559e3d385fea5a93112/library/std/src/panicking.rs:645:5
[INFO] [stderr]  --> tests/commands/e03_command_not_implemented.rs:3:10
[INFO] [stdout]   18:     0x7f3cdc1e0d15 - core::panicking::panic_fmt::hbf0e066aabfa482c
[INFO] [stderr]   |
[INFO] [stdout]                                at /rustc/82e1608dfa6e0b5569232559e3d385fea5a93112/library/core/src/panicking.rs:72:14
[INFO] [stderr] 3 | #[derive(Commands)]
[INFO] [stdout]   19:     0x55eb78a2a217 - trybuild::run::<impl trybuild::Runner>::run::hd5aec08a91d23a72
[INFO] [stderr]   |          ^^^^^^^^ not found in this scope
[INFO] [stdout]   20:     0x55eb78a2f715 - <trybuild::TestCases as core::ops::drop::Drop>::drop::hce7ea882bce1ef53
[INFO] [stderr]   |
[INFO] [stdout]   21:     0x55eb78a1e447 - core::ptr::drop_in_place<trybuild::TestCases>::h7070acacece842bb
[INFO] [stderr]   = note: this error originates in the derive macro `Commands` (in Nightly builds, run with -Z macro-backtrace for more info)
[INFO] [stdout]                                at /rustc/82e1608dfa6e0b5569232559e3d385fea5a93112/library/core/src/ptr/mod.rs:498:1
[INFO] [stderr] help: consider importing this struct
[INFO] [stdout]   22:     0x55eb78a1f3d3 - slashies_macros::command::test::examples_fail_with_correct_error::hbcc251fe24003af4
[INFO] [stderr]   |
[INFO] [stdout]                                at /opt/rustwide/workdir/src/command.rs:156:5
[INFO] [stderr] 1 | use serenity::model::prelude::application_command::ApplicationCommandInteraction;
[INFO] [stdout]   23:     0x55eb78a1f367 - slashies_macros::command::test::examples_fail_with_correct_error::{{closure}}::h5c980f0c4dc24330
[INFO] [stderr]   |
[INFO] [stdout]                                at /opt/rustwide/workdir/src/command.rs:153:42
[INFO] [stderr] 
[INFO] [stdout]   24:     0x55eb78a1e3f6 - core::ops::function::FnOnce::call_once::hc0f26da56459c393
[INFO] [stderr] error[E0412]: cannot find type `InvocationError` in this scope
[INFO] [stdout]                                at /rustc/82e1608dfa6e0b5569232559e3d385fea5a93112/library/core/src/ops/function.rs:250:5
[INFO] [stderr]  --> tests/commands/e03_command_not_implemented.rs:3:10
[INFO] [stdout]   25:     0x7f3cdc265c9f - core::ops::function::FnOnce::call_once::h2b5d431d5046312d
[INFO] [stderr]   |
[INFO] [stdout]                                at /rustc/82e1608dfa6e0b5569232559e3d385fea5a93112/library/core/src/ops/function.rs:250:5
[INFO] [stderr] 3 | #[derive(Commands)]
[INFO] [stdout]   26:     0x7f3cdc265c9f - test::__rust_begin_short_backtrace::h7714669af176e207
[INFO] [stderr]   |          ^^^^^^^^ not found in this scope
[INFO] [stdout]                                at /rustc/82e1608dfa6e0b5569232559e3d385fea5a93112/library/test/src/lib.rs:628:18
[INFO] [stderr]   |
[INFO] [stdout]   27:     0x7f3cdc264cb5 - test::run_test_in_process::{{closure}}::h85218797dcbcec12
[INFO] [stderr]   = note: this error originates in the derive macro `Commands` (in Nightly builds, run with -Z macro-backtrace for more info)
[INFO] [stdout]                                at /rustc/82e1608dfa6e0b5569232559e3d385fea5a93112/library/test/src/lib.rs:651:60
[INFO] [stderr] help: consider importing this struct
[INFO] [stdout]   28:     0x7f3cdc264cb5 - <core::panic::unwind_safe::AssertUnwindSafe<F> as core::ops::function::FnOnce<()>>::call_once::h76c106ea31c14d7b
[INFO] [stderr]   |
[INFO] [stdout]                                at /rustc/82e1608dfa6e0b5569232559e3d385fea5a93112/library/core/src/panic/unwind_safe.rs:272:9
[INFO] [stderr] 1 | use slashies::InvocationError;
[INFO] [stdout]   29:     0x7f3cdc264cb5 - std::panicking::try::do_call::h3bd5d0f6620ee946
[INFO] [stderr]   |
[INFO] [stdout]                                at /rustc/82e1608dfa6e0b5569232559e3d385fea5a93112/library/std/src/panicking.rs:552:40
[INFO] [stderr] 
[INFO] [stdout]   30:     0x7f3cdc264cb5 - std::panicking::try::h232e535e4744fe31
[INFO] [stderr] error[E0195]: lifetime parameters or bounds on method `invoke` do not match the trait declaration
[INFO] [stdout]                                at /rustc/82e1608dfa6e0b5569232559e3d385fea5a93112/library/std/src/panicking.rs:516:19
[INFO] [stderr]  --> tests/commands/e03_command_not_implemented.rs:3:18
[INFO] [stdout]   31:     0x7f3cdc264cb5 - std::panic::catch_unwind::h3ce3bd6ca8dbac68
[INFO] [stderr]   |
[INFO] [stdout]                                at /rustc/82e1608dfa6e0b5569232559e3d385fea5a93112/library/std/src/panic.rs:142:14
[INFO] [stderr] 3 | #[derive(Commands)]
[INFO] [stdout]   32:     0x7f3cdc264cb5 - test::run_test_in_process::hc97b257c9621286a
[INFO] [stderr]   |                  ^ lifetimes do not match method in trait
[INFO] [stdout]                                at /rustc/82e1608dfa6e0b5569232559e3d385fea5a93112/library/test/src/lib.rs:651:27
[INFO] [stderr]   |
[INFO] [stdout]   33:     0x7f3cdc264cb5 - test::run_test::{{closure}}::h2aa798823a438d38
[INFO] [stderr]   = note: this error originates in the derive macro `Commands` (in Nightly builds, run with -Z macro-backtrace for more info)
[INFO] [stdout]                                at /rustc/82e1608dfa6e0b5569232559e3d385fea5a93112/library/test/src/lib.rs:574:43
[INFO] [stderr] 
[INFO] [stdout]   34:     0x7f3cdc228a26 - test::run_test::{{closure}}::h87d231c78fb59832
[INFO] [stderr] error[E0599]: no method named `invoke` found for reference `&u64` in the current scope
[INFO] [stdout]                                at /rustc/82e1608dfa6e0b5569232559e3d385fea5a93112/library/test/src/lib.rs:602:41
[INFO] [stderr]  --> tests/commands/e03_command_not_implemented.rs:3:10
[INFO] [stdout]   35:     0x7f3cdc228a26 - std::sys_common::backtrace::__rust_begin_short_backtrace::he6df152596625789
[INFO] [stderr]   |
[INFO] [stdout]                                at /rustc/82e1608dfa6e0b5569232559e3d385fea5a93112/library/std/src/sys_common/backtrace.rs:154:18
[INFO] [stderr] 3 | #[derive(Commands)]
[INFO] [stdout]   36:     0x7f3cdc22dad7 - std::thread::Builder::spawn_unchecked_::{{closure}}::{{closure}}::ha94be15d1e0acf36
[INFO] [stderr]   |          ^^^^^^^^ method not found in `&u64`
[INFO] [stdout]                                at /rustc/82e1608dfa6e0b5569232559e3d385fea5a93112/library/std/src/thread/mod.rs:529:17
[INFO] [stderr]   |
[INFO] [stdout]   37:     0x7f3cdc22dad7 - <core::panic::unwind_safe::AssertUnwindSafe<F> as core::ops::function::FnOnce<()>>::call_once::h9dc6bd6372f16606
[INFO] [stderr]   = note: this error originates in the derive macro `Commands` (in Nightly builds, run with -Z macro-backtrace for more info)
[INFO] [stdout]                                at /rustc/82e1608dfa6e0b5569232559e3d385fea5a93112/library/core/src/panic/unwind_safe.rs:272:9
[INFO] [stderr] 
[INFO] [stdout]   38:     0x7f3cdc22dad7 - std::panicking::try::do_call::h9057517f80303cd4
[INFO] [stderr] error[E0277]: the trait bound `u64: slashies::Command` is not satisfied
[INFO] [stdout]                                at /rustc/82e1608dfa6e0b5569232559e3d385fea5a93112/library/std/src/panicking.rs:552:40
[INFO] [stderr]  --> tests/commands/e03_command_not_implemented.rs:3:10
[INFO] [stdout]   39:     0x7f3cdc22dad7 - std::panicking::try::he3a30b11ee45340c
[INFO] [stderr]   |
[INFO] [stdout]                                at /rustc/82e1608dfa6e0b5569232559e3d385fea5a93112/library/std/src/panicking.rs:516:19
[INFO] [stderr] 3 | #[derive(Commands)]
[INFO] [stdout]   40:     0x7f3cdc22dad7 - std::panic::catch_unwind::h410458cfd3528b8b
[INFO] [stderr]   |          ^^^^^^^^ the trait `slashies::Command` is not implemented for `u64`
[INFO] [stdout]                                at /rustc/82e1608dfa6e0b5569232559e3d385fea5a93112/library/std/src/panic.rs:142:14
[INFO] [stderr]   |
[INFO] [stdout]   41:     0x7f3cdc22dad7 - std::thread::Builder::spawn_unchecked_::{{closure}}::h72ac3bdb567b737b
[INFO] [stderr]   = note: this error originates in the derive macro `Commands` (in Nightly builds, run with -Z macro-backtrace for more info)
[INFO] [stdout]                                at /rustc/82e1608dfa6e0b5569232559e3d385fea5a93112/library/std/src/thread/mod.rs:528:30
[INFO] [stderr] ┈┈┈┈┈┈┈┈┈┈┈┈┈┈┈┈┈┈┈┈┈┈┈┈┈┈┈┈┈┈┈┈┈┈┈┈┈┈┈┈┈┈┈┈┈┈┈┈┈┈┈┈┈┈┈┈┈┈┈┈
[INFO] [stdout]   42:     0x7f3cdc22dad7 - core::ops::function::FnOnce::call_once{{vtable.shim}}::h38f34da3654a8344
[INFO] [stderr] 
[INFO] [stdout]                                at /rustc/82e1608dfa6e0b5569232559e3d385fea5a93112/library/core/src/ops/function.rs:250:5
[INFO] [stderr] ACTUAL OUTPUT:
[INFO] [stdout]   43:     0x7f3cdc19e6a5 - <alloc::boxed::Box<F,A> as core::ops::function::FnOnce<Args>>::call_once::hc7eafaff61e32df9
[INFO] [stderr] ┈┈┈┈┈┈┈┈┈┈┈┈┈┈┈┈┈┈┈┈┈┈┈┈┈┈┈┈┈┈┈┈┈┈┈┈┈┈┈┈┈┈┈┈┈┈┈┈┈┈┈┈┈┈┈┈┈┈┈┈
[INFO] [stdout]                                at /rustc/82e1608dfa6e0b5569232559e3d385fea5a93112/library/alloc/src/boxed.rs:2007:9
[INFO] [stderr] error[E0277]: the trait bound `u64: slashies::Command` is not satisfied
[INFO] [stdout]   44:     0x7f3cdc19e6a5 - <alloc::boxed::Box<F,A> as core::ops::function::FnOnce<Args>>::call_once::h6ba4a5de48dd2304
[INFO] [stderr]  --> tests/commands/e03_command_not_implemented.rs:5:17
[INFO] [stdout]                                at /rustc/82e1608dfa6e0b5569232559e3d385fea5a93112/library/alloc/src/boxed.rs:2007:9
[INFO] [stderr]   |
[INFO] [stdout]   45:     0x7f3cdc19e6a5 - std::sys::unix::thread::Thread::new::thread_start::he469335aef763e45
[INFO] [stderr] 5 |     DoSomething(u64),
[INFO] [stdout]                                at /rustc/82e1608dfa6e0b5569232559e3d385fea5a93112/library/std/src/sys/unix/thread.rs:108:17
[INFO] [stderr]   |                 ^^^ the trait `slashies::Command` is not implemented for `u64`
[INFO] [stdout]   46:     0x7f3cdbe26ac3 - <unknown>
[INFO] [stderr] 
[INFO] [stdout]   47:     0x7f3cdbeb7bf4 - __clone
[INFO] [stderr] error[E0599]: no method named `invoke` found for reference `&u64` in the current scope
[INFO] [stdout]   48:                0x0 - <unknown>
[INFO] [stderr]  --> tests/commands/e03_command_not_implemented.rs:3:10
[INFO] [stdout] 
[INFO] [stderr]   |
[INFO] [stdout] ---- commands::test::examples_fail_with_correct_error stdout ----
[INFO] [stderr] 3 | #[derive(Commands)]
[INFO] [stdout] thread 'commands::test::examples_fail_with_correct_error' panicked at /opt/rustwide/cargo-home/registry/src/index.crates.io-6f17d22bba15001f/trybuild-1.0.87/src/run.rs:101:13:
[INFO] [stderr]   |          ^^^^^^^^ method not found in `&u64`
[INFO] [stdout] 1 of 3 tests failed
[INFO] [stderr]   |
[INFO] [stdout] stack backtrace:
[INFO] [stderr]   = note: this error originates in the derive macro `Commands` (in Nightly builds, run with -Z macro-backtrace for more info)
[INFO] [stdout]    0:     0x7f3cdc19162c - std::backtrace_rs::backtrace::libunwind::trace::ha637c64ce894333a
[INFO] [stderr] ┈┈┈┈┈┈┈┈┈┈┈┈┈┈┈┈┈┈┈┈┈┈┈┈┈┈┈┈┈┈┈┈┈┈┈┈┈┈┈┈┈┈┈┈┈┈┈┈┈┈┈┈┈┈┈┈┈┈┈┈
[INFO] [stdout]                                at /rustc/82e1608dfa6e0b5569232559e3d385fea5a93112/library/std/src/../../backtrace/src/backtrace/libunwind.rs:104:5
[INFO] [stderr] note: If the actual output is the correct output you can bless it by rerunning
[INFO] [stdout]    1:     0x7f3cdc19162c - std::backtrace_rs::backtrace::trace_unsynchronized::h47f62dea28e0c88d
[INFO] [stderr]       your test with the environment variable TRYBUILD=overwrite
[INFO] [stdout]                                at /rustc/82e1608dfa6e0b5569232559e3d385fea5a93112/library/std/src/../../backtrace/src/backtrace/mod.rs:66:5
[INFO] [stderr] 
[INFO] [stdout]    2:     0x7f3cdc19162c - std::sys_common::backtrace::_print_fmt::h9eef0abe20ede486
[INFO] [stderr] 
[INFO] [stdout]                                at /rustc/82e1608dfa6e0b5569232559e3d385fea5a93112/library/std/src/sys_common/backtrace.rs:67:5
[INFO] [stderr] 
[INFO] [stdout]    3:     0x7f3cdc19162c - <std::sys_common::backtrace::_print::DisplayBacktrace as core::fmt::Display>::fmt::hed7f999df88cc644
[INFO] [stderr] error: test failed, to rerun pass `--lib`
[INFO] [stdout]                                at /rustc/82e1608dfa6e0b5569232559e3d385fea5a93112/library/std/src/sys_common/backtrace.rs:44:22
[INFO] [stdout]    4:     0x7f3cdc1e4630 - core::fmt::rt::Argument::fmt::h1539a9308b8d058d
[INFO] [stdout]                                at /rustc/82e1608dfa6e0b5569232559e3d385fea5a93112/library/core/src/fmt/rt.rs:142:9
[INFO] [stdout]    5:     0x7f3cdc1e4630 - core::fmt::write::h3a39390d8560d9c9
[INFO] [stdout]                                at /rustc/82e1608dfa6e0b5569232559e3d385fea5a93112/library/core/src/fmt/mod.rs:1120:17
[INFO] [stdout]    6:     0x7f3cdc1854bf - std::io::Write::write_fmt::h040b369f3a0f9cbc
[INFO] [stdout]                                at /rustc/82e1608dfa6e0b5569232559e3d385fea5a93112/library/std/src/io/mod.rs:1762:15
[INFO] [stdout]    7:     0x7f3cdc191414 - std::sys_common::backtrace::_print::h894006fb5c6f3d45
[INFO] [stdout]                                at /rustc/82e1608dfa6e0b5569232559e3d385fea5a93112/library/std/src/sys_common/backtrace.rs:47:5
[INFO] [stdout]    8:     0x7f3cdc191414 - std::sys_common::backtrace::print::h23a2d212c6fff936
[INFO] [stdout]                                at /rustc/82e1608dfa6e0b5569232559e3d385fea5a93112/library/std/src/sys_common/backtrace.rs:34:9
[INFO] [stdout]    9:     0x7f3cdc1940a7 - std::panicking::default_hook::{{closure}}::h8a1d2ee00185001a
[INFO] [stdout]   10:     0x7f3cdc193d93 - std::panicking::default_hook::h6038f2eba384e475
[INFO] [stdout]                                at /rustc/82e1608dfa6e0b5569232559e3d385fea5a93112/library/std/src/panicking.rs:289:9
[INFO] [stdout]   11:     0x7f3cdc25fd07 - <alloc::boxed::Box<F,A> as core::ops::function::Fn<Args>>::call::h0ad024c9bdc6d768
[INFO] [stdout]                                at /rustc/82e1608dfa6e0b5569232559e3d385fea5a93112/library/alloc/src/boxed.rs:2021:9
[INFO] [stdout]   12:     0x7f3cdc25fd07 - test::test_main::{{closure}}::h7500b54257359db6
[INFO] [stdout]                                at /rustc/82e1608dfa6e0b5569232559e3d385fea5a93112/library/test/src/lib.rs:138:21
[INFO] [stdout]   13:     0x7f3cdc1947e8 - <alloc::boxed::Box<F,A> as core::ops::function::Fn<Args>>::call::h1f8f335eaa9cfaee
[INFO] [stdout]                                at /rustc/82e1608dfa6e0b5569232559e3d385fea5a93112/library/alloc/src/boxed.rs:2021:9
[INFO] [stdout]   14:     0x7f3cdc1947e8 - std::panicking::rust_panic_with_hook::h2b5517d590cab22e
[INFO] [stdout]                                at /rustc/82e1608dfa6e0b5569232559e3d385fea5a93112/library/std/src/panicking.rs:783:13
[INFO] [stdout]   15:     0x7f3cdc19453e - std::panicking::begin_panic_handler::{{closure}}::h233112c06e0ef43e
[INFO] [stdout]                                at /rustc/82e1608dfa6e0b5569232559e3d385fea5a93112/library/std/src/panicking.rs:657:13
[INFO] [stdout]   16:     0x7f3cdc191af6 - std::sys_common::backtrace::__rust_end_short_backtrace::h6e893f24d7ebbff8
[INFO] [stdout]                                at /rustc/82e1608dfa6e0b5569232559e3d385fea5a93112/library/std/src/sys_common/backtrace.rs:170:18
[INFO] [stdout]   17:     0x7f3cdc1942a2 - rust_begin_unwind
[INFO] [stdout]                                at /rustc/82e1608dfa6e0b5569232559e3d385fea5a93112/library/std/src/panicking.rs:645:5
[INFO] [stdout]   18:     0x7f3cdc1e0d15 - core::panicking::panic_fmt::hbf0e066aabfa482c
[INFO] [stdout]                                at /rustc/82e1608dfa6e0b5569232559e3d385fea5a93112/library/core/src/panicking.rs:72:14
[INFO] [stdout]   19:     0x55eb78a2a217 - trybuild::run::<impl trybuild::Runner>::run::hd5aec08a91d23a72
[INFO] [stdout]   20:     0x55eb78a2f715 - <trybuild::TestCases as core::ops::drop::Drop>::drop::hce7ea882bce1ef53
[INFO] [stdout]   21:     0x55eb78a1e447 - core::ptr::drop_in_place<trybuild::TestCases>::h7070acacece842bb
[INFO] [stdout]                                at /rustc/82e1608dfa6e0b5569232559e3d385fea5a93112/library/core/src/ptr/mod.rs:498:1
[INFO] [stdout]   22:     0x55eb78a1f473 - slashies_macros::commands::test::examples_fail_with_correct_error::hf7988fa47bb4c39a
[INFO] [stdout]                                at /opt/rustwide/workdir/src/commands.rs:41:5
[INFO] [stdout]   23:     0x55eb78a1f407 - slashies_macros::commands::test::examples_fail_with_correct_error::{{closure}}::hefce46e7b3e16a14
[INFO] [stdout]                                at /opt/rustwide/workdir/src/commands.rs:38:42
[INFO] [stdout]   24:     0x55eb78a1e366 - core::ops::function::FnOnce::call_once::h1433d8c57802b01f
[INFO] [stdout]                                at /rustc/82e1608dfa6e0b5569232559e3d385fea5a93112/library/core/src/ops/function.rs:250:5
[INFO] [stdout]   25:     0x7f3cdc265c9f - core::ops::function::FnOnce::call_once::h2b5d431d5046312d
[INFO] [stdout]                                at /rustc/82e1608dfa6e0b5569232559e3d385fea5a93112/library/core/src/ops/function.rs:250:5
[INFO] [stdout]   26:     0x7f3cdc265c9f - test::__rust_begin_short_backtrace::h7714669af176e207
[INFO] [stdout]                                at /rustc/82e1608dfa6e0b5569232559e3d385fea5a93112/library/test/src/lib.rs:628:18
[INFO] [stdout]   27:     0x7f3cdc264cb5 - test::run_test_in_process::{{closure}}::h85218797dcbcec12
[INFO] [stdout]                                at /rustc/82e1608dfa6e0b5569232559e3d385fea5a93112/library/test/src/lib.rs:651:60
[INFO] [stdout]   28:     0x7f3cdc264cb5 - <core::panic::unwind_safe::AssertUnwindSafe<F> as core::ops::function::FnOnce<()>>::call_once::h76c106ea31c14d7b
[INFO] [stdout]                                at /rustc/82e1608dfa6e0b5569232559e3d385fea5a93112/library/core/src/panic/unwind_safe.rs:272:9
[INFO] [stdout]   29:     0x7f3cdc264cb5 - std::panicking::try::do_call::h3bd5d0f6620ee946
[INFO] [stdout]                                at /rustc/82e1608dfa6e0b5569232559e3d385fea5a93112/library/std/src/panicking.rs:552:40
[INFO] [stdout]   30:     0x7f3cdc264cb5 - std::panicking::try::h232e535e4744fe31
[INFO] [stdout]                                at /rustc/82e1608dfa6e0b5569232559e3d385fea5a93112/library/std/src/panicking.rs:516:19
[INFO] [stdout]   31:     0x7f3cdc264cb5 - std::panic::catch_unwind::h3ce3bd6ca8dbac68
[INFO] [stdout]                                at /rustc/82e1608dfa6e0b5569232559e3d385fea5a93112/library/std/src/panic.rs:142:14
[INFO] [stdout]   32:     0x7f3cdc264cb5 - test::run_test_in_process::hc97b257c9621286a
[INFO] [stdout]                                at /rustc/82e1608dfa6e0b5569232559e3d385fea5a93112/library/test/src/lib.rs:651:27
[INFO] [stdout]   33:     0x7f3cdc264cb5 - test::run_test::{{closure}}::h2aa798823a438d38
[INFO] [stdout]                                at /rustc/82e1608dfa6e0b5569232559e3d385fea5a93112/library/test/src/lib.rs:574:43
[INFO] [stdout]   34:     0x7f3cdc228a26 - test::run_test::{{closure}}::h87d231c78fb59832
[INFO] [stdout]                                at /rustc/82e1608dfa6e0b5569232559e3d385fea5a93112/library/test/src/lib.rs:602:41
[INFO] [stdout]   35:     0x7f3cdc228a26 - std::sys_common::backtrace::__rust_begin_short_backtrace::he6df152596625789
[INFO] [stdout]                                at /rustc/82e1608dfa6e0b5569232559e3d385fea5a93112/library/std/src/sys_common/backtrace.rs:154:18
[INFO] [stdout]   36:     0x7f3cdc22dad7 - std::thread::Builder::spawn_unchecked_::{{closure}}::{{closure}}::ha94be15d1e0acf36
[INFO] [stdout]                                at /rustc/82e1608dfa6e0b5569232559e3d385fea5a93112/library/std/src/thread/mod.rs:529:17
[INFO] [stdout]   37:     0x7f3cdc22dad7 - <core::panic::unwind_safe::AssertUnwindSafe<F> as core::ops::function::FnOnce<()>>::call_once::h9dc6bd6372f16606
[INFO] [stdout]                                at /rustc/82e1608dfa6e0b5569232559e3d385fea5a93112/library/core/src/panic/unwind_safe.rs:272:9
[INFO] [stdout]   38:     0x7f3cdc22dad7 - std::panicking::try::do_call::h9057517f80303cd4
[INFO] [stdout]                                at /rustc/82e1608dfa6e0b5569232559e3d385fea5a93112/library/std/src/panicking.rs:552:40
[INFO] [stdout]   39:     0x7f3cdc22dad7 - std::panicking::try::he3a30b11ee45340c
[INFO] [stdout]                                at /rustc/82e1608dfa6e0b5569232559e3d385fea5a93112/library/std/src/panicking.rs:516:19
[INFO] [stdout]   40:     0x7f3cdc22dad7 - std::panic::catch_unwind::h410458cfd3528b8b
[INFO] [stdout]                                at /rustc/82e1608dfa6e0b5569232559e3d385fea5a93112/library/std/src/panic.rs:142:14
[INFO] [stdout]   41:     0x7f3cdc22dad7 - std::thread::Builder::spawn_unchecked_::{{closure}}::h72ac3bdb567b737b
[INFO] [stdout]                                at /rustc/82e1608dfa6e0b5569232559e3d385fea5a93112/library/std/src/thread/mod.rs:528:30
[INFO] [stdout]   42:     0x7f3cdc22dad7 - core::ops::function::FnOnce::call_once{{vtable.shim}}::h38f34da3654a8344
[INFO] [stdout]                                at /rustc/82e1608dfa6e0b5569232559e3d385fea5a93112/library/core/src/ops/function.rs:250:5
[INFO] [stdout]   43:     0x7f3cdc19e6a5 - <alloc::boxed::Box<F,A> as core::ops::function::FnOnce<Args>>::call_once::hc7eafaff61e32df9
[INFO] [stdout]                                at /rustc/82e1608dfa6e0b5569232559e3d385fea5a93112/library/alloc/src/boxed.rs:2007:9
[INFO] [stdout]   44:     0x7f3cdc19e6a5 - <alloc::boxed::Box<F,A> as core::ops::function::FnOnce<Args>>::call_once::h6ba4a5de48dd2304
[INFO] [stdout]                                at /rustc/82e1608dfa6e0b5569232559e3d385fea5a93112/library/alloc/src/boxed.rs:2007:9
[INFO] [stdout]   45:     0x7f3cdc19e6a5 - std::sys::unix::thread::Thread::new::thread_start::he469335aef763e45
[INFO] [stdout]                                at /rustc/82e1608dfa6e0b5569232559e3d385fea5a93112/library/std/src/sys/unix/thread.rs:108:17
[INFO] [stdout]   46:     0x7f3cdbe26ac3 - <unknown>
[INFO] [stdout]   47:     0x7f3cdbeb7bf4 - __clone
[INFO] [stdout]   48:                0x0 - <unknown>
[INFO] [stdout] 
[INFO] [stdout] 
[INFO] [stdout] failures:
[INFO] [stdout]     command::test::examples_fail_with_correct_error
[INFO] [stdout]     commands::test::examples_fail_with_correct_error
[INFO] [stdout] 
[INFO] [stdout] test result: FAILED. 0 passed; 2 failed; 0 ignored; 0 measured; 0 filtered out; finished in 155.04s
[INFO] [stdout] 
[INFO] running `Command { std: "docker" "inspect" "9b5553c8e415c7be931df42b341f1754f38ba953e5c993edec18edf654121848", kill_on_drop: false }`
[INFO] running `Command { std: "docker" "rm" "-f" "9b5553c8e415c7be931df42b341f1754f38ba953e5c993edec18edf654121848", kill_on_drop: false }`
[INFO] [stdout] 9b5553c8e415c7be931df42b341f1754f38ba953e5c993edec18edf654121848
[INFO] testing slashies-macros-0.1.3 against beta-2023-12-22 for beta-1.76-1
[INFO] extracting crate slashies-macros 0.1.3 into /workspace/builds/worker-1-tc2/source
[INFO] validating manifest of crates.io crate slashies-macros 0.1.3 on toolchain beta-2023-12-22
[INFO] running `Command { std: CARGO_HOME="/workspace/cargo-home" RUSTUP_HOME="/workspace/rustup-home" "/workspace/cargo-home/bin/cargo" "+beta-2023-12-22" "metadata" "--manifest-path" "Cargo.toml" "--no-deps", kill_on_drop: false }`
[INFO] started tweaking crates.io crate slashies-macros 0.1.3
[INFO] finished tweaking crates.io crate slashies-macros 0.1.3
[INFO] tweaked toml for crates.io crate slashies-macros 0.1.3 written to /workspace/builds/worker-1-tc2/source/Cargo.toml
[INFO] running `Command { std: CARGO_HOME="/workspace/cargo-home" RUSTUP_HOME="/workspace/rustup-home" "/workspace/cargo-home/bin/cargo" "+beta-2023-12-22" "generate-lockfile" "--manifest-path" "Cargo.toml", kill_on_drop: false }`
[INFO] [stderr]     Updating crates.io index
[INFO] running `Command { std: CARGO_HOME="/workspace/cargo-home" RUSTUP_HOME="/workspace/rustup-home" "/workspace/cargo-home/bin/cargo" "+beta-2023-12-22" "fetch" "--manifest-path" "Cargo.toml", kill_on_drop: false }`
[INFO] running `Command { std: "docker" "create" "-v" "/var/lib/crater-agent-workspace/builds/worker-1-tc2/target:/opt/rustwide/target:rw,Z" "-v" "/var/lib/crater-agent-workspace/builds/worker-1-tc2/source:/opt/rustwide/workdir:ro,Z" "-v" "/var/lib/crater-agent-workspace/cargo-home:/opt/rustwide/cargo-home:ro,Z" "-v" "/var/lib/crater-agent-workspace/rustup-home:/opt/rustwide/rustup-home:ro,Z" "-e" "SOURCE_DIR=/opt/rustwide/workdir" "-e" "CARGO_TARGET_DIR=/opt/rustwide/target" "-e" "CARGO_HOME=/opt/rustwide/cargo-home" "-e" "RUSTUP_HOME=/opt/rustwide/rustup-home" "-w" "/opt/rustwide/workdir" "-m" "1610612736" "--user" "0:0" "--network" "none" "ghcr.io/rust-lang/crates-build-env/linux@sha256:2788e3201cd34a07e3172128adcd8b3090168a8e3bcc40d7c032b9dda1df7d1c" "/opt/rustwide/cargo-home/bin/cargo" "+beta-2023-12-22" "metadata" "--no-deps" "--format-version=1", kill_on_drop: false }`
[INFO] [stdout] 15839a6b427c260ebb43b450c5a09ae36126cb8d1d0b3398e34d9f664b64eb32
[INFO] running `Command { std: "docker" "start" "-a" "15839a6b427c260ebb43b450c5a09ae36126cb8d1d0b3398e34d9f664b64eb32", kill_on_drop: false }`
[INFO] running `Command { std: "docker" "inspect" "15839a6b427c260ebb43b450c5a09ae36126cb8d1d0b3398e34d9f664b64eb32", kill_on_drop: false }`
[INFO] running `Command { std: "docker" "rm" "-f" "15839a6b427c260ebb43b450c5a09ae36126cb8d1d0b3398e34d9f664b64eb32", kill_on_drop: false }`
[INFO] [stdout] 15839a6b427c260ebb43b450c5a09ae36126cb8d1d0b3398e34d9f664b64eb32
[INFO] running `Command { std: "docker" "create" "-v" "/var/lib/crater-agent-workspace/builds/worker-1-tc2/target:/opt/rustwide/target:rw,Z" "-v" "/var/lib/crater-agent-workspace/builds/worker-1-tc2/source:/opt/rustwide/workdir:ro,Z" "-v" "/var/lib/crater-agent-workspace/cargo-home:/opt/rustwide/cargo-home:ro,Z" "-v" "/var/lib/crater-agent-workspace/rustup-home:/opt/rustwide/rustup-home:ro,Z" "-e" "SOURCE_DIR=/opt/rustwide/workdir" "-e" "CARGO_TARGET_DIR=/opt/rustwide/target" "-e" "CARGO_INCREMENTAL=0" "-e" "RUST_BACKTRACE=full" "-e" "RUSTFLAGS=--cap-lints=warn" "-e" "RUSTDOCFLAGS=--cap-lints=warn" "-e" "CARGO_HOME=/opt/rustwide/cargo-home" "-e" "RUSTUP_HOME=/opt/rustwide/rustup-home" "-w" "/opt/rustwide/workdir" "-m" "1610612736" "--user" "0:0" "--network" "none" "ghcr.io/rust-lang/crates-build-env/linux@sha256:2788e3201cd34a07e3172128adcd8b3090168a8e3bcc40d7c032b9dda1df7d1c" "/opt/rustwide/cargo-home/bin/cargo" "+beta-2023-12-22" "build" "--frozen" "--message-format=json", kill_on_drop: false }`
[INFO] [stdout] 083a926dbb031d6eb13ea88fa0464825bdbdcb8f7430e2b4a2978864560da7b8
[INFO] running `Command { std: "docker" "start" "-a" "083a926dbb031d6eb13ea88fa0464825bdbdcb8f7430e2b4a2978864560da7b8", kill_on_drop: false }`
[INFO] [stderr]    Compiling libc v0.2.151
[INFO] [stderr]    Compiling cfg-if v1.0.0
[INFO] [stderr]    Compiling pin-project-lite v0.2.13
[INFO] [stderr]    Compiling spin v0.9.8
[INFO] [stderr]    Compiling untrusted v0.9.0
[INFO] [stderr]    Compiling once_cell v1.19.0
[INFO] [stderr]    Compiling serde v1.0.194
[INFO] [stderr]    Compiling syn v2.0.48
[INFO] [stderr]    Compiling log v0.4.20
[INFO] [stderr]    Compiling bytes v1.5.0
[INFO] [stderr]    Compiling itoa v1.0.10
[INFO] [stderr]    Compiling slab v0.4.9
[INFO] [stderr]    Compiling futures-sink v0.3.30
[INFO] [stderr]    Compiling typenum v1.17.0
[INFO] [stderr]    Compiling futures-core v0.3.30
[INFO] [stderr]    Compiling generic-array v0.14.7
[INFO] [stderr]    Compiling fnv v1.0.7
[INFO] [stderr]    Compiling futures-channel v0.3.30
[INFO] [stderr]    Compiling http v0.2.11
[INFO] [stderr]    Compiling tinyvec_macros v0.1.1
[INFO] [stderr]    Compiling futures-task v0.3.30
[INFO] [stderr]    Compiling httparse v1.8.0
[INFO] [stderr]    Compiling futures-io v0.3.30
[INFO] [stderr]    Compiling cc v1.0.83
[INFO] [stderr]    Compiling getrandom v0.2.11
[INFO] [stderr]    Compiling mio v0.8.10
[INFO] [stderr]    Compiling socket2 v0.5.5
[INFO] [stderr]    Compiling memchr v2.7.1
[INFO] [stderr]    Compiling pin-utils v0.1.0
[INFO] [stderr]    Compiling tinyvec v1.6.0
[INFO] [stderr]    Compiling tracing-core v0.1.32
[INFO] [stderr]    Compiling percent-encoding v2.3.1
[INFO] [stderr]    Compiling futures-util v0.3.30
[INFO] [stderr]    Compiling hashbrown v0.14.3
[INFO] [stderr]    Compiling form_urlencoded v1.2.1
[INFO] [stderr]    Compiling unicode-normalization v0.1.22
[INFO] [stderr]    Compiling unicase v2.7.0
[INFO] [stderr]    Compiling spin v0.5.2
[INFO] [stderr]    Compiling ring v0.17.7
[INFO] [stderr]    Compiling ring v0.16.20
[INFO] [stderr]    Compiling untrusted v0.7.1
[INFO] [stderr]    Compiling rustls v0.20.9
[INFO] [stderr]    Compiling equivalent v1.0.1
[INFO] [stderr]    Compiling rustls v0.21.10
[INFO] [stderr]    Compiling unicode-bidi v0.3.14
[INFO] [stderr]    Compiling indexmap v2.1.0
[INFO] [stderr]    Compiling crypto-common v0.1.6
[INFO] [stderr]    Compiling block-buffer v0.10.4
[INFO] [stderr]    Compiling rand_core v0.6.4
[INFO] [stderr]    Compiling idna v0.5.0
[INFO] [stderr]    Compiling lock_api v0.4.11
[INFO] [stderr]    Compiling num-traits v0.2.17
[INFO] [stderr]    Compiling thiserror v1.0.56
[INFO] [stderr]    Compiling try-lock v0.2.5
[INFO] [stderr]    Compiling parking_lot_core v0.9.9
[INFO] [stderr]    Compiling ppv-lite86 v0.2.17
[INFO] [stderr]    Compiling want v0.3.1
[INFO] [stderr]    Compiling mime_guess v2.0.4
[INFO] [stderr]    Compiling digest v0.10.7
[INFO] [stderr]    Compiling rand_chacha v0.3.1
[INFO] [stderr]    Compiling http-body v0.4.6
[INFO] [stderr]    Compiling scopeguard v1.2.0
[INFO] [stderr]    Compiling crc32fast v1.3.2
[INFO] [stderr]    Compiling ryu v1.0.16
[INFO] [stderr]    Compiling httpdate v1.0.3
[INFO] [stderr]    Compiling cpufeatures v0.2.12
[INFO] [stderr]    Compiling tower-service v0.3.2
[INFO] [stderr]    Compiling smallvec v1.11.2
[INFO] [stderr]    Compiling sha-1 v0.10.1
[INFO] [stderr]    Compiling rand v0.8.5
[INFO] [stderr]    Compiling serde_json v1.0.111
[INFO] [stderr]    Compiling base64 v0.13.1
[INFO] [stderr]    Compiling utf-8 v0.7.6
[INFO] [stderr]    Compiling mime v0.3.17
[INFO] [stderr]    Compiling async-trait v0.1.77
[INFO] [stderr]    Compiling byteorder v1.5.0
[INFO] [stderr]    Compiling base64 v0.21.5
[INFO] [stderr]    Compiling adler v1.0.2
[INFO] [stderr]    Compiling rustversion v1.0.14
[INFO] [stderr]    Compiling powerfmt v0.2.0
[INFO] [stderr]    Compiling rustls-pemfile v1.0.4
[INFO] [stderr]    Compiling miniz_oxide v0.7.1
[INFO] [stderr]    Compiling encoding_rs v0.8.33
[INFO] [stderr]    Compiling ordered-float v2.10.1
[INFO] [stderr]    Compiling proc-macro-error-attr v1.0.4
[INFO] [stderr]    Compiling serenity v0.11.7
[INFO] [stderr]    Compiling webpki-roots v0.25.3
[INFO] [stderr]    Compiling time-core v0.1.2
[INFO] [stderr]    Compiling syn v1.0.109
[INFO] [stderr]    Compiling ipnet v2.9.0
[INFO] [stderr]    Compiling flate2 v1.0.28
[INFO] [stderr]    Compiling futures v0.3.30
[INFO] [stderr]    Compiling parking_lot v0.12.1
[INFO] [stderr]    Compiling proc-macro-error v1.0.4
[INFO] [stderr]    Compiling typemap_rev v0.1.5
[INFO] [stderr]    Compiling bitflags v1.3.2
[INFO] [stderr]    Compiling sct v0.7.1
[INFO] [stderr]    Compiling webpki v0.22.4
[INFO] [stderr]    Compiling rustls-webpki v0.101.7
[INFO] [stderr]    Compiling webpki-roots v0.22.6
[INFO] [stderr]    Compiling serde_derive v1.0.194
[INFO] [stderr]    Compiling tokio-macros v2.2.0
[INFO] [stderr]    Compiling tracing-attributes v0.1.27
[INFO] [stderr]    Compiling thiserror-impl v1.0.56
[INFO] [stderr]    Compiling tokio v1.35.1
[INFO] [stderr]    Compiling either v1.9.0
[INFO] [stderr]    Compiling tracing v0.1.40
[INFO] [stderr]    Compiling itertools v0.10.5
[INFO] [stderr]    Compiling tokio-util v0.7.10
[INFO] [stderr]    Compiling tokio-rustls v0.24.1
[INFO] [stderr]    Compiling tokio-rustls v0.23.4
[INFO] [stderr]    Compiling h2 v0.3.22
[INFO] [stderr]    Compiling url v2.5.0
[INFO] [stderr]    Compiling deranged v0.3.11
[INFO] [stderr]    Compiling serde_urlencoded v0.7.1
[INFO] [stderr]    Compiling dashmap v5.5.3
[INFO] [stderr]    Compiling serde-value v0.7.0
[INFO] [stderr]    Compiling tungstenite v0.17.3
[INFO] [stderr]    Compiling async-tungstenite v0.17.2
[INFO] [stderr]    Compiling time v0.3.31
[INFO] [stderr]    Compiling hyper v0.14.28
[INFO] [stderr]    Compiling hyper-rustls v0.24.2
[INFO] [stderr]    Compiling reqwest v0.11.23
[INFO] [stderr]    Compiling slashies v0.1.3
[INFO] [stderr]    Compiling slashies-macros v0.1.3 (/opt/rustwide/workdir)
[INFO] [stderr]     Finished dev [unoptimized + debuginfo] target(s) in 1m 53s
[INFO] running `Command { std: "docker" "inspect" "083a926dbb031d6eb13ea88fa0464825bdbdcb8f7430e2b4a2978864560da7b8", kill_on_drop: false }`
[INFO] running `Command { std: "docker" "rm" "-f" "083a926dbb031d6eb13ea88fa0464825bdbdcb8f7430e2b4a2978864560da7b8", kill_on_drop: false }`
[INFO] [stdout] 083a926dbb031d6eb13ea88fa0464825bdbdcb8f7430e2b4a2978864560da7b8
[INFO] running `Command { std: "docker" "create" "-v" "/var/lib/crater-agent-workspace/builds/worker-1-tc2/target:/opt/rustwide/target:rw,Z" "-v" "/var/lib/crater-agent-workspace/builds/worker-1-tc2/source:/opt/rustwide/workdir:ro,Z" "-v" "/var/lib/crater-agent-workspace/cargo-home:/opt/rustwide/cargo-home:ro,Z" "-v" "/var/lib/crater-agent-workspace/rustup-home:/opt/rustwide/rustup-home:ro,Z" "-e" "SOURCE_DIR=/opt/rustwide/workdir" "-e" "CARGO_TARGET_DIR=/opt/rustwide/target" "-e" "CARGO_INCREMENTAL=0" "-e" "RUST_BACKTRACE=full" "-e" "RUSTFLAGS=--cap-lints=warn" "-e" "RUSTDOCFLAGS=--cap-lints=warn" "-e" "CARGO_HOME=/opt/rustwide/cargo-home" "-e" "RUSTUP_HOME=/opt/rustwide/rustup-home" "-w" "/opt/rustwide/workdir" "-m" "1610612736" "--user" "0:0" "--network" "none" "ghcr.io/rust-lang/crates-build-env/linux@sha256:2788e3201cd34a07e3172128adcd8b3090168a8e3bcc40d7c032b9dda1df7d1c" "/opt/rustwide/cargo-home/bin/cargo" "+beta-2023-12-22" "test" "--frozen" "--no-run" "--message-format=json", kill_on_drop: false }`
[INFO] [stdout] 924bf7cd310643cca07a345141c16a1a726a14113593ff10dab53b2c3a715de8
[INFO] running `Command { std: "docker" "start" "-a" "924bf7cd310643cca07a345141c16a1a726a14113593ff10dab53b2c3a715de8", kill_on_drop: false }`
[INFO] [stderr]    Compiling trybuild v1.0.87
[INFO] [stderr]    Compiling basic-toml v0.1.8
[INFO] [stderr]    Compiling glob v0.3.1
[INFO] [stderr]    Compiling termcolor v1.4.0
[INFO] [stderr]    Compiling slashies-macros v0.1.3 (/opt/rustwide/workdir)
[INFO] [stderr]     Finished test [unoptimized + debuginfo] target(s) in 7.84s
[INFO] running `Command { std: "docker" "inspect" "924bf7cd310643cca07a345141c16a1a726a14113593ff10dab53b2c3a715de8", kill_on_drop: false }`
[INFO] running `Command { std: "docker" "rm" "-f" "924bf7cd310643cca07a345141c16a1a726a14113593ff10dab53b2c3a715de8", kill_on_drop: false }`
[INFO] [stdout] 924bf7cd310643cca07a345141c16a1a726a14113593ff10dab53b2c3a715de8
[INFO] running `Command { std: "docker" "create" "-v" "/var/lib/crater-agent-workspace/builds/worker-1-tc2/target:/opt/rustwide/target:rw,Z" "-v" "/var/lib/crater-agent-workspace/builds/worker-1-tc2/source:/opt/rustwide/workdir:ro,Z" "-v" "/var/lib/crater-agent-workspace/cargo-home:/opt/rustwide/cargo-home:ro,Z" "-v" "/var/lib/crater-agent-workspace/rustup-home:/opt/rustwide/rustup-home:ro,Z" "-e" "SOURCE_DIR=/opt/rustwide/workdir" "-e" "CARGO_TARGET_DIR=/opt/rustwide/target" "-e" "CARGO_INCREMENTAL=0" "-e" "RUST_BACKTRACE=full" "-e" "RUSTFLAGS=--cap-lints=warn" "-e" "RUSTDOCFLAGS=--cap-lints=warn" "-e" "CARGO_HOME=/opt/rustwide/cargo-home" "-e" "RUSTUP_HOME=/opt/rustwide/rustup-home" "-w" "/opt/rustwide/workdir" "-m" "1610612736" "--user" "0:0" "--network" "none" "ghcr.io/rust-lang/crates-build-env/linux@sha256:2788e3201cd34a07e3172128adcd8b3090168a8e3bcc40d7c032b9dda1df7d1c" "/opt/rustwide/cargo-home/bin/cargo" "+beta-2023-12-22" "test" "--frozen", kill_on_drop: false }`
[INFO] [stdout] 20a317a150bc1db0918c14915d39bdbe3eb0620a200d82dfe92cd8f96928087a
[INFO] running `Command { std: "docker" "start" "-a" "20a317a150bc1db0918c14915d39bdbe3eb0620a200d82dfe92cd8f96928087a", kill_on_drop: false }`
[INFO] [stderr]     Finished test [unoptimized + debuginfo] target(s) in 0.16s
[INFO] [stderr]      Running unittests src/lib.rs (/opt/rustwide/target/debug/deps/slashies_macros-76a6a4b50cbfa21c)
[INFO] [stdout] 
[INFO] [stdout] running 2 tests
[INFO] [stderr]    Compiling libc v0.2.151
[INFO] [stderr]    Compiling proc-macro2 v1.0.75
[INFO] [stderr]    Compiling unicode-ident v1.0.12
[INFO] [stderr]    Compiling version_check v0.9.4
[INFO] [stderr]    Compiling autocfg v1.1.0
[INFO] [stderr]    Compiling serde v1.0.194
[INFO] [stderr]    Compiling cfg-if v1.0.0
[INFO] [stderr]    Compiling typenum v1.17.0
[INFO] [stderr]    Compiling httparse v1.8.0
[INFO] [stderr]    Compiling untrusted v0.9.0
[INFO] [stderr]    Compiling spin v0.9.8
[INFO] [stderr]    Compiling once_cell v1.19.0
[INFO] [stderr]    Compiling pin-project-lite v0.2.13
[INFO] [stderr]    Compiling rustls v0.21.10
[INFO] [stderr]    Compiling rustls v0.20.9
[INFO] [stderr]    Compiling generic-array v0.14.7
[INFO] [stderr]    Compiling unicase v2.7.0
[INFO] [stderr]    Compiling slab v0.4.9
[INFO] [stderr]    Compiling log v0.4.20
[INFO] [stderr]    Compiling bytes v1.5.0
[INFO] [stderr]    Compiling quote v1.0.35
[INFO] [stderr]    Compiling itoa v1.0.10
[INFO] [stderr]    Compiling syn v2.0.48
[INFO] [stderr]     Checking getrandom v0.2.11
[INFO] [stderr]    Compiling num-traits v0.2.17
[INFO] [stderr]    Compiling lock_api v0.4.11
[INFO] [stderr]    Compiling thiserror v1.0.56
[INFO] [stderr]    Compiling parking_lot_core v0.9.9
[INFO] [stderr]    Compiling futures-sink v0.3.30
[INFO] [stderr]    Compiling futures-core v0.3.30
[INFO] [stderr]    Compiling cc v1.0.83
[INFO] [stderr]    Compiling socket2 v0.5.5
[INFO] [stderr]    Compiling mio v0.8.10
[INFO] [stderr]    Compiling mime_guess v2.0.4
[INFO] [stderr]    Compiling serde_json v1.0.111
[INFO] [stderr]    Compiling crc32fast v1.3.2
[INFO] [stderr]    Compiling fnv v1.0.7
[INFO] [stderr]    Compiling http v0.2.11
[INFO] [stderr]    Compiling futures-channel v0.3.30
[INFO] [stderr]    Compiling pin-utils v0.1.0
[INFO] [stderr]    Compiling futures-io v0.3.30
[INFO] [stderr]    Compiling tinyvec_macros v0.1.1
[INFO] [stderr]    Compiling memchr v2.7.1
[INFO] [stderr]    Compiling futures-task v0.3.30
[INFO] [stderr]    Compiling tinyvec v1.6.0
[INFO] [stderr]    Compiling futures-util v0.3.30
[INFO] [stderr]    Compiling tracing-core v0.1.32
[INFO] [stderr]    Compiling hashbrown v0.14.3
[INFO] [stderr]    Compiling ring v0.17.7
[INFO] [stderr]    Compiling ring v0.16.20
[INFO] [stderr]    Compiling percent-encoding v2.3.1
[INFO] [stderr]    Compiling form_urlencoded v1.2.1
[INFO] [stderr]    Compiling unicode-normalization v0.1.22
[INFO] [stderr]    Compiling unicode-bidi v0.3.14
[INFO] [stderr]    Compiling spin v0.5.2
[INFO] [stderr]    Compiling untrusted v0.7.1
[INFO] [stderr]    Compiling equivalent v1.0.1
[INFO] [stderr]    Compiling indexmap v2.1.0
[INFO] [stderr]    Compiling idna v0.5.0
[INFO] [stderr]    Compiling block-buffer v0.10.4
[INFO] [stderr]    Compiling crypto-common v0.1.6
[INFO] [stderr]    Compiling rand_core v0.6.4
[INFO] [stderr]    Compiling rustversion v1.0.14
[INFO] [stderr]    Compiling syn v1.0.109
[INFO] [stderr]    Compiling serenity v0.11.7
[INFO] [stderr]     Checking sct v0.7.1
[INFO] [stderr]    Compiling webpki v0.22.4
[INFO] [stderr]    Compiling rustls-webpki v0.101.7
[INFO] [stderr]    Compiling try-lock v0.2.5
[INFO] [stderr]    Compiling async-trait v0.1.77
[INFO] [stderr]    Compiling ppv-lite86 v0.2.17
[INFO] [stderr]    Compiling rand_chacha v0.3.1
[INFO] [stderr]    Compiling want v0.3.1
[INFO] [stderr]    Compiling digest v0.10.7
[INFO] [stderr]    Compiling http-body v0.4.6
[INFO] [stderr]    Compiling scopeguard v1.2.0
[INFO] [stderr]    Compiling httpdate v1.0.3
[INFO] [stderr]    Compiling ryu v1.0.16
[INFO] [stderr]    Compiling tower-service v0.3.2
[INFO] [stderr]    Compiling cpufeatures v0.2.12
[INFO] [stderr]    Compiling smallvec v1.11.2
[INFO] [stderr]    Compiling sha-1 v0.10.1
[INFO] [stderr]    Compiling serde_derive v1.0.194
[INFO] [stderr]    Compiling tokio-macros v2.2.0
[INFO] [stdout] test command::test::examples_fail_with_correct_error has been running for over 60 seconds
[INFO] [stdout] test commands::test::examples_fail_with_correct_error has been running for over 60 seconds
[INFO] [stderr]    Compiling tracing-attributes v0.1.27
[INFO] [stderr]    Compiling thiserror-impl v1.0.56
[INFO] [stderr]    Compiling tokio v1.35.1
[INFO] [stderr]    Compiling rand v0.8.5
[INFO] [stderr]    Compiling tracing v0.1.40
[INFO] [stderr]    Compiling proc-macro-error v1.0.4
[INFO] [stderr]    Compiling proc-macro-error-attr v1.0.4
[INFO] [stderr]    Compiling byteorder v1.5.0
[INFO] [stderr]    Compiling mime v0.3.17
[INFO] [stderr]    Compiling base64 v0.13.1
[INFO] [stderr]    Compiling utf-8 v0.7.6
[INFO] [stderr]    Compiling adler v1.0.2
[INFO] [stderr]    Compiling powerfmt v0.2.0
[INFO] [stderr]    Compiling base64 v0.21.5
[INFO] [stderr]    Compiling miniz_oxide v0.7.1
[INFO] [stderr]    Compiling rustls-pemfile v1.0.4
[INFO] [stderr]    Compiling ordered-float v2.10.1
[INFO] [stderr]    Compiling webpki-roots v0.22.6
[INFO] [stderr]    Compiling encoding_rs v0.8.33
[INFO] [stderr]    Compiling time-core v0.1.2
[INFO] [stderr]    Compiling webpki-roots v0.25.3
[INFO] [stderr]    Compiling ipnet v2.9.0
[INFO] [stderr]     Checking tokio-util v0.7.10
[INFO] [stderr]     Checking tokio-rustls v0.24.1
[INFO] [stderr]    Compiling tokio-rustls v0.23.4
[INFO] [stderr]    Compiling flate2 v1.0.28
[INFO] [stderr]    Compiling h2 v0.3.22
[INFO] [stderr]    Compiling parking_lot v0.12.1
[INFO] [stderr]    Compiling futures v0.3.30
[INFO] [stderr]    Compiling bitflags v1.3.2
[INFO] [stderr]    Compiling typemap_rev v0.1.5
[INFO] [stderr]    Compiling either v1.9.0
[INFO] [stderr]    Compiling itertools v0.10.5
[INFO] [stderr]     Checking url v2.5.0
[INFO] [stderr]    Compiling deranged v0.3.11
[INFO] [stderr]    Compiling tungstenite v0.17.3
[INFO] [stderr]    Compiling serde_urlencoded v0.7.1
[INFO] [stderr]    Compiling time v0.3.31
[INFO] [stderr]    Compiling hyper v0.14.28
[INFO] [stderr]    Compiling async-tungstenite v0.17.2
[INFO] [stderr]    Compiling serde-value v0.7.0
[INFO] [stderr]    Compiling dashmap v5.5.3
[INFO] [stderr]     Checking hyper-rustls v0.24.2
[INFO] [stderr]     Checking reqwest v0.11.23
[INFO] [stderr]     Checking slashies v0.1.3
[INFO] [stderr]    Compiling slashies-macros v0.1.3 (/opt/rustwide/workdir)
[INFO] [stderr]     Checking slashies-macros-tests v0.0.0 (/opt/rustwide/target/tests/trybuild/slashies-macros)
[INFO] [stderr]     Finished dev [unoptimized + debuginfo] target(s) in 3m 32s
[INFO] [stderr] 
[INFO] [stderr] 
[INFO] [stderr] test tests/command/e01_no_docstring_on_field.rs ... ok
[INFO] [stderr] test tests/command/e02_invalid_docstring_on_field.rs ... mismatch
[INFO] [stderr] 
[INFO] [stderr] EXPECTED:
[INFO] [stderr] ┈┈┈┈┈┈┈┈┈┈┈┈┈┈┈┈┈┈┈┈┈┈┈┈┈┈┈┈┈┈┈┈┈┈┈┈┈┈┈┈┈┈┈┈┈┈┈┈┈┈┈┈┈┈┈┈┈┈┈┈
[INFO] [stderr] error: Invalid description docstring
[INFO] [stderr]  --> tests/command/e02_invalid_docstring_on_field.rs:7:5
[INFO] [stderr]   |
[INFO] [stderr] 7 |     #[doc]
[INFO] [stderr]   |     ^^^^^^
[INFO] [stderr] 
[INFO] [stderr] error: attribute must be of the form `#[doc(hidden|inline|...)]` or `#[doc = "string"]`
[INFO] [stderr]  --> tests/command/e02_invalid_docstring_on_field.rs:7:5
[INFO] [stderr]   |
[INFO] [stderr] 7 |     #[doc]
[INFO] [stderr]   |     ^^^^^^
[INFO] [stderr]   |
[INFO] [stderr]   = note: `#[deny(ill_formed_attribute_input)]` on by default
[INFO] [stderr]   = warning: this was previously accepted by the compiler but is being phased out; it will become a hard error in a future release!
[INFO] [stderr]   = note: for more information, see issue #57571 <https://github.com/rust-lang/rust/issues/57571>
[INFO] [stderr] ┈┈┈┈┈┈┈┈┈┈┈┈┈┈┈┈┈┈┈┈┈┈┈┈┈┈┈┈┈┈┈┈┈┈┈┈┈┈┈┈┈┈┈┈┈┈┈┈┈┈┈┈┈┈┈┈┈┈┈┈
[INFO] [stderr] 
[INFO] [stderr] ACTUAL OUTPUT:
[INFO] [stderr] ┈┈┈┈┈┈┈┈┈┈┈┈┈┈┈┈┈┈┈┈┈┈┈┈┈┈┈┈┈┈┈┈┈┈┈┈┈┈┈┈┈┈┈┈┈┈┈┈┈┈┈┈┈┈┈┈┈┈┈┈
[INFO] [stderr] error: Invalid description docstring
[INFO] [stderr]  --> tests/command/e02_invalid_docstring_on_field.rs:7:5
[INFO] [stderr]   |
[INFO] [stderr] 7 |     #[doc]
[INFO] [stderr]   |     ^^^^^^
[INFO] [stderr] 
[INFO] [stderr] warning: attribute must be of the form `#[doc(hidden|inline|...)]` or `#[doc = "string"]`
[INFO] [stderr]  --> tests/command/e02_invalid_docstring_on_field.rs:7:5
[INFO] [stderr]   |
[INFO] [stderr] 7 |     #[doc]
[INFO] [stderr]   |     ^^^^^^
[INFO] [stderr]   |
[INFO] [stderr]   = warning: this was previously accepted by the compiler but is being phased out; it will become a hard error in a future release!
[INFO] [stderr]   = note: for more information, see issue #57571 <https://github.com/rust-lang/rust/issues/57571>
[INFO] [stderr]   = note: `#[warn(ill_formed_attribute_input)]` on by default
[INFO] [stderr] ┈┈┈┈┈┈┈┈┈┈┈┈┈┈┈┈┈┈┈┈┈┈┈┈┈┈┈┈┈┈┈┈┈┈┈┈┈┈┈┈┈┈┈┈┈┈┈┈┈┈┈┈┈┈┈┈┈┈┈┈
[INFO] [stderr] note: If the actual output is the correct output you can bless it by rerunning
[INFO] [stderr]       your test with the environment variable TRYBUILD=overwrite
[INFO] [stderr] 
[INFO] [stderr] test tests/command/e03_no_docstring_on_struct.rs ... mismatch
[INFO] [stderr] 
[INFO] [stderr] EXPECTED:
[INFO] [stderr] ┈┈┈┈┈┈┈┈┈┈┈┈┈┈┈┈┈┈┈┈┈┈┈┈┈┈┈┈┈┈┈┈┈┈┈┈┈┈┈┈┈┈┈┈┈┈┈┈┈┈┈┈┈┈┈┈┈┈┈┈
[INFO] [stderr] error: Command must specify a description via a docstring
[INFO] [stderr]  --> tests/command/e03_no_docstring_on_struct.rs:7:8
[INFO] [stderr]   |
[INFO] [stderr] 7 | struct BadCommand;
[INFO] [stderr]   |        ^^^^^^^^^^
[INFO] [stderr] ┈┈┈┈┈┈┈┈┈┈┈┈┈┈┈┈┈┈┈┈┈┈┈┈┈┈┈┈┈┈┈┈┈┈┈┈┈┈┈┈┈┈┈┈┈┈┈┈┈┈┈┈┈┈┈┈┈┈┈┈
[INFO] [stderr] 
[INFO] [stderr] ACTUAL OUTPUT:
[INFO] [stderr] ┈┈┈┈┈┈┈┈┈┈┈┈┈┈┈┈┈┈┈┈┈┈┈┈┈┈┈┈┈┈┈┈┈┈┈┈┈┈┈┈┈┈┈┈┈┈┈┈┈┈┈┈┈┈┈┈┈┈┈┈
[INFO] [stderr] error: Command must specify a description via a docstring
[INFO] [stderr]  --> tests/command/e03_no_docstring_on_struct.rs:7:8
[INFO] [stderr]   |
[INFO] [stderr] 7 | struct BadCommand;
[INFO] [stderr]   |        ^^^^^^^^^^
[INFO] [stderr] 
[INFO] [stderr] warning: use of deprecated type alias `serenity::model::interactions::application_command::ApplicationCommandInteraction`: use `model::application::interaction::application_command::ApplicationCommandInteraction`
[INFO] [stderr]  --> tests/command/e03_no_docstring_on_struct.rs:3:88
[INFO] [stderr]   |
[INFO] [stderr] 3 | use serenity::{async_trait, client::Context, model::interactions::application_command::ApplicationCommandInteraction};
[INFO] [stderr]   |                                                                                        ^^^^^^^^^^^^^^^^^^^^^^^^^^^^^
[INFO] [stderr]   |
[INFO] [stderr]   = note: `#[warn(deprecated)]` on by default
[INFO] [stderr] 
[INFO] [stderr] warning: use of deprecated type alias `serenity::model::interactions::application_command::ApplicationCommandInteraction`: use `model::application::interaction::application_command::ApplicationCommandInteraction`
[INFO] [stderr]   --> tests/command/e03_no_docstring_on_struct.rs:14:20
[INFO] [stderr]    |
[INFO] [stderr] 14 |         _command: &ApplicationCommandInteraction,
[INFO] [stderr]    |                    ^^^^^^^^^^^^^^^^^^^^^^^^^^^^^
[INFO] [stderr] ┈┈┈┈┈┈┈┈┈┈┈┈┈┈┈┈┈┈┈┈┈┈┈┈┈┈┈┈┈┈┈┈┈┈┈┈┈┈┈┈┈┈┈┈┈┈┈┈┈┈┈┈┈┈┈┈┈┈┈┈
[INFO] [stderr] note: If the actual output is the correct output you can bless it by rerunning
[INFO] [stderr]       your test with the environment variable TRYBUILD=overwrite
[INFO] [stderr] 
[INFO] [stderr] test tests/command/e04_invalid_docstring_on_struct.rs ... mismatch
[INFO] [stderr] 
[INFO] [stderr] EXPECTED:
[INFO] [stderr] ┈┈┈┈┈┈┈┈┈┈┈┈┈┈┈┈┈┈┈┈┈┈┈┈┈┈┈┈┈┈┈┈┈┈┈┈┈┈┈┈┈┈┈┈┈┈┈┈┈┈┈┈┈┈┈┈┈┈┈┈
[INFO] [stderr] error: Invalid description docstring
[INFO] [stderr]  --> tests/command/e04_invalid_docstring_on_struct.rs:5:1
[INFO] [stderr]   |
[INFO] [stderr] 5 | #[doc]
[INFO] [stderr]   | ^^^^^^
[INFO] [stderr] 
[INFO] [stderr] error: attribute must be of the form `#[doc(hidden|inline|...)]` or `#[doc = "string"]`
[INFO] [stderr]  --> tests/command/e04_invalid_docstring_on_struct.rs:5:1
[INFO] [stderr]   |
[INFO] [stderr] 5 | #[doc]
[INFO] [stderr]   | ^^^^^^
[INFO] [stderr]   |
[INFO] [stderr]   = note: `#[deny(ill_formed_attribute_input)]` on by default
[INFO] [stderr]   = warning: this was previously accepted by the compiler but is being phased out; it will become a hard error in a future release!
[INFO] [stderr]   = note: for more information, see issue #57571 <https://github.com/rust-lang/rust/issues/57571>
[INFO] [stderr] ┈┈┈┈┈┈┈┈┈┈┈┈┈┈┈┈┈┈┈┈┈┈┈┈┈┈┈┈┈┈┈┈┈┈┈┈┈┈┈┈┈┈┈┈┈┈┈┈┈┈┈┈┈┈┈┈┈┈┈┈
[INFO] [stderr] 
[INFO] [stderr] ACTUAL OUTPUT:
[INFO] [stderr] ┈┈┈┈┈┈┈┈┈┈┈┈┈┈┈┈┈┈┈┈┈┈┈┈┈┈┈┈┈┈┈┈┈┈┈┈┈┈┈┈┈┈┈┈┈┈┈┈┈┈┈┈┈┈┈┈┈┈┈┈
[INFO] [stderr] error: Invalid description docstring
[INFO] [stderr]  --> tests/command/e04_invalid_docstring_on_struct.rs:5:1
[INFO] [stderr]   |
[INFO] [stderr] 5 | #[doc]
[INFO] [stderr]   | ^^^^^^
[INFO] [stderr] 
[INFO] [stderr] warning: attribute must be of the form `#[doc(hidden|inline|...)]` or `#[doc = "string"]`
[INFO] [stderr]  --> tests/command/e04_invalid_docstring_on_struct.rs:5:1
[INFO] [stderr]   |
[INFO] [stderr] 5 | #[doc]
[INFO] [stderr]   | ^^^^^^
[INFO] [stderr]   |
[INFO] [stderr]   = warning: this was previously accepted by the compiler but is being phased out; it will become a hard error in a future release!
[INFO] [stderr]   = note: for more information, see issue #57571 <https://github.com/rust-lang/rust/issues/57571>
[INFO] [stderr]   = note: `#[warn(ill_formed_attribute_input)]` on by default
[INFO] [stderr] 
[INFO] [stderr] warning: use of deprecated type alias `serenity::model::interactions::application_command::ApplicationCommandInteraction`: use `model::application::interaction::application_command::ApplicationCommandInteraction`
[INFO] [stderr]  --> tests/command/e04_invalid_docstring_on_struct.rs:3:88
[INFO] [stderr]   |
[INFO] [stderr] 3 | use serenity::{async_trait, client::Context, model::interactions::application_command::ApplicationCommandInteraction};
[INFO] [stderr]   |                                                                                        ^^^^^^^^^^^^^^^^^^^^^^^^^^^^^
[INFO] [stderr]   |
[INFO] [stderr]   = note: `#[warn(deprecated)]` on by default
[INFO] [stderr] 
[INFO] [stderr] warning: use of deprecated type alias `serenity::model::interactions::application_command::ApplicationCommandInteraction`: use `model::application::interaction::application_command::ApplicationCommandInteraction`
[INFO] [stderr]   --> tests/command/e04_invalid_docstring_on_struct.rs:15:20
[INFO] [stderr]    |
[INFO] [stderr] 15 |         _command: &ApplicationCommandInteraction,
[INFO] [stderr]    |                    ^^^^^^^^^^^^^^^^^^^^^^^^^^^^^
[INFO] [stderr] ┈┈┈┈┈┈┈┈┈┈┈┈┈┈┈┈┈┈┈┈┈┈┈┈┈┈┈┈┈┈┈┈┈┈┈┈┈┈┈┈┈┈┈┈┈┈┈┈┈┈┈┈┈┈┈┈┈┈┈┈
[INFO] [stderr] note: If the actual output is the correct output you can bless it by rerunning
[INFO] [stderr]       your test with the environment variable TRYBUILD=overwrite
[INFO] [stderr] 
[INFO] [stderr] test tests/command/e05_struct_with_unnamed_fields.rs ... ok
[INFO] [stderr] test tests/command/e06_unnamed_sub_command.rs ... ok
[INFO] [stderr] test tests/command/e07_invalid_sub_command_name.rs ... mismatch
[INFO] [stderr] 
[INFO] [stderr] EXPECTED:
[INFO] [stderr] ┈┈┈┈┈┈┈┈┈┈┈┈┈┈┈┈┈┈┈┈┈┈┈┈┈┈┈┈┈┈┈┈┈┈┈┈┈┈┈┈┈┈┈┈┈┈┈┈┈┈┈┈┈┈┈┈┈┈┈┈
[INFO] [stderr] error: Invalid "name" attribute
[INFO] [stderr]   --> tests/command/e07_invalid_sub_command_name.rs:10:5
[INFO] [stderr]    |
[INFO] [stderr] 10 |     #[name]
[INFO] [stderr]    |     ^^^^^^^
[INFO] [stderr] ┈┈┈┈┈┈┈┈┈┈┈┈┈┈┈┈┈┈┈┈┈┈┈┈┈┈┈┈┈┈┈┈┈┈┈┈┈┈┈┈┈┈┈┈┈┈┈┈┈┈┈┈┈┈┈┈┈┈┈┈
[INFO] [stderr] 
[INFO] [stderr] ACTUAL OUTPUT:
[INFO] [stderr] ┈┈┈┈┈┈┈┈┈┈┈┈┈┈┈┈┈┈┈┈┈┈┈┈┈┈┈┈┈┈┈┈┈┈┈┈┈┈┈┈┈┈┈┈┈┈┈┈┈┈┈┈┈┈┈┈┈┈┈┈
[INFO] [stderr] error: Invalid "name" attribute
[INFO] [stderr]   --> tests/command/e07_invalid_sub_command_name.rs:10:5
[INFO] [stderr]    |
[INFO] [stderr] 10 |     #[name]
[INFO] [stderr]    |     ^^^^^^^
[INFO] [stderr] 
[INFO] [stderr] warning: use of deprecated type alias `serenity::model::interactions::application_command::ApplicationCommandInteraction`: use `model::application::interaction::application_command::ApplicationCommandInteraction`
[INFO] [stderr]  --> tests/command/e07_invalid_sub_command_name.rs:3:88
[INFO] [stderr]   |
[INFO] [stderr] 3 | use serenity::{async_trait, client::Context, model::interactions::application_command::ApplicationCommandInteraction};
[INFO] [stderr]   |                                                                                        ^^^^^^^^^^^^^^^^^^^^^^^^^^^^^
[INFO] [stderr]   |
[INFO] [stderr]   = note: `#[warn(deprecated)]` on by default
[INFO] [stderr] 
[INFO] [stderr] warning: use of deprecated type alias `serenity::model::interactions::application_command::ApplicationCommandInteraction`: use `model::application::interaction::application_command::ApplicationCommandInteraction`
[INFO] [stderr]   --> tests/command/e07_invalid_sub_command_name.rs:22:20
[INFO] [stderr]    |
[INFO] [stderr] 22 |         _command: &ApplicationCommandInteraction,
[INFO] [stderr]    |                    ^^^^^^^^^^^^^^^^^^^^^^^^^^^^^
[INFO] [stderr] ┈┈┈┈┈┈┈┈┈┈┈┈┈┈┈┈┈┈┈┈┈┈┈┈┈┈┈┈┈┈┈┈┈┈┈┈┈┈┈┈┈┈┈┈┈┈┈┈┈┈┈┈┈┈┈┈┈┈┈┈
[INFO] [stderr] note: If the actual output is the correct output you can bless it by rerunning
[INFO] [stderr]       your test with the environment variable TRYBUILD=overwrite
[INFO] [stderr] 
[INFO] [stderr] test tests/command/e08_invalid_command_enum.rs ... ok
[INFO] [stderr] test tests/command/e09_unnamed_struct.rs ... ok
[INFO] [stderr] test tests/command/e10_not_a_struct_or_enum.rs ... ok
[INFO] [stderr] test tests/command/e11_subcommand_not_implemented.rs ... mismatch
[INFO] [stderr] 
[INFO] [stderr] EXPECTED:
[INFO] [stderr] ┈┈┈┈┈┈┈┈┈┈┈┈┈┈┈┈┈┈┈┈┈┈┈┈┈┈┈┈┈┈┈┈┈┈┈┈┈┈┈┈┈┈┈┈┈┈┈┈┈┈┈┈┈┈┈┈┈┈┈┈
[INFO] [stderr] error[E0277]: the trait bound `BadCommand: ApplicationCommandInteractionHandler` is not satisfied
[INFO] [stderr]    --> tests/command/e11_subcommand_not_implemented.rs:4:10
[INFO] [stderr]     |
[INFO] [stderr] 4   | #[derive(Command)]
[INFO] [stderr]     |          ^^^^^^^ the trait `ApplicationCommandInteractionHandler` is not implemented for `BadCommand`
[INFO] [stderr]     |
[INFO] [stderr] note: required by a bound in `slashies::Command`
[INFO] [stderr]    --> $WORKSPACE/slashies/src/lib.rs
[INFO] [stderr]     |
[INFO] [stderr]     | pub trait Command: ApplicationCommandInteractionHandler + Sized {
[INFO] [stderr]     |                    ^^^^^^^^^^^^^^^^^^^^^^^^^^^^^^^^^^^^ required by this bound in `slashies::Command`
[INFO] [stderr]     = note: this error originates in the derive macro `Command` (in Nightly builds, run with -Z macro-backtrace for more info)
[INFO] [stderr] ┈┈┈┈┈┈┈┈┈┈┈┈┈┈┈┈┈┈┈┈┈┈┈┈┈┈┈┈┈┈┈┈┈┈┈┈┈┈┈┈┈┈┈┈┈┈┈┈┈┈┈┈┈┈┈┈┈┈┈┈
[INFO] [stderr] 
[INFO] [stderr] ACTUAL OUTPUT:
[INFO] [stderr] ┈┈┈┈┈┈┈┈┈┈┈┈┈┈┈┈┈┈┈┈┈┈┈┈┈┈┈┈┈┈┈┈┈┈┈┈┈┈┈┈┈┈┈┈┈┈┈┈┈┈┈┈┈┈┈┈┈┈┈┈
[INFO] [stderr] error[E0277]: the trait bound `BadCommand: ApplicationCommandInteractionHandler` is not satisfied
[INFO] [stderr]  --> tests/command/e11_subcommand_not_implemented.rs:6:6
[INFO] [stderr]   |
[INFO] [stderr] 6 | enum BadCommand {
[INFO] [stderr]   |      ^^^^^^^^^^ the trait `ApplicationCommandInteractionHandler` is not implemented for `BadCommand`
[INFO] [stderr]   |
[INFO] [stderr] note: required by a bound in `slashies::Command`
[INFO] [stderr]  --> $CARGO/slashies-0.1.3/src/lib.rs
[INFO] [stderr]   |
[INFO] [stderr]   | pub trait Command: ApplicationCommandInteractionHandler + Sized {
[INFO] [stderr]   |                    ^^^^^^^^^^^^^^^^^^^^^^^^^^^^^^^^^^^^ required by this bound in `Command`
[INFO] [stderr] ┈┈┈┈┈┈┈┈┈┈┈┈┈┈┈┈┈┈┈┈┈┈┈┈┈┈┈┈┈┈┈┈┈┈┈┈┈┈┈┈┈┈┈┈┈┈┈┈┈┈┈┈┈┈┈┈┈┈┈┈
[INFO] [stderr] note: If the actual output is the correct output you can bless it by rerunning
[INFO] [stderr]       your test with the environment variable TRYBUILD=overwrite
[INFO] [stderr] 
[INFO] [stderr] test tests/command/e12_invalid_choices_format.rs ... ok
[INFO] [stderr] test tests/command/e13_invalid_choices_format_2.rs ... ok
[INFO] [stderr] test tests/command/e14_invalid_choices_types.rs ... ok
[INFO] [stderr] test tests/command/e15_invalid_channel_types_format.rs ... ok
[INFO] [stderr] test tests/command/e16_invalid_channel_types_invalid_types.rs ... ok
[INFO] [stderr] test tests/command/e17_invalid_min_format.rs ... ok
[INFO] [stderr] test tests/command/e18_invalid_min_type.rs ... ok
[INFO] [stderr] test tests/command/e19_invalid_max_format.rs ... ok
[INFO] [stderr] test tests/command/e20_invalid_max_type.rs ... ok
[INFO] [stderr] 
[INFO] [stderr] 
[INFO] [stdout] test command::test::examples_fail_with_correct_error ... FAILED
[INFO] [stderr]     Checking slashies-macros-tests v0.0.0 (/opt/rustwide/target/tests/trybuild/slashies-macros)
[INFO] [stderr]     Finished dev [unoptimized + debuginfo] target(s) in 0.25s
[INFO] [stderr] 
[INFO] [stderr] 
[INFO] [stderr] test tests/commands/e01_not_an_enum.rs ... ok
[INFO] [stderr] test tests/commands/e02_bad_enum_structure.rs ... ok
[INFO] [stdout] test commands::test::examples_fail_with_correct_error ... FAILED
[INFO] [stderr] test tests/commands/e03_command_not_implemented.rs ... mismatch
[INFO] [stdout] 
[INFO] [stderr] 
[INFO] [stdout] failures:
[INFO] [stderr] EXPECTED:
[INFO] [stdout] 
[INFO] [stderr] ┈┈┈┈┈┈┈┈┈┈┈┈┈┈┈┈┈┈┈┈┈┈┈┈┈┈┈┈┈┈┈┈┈┈┈┈┈┈┈┈┈┈┈┈┈┈┈┈┈┈┈┈┈┈┈┈┈┈┈┈
[INFO] [stdout] ---- command::test::examples_fail_with_correct_error stdout ----
[INFO] [stderr] error[E0706]: functions in traits cannot be declared `async`
[INFO] [stdout] thread 'command::test::examples_fail_with_correct_error' panicked at /opt/rustwide/cargo-home/registry/src/index.crates.io-6f17d22bba15001f/trybuild-1.0.87/src/run.rs:101:13:
[INFO] [stderr]  --> tests/commands/e03_command_not_implemented.rs:3:10
[INFO] [stdout] 5 of 20 tests failed
[INFO] [stderr]   |
[INFO] [stdout] stack backtrace:
[INFO] [stderr] 3 | #[derive(Commands)]
[INFO] [stdout]    0:     0x7f71889dd6f6 - std::backtrace_rs::backtrace::libunwind::trace::h261606ad26a499c1
[INFO] [stderr]   |          ^^^^^^^^ `async` because of this
[INFO] [stdout]                                at /rustc/0e09125c6c3c2fd70d7de961bcf0e51575235fad/library/std/src/../../backtrace/src/backtrace/libunwind.rs:104:5
[INFO] [stderr]   |
[INFO] [stdout]    1:     0x7f71889dd6f6 - std::backtrace_rs::backtrace::trace_unsynchronized::hd183f0625477fb28
[INFO] [stderr]   = note: `async` trait functions are not currently supported
[INFO] [stdout]                                at /rustc/0e09125c6c3c2fd70d7de961bcf0e51575235fad/library/std/src/../../backtrace/src/backtrace/mod.rs:66:5
[INFO] [stderr]   = note: consider using the `async-trait` crate: https://crates.io/crates/async-trait
[INFO] [stdout]    2:     0x7f71889dd6f6 - std::sys_common::backtrace::_print_fmt::hd7f8fef21b4eda67
[INFO] [stderr]   = note: this error originates in the derive macro `Commands` (in Nightly builds, run with -Z macro-backtrace for more info)
[INFO] [stdout]                                at /rustc/0e09125c6c3c2fd70d7de961bcf0e51575235fad/library/std/src/sys_common/backtrace.rs:68:5
[INFO] [stderr] 
[INFO] [stdout]    3:     0x7f71889dd6f6 - <std::sys_common::backtrace::_print::DisplayBacktrace as core::fmt::Display>::fmt::h623d9b51f2f453f1
[INFO] [stderr] error: cannot find attribute `async_trait` in this scope
[INFO] [stdout]                                at /rustc/0e09125c6c3c2fd70d7de961bcf0e51575235fad/library/std/src/sys_common/backtrace.rs:44:22
[INFO] [stderr]  --> tests/commands/e03_command_not_implemented.rs:3:10
[INFO] [stdout]    4:     0x7f7188a2ff40 - core::fmt::rt::Argument::fmt::h9f417ac76a86f368
[INFO] [stderr]   |
[INFO] [stdout]                                at /rustc/0e09125c6c3c2fd70d7de961bcf0e51575235fad/library/core/src/fmt/rt.rs:142:9
[INFO] [stderr] 3 | #[derive(Commands)]
[INFO] [stdout]    5:     0x7f7188a2ff40 - core::fmt::write::hc9b6faf4ac2aeff7
[INFO] [stderr]   |          ^^^^^^^^
[INFO] [stdout]                                at /rustc/0e09125c6c3c2fd70d7de961bcf0e51575235fad/library/core/src/fmt/mod.rs:1120:17
[INFO] [stderr]   |
[INFO] [stdout]    6:     0x7f71889d14af - std::io::Write::write_fmt::he04625a3a989fec3
[INFO] [stderr]   = note: consider importing this attribute macro:
[INFO] [stdout]                                at /rustc/0e09125c6c3c2fd70d7de961bcf0e51575235fad/library/std/src/io/mod.rs:1810:15
[INFO] [stderr]           serenity::async_trait
[INFO] [stdout]    7:     0x7f71889dd4d4 - std::sys_common::backtrace::_print::hd5d66399c7df88a2
[INFO] [stderr]   = note: this error originates in the derive macro `Commands` (in Nightly builds, run with -Z macro-backtrace for more info)
[INFO] [stdout]                                at /rustc/0e09125c6c3c2fd70d7de961bcf0e51575235fad/library/std/src/sys_common/backtrace.rs:47:5
[INFO] [stderr] 
[INFO] [stdout]    8:     0x7f71889dd4d4 - std::sys_common::backtrace::print::he81ed2da642d37e5
[INFO] [stderr] error[E0412]: cannot find type `Context` in this scope
[INFO] [stdout]                                at /rustc/0e09125c6c3c2fd70d7de961bcf0e51575235fad/library/std/src/sys_common/backtrace.rs:34:9
[INFO] [stderr]  --> tests/commands/e03_command_not_implemented.rs:3:10
[INFO] [stdout]    9:     0x7f71889e0267 - std::panicking::default_hook::{{closure}}::h85773f4fa117163d
[INFO] [stderr]   |
[INFO] [stdout]   10:     0x7f71889dff4d - std::panicking::default_hook::h6a1694a91d09b278
[INFO] [stderr] 3 | #[derive(Commands)]
[INFO] [stdout]                                at /rustc/0e09125c6c3c2fd70d7de961bcf0e51575235fad/library/std/src/panicking.rs:289:9
[INFO] [stderr]   |          ^^^^^^^^ not found in this scope
[INFO] [stdout]   11:     0x7f7188aaccc7 - <alloc::boxed::Box<F,A> as core::ops::function::Fn<Args>>::call::h616ac37fa3cd6c8f
[INFO] [stderr]   |
[INFO] [stdout]                                at /rustc/0e09125c6c3c2fd70d7de961bcf0e51575235fad/library/alloc/src/boxed.rs:2029:9
[INFO] [stderr]   = note: this error originates in the derive macro `Commands` (in Nightly builds, run with -Z macro-backtrace for more info)
[INFO] [stdout]   12:     0x7f7188aaccc7 - test::test_main::{{closure}}::h00d84697cefdcbb6
[INFO] [stderr] help: consider importing one of these items
[INFO] [stdout]                                at /rustc/0e09125c6c3c2fd70d7de961bcf0e51575235fad/library/test/src/lib.rs:138:21
[INFO] [stderr]   |
[INFO] [stdout]   13:     0x7f71889e09b6 - <alloc::boxed::Box<F,A> as core::ops::function::Fn<Args>>::call::hcb3fe3b9bb537ba8
[INFO] [stderr] 1 | use core::task::Context;
[INFO] [stdout]                                at /rustc/0e09125c6c3c2fd70d7de961bcf0e51575235fad/library/alloc/src/boxed.rs:2029:9
[INFO] [stderr]   |
[INFO] [stdout]   14:     0x7f71889e09b6 - std::panicking::rust_panic_with_hook::h0a7ad96e90f7145b
[INFO] [stderr] 1 | use serenity::client::Context;
[INFO] [stdout]                                at /rustc/0e09125c6c3c2fd70d7de961bcf0e51575235fad/library/std/src/panicking.rs:783:13
[INFO] [stderr]   |
[INFO] [stdout]   15:     0x7f71889e0702 - std::panicking::begin_panic_handler::{{closure}}::h7919090525c6485e
[INFO] [stderr] 1 | use std::task::Context;
[INFO] [stdout]                                at /rustc/0e09125c6c3c2fd70d7de961bcf0e51575235fad/library/std/src/panicking.rs:657:13
[INFO] [stderr]   |
[INFO] [stdout]   16:     0x7f71889ddbf6 - std::sys_common::backtrace::__rust_end_short_backtrace::hf3289479464f7dfe
[INFO] [stderr] 
[INFO] [stdout]                                at /rustc/0e09125c6c3c2fd70d7de961bcf0e51575235fad/library/std/src/sys_common/backtrace.rs:171:18
[INFO] [stderr] error[E0412]: cannot find type `ApplicationCommandInteraction` in this scope
[INFO] [stdout]   17:     0x7f71889e0460 - rust_begin_unwind
[INFO] [stderr]  --> tests/commands/e03_command_not_implemented.rs:3:10
[INFO] [stdout]                                at /rustc/0e09125c6c3c2fd70d7de961bcf0e51575235fad/library/std/src/panicking.rs:645:5
[INFO] [stderr]   |
[INFO] [stdout]   18:     0x7f7188a2c645 - core::panicking::panic_fmt::hcc9f77c5c132af55
[INFO] [stderr] 3 | #[derive(Commands)]
[INFO] [stdout]                                at /rustc/0e09125c6c3c2fd70d7de961bcf0e51575235fad/library/core/src/panicking.rs:72:14
[INFO] [stderr]   |          ^^^^^^^^ not found in this scope
[INFO] [stdout]   19:     0x5619f924cfa5 - trybuild::run::<impl trybuild::Runner>::run::h255606decf3e3d32
[INFO] [stderr]   |
[INFO] [stdout]   20:     0x5619f92524b5 - <trybuild::TestCases as core::ops::drop::Drop>::drop::h79815f1aa184a37b
[INFO] [stderr]   = note: this error originates in the derive macro `Commands` (in Nightly builds, run with -Z macro-backtrace for more info)
[INFO] [stdout]   21:     0x5619f91f4447 - core::ptr::drop_in_place<trybuild::TestCases>::h0c9d20ec65947a16
[INFO] [stderr] help: consider importing this struct
[INFO] [stdout]                                at /rustc/0e09125c6c3c2fd70d7de961bcf0e51575235fad/library/core/src/ptr/mod.rs:507:1
[INFO] [stderr]   |
[INFO] [stdout]   22:     0x5619f91f53e3 - slashies_macros::command::test::examples_fail_with_correct_error::h7b112fc56f49e6cc
[INFO] [stderr] 1 | use serenity::model::prelude::application_command::ApplicationCommandInteraction;
[INFO] [stdout]                                at /opt/rustwide/workdir/src/command.rs:156:5
[INFO] [stderr]   |
[INFO] [stdout]   23:     0x5619f91f5377 - slashies_macros::command::test::examples_fail_with_correct_error::{{closure}}::h55bbe6260a796eb5
[INFO] [stderr] 
[INFO] [stdout]                                at /opt/rustwide/workdir/src/command.rs:153:42
[INFO] [stderr] error[E0412]: cannot find type `InvocationError` in this scope
[INFO] [stdout]   24:     0x5619f91f43f6 - core::ops::function::FnOnce::call_once::h743baa98714165a4
[INFO] [stderr]  --> tests/commands/e03_command_not_implemented.rs:3:10
[INFO] [stdout]                                at /rustc/0e09125c6c3c2fd70d7de961bcf0e51575235fad/library/core/src/ops/function.rs:250:5
[INFO] [stderr]   |
[INFO] [stdout]   25:     0x7f7188ab2eff - core::ops::function::FnOnce::call_once::hd64d26f405258157
[INFO] [stderr] 3 | #[derive(Commands)]
[INFO] [stdout]                                at /rustc/0e09125c6c3c2fd70d7de961bcf0e51575235fad/library/core/src/ops/function.rs:250:5
[INFO] [stderr]   |          ^^^^^^^^ not found in this scope
[INFO] [stdout]   26:     0x7f7188ab2eff - test::__rust_begin_short_backtrace::he21b0b7a6d731bf9
[INFO] [stderr]   |
[INFO] [stdout]                                at /rustc/0e09125c6c3c2fd70d7de961bcf0e51575235fad/library/test/src/lib.rs:627:18
[INFO] [stderr]   = note: this error originates in the derive macro `Commands` (in Nightly builds, run with -Z macro-backtrace for more info)
[INFO] [stdout]   27:     0x7f7188ab1c81 - test::run_test_in_process::{{closure}}::hf5c73986d7bdfde2
[INFO] [stderr] help: consider importing this struct
[INFO] [stdout]                                at /rustc/0e09125c6c3c2fd70d7de961bcf0e51575235fad/library/test/src/lib.rs:650:60
[INFO] [stderr]   |
[INFO] [stdout]   28:     0x7f7188ab1c81 - <core::panic::unwind_safe::AssertUnwindSafe<F> as core::ops::function::FnOnce<()>>::call_once::h330011ad032aadc0
[INFO] [stderr] 1 | use slashies::InvocationError;
[INFO] [stdout]                                at /rustc/0e09125c6c3c2fd70d7de961bcf0e51575235fad/library/core/src/panic/unwind_safe.rs:272:9
[INFO] [stderr]   |
[INFO] [stdout]   29:     0x7f7188ab1c81 - std::panicking::try::do_call::he61b0a958b795a41
[INFO] [stderr] 
[INFO] [stdout]                                at /rustc/0e09125c6c3c2fd70d7de961bcf0e51575235fad/library/std/src/panicking.rs:552:40
[INFO] [stderr] error[E0195]: lifetime parameters or bounds on method `invoke` do not match the trait declaration
[INFO] [stdout]   30:     0x7f7188ab1c81 - std::panicking::try::h7309da130f906eb7
[INFO] [stderr]  --> tests/commands/e03_command_not_implemented.rs:3:18
[INFO] [stdout]                                at /rustc/0e09125c6c3c2fd70d7de961bcf0e51575235fad/library/std/src/panicking.rs:516:19
[INFO] [stderr]   |
[INFO] [stdout]   31:     0x7f7188ab1c81 - std::panic::catch_unwind::hc5c3a06fdaf0a92a
[INFO] [stderr] 3 | #[derive(Commands)]
[INFO] [stdout]                                at /rustc/0e09125c6c3c2fd70d7de961bcf0e51575235fad/library/std/src/panic.rs:142:14
[INFO] [stderr]   |                  ^ lifetimes do not match method in trait
[INFO] [stdout]   32:     0x7f7188ab1c81 - test::run_test_in_process::h7e7b7c71c3324e0f
[INFO] [stderr]   |
[INFO] [stdout]                                at /rustc/0e09125c6c3c2fd70d7de961bcf0e51575235fad/library/test/src/lib.rs:650:27
[INFO] [stderr]   = note: this error originates in the derive macro `Commands` (in Nightly builds, run with -Z macro-backtrace for more info)
[INFO] [stdout]   33:     0x7f7188ab1c81 - test::run_test::{{closure}}::h1f509f28f5cf20b1
[INFO] [stderr] 
[INFO] [stdout]                                at /rustc/0e09125c6c3c2fd70d7de961bcf0e51575235fad/library/test/src/lib.rs:573:43
[INFO] [stderr] error[E0599]: no method named `invoke` found for reference `&u64` in the current scope
[INFO] [stdout]   34:     0x7f7188a74a66 - test::run_test::{{closure}}::h1754218abf443f6d
[INFO] [stderr]  --> tests/commands/e03_command_not_implemented.rs:3:10
[INFO] [stdout]                                at /rustc/0e09125c6c3c2fd70d7de961bcf0e51575235fad/library/test/src/lib.rs:601:41
[INFO] [stderr]   |
[INFO] [stdout]   35:     0x7f7188a74a66 - std::sys_common::backtrace::__rust_begin_short_backtrace::h2ee174b9d5954948
[INFO] [stderr] 3 | #[derive(Commands)]
[INFO] [stdout]                                at /rustc/0e09125c6c3c2fd70d7de961bcf0e51575235fad/library/std/src/sys_common/backtrace.rs:155:18
[INFO] [stderr]   |          ^^^^^^^^ method not found in `&u64`
[INFO] [stdout]   36:     0x7f7188a79ac7 - std::thread::Builder::spawn_unchecked_::{{closure}}::{{closure}}::hf60bee9c1a17ef09
[INFO] [stderr]   |
[INFO] [stdout]                                at /rustc/0e09125c6c3c2fd70d7de961bcf0e51575235fad/library/std/src/thread/mod.rs:529:17
[INFO] [stderr]   = note: this error originates in the derive macro `Commands` (in Nightly builds, run with -Z macro-backtrace for more info)
[INFO] [stdout]   37:     0x7f7188a79ac7 - <core::panic::unwind_safe::AssertUnwindSafe<F> as core::ops::function::FnOnce<()>>::call_once::h33d0dddec5216160
[INFO] [stderr] 
[INFO] [stdout]                                at /rustc/0e09125c6c3c2fd70d7de961bcf0e51575235fad/library/core/src/panic/unwind_safe.rs:272:9
[INFO] [stderr] error[E0277]: the trait bound `u64: slashies::Command` is not satisfied
[INFO] [stdout]   38:     0x7f7188a79ac7 - std::panicking::try::do_call::h144b3048b546f835
[INFO] [stderr]  --> tests/commands/e03_command_not_implemented.rs:3:10
[INFO] [stdout]                                at /rustc/0e09125c6c3c2fd70d7de961bcf0e51575235fad/library/std/src/panicking.rs:552:40
[INFO] [stderr]   |
[INFO] [stdout]   39:     0x7f7188a79ac7 - std::panicking::try::h978244d04646189f
[INFO] [stderr] 3 | #[derive(Commands)]
[INFO] [stdout]                                at /rustc/0e09125c6c3c2fd70d7de961bcf0e51575235fad/library/std/src/panicking.rs:516:19
[INFO] [stderr]   |          ^^^^^^^^ the trait `slashies::Command` is not implemented for `u64`
[INFO] [stdout]   40:     0x7f7188a79ac7 - std::panic::catch_unwind::hdf436369d188fe86
[INFO] [stderr]   |
[INFO] [stdout]                                at /rustc/0e09125c6c3c2fd70d7de961bcf0e51575235fad/library/std/src/panic.rs:142:14
[INFO] [stderr]   = note: this error originates in the derive macro `Commands` (in Nightly builds, run with -Z macro-backtrace for more info)
[INFO] [stdout]   41:     0x7f7188a79ac7 - std::thread::Builder::spawn_unchecked_::{{closure}}::h87329cbdd33c79ec
[INFO] [stderr] ┈┈┈┈┈┈┈┈┈┈┈┈┈┈┈┈┈┈┈┈┈┈┈┈┈┈┈┈┈┈┈┈┈┈┈┈┈┈┈┈┈┈┈┈┈┈┈┈┈┈┈┈┈┈┈┈┈┈┈┈
[INFO] [stdout]                                at /rustc/0e09125c6c3c2fd70d7de961bcf0e51575235fad/library/std/src/thread/mod.rs:528:30
[INFO] [stderr] 
[INFO] [stdout]   42:     0x7f7188a79ac7 - core::ops::function::FnOnce::call_once{{vtable.shim}}::h401abbe67897d450
[INFO] [stderr] ACTUAL OUTPUT:
[INFO] [stdout]                                at /rustc/0e09125c6c3c2fd70d7de961bcf0e51575235fad/library/core/src/ops/function.rs:250:5
[INFO] [stderr] ┈┈┈┈┈┈┈┈┈┈┈┈┈┈┈┈┈┈┈┈┈┈┈┈┈┈┈┈┈┈┈┈┈┈┈┈┈┈┈┈┈┈┈┈┈┈┈┈┈┈┈┈┈┈┈┈┈┈┈┈
[INFO] [stdout]   43:     0x7f71889ea8e5 - <alloc::boxed::Box<F,A> as core::ops::function::FnOnce<Args>>::call_once::h5d7c8f150ab9c84c
[INFO] [stderr] error[E0277]: the trait bound `u64: slashies::Command` is not satisfied
[INFO] [stdout]                                at /rustc/0e09125c6c3c2fd70d7de961bcf0e51575235fad/library/alloc/src/boxed.rs:2015:9
[INFO] [stderr]  --> tests/commands/e03_command_not_implemented.rs:5:17
[INFO] [stdout]   44:     0x7f71889ea8e5 - <alloc::boxed::Box<F,A> as core::ops::function::FnOnce<Args>>::call_once::h570d5b005c242c15
[INFO] [stderr]   |
[INFO] [stdout]                                at /rustc/0e09125c6c3c2fd70d7de961bcf0e51575235fad/library/alloc/src/boxed.rs:2015:9
[INFO] [stderr] 5 |     DoSomething(u64),
[INFO] [stdout]   45:     0x7f71889ea8e5 - std::sys::unix::thread::Thread::new::thread_start::h36b0a20c0b2361ad
[INFO] [stderr]   |                 ^^^ the trait `slashies::Command` is not implemented for `u64`
[INFO] [stdout]                                at /rustc/0e09125c6c3c2fd70d7de961bcf0e51575235fad/library/std/src/sys/unix/thread.rs:108:17
[INFO] [stderr] 
[INFO] [stdout]   46:     0x7f718866dac3 - <unknown>
[INFO] [stderr] error[E0599]: no method named `invoke` found for reference `&u64` in the current scope
[INFO] [stdout]   47:     0x7f71886febf4 - __clone
[INFO] [stderr]  --> tests/commands/e03_command_not_implemented.rs:3:10
[INFO] [stdout]   48:                0x0 - <unknown>
[INFO] [stderr]   |
[INFO] [stdout] 
[INFO] [stderr] 3 | #[derive(Commands)]
[INFO] [stdout] ---- commands::test::examples_fail_with_correct_error stdout ----
[INFO] [stderr]   |          ^^^^^^^^ method not found in `&u64`
[INFO] [stdout] thread 'commands::test::examples_fail_with_correct_error' panicked at /opt/rustwide/cargo-home/registry/src/index.crates.io-6f17d22bba15001f/trybuild-1.0.87/src/run.rs:101:13:
[INFO] [stderr]   |
[INFO] [stdout] 1 of 3 tests failed
[INFO] [stderr]   = note: this error originates in the derive macro `Commands` (in Nightly builds, run with -Z macro-backtrace for more info)
[INFO] [stdout] stack backtrace:
[INFO] [stderr] ┈┈┈┈┈┈┈┈┈┈┈┈┈┈┈┈┈┈┈┈┈┈┈┈┈┈┈┈┈┈┈┈┈┈┈┈┈┈┈┈┈┈┈┈┈┈┈┈┈┈┈┈┈┈┈┈┈┈┈┈
[INFO] [stdout]    0:     0x7f71889dd6f6 - std::backtrace_rs::backtrace::libunwind::trace::h261606ad26a499c1
[INFO] [stderr] note: If the actual output is the correct output you can bless it by rerunning
[INFO] [stdout]                                at /rustc/0e09125c6c3c2fd70d7de961bcf0e51575235fad/library/std/src/../../backtrace/src/backtrace/libunwind.rs:104:5
[INFO] [stderr]       your test with the environment variable TRYBUILD=overwrite
[INFO] [stdout]    1:     0x7f71889dd6f6 - std::backtrace_rs::backtrace::trace_unsynchronized::hd183f0625477fb28
[INFO] [stderr] 
[INFO] [stdout]                                at /rustc/0e09125c6c3c2fd70d7de961bcf0e51575235fad/library/std/src/../../backtrace/src/backtrace/mod.rs:66:5
[INFO] [stderr] 
[INFO] [stdout]    2:     0x7f71889dd6f6 - std::sys_common::backtrace::_print_fmt::hd7f8fef21b4eda67
[INFO] [stderr] 
[INFO] [stdout]                                at /rustc/0e09125c6c3c2fd70d7de961bcf0e51575235fad/library/std/src/sys_common/backtrace.rs:68:5
[INFO] [stdout]    3:     0x7f71889dd6f6 - <std::sys_common::backtrace::_print::DisplayBacktrace as core::fmt::Display>::fmt::h623d9b51f2f453f1
[INFO] [stdout]                                at /rustc/0e09125c6c3c2fd70d7de961bcf0e51575235fad/library/std/src/sys_common/backtrace.rs:44:22
[INFO] [stdout]    4:     0x7f7188a2ff40 - core::fmt::rt::Argument::fmt::h9f417ac76a86f368
[INFO] [stdout]                                at /rustc/0e09125c6c3c2fd70d7de961bcf0e51575235fad/library/core/src/fmt/rt.rs:142:9
[INFO] [stdout]    5:     0x7f7188a2ff40 - core::fmt::write::hc9b6faf4ac2aeff7
[INFO] [stdout]                                at /rustc/0e09125c6c3c2fd70d7de961bcf0e51575235fad/library/core/src/fmt/mod.rs:1120:17
[INFO] [stdout]    6:     0x7f71889d14af - std::io::Write::write_fmt::he04625a3a989fec3
[INFO] [stdout]                                at /rustc/0e09125c6c3c2fd70d7de961bcf0e51575235fad/library/std/src/io/mod.rs:1810:15
[INFO] [stdout]    7:     0x7f71889dd4d4 - std::sys_common::backtrace::_print::hd5d66399c7df88a2
[INFO] [stdout]                                at /rustc/0e09125c6c3c2fd70d7de961bcf0e51575235fad/library/std/src/sys_common/backtrace.rs:47:5
[INFO] [stdout]    8:     0x7f71889dd4d4 - std::sys_common::backtrace::print::he81ed2da642d37e5
[INFO] [stdout]                                at /rustc/0e09125c6c3c2fd70d7de961bcf0e51575235fad/library/std/src/sys_common/backtrace.rs:34:9
[INFO] [stdout]    9:     0x7f71889e0267 - std::panicking::default_hook::{{closure}}::h85773f4fa117163d
[INFO] [stdout]   10:     0x7f71889dff4d - std::panicking::default_hook::h6a1694a91d09b278
[INFO] [stdout]                                at /rustc/0e09125c6c3c2fd70d7de961bcf0e51575235fad/library/std/src/panicking.rs:289:9
[INFO] [stdout]   11:     0x7f7188aaccc7 - <alloc::boxed::Box<F,A> as core::ops::function::Fn<Args>>::call::h616ac37fa3cd6c8f
[INFO] [stdout]                                at /rustc/0e09125c6c3c2fd70d7de961bcf0e51575235fad/library/alloc/src/boxed.rs:2029:9
[INFO] [stdout]   12:     0x7f7188aaccc7 - test::test_main::{{closure}}::h00d84697cefdcbb6
[INFO] [stdout]                                at /rustc/0e09125c6c3c2fd70d7de961bcf0e51575235fad/library/test/src/lib.rs:138:21
[INFO] [stdout]   13:     0x7f71889e09b6 - <alloc::boxed::Box<F,A> as core::ops::function::Fn<Args>>::call::hcb3fe3b9bb537ba8
[INFO] [stdout]                                at /rustc/0e09125c6c3c2fd70d7de961bcf0e51575235fad/library/alloc/src/boxed.rs:2029:9
[INFO] [stdout]   14:     0x7f71889e09b6 - std::panicking::rust_panic_with_hook::h0a7ad96e90f7145b
[INFO] [stdout]                                at /rustc/0e09125c6c3c2fd70d7de961bcf0e51575235fad/library/std/src/panicking.rs:783:13
[INFO] [stdout]   15:     0x7f71889e0702 - std::panicking::begin_panic_handler::{{closure}}::h7919090525c6485e
[INFO] [stdout]                                at /rustc/0e09125c6c3c2fd70d7de961bcf0e51575235fad/library/std/src/panicking.rs:657:13
[INFO] [stdout]   16:     0x7f71889ddbf6 - std::sys_common::backtrace::__rust_end_short_backtrace::hf3289479464f7dfe
[INFO] [stdout]                                at /rustc/0e09125c6c3c2fd70d7de961bcf0e51575235fad/library/std/src/sys_common/backtrace.rs:171:18
[INFO] [stdout]   17:     0x7f71889e0460 - rust_begin_unwind
[INFO] [stdout]                                at /rustc/0e09125c6c3c2fd70d7de961bcf0e51575235fad/library/std/src/panicking.rs:645:5
[INFO] [stdout]   18:     0x7f7188a2c645 - core::panicking::panic_fmt::hcc9f77c5c132af55
[INFO] [stdout]                                at /rustc/0e09125c6c3c2fd70d7de961bcf0e51575235fad/library/core/src/panicking.rs:72:14
[INFO] [stdout]   19:     0x5619f924cfa5 - trybuild::run::<impl trybuild::Runner>::run::h255606decf3e3d32
[INFO] [stdout]   20:     0x5619f92524b5 - <trybuild::TestCases as core::ops::drop::Drop>::drop::h79815f1aa184a37b
[INFO] [stdout]   21:     0x5619f91f4447 - core::ptr::drop_in_place<trybuild::TestCases>::h0c9d20ec65947a16
[INFO] [stdout]                                at /rustc/0e09125c6c3c2fd70d7de961bcf0e51575235fad/library/core/src/ptr/mod.rs:507:1
[INFO] [stdout]   22:     0x5619f91f5483 - slashies_macros::commands::test::examples_fail_with_correct_error::hee179232133694a3
[INFO] [stdout]                                at /opt/rustwide/workdir/src/commands.rs:41:5
[INFO] [stdout]   23:     0x5619f91f5417 - slashies_macros::commands::test::examples_fail_with_correct_error::{{closure}}::h61993026fd355d06
[INFO] [stdout]                                at /opt/rustwide/workdir/src/commands.rs:38:42
[INFO] [stdout]   24:     0x5619f91f43b6 - core::ops::function::FnOnce::call_once::h5cfa03c429d5ae61
[INFO] [stdout]                                at /rustc/0e09125c6c3c2fd70d7de961bcf0e51575235fad/library/core/src/ops/function.rs:250:5
[INFO] [stdout]   25:     0x7f7188ab2eff - core::ops::function::FnOnce::call_once::hd64d26f405258157
[INFO] [stdout]                                at /rustc/0e09125c6c3c2fd70d7de961bcf0e51575235fad/library/core/src/ops/function.rs:250:5
[INFO] [stdout]   26:     0x7f7188ab2eff - test::__rust_begin_short_backtrace::he21b0b7a6d731bf9
[INFO] [stdout]                                at /rustc/0e09125c6c3c2fd70d7de961bcf0e51575235fad/library/test/src/lib.rs:627:18
[INFO] [stdout]   27:     0x7f7188ab1c81 - test::run_test_in_process::{{closure}}::hf5c73986d7bdfde2
[INFO] [stdout]                                at /rustc/0e09125c6c3c2fd70d7de961bcf0e51575235fad/library/test/src/lib.rs:650:60
[INFO] [stdout]   28:     0x7f7188ab1c81 - <core::panic::unwind_safe::AssertUnwindSafe<F> as core::ops::function::FnOnce<()>>::call_once::h330011ad032aadc0
[INFO] [stdout]                                at /rustc/0e09125c6c3c2fd70d7de961bcf0e51575235fad/library/core/src/panic/unwind_safe.rs:272:9
[INFO] [stdout]   29:     0x7f7188ab1c81 - std::panicking::try::do_call::he61b0a958b795a41
[INFO] [stdout]                                at /rustc/0e09125c6c3c2fd70d7de961bcf0e51575235fad/library/std/src/panicking.rs:552:40
[INFO] [stdout]   30:     0x7f7188ab1c81 - std::panicking::try::h7309da130f906eb7
[INFO] [stdout]                                at /rustc/0e09125c6c3c2fd70d7de961bcf0e51575235fad/library/std/src/panicking.rs:516:19
[INFO] [stdout]   31:     0x7f7188ab1c81 - std::panic::catch_unwind::hc5c3a06fdaf0a92a
[INFO] [stdout]                                at /rustc/0e09125c6c3c2fd70d7de961bcf0e51575235fad/library/std/src/panic.rs:142:14
[INFO] [stdout]   32:     0x7f7188ab1c81 - test::run_test_in_process::h7e7b7c71c3324e0f
[INFO] [stdout]                                at /rustc/0e09125c6c3c2fd70d7de961bcf0e51575235fad/library/test/src/lib.rs:650:27
[INFO] [stdout]   33:     0x7f7188ab1c81 - test::run_test::{{closure}}::h1f509f28f5cf20b1
[INFO] [stdout]                                at /rustc/0e09125c6c3c2fd70d7de961bcf0e51575235fad/library/test/src/lib.rs:573:43
[INFO] [stdout]   34:     0x7f7188a74a66 - test::run_test::{{closure}}::h1754218abf443f6d
[INFO] [stdout]                                at /rustc/0e09125c6c3c2fd70d7de961bcf0e51575235fad/library/test/src/lib.rs:601:41
[INFO] [stdout]   35:     0x7f7188a74a66 - std::sys_common::backtrace::__rust_begin_short_backtrace::h2ee174b9d5954948
[INFO] [stdout]                                at /rustc/0e09125c6c3c2fd70d7de961bcf0e51575235fad/library/std/src/sys_common/backtrace.rs:155:18
[INFO] [stdout]   36:     0x7f7188a79ac7 - std::thread::Builder::spawn_unchecked_::{{closure}}::{{closure}}::hf60bee9c1a17ef09
[INFO] [stdout]                                at /rustc/0e09125c6c3c2fd70d7de961bcf0e51575235fad/library/std/src/thread/mod.rs:529:17
[INFO] [stdout]   37:     0x7f7188a79ac7 - <core::panic::unwind_safe::AssertUnwindSafe<F> as core::ops::function::FnOnce<()>>::call_once::h33d0dddec5216160
[INFO] [stdout]                                at /rustc/0e09125c6c3c2fd70d7de961bcf0e51575235fad/library/core/src/panic/unwind_safe.rs:272:9
[INFO] [stdout]   38:     0x7f7188a79ac7 - std::panicking::try::do_call::h144b3048b546f835
[INFO] [stdout]                                at /rustc/0e09125c6c3c2fd70d7de961bcf0e51575235fad/library/std/src/panicking.rs:552:40
[INFO] [stdout]   39:     0x7f7188a79ac7 - std::panicking::try::h978244d04646189f
[INFO] [stdout]                                at /rustc/0e09125c6c3c2fd70d7de961bcf0e51575235fad/library/std/src/panicking.rs:516:19
[INFO] [stdout]   40:     0x7f7188a79ac7 - std::panic::catch_unwind::hdf436369d188fe86
[INFO] [stdout]                                at /rustc/0e09125c6c3c2fd70d7de961bcf0e51575235fad/library/std/src/panic.rs:142:14
[INFO] [stdout]   41:     0x7f7188a79ac7 - std::thread::Builder::spawn_unchecked_::{{closure}}::h87329cbdd33c79ec
[INFO] [stdout]                                at /rustc/0e09125c6c3c2fd70d7de961bcf0e51575235fad/library/std/src/thread/mod.rs:528:30
[INFO] [stdout]   42:     0x7f7188a79ac7 - core::ops::function::FnOnce::call_once{{vtable.shim}}::h401abbe67897d450
[INFO] [stdout]                                at /rustc/0e09125c6c3c2fd70d7de961bcf0e51575235fad/library/core/src/ops/function.rs:250:5
[INFO] [stdout]   43:     0x7f71889ea8e5 - <alloc::boxed::Box<F,A> as core::ops::function::FnOnce<Args>>::call_once::h5d7c8f150ab9c84c
[INFO] [stdout]                                at /rustc/0e09125c6c3c2fd70d7de961bcf0e51575235fad/library/alloc/src/boxed.rs:2015:9
[INFO] [stdout]   44:     0x7f71889ea8e5 - <alloc::boxed::Box<F,A> as core::ops::function::FnOnce<Args>>::call_once::h570d5b005c242c15
[INFO] [stdout]                                at /rustc/0e09125c6c3c2fd70d7de961bcf0e51575235fad/library/alloc/src/boxed.rs:2015:9
[INFO] [stdout]   45:     0x7f71889ea8e5 - std::sys::unix::thread::Thread::new::thread_start::h36b0a20c0b2361ad
[INFO] [stdout]                                at /rustc/0e09125c6c3c2fd70d7de961bcf0e51575235fad/library/std/src/sys/unix/thread.rs:108:17
[INFO] [stdout]   46:     0x7f718866dac3 - <unknown>
[INFO] [stdout]   47:     0x7f71886febf4 - __clone
[INFO] [stdout]   48:                0x0 - <unknown>
[INFO] [stdout] 
[INFO] [stdout] 
[INFO] [stdout] failures:
[INFO] [stdout]     command::test::examples_fail_with_correct_error
[INFO] [stdout]     commands::test::examples_fail_with_correct_error
[INFO] [stdout] 
[INFO] [stdout] test result: FAILED. 0 passed; 2 failed; 0 ignored; 0 measured; 0 filtered out; finished in 219.93s
[INFO] [stdout] 
[INFO] [stderr] error: test failed, to rerun pass `--lib`
[INFO] running `Command { std: "docker" "inspect" "20a317a150bc1db0918c14915d39bdbe3eb0620a200d82dfe92cd8f96928087a", kill_on_drop: false }`
[INFO] running `Command { std: "docker" "rm" "-f" "20a317a150bc1db0918c14915d39bdbe3eb0620a200d82dfe92cd8f96928087a", kill_on_drop: false }`
[INFO] [stdout] 20a317a150bc1db0918c14915d39bdbe3eb0620a200d82dfe92cd8f96928087a
