[INFO] fetching crate slang_solidity 0.11.0...
[INFO] testing slang_solidity-0.11.0 against 1.75.0 for beta-1.76-1
[INFO] extracting crate slang_solidity 0.11.0 into /workspace/builds/worker-0-tc1/source
[INFO] validating manifest of crates.io crate slang_solidity 0.11.0 on toolchain 1.75.0
[INFO] running `Command { std: CARGO_HOME="/workspace/cargo-home" RUSTUP_HOME="/workspace/rustup-home" "/workspace/cargo-home/bin/cargo" "+1.75.0" "metadata" "--manifest-path" "Cargo.toml" "--no-deps", kill_on_drop: false }`
[INFO] started tweaking crates.io crate slang_solidity 0.11.0
[INFO] finished tweaking crates.io crate slang_solidity 0.11.0
[INFO] tweaked toml for crates.io crate slang_solidity 0.11.0 written to /workspace/builds/worker-0-tc1/source/Cargo.toml
[INFO] crate crates.io crate slang_solidity 0.11.0 already has a lockfile, it will not be regenerated
[INFO] running `Command { std: CARGO_HOME="/workspace/cargo-home" RUSTUP_HOME="/workspace/rustup-home" "/workspace/cargo-home/bin/cargo" "+1.75.0" "fetch" "--manifest-path" "Cargo.toml", kill_on_drop: false }`
[INFO] running `Command { std: "docker" "create" "-v" "/var/lib/crater-agent-workspace/builds/worker-0-tc1/target:/opt/rustwide/target:rw,Z" "-v" "/var/lib/crater-agent-workspace/builds/worker-0-tc1/source:/opt/rustwide/workdir:ro,Z" "-v" "/var/lib/crater-agent-workspace/cargo-home:/opt/rustwide/cargo-home:ro,Z" "-v" "/var/lib/crater-agent-workspace/rustup-home:/opt/rustwide/rustup-home:ro,Z" "-e" "SOURCE_DIR=/opt/rustwide/workdir" "-e" "CARGO_TARGET_DIR=/opt/rustwide/target" "-e" "CARGO_HOME=/opt/rustwide/cargo-home" "-e" "RUSTUP_HOME=/opt/rustwide/rustup-home" "-w" "/opt/rustwide/workdir" "-m" "1610612736" "--user" "0:0" "--network" "none" "ghcr.io/rust-lang/crates-build-env/linux@sha256:2788e3201cd34a07e3172128adcd8b3090168a8e3bcc40d7c032b9dda1df7d1c" "/opt/rustwide/cargo-home/bin/cargo" "+1.75.0" "metadata" "--no-deps" "--format-version=1", kill_on_drop: false }`
[INFO] [stdout] 3daa197400c33bca2bdbee8874ca684a12ce8b4dd37aece70cdfaf36c29cd5d3
[INFO] running `Command { std: "docker" "start" "-a" "3daa197400c33bca2bdbee8874ca684a12ce8b4dd37aece70cdfaf36c29cd5d3", kill_on_drop: false }`
[INFO] running `Command { std: "docker" "inspect" "3daa197400c33bca2bdbee8874ca684a12ce8b4dd37aece70cdfaf36c29cd5d3", kill_on_drop: false }`
[INFO] running `Command { std: "docker" "rm" "-f" "3daa197400c33bca2bdbee8874ca684a12ce8b4dd37aece70cdfaf36c29cd5d3", kill_on_drop: false }`
[INFO] [stdout] 3daa197400c33bca2bdbee8874ca684a12ce8b4dd37aece70cdfaf36c29cd5d3
[INFO] running `Command { std: "docker" "create" "-v" "/var/lib/crater-agent-workspace/builds/worker-0-tc1/target:/opt/rustwide/target:rw,Z" "-v" "/var/lib/crater-agent-workspace/builds/worker-0-tc1/source:/opt/rustwide/workdir:ro,Z" "-v" "/var/lib/crater-agent-workspace/cargo-home:/opt/rustwide/cargo-home:ro,Z" "-v" "/var/lib/crater-agent-workspace/rustup-home:/opt/rustwide/rustup-home:ro,Z" "-e" "SOURCE_DIR=/opt/rustwide/workdir" "-e" "CARGO_TARGET_DIR=/opt/rustwide/target" "-e" "CARGO_INCREMENTAL=0" "-e" "RUST_BACKTRACE=full" "-e" "RUSTFLAGS=--cap-lints=warn" "-e" "RUSTDOCFLAGS=--cap-lints=warn" "-e" "CARGO_HOME=/opt/rustwide/cargo-home" "-e" "RUSTUP_HOME=/opt/rustwide/rustup-home" "-w" "/opt/rustwide/workdir" "-m" "1610612736" "--user" "0:0" "--network" "none" "ghcr.io/rust-lang/crates-build-env/linux@sha256:2788e3201cd34a07e3172128adcd8b3090168a8e3bcc40d7c032b9dda1df7d1c" "/opt/rustwide/cargo-home/bin/cargo" "+1.75.0" "build" "--frozen" "--message-format=json", kill_on_drop: false }`
[INFO] [stdout] ab59b88ca842bcacb1b12c2acd6df787a221a0c02689c0b25ef0918cfa8f43a8
[INFO] running `Command { std: "docker" "start" "-a" "ab59b88ca842bcacb1b12c2acd6df787a221a0c02689c0b25ef0918cfa8f43a8", kill_on_drop: false }`
[INFO] [stderr]    Compiling proc-macro2 v1.0.66
[INFO] [stderr]    Compiling unicode-ident v1.0.11
[INFO] [stderr]    Compiling libc v0.2.149
[INFO] [stderr]    Compiling rustix v0.38.7
[INFO] [stderr]    Compiling memchr v2.5.0
[INFO] [stderr]    Compiling rustix v0.37.25
[INFO] [stderr]    Compiling linux-raw-sys v0.4.5
[INFO] [stderr]    Compiling serde v1.0.183
[INFO] [stderr]    Compiling syn v1.0.109
[INFO] [stderr]    Compiling rustversion v1.0.14
[INFO] [stderr]    Compiling serde_derive v1.0.183
[INFO] [stderr]    Compiling hashbrown v0.14.0
[INFO] [stderr]    Compiling serde_json v1.0.104
[INFO] [stderr]    Compiling anyhow v1.0.72
[INFO] [stderr]    Compiling equivalent v1.0.1
[INFO] [stderr]    Compiling thiserror v1.0.44
[INFO] [stderr]    Compiling semver v1.0.18
[INFO] [stderr]    Compiling ryu v1.0.15
[INFO] [stderr]    Compiling slang_solidity v0.11.0 (/opt/rustwide/workdir)
[INFO] [stderr]    Compiling itoa v1.0.9
[INFO] [stderr]    Compiling unicode-width v0.1.10
[INFO] [stderr]    Compiling yansi v0.5.1
[INFO] [stderr]    Compiling strum v0.24.1
[INFO] [stderr]    Compiling ariadne v0.2.0
[INFO] [stderr]    Compiling indexmap v2.0.0
[INFO] [stderr]    Compiling object v0.31.1
[INFO] [stderr]    Compiling quote v1.0.32
[INFO] [stderr]    Compiling syn v2.0.29
[INFO] [stderr]    Compiling cc v1.0.82
[INFO] [stderr]    Compiling is-terminal v0.4.9
[INFO] [stderr]    Compiling anstream v0.3.2
[INFO] [stderr]    Compiling io-lifetimes v1.0.11
[INFO] [stderr]    Compiling backtrace v0.3.68
[INFO] [stderr]    Compiling terminal_size v0.2.6
[INFO] [stderr]    Compiling clap_builder v4.3.21
[INFO] [stderr]    Compiling strum_macros v0.24.3
[INFO] [stderr]    Compiling thiserror-impl v1.0.44
[INFO] [stderr]    Compiling clap_derive v4.3.12
[INFO] [stderr]    Compiling clap v4.3.21
[INFO] [stdout] warning: `&` without an explicit lifetime name cannot be used here
[INFO] [stdout]   --> src/generated/language.rs:62:35
[INFO] [stdout]    |
[INFO] [stdout] 62 |     pub const SUPPORTED_VERSIONS: &[Version] = &[
[INFO] [stdout]    |                                   ^
[INFO] [stdout]    |
[INFO] [stdout]    = warning: this was previously accepted by the compiler but is being phased out; it will become a hard error in a future release!
[INFO] [stdout]    = note: for more information, see issue #115010 <https://github.com/rust-lang/rust/issues/115010>
[INFO] [stdout]    = note: `#[warn(elided_lifetimes_in_associated_constant)]` on by default
[INFO] [stdout] help: use the `'static` lifetime
[INFO] [stdout]    |
[INFO] [stdout] 62 |     pub const SUPPORTED_VERSIONS: &'static [Version] = &[
[INFO] [stdout]    |                                    +++++++
[INFO] [stdout] 
[INFO] [stdout] 
[INFO] [stdout] warning: 1 warning emitted
[INFO] [stdout] 
[INFO] [stdout] 
[INFO] [stderr]     Finished dev [unoptimized + debuginfo] target(s) in 9.97s
[INFO] running `Command { std: "docker" "inspect" "ab59b88ca842bcacb1b12c2acd6df787a221a0c02689c0b25ef0918cfa8f43a8", kill_on_drop: false }`
[INFO] running `Command { std: "docker" "rm" "-f" "ab59b88ca842bcacb1b12c2acd6df787a221a0c02689c0b25ef0918cfa8f43a8", kill_on_drop: false }`
[INFO] [stdout] ab59b88ca842bcacb1b12c2acd6df787a221a0c02689c0b25ef0918cfa8f43a8
[INFO] running `Command { std: "docker" "create" "-v" "/var/lib/crater-agent-workspace/builds/worker-0-tc1/target:/opt/rustwide/target:rw,Z" "-v" "/var/lib/crater-agent-workspace/builds/worker-0-tc1/source:/opt/rustwide/workdir:ro,Z" "-v" "/var/lib/crater-agent-workspace/cargo-home:/opt/rustwide/cargo-home:ro,Z" "-v" "/var/lib/crater-agent-workspace/rustup-home:/opt/rustwide/rustup-home:ro,Z" "-e" "SOURCE_DIR=/opt/rustwide/workdir" "-e" "CARGO_TARGET_DIR=/opt/rustwide/target" "-e" "CARGO_INCREMENTAL=0" "-e" "RUST_BACKTRACE=full" "-e" "RUSTFLAGS=--cap-lints=warn" "-e" "RUSTDOCFLAGS=--cap-lints=warn" "-e" "CARGO_HOME=/opt/rustwide/cargo-home" "-e" "RUSTUP_HOME=/opt/rustwide/rustup-home" "-w" "/opt/rustwide/workdir" "-m" "1610612736" "--user" "0:0" "--network" "none" "ghcr.io/rust-lang/crates-build-env/linux@sha256:2788e3201cd34a07e3172128adcd8b3090168a8e3bcc40d7c032b9dda1df7d1c" "/opt/rustwide/cargo-home/bin/cargo" "+1.75.0" "test" "--frozen" "--no-run" "--message-format=json", kill_on_drop: false }`
[INFO] [stdout] 62fc11d517de212a6ac66056fe13f53e027ec1ddcdfbdb114b18b4b217c0bce9
[INFO] running `Command { std: "docker" "start" "-a" "62fc11d517de212a6ac66056fe13f53e027ec1ddcdfbdb114b18b4b217c0bce9", kill_on_drop: false }`
[INFO] [stderr]    Compiling slang_solidity v0.11.0 (/opt/rustwide/workdir)
[INFO] [stdout] warning: `&` without an explicit lifetime name cannot be used here
[INFO] [stdout]   --> src/generated/language.rs:62:35
[INFO] [stdout]    |
[INFO] [stdout] 62 |     pub const SUPPORTED_VERSIONS: &[Version] = &[
[INFO] [stdout]    |                                   ^
[INFO] [stdout]    |
[INFO] [stdout]    = warning: this was previously accepted by the compiler but is being phased out; it will become a hard error in a future release!
[INFO] [stdout]    = note: for more information, see issue #115010 <https://github.com/rust-lang/rust/issues/115010>
[INFO] [stdout]    = note: `#[warn(elided_lifetimes_in_associated_constant)]` on by default
[INFO] [stdout] help: use the `'static` lifetime
[INFO] [stdout]    |
[INFO] [stdout] 62 |     pub const SUPPORTED_VERSIONS: &'static [Version] = &[
[INFO] [stdout]    |                                    +++++++
[INFO] [stdout] 
[INFO] [stdout] 
[INFO] [stdout] warning: 1 warning emitted
[INFO] [stdout] 
[INFO] [stdout] 
[INFO] [stdout] warning: `&` without an explicit lifetime name cannot be used here
[INFO] [stdout]   --> src/generated/language.rs:62:35
[INFO] [stdout]    |
[INFO] [stdout] 62 |     pub const SUPPORTED_VERSIONS: &[Version] = &[
[INFO] [stdout]    |                                   ^
[INFO] [stdout]    |
[INFO] [stdout]    = warning: this was previously accepted by the compiler but is being phased out; it will become a hard error in a future release!
[INFO] [stdout]    = note: for more information, see issue #115010 <https://github.com/rust-lang/rust/issues/115010>
[INFO] [stdout]    = note: `#[warn(elided_lifetimes_in_associated_constant)]` on by default
[INFO] [stdout] help: use the `'static` lifetime
[INFO] [stdout]    |
[INFO] [stdout] 62 |     pub const SUPPORTED_VERSIONS: &'static [Version] = &[
[INFO] [stdout]    |                                    +++++++
[INFO] [stdout] 
[INFO] [stdout] 
[INFO] [stdout] warning: 1 warning emitted
[INFO] [stdout] 
[INFO] [stdout] 
[INFO] [stderr]     Finished test [unoptimized + debuginfo] target(s) in 1.41s
[INFO] running `Command { std: "docker" "inspect" "62fc11d517de212a6ac66056fe13f53e027ec1ddcdfbdb114b18b4b217c0bce9", kill_on_drop: false }`
[INFO] running `Command { std: "docker" "rm" "-f" "62fc11d517de212a6ac66056fe13f53e027ec1ddcdfbdb114b18b4b217c0bce9", kill_on_drop: false }`
[INFO] [stdout] 62fc11d517de212a6ac66056fe13f53e027ec1ddcdfbdb114b18b4b217c0bce9
[INFO] running `Command { std: "docker" "create" "-v" "/var/lib/crater-agent-workspace/builds/worker-0-tc1/target:/opt/rustwide/target:rw,Z" "-v" "/var/lib/crater-agent-workspace/builds/worker-0-tc1/source:/opt/rustwide/workdir:ro,Z" "-v" "/var/lib/crater-agent-workspace/cargo-home:/opt/rustwide/cargo-home:ro,Z" "-v" "/var/lib/crater-agent-workspace/rustup-home:/opt/rustwide/rustup-home:ro,Z" "-e" "SOURCE_DIR=/opt/rustwide/workdir" "-e" "CARGO_TARGET_DIR=/opt/rustwide/target" "-e" "CARGO_INCREMENTAL=0" "-e" "RUST_BACKTRACE=full" "-e" "RUSTFLAGS=--cap-lints=warn" "-e" "RUSTDOCFLAGS=--cap-lints=warn" "-e" "CARGO_HOME=/opt/rustwide/cargo-home" "-e" "RUSTUP_HOME=/opt/rustwide/rustup-home" "-w" "/opt/rustwide/workdir" "-m" "1610612736" "--user" "0:0" "--network" "none" "ghcr.io/rust-lang/crates-build-env/linux@sha256:2788e3201cd34a07e3172128adcd8b3090168a8e3bcc40d7c032b9dda1df7d1c" "/opt/rustwide/cargo-home/bin/cargo" "+1.75.0" "test" "--frozen", kill_on_drop: false }`
[INFO] [stdout] 2bd9f43e2c599785e8c3663f03c2abb5d9435ca8efe5d2de4acdb304e83b9ba1
[INFO] running `Command { std: "docker" "start" "-a" "2bd9f43e2c599785e8c3663f03c2abb5d9435ca8efe5d2de4acdb304e83b9ba1", kill_on_drop: false }`
[INFO] [stderr] warning: `&` without an explicit lifetime name cannot be used here
[INFO] [stderr]   --> src/generated/language.rs:62:35
[INFO] [stderr]    |
[INFO] [stderr] 62 |     pub const SUPPORTED_VERSIONS: &[Version] = &[
[INFO] [stderr]    |                                   ^
[INFO] [stderr]    |
[INFO] [stderr]    = warning: this was previously accepted by the compiler but is being phased out; it will become a hard error in a future release!
[INFO] [stderr]    = note: for more information, see issue #115010 <https://github.com/rust-lang/rust/issues/115010>
[INFO] [stderr]    = note: `#[warn(elided_lifetimes_in_associated_constant)]` on by default
[INFO] [stderr] help: use the `'static` lifetime
[INFO] [stderr]    |
[INFO] [stderr] 62 |     pub const SUPPORTED_VERSIONS: &'static [Version] = &[
[INFO] [stderr]    |                                    +++++++
[INFO] [stderr] 
[INFO] [stderr] warning: `slang_solidity` (lib) generated 1 warning (run `cargo fix --lib -p slang_solidity` to apply 1 suggestion)
[INFO] [stderr] warning: `slang_solidity` (lib test) generated 1 warning (1 duplicate)
[INFO] [stderr]     Finished test [unoptimized + debuginfo] target(s) in 0.05s
[INFO] [stderr]      Running unittests src/lib.rs (/opt/rustwide/target/debug/deps/slang_solidity-e321de55e5e164e0)
[INFO] [stdout] 
[INFO] [stdout] running 0 tests
[INFO] [stdout] 
[INFO] [stdout] test result: ok. 0 passed; 0 failed; 0 ignored; 0 measured; 0 filtered out; finished in 0.00s
[INFO] [stdout] 
[INFO] [stderr]      Running unittests src/main.rs (/opt/rustwide/target/debug/deps/slang_solidity-048914a35a5a10a0)
[INFO] [stdout] 
[INFO] [stdout] running 1 test
[INFO] [stdout] test verify_clap_cli ... ok
[INFO] [stdout] 
[INFO] [stdout] test result: ok. 1 passed; 0 failed; 0 ignored; 0 measured; 0 filtered out; finished in 0.00s
[INFO] [stdout] 
[INFO] [stderr]    Doc-tests slang_solidity
[INFO] [stdout] 
[INFO] [stdout] running 2 tests
[INFO] [stdout] test src/generated/support/sequence_helper.rs - generated::support::sequence_helper::SequenceHelper::run (line 178) - compile ... FAILED
[INFO] [stdout] test src/generated/support/choice_helper.rs - generated::support::choice_helper::ChoiceHelper::run (line 86) - compile ... FAILED
[INFO] [stdout] 
[INFO] [stdout] failures:
[INFO] [stdout] 
[INFO] [stdout] ---- src/generated/support/sequence_helper.rs - generated::support::sequence_helper::SequenceHelper::run (line 178) stdout ----
[INFO] [stdout] error[E0433]: failed to resolve: use of undeclared crate or module `codegen_parser_runtime`
[INFO] [stdout]  --> src/generated/support/sequence_helper.rs:179:5
[INFO] [stdout]   |
[INFO] [stdout] 3 | use codegen_parser_runtime::support::{ParserResult, SequenceHelper};
[INFO] [stdout]   |     ^^^^^^^^^^^^^^^^^^^^^^ use of undeclared crate or module `codegen_parser_runtime`
[INFO] [stdout] 
[INFO] [stdout] error: aborting due to previous error
[INFO] [stdout] 
[INFO] [stdout] For more information about this error, try `rustc --explain E0433`.
[INFO] [stdout] Couldn't compile the test.
[INFO] [stdout] ---- src/generated/support/choice_helper.rs - generated::support::choice_helper::ChoiceHelper::run (line 86) stdout ----
[INFO] [stdout] error[E0433]: failed to resolve: use of undeclared crate or module `codegen_parser_runtime`
[INFO] [stdout]  --> src/generated/support/choice_helper.rs:87:5
[INFO] [stdout]   |
[INFO] [stdout] 3 | use codegen_parser_runtime::support::{ParserResult, ChoiceHelper, Stream};
[INFO] [stdout]   |     ^^^^^^^^^^^^^^^^^^^^^^ use of undeclared crate or module `codegen_parser_runtime`
[INFO] [stdout] 
[INFO] [stdout] error[E0425]: cannot find value `input` in this scope
[INFO] [stdout]  --> src/generated/support/choice_helper.rs:90:19
[INFO] [stdout]   |
[INFO] [stdout] 6 | ChoiceHelper::run(input, |mut choice| {
[INFO] [stdout]   |                   ^^^^^ not found in this scope
[INFO] [stdout] 
[INFO] [stdout] error[E0425]: cannot find value `input` in this scope
[INFO] [stdout]  --> src/generated/support/choice_helper.rs:91:58
[INFO] [stdout]   |
[INFO] [stdout] 7 |     choice.consider(parse_something()).pick_or_backtrack(input)?;
[INFO] [stdout]   |                                                          ^^^^^ not found in this scope
[INFO] [stdout] 
[INFO] [stdout] error[E0425]: cannot find value `input` in this scope
[INFO] [stdout]  --> src/generated/support/choice_helper.rs:92:56
[INFO] [stdout]   |
[INFO] [stdout] 8 |     choice.consider(parse_another()).pick_or_backtrack(input)?;
[INFO] [stdout]   |                                                        ^^^^^ not found in this scope
[INFO] [stdout] 
[INFO] [stdout] error[E0425]: cannot find value `input` in this scope
[INFO] [stdout]  --> src/generated/support/choice_helper.rs:93:19
[INFO] [stdout]   |
[INFO] [stdout] 9 |     choice.finish(input)
[INFO] [stdout]   |                   ^^^^^ not found in this scope
[INFO] [stdout] 
[INFO] [stdout] error: aborting due to 5 previous errors
[INFO] [stdout] 
[INFO] [stdout] Some errors have detailed explanations: E0425, E0433.
[INFO] [stdout] For more information about an error, try `rustc --explain E0425`.
[INFO] [stdout] Couldn't compile the test.
[INFO] [stdout] 
[INFO] [stdout] failures:
[INFO] [stdout]     src/generated/support/choice_helper.rs - generated::support::choice_helper::ChoiceHelper::run (line 86)
[INFO] [stdout]     src/generated/support/sequence_helper.rs - generated::support::sequence_helper::SequenceHelper::run (line 178)
[INFO] [stdout] 
[INFO] [stdout] test result: FAILED. 0 passed; 2 failed; 0 ignored; 0 measured; 0 filtered out; finished in 0.06s
[INFO] [stdout] 
[INFO] [stderr] error: doctest failed, to rerun pass `--doc`
[INFO] running `Command { std: "docker" "inspect" "2bd9f43e2c599785e8c3663f03c2abb5d9435ca8efe5d2de4acdb304e83b9ba1", kill_on_drop: false }`
[INFO] running `Command { std: "docker" "rm" "-f" "2bd9f43e2c599785e8c3663f03c2abb5d9435ca8efe5d2de4acdb304e83b9ba1", kill_on_drop: false }`
[INFO] [stdout] 2bd9f43e2c599785e8c3663f03c2abb5d9435ca8efe5d2de4acdb304e83b9ba1
[INFO] testing slang_solidity-0.11.0 against beta-2023-12-22 for beta-1.76-1
[INFO] extracting crate slang_solidity 0.11.0 into /workspace/builds/worker-0-tc2/source
[INFO] validating manifest of crates.io crate slang_solidity 0.11.0 on toolchain beta-2023-12-22
[INFO] running `Command { std: CARGO_HOME="/workspace/cargo-home" RUSTUP_HOME="/workspace/rustup-home" "/workspace/cargo-home/bin/cargo" "+beta-2023-12-22" "metadata" "--manifest-path" "Cargo.toml" "--no-deps", kill_on_drop: false }`
[INFO] started tweaking crates.io crate slang_solidity 0.11.0
[INFO] finished tweaking crates.io crate slang_solidity 0.11.0
[INFO] tweaked toml for crates.io crate slang_solidity 0.11.0 written to /workspace/builds/worker-0-tc2/source/Cargo.toml
[INFO] crate crates.io crate slang_solidity 0.11.0 already has a lockfile, it will not be regenerated
[INFO] running `Command { std: CARGO_HOME="/workspace/cargo-home" RUSTUP_HOME="/workspace/rustup-home" "/workspace/cargo-home/bin/cargo" "+beta-2023-12-22" "fetch" "--manifest-path" "Cargo.toml", kill_on_drop: false }`
[INFO] running `Command { std: "docker" "create" "-v" "/var/lib/crater-agent-workspace/builds/worker-0-tc2/target:/opt/rustwide/target:rw,Z" "-v" "/var/lib/crater-agent-workspace/builds/worker-0-tc2/source:/opt/rustwide/workdir:ro,Z" "-v" "/var/lib/crater-agent-workspace/cargo-home:/opt/rustwide/cargo-home:ro,Z" "-v" "/var/lib/crater-agent-workspace/rustup-home:/opt/rustwide/rustup-home:ro,Z" "-e" "SOURCE_DIR=/opt/rustwide/workdir" "-e" "CARGO_TARGET_DIR=/opt/rustwide/target" "-e" "CARGO_HOME=/opt/rustwide/cargo-home" "-e" "RUSTUP_HOME=/opt/rustwide/rustup-home" "-w" "/opt/rustwide/workdir" "-m" "1610612736" "--user" "0:0" "--network" "none" "ghcr.io/rust-lang/crates-build-env/linux@sha256:2788e3201cd34a07e3172128adcd8b3090168a8e3bcc40d7c032b9dda1df7d1c" "/opt/rustwide/cargo-home/bin/cargo" "+beta-2023-12-22" "metadata" "--no-deps" "--format-version=1", kill_on_drop: false }`
[INFO] [stdout] 35fa7fe8331aad82bfce58bb56fb36a67adfbf0a29c7d5731ec56ef65ec6c1b5
[INFO] running `Command { std: "docker" "start" "-a" "35fa7fe8331aad82bfce58bb56fb36a67adfbf0a29c7d5731ec56ef65ec6c1b5", kill_on_drop: false }`
[INFO] running `Command { std: "docker" "inspect" "35fa7fe8331aad82bfce58bb56fb36a67adfbf0a29c7d5731ec56ef65ec6c1b5", kill_on_drop: false }`
[INFO] running `Command { std: "docker" "rm" "-f" "35fa7fe8331aad82bfce58bb56fb36a67adfbf0a29c7d5731ec56ef65ec6c1b5", kill_on_drop: false }`
[INFO] [stdout] 35fa7fe8331aad82bfce58bb56fb36a67adfbf0a29c7d5731ec56ef65ec6c1b5
[INFO] running `Command { std: "docker" "create" "-v" "/var/lib/crater-agent-workspace/builds/worker-0-tc2/target:/opt/rustwide/target:rw,Z" "-v" "/var/lib/crater-agent-workspace/builds/worker-0-tc2/source:/opt/rustwide/workdir:ro,Z" "-v" "/var/lib/crater-agent-workspace/cargo-home:/opt/rustwide/cargo-home:ro,Z" "-v" "/var/lib/crater-agent-workspace/rustup-home:/opt/rustwide/rustup-home:ro,Z" "-e" "SOURCE_DIR=/opt/rustwide/workdir" "-e" "CARGO_TARGET_DIR=/opt/rustwide/target" "-e" "CARGO_INCREMENTAL=0" "-e" "RUST_BACKTRACE=full" "-e" "RUSTFLAGS=--cap-lints=warn" "-e" "RUSTDOCFLAGS=--cap-lints=warn" "-e" "CARGO_HOME=/opt/rustwide/cargo-home" "-e" "RUSTUP_HOME=/opt/rustwide/rustup-home" "-w" "/opt/rustwide/workdir" "-m" "1610612736" "--user" "0:0" "--network" "none" "ghcr.io/rust-lang/crates-build-env/linux@sha256:2788e3201cd34a07e3172128adcd8b3090168a8e3bcc40d7c032b9dda1df7d1c" "/opt/rustwide/cargo-home/bin/cargo" "+beta-2023-12-22" "build" "--frozen" "--message-format=json", kill_on_drop: false }`
[INFO] [stdout] e0d7cc0251276ade641e988c1f19b8045e39609e61997513eaf648b0229c59ff
[INFO] running `Command { std: "docker" "start" "-a" "e0d7cc0251276ade641e988c1f19b8045e39609e61997513eaf648b0229c59ff", kill_on_drop: false }`
[INFO] [stderr]    Compiling proc-macro2 v1.0.66
[INFO] [stderr]    Compiling unicode-ident v1.0.11
[INFO] [stderr]    Compiling libc v0.2.149
[INFO] [stderr]    Compiling rustix v0.38.7
[INFO] [stderr]    Compiling linux-raw-sys v0.4.5
[INFO] [stderr]    Compiling memchr v2.5.0
[INFO] [stderr]    Compiling rustix v0.37.25
[INFO] [stderr]    Compiling serde v1.0.183
[INFO] [stderr]    Compiling serde_derive v1.0.183
[INFO] [stderr]    Compiling rustversion v1.0.14
[INFO] [stderr]    Compiling syn v1.0.109
[INFO] [stderr]    Compiling semver v1.0.18
[INFO] [stderr]    Compiling thiserror v1.0.44
[INFO] [stderr]    Compiling equivalent v1.0.1
[INFO] [stderr]    Compiling serde_json v1.0.104
[INFO] [stderr]    Compiling hashbrown v0.14.0
[INFO] [stderr]    Compiling anyhow v1.0.72
[INFO] [stderr]    Compiling ryu v1.0.15
[INFO] [stderr]    Compiling unicode-width v0.1.10
[INFO] [stderr]    Compiling yansi v0.5.1
[INFO] [stderr]    Compiling slang_solidity v0.11.0 (/opt/rustwide/workdir)
[INFO] [stderr]    Compiling itoa v1.0.9
[INFO] [stderr]    Compiling strum v0.24.1
[INFO] [stderr]    Compiling ariadne v0.2.0
[INFO] [stderr]    Compiling object v0.31.1
[INFO] [stderr]    Compiling indexmap v2.0.0
[INFO] [stderr]    Compiling quote v1.0.32
[INFO] [stderr]    Compiling cc v1.0.82
[INFO] [stderr]    Compiling syn v2.0.29
[INFO] [stderr]    Compiling is-terminal v0.4.9
[INFO] [stderr]    Compiling anstream v0.3.2
[INFO] [stderr]    Compiling backtrace v0.3.68
[INFO] [stderr]    Compiling io-lifetimes v1.0.11
[INFO] [stderr]    Compiling terminal_size v0.2.6
[INFO] [stderr]    Compiling clap_builder v4.3.21
[INFO] [stderr]    Compiling strum_macros v0.24.3
[INFO] [stderr]    Compiling clap_derive v4.3.12
[INFO] [stderr]    Compiling thiserror-impl v1.0.44
[INFO] [stderr]    Compiling clap v4.3.21
[INFO] [stdout] warning: `&` without an explicit lifetime name cannot be used here
[INFO] [stdout]   --> src/generated/language.rs:62:35
[INFO] [stdout]    |
[INFO] [stdout] 62 |     pub const SUPPORTED_VERSIONS: &[Version] = &[
[INFO] [stdout]    |                                   ^
[INFO] [stdout]    |
[INFO] [stdout]    = warning: this was previously accepted by the compiler but is being phased out; it will become a hard error in a future release!
[INFO] [stdout]    = note: for more information, see issue #115010 <https://github.com/rust-lang/rust/issues/115010>
[INFO] [stdout]    = note: `#[warn(elided_lifetimes_in_associated_constant)]` on by default
[INFO] [stdout] help: use the `'static` lifetime
[INFO] [stdout]    |
[INFO] [stdout] 62 |     pub const SUPPORTED_VERSIONS: &'static [Version] = &[
[INFO] [stdout]    |                                    +++++++
[INFO] [stdout] 
[INFO] [stdout] 
[INFO] [stdout] warning: 1 warning emitted
[INFO] [stdout] 
[INFO] [stdout] 
[INFO] [stderr]     Finished dev [unoptimized + debuginfo] target(s) in 8.44s
[INFO] running `Command { std: "docker" "inspect" "e0d7cc0251276ade641e988c1f19b8045e39609e61997513eaf648b0229c59ff", kill_on_drop: false }`
[INFO] running `Command { std: "docker" "rm" "-f" "e0d7cc0251276ade641e988c1f19b8045e39609e61997513eaf648b0229c59ff", kill_on_drop: false }`
[INFO] [stdout] e0d7cc0251276ade641e988c1f19b8045e39609e61997513eaf648b0229c59ff
[INFO] running `Command { std: "docker" "create" "-v" "/var/lib/crater-agent-workspace/builds/worker-0-tc2/target:/opt/rustwide/target:rw,Z" "-v" "/var/lib/crater-agent-workspace/builds/worker-0-tc2/source:/opt/rustwide/workdir:ro,Z" "-v" "/var/lib/crater-agent-workspace/cargo-home:/opt/rustwide/cargo-home:ro,Z" "-v" "/var/lib/crater-agent-workspace/rustup-home:/opt/rustwide/rustup-home:ro,Z" "-e" "SOURCE_DIR=/opt/rustwide/workdir" "-e" "CARGO_TARGET_DIR=/opt/rustwide/target" "-e" "CARGO_INCREMENTAL=0" "-e" "RUST_BACKTRACE=full" "-e" "RUSTFLAGS=--cap-lints=warn" "-e" "RUSTDOCFLAGS=--cap-lints=warn" "-e" "CARGO_HOME=/opt/rustwide/cargo-home" "-e" "RUSTUP_HOME=/opt/rustwide/rustup-home" "-w" "/opt/rustwide/workdir" "-m" "1610612736" "--user" "0:0" "--network" "none" "ghcr.io/rust-lang/crates-build-env/linux@sha256:2788e3201cd34a07e3172128adcd8b3090168a8e3bcc40d7c032b9dda1df7d1c" "/opt/rustwide/cargo-home/bin/cargo" "+beta-2023-12-22" "test" "--frozen" "--no-run" "--message-format=json", kill_on_drop: false }`
[INFO] [stdout] 8dfd3972940c471295a62254160d9732480aa455628f308765de4178013bc442
[INFO] running `Command { std: "docker" "start" "-a" "8dfd3972940c471295a62254160d9732480aa455628f308765de4178013bc442", kill_on_drop: false }`
[INFO] [stderr]    Compiling slang_solidity v0.11.0 (/opt/rustwide/workdir)
[INFO] [stdout] warning: `&` without an explicit lifetime name cannot be used here
[INFO] [stdout]   --> src/generated/language.rs:62:35
[INFO] [stdout]    |
[INFO] [stdout] 62 |     pub const SUPPORTED_VERSIONS: &[Version] = &[
[INFO] [stdout]    |                                   ^
[INFO] [stdout]    |
[INFO] [stdout]    = warning: this was previously accepted by the compiler but is being phased out; it will become a hard error in a future release!
[INFO] [stdout]    = note: for more information, see issue #115010 <https://github.com/rust-lang/rust/issues/115010>
[INFO] [stdout]    = note: `#[warn(elided_lifetimes_in_associated_constant)]` on by default
[INFO] [stdout] help: use the `'static` lifetime
[INFO] [stdout]    |
[INFO] [stdout] 62 |     pub const SUPPORTED_VERSIONS: &'static [Version] = &[
[INFO] [stdout]    |                                    +++++++
[INFO] [stdout] 
[INFO] [stdout] 
[INFO] [stdout] warning: 1 warning emitted
[INFO] [stdout] 
[INFO] [stdout] 
[INFO] [stdout] warning: `&` without an explicit lifetime name cannot be used here
[INFO] [stdout]   --> src/generated/language.rs:62:35
[INFO] [stdout]    |
[INFO] [stdout] 62 |     pub const SUPPORTED_VERSIONS: &[Version] = &[
[INFO] [stdout]    |                                   ^
[INFO] [stdout]    |
[INFO] [stdout]    = warning: this was previously accepted by the compiler but is being phased out; it will become a hard error in a future release!
[INFO] [stdout]    = note: for more information, see issue #115010 <https://github.com/rust-lang/rust/issues/115010>
[INFO] [stdout]    = note: `#[warn(elided_lifetimes_in_associated_constant)]` on by default
[INFO] [stdout] help: use the `'static` lifetime
[INFO] [stdout]    |
[INFO] [stdout] 62 |     pub const SUPPORTED_VERSIONS: &'static [Version] = &[
[INFO] [stdout]    |                                    +++++++
[INFO] [stdout] 
[INFO] [stdout] 
[INFO] [stdout] warning: 1 warning emitted
[INFO] [stdout] 
[INFO] [stdout] 
[INFO] [stderr]     Finished test [unoptimized + debuginfo] target(s) in 1.08s
[INFO] running `Command { std: "docker" "inspect" "8dfd3972940c471295a62254160d9732480aa455628f308765de4178013bc442", kill_on_drop: false }`
[INFO] running `Command { std: "docker" "rm" "-f" "8dfd3972940c471295a62254160d9732480aa455628f308765de4178013bc442", kill_on_drop: false }`
[INFO] [stdout] 8dfd3972940c471295a62254160d9732480aa455628f308765de4178013bc442
[INFO] running `Command { std: "docker" "create" "-v" "/var/lib/crater-agent-workspace/builds/worker-0-tc2/target:/opt/rustwide/target:rw,Z" "-v" "/var/lib/crater-agent-workspace/builds/worker-0-tc2/source:/opt/rustwide/workdir:ro,Z" "-v" "/var/lib/crater-agent-workspace/cargo-home:/opt/rustwide/cargo-home:ro,Z" "-v" "/var/lib/crater-agent-workspace/rustup-home:/opt/rustwide/rustup-home:ro,Z" "-e" "SOURCE_DIR=/opt/rustwide/workdir" "-e" "CARGO_TARGET_DIR=/opt/rustwide/target" "-e" "CARGO_INCREMENTAL=0" "-e" "RUST_BACKTRACE=full" "-e" "RUSTFLAGS=--cap-lints=warn" "-e" "RUSTDOCFLAGS=--cap-lints=warn" "-e" "CARGO_HOME=/opt/rustwide/cargo-home" "-e" "RUSTUP_HOME=/opt/rustwide/rustup-home" "-w" "/opt/rustwide/workdir" "-m" "1610612736" "--user" "0:0" "--network" "none" "ghcr.io/rust-lang/crates-build-env/linux@sha256:2788e3201cd34a07e3172128adcd8b3090168a8e3bcc40d7c032b9dda1df7d1c" "/opt/rustwide/cargo-home/bin/cargo" "+beta-2023-12-22" "test" "--frozen", kill_on_drop: false }`
[INFO] [stdout] 8e935516668ee44a3c6dbde746f16993b516aabffb6fefbc031bbc42e1988d6d
[INFO] running `Command { std: "docker" "start" "-a" "8e935516668ee44a3c6dbde746f16993b516aabffb6fefbc031bbc42e1988d6d", kill_on_drop: false }`
[INFO] [stderr] warning: `&` without an explicit lifetime name cannot be used here
[INFO] [stderr]   --> src/generated/language.rs:62:35
[INFO] [stderr]    |
[INFO] [stderr] 62 |     pub const SUPPORTED_VERSIONS: &[Version] = &[
[INFO] [stderr]    |                                   ^
[INFO] [stderr]    |
[INFO] [stderr]    = warning: this was previously accepted by the compiler but is being phased out; it will become a hard error in a future release!
[INFO] [stderr]    = note: for more information, see issue #115010 <https://github.com/rust-lang/rust/issues/115010>
[INFO] [stderr]    = note: `#[warn(elided_lifetimes_in_associated_constant)]` on by default
[INFO] [stderr] help: use the `'static` lifetime
[INFO] [stderr]    |
[INFO] [stderr] 62 |     pub const SUPPORTED_VERSIONS: &'static [Version] = &[
[INFO] [stderr]    |                                    +++++++
[INFO] [stderr] 
[INFO] [stderr] warning: `slang_solidity` (lib) generated 1 warning (run `cargo fix --lib -p slang_solidity` to apply 1 suggestion)
[INFO] [stderr] warning: `slang_solidity` (lib test) generated 1 warning (1 duplicate)
[INFO] [stderr]     Finished test [unoptimized + debuginfo] target(s) in 0.04s
[INFO] [stderr]      Running unittests src/lib.rs (/opt/rustwide/target/debug/deps/slang_solidity-9459f35a8c6e7645)
[INFO] [stdout] 
[INFO] [stdout] running 0 tests
[INFO] [stdout] 
[INFO] [stdout] test result: ok. 0 passed; 0 failed; 0 ignored; 0 measured; 0 filtered out; finished in 0.00s
[INFO] [stdout] 
[INFO] [stderr]      Running unittests src/main.rs (/opt/rustwide/target/debug/deps/slang_solidity-cf08731028a93425)
[INFO] [stdout] 
[INFO] [stdout] running 1 test
[INFO] [stdout] test verify_clap_cli ... ok
[INFO] [stdout] 
[INFO] [stdout] test result: ok. 1 passed; 0 failed; 0 ignored; 0 measured; 0 filtered out; finished in 0.00s
[INFO] [stdout] 
[INFO] [stderr]    Doc-tests slang_solidity
[INFO] [stdout] 
[INFO] [stdout] running 2 tests
[INFO] [stdout] test src/generated/support/sequence_helper.rs - generated::support::sequence_helper::SequenceHelper::run (line 178) - compile ... FAILED
[INFO] [stdout] test src/generated/support/choice_helper.rs - generated::support::choice_helper::ChoiceHelper::run (line 86) - compile ... FAILED
[INFO] [stdout] 
[INFO] [stdout] failures:
[INFO] [stdout] 
[INFO] [stdout] ---- src/generated/support/sequence_helper.rs - generated::support::sequence_helper::SequenceHelper::run (line 178) stdout ----
[INFO] [stdout] error[E0433]: failed to resolve: use of undeclared crate or module `codegen_parser_runtime`
[INFO] [stdout]  --> src/generated/support/sequence_helper.rs:179:5
[INFO] [stdout]   |
[INFO] [stdout] 3 | use codegen_parser_runtime::support::{ParserResult, SequenceHelper};
[INFO] [stdout]   |     ^^^^^^^^^^^^^^^^^^^^^^ use of undeclared crate or module `codegen_parser_runtime`
[INFO] [stdout] 
[INFO] [stdout] error: aborting due to 1 previous error
[INFO] [stdout] 
[INFO] [stdout] For more information about this error, try `rustc --explain E0433`.
[INFO] [stdout] Couldn't compile the test.
[INFO] [stdout] ---- src/generated/support/choice_helper.rs - generated::support::choice_helper::ChoiceHelper::run (line 86) stdout ----
[INFO] [stdout] error[E0433]: failed to resolve: use of undeclared crate or module `codegen_parser_runtime`
[INFO] [stdout]  --> src/generated/support/choice_helper.rs:87:5
[INFO] [stdout]   |
[INFO] [stdout] 3 | use codegen_parser_runtime::support::{ParserResult, ChoiceHelper, Stream};
[INFO] [stdout]   |     ^^^^^^^^^^^^^^^^^^^^^^ use of undeclared crate or module `codegen_parser_runtime`
[INFO] [stdout] 
[INFO] [stdout] error[E0425]: cannot find value `input` in this scope
[INFO] [stdout]  --> src/generated/support/choice_helper.rs:90:19
[INFO] [stdout]   |
[INFO] [stdout] 6 | ChoiceHelper::run(input, |mut choice| {
[INFO] [stdout]   |                   ^^^^^ not found in this scope
[INFO] [stdout] 
[INFO] [stdout] error[E0425]: cannot find value `input` in this scope
[INFO] [stdout]  --> src/generated/support/choice_helper.rs:91:58
[INFO] [stdout]   |
[INFO] [stdout] 7 |     choice.consider(parse_something()).pick_or_backtrack(input)?;
[INFO] [stdout]   |                                                          ^^^^^ not found in this scope
[INFO] [stdout] 
[INFO] [stdout] error[E0425]: cannot find value `input` in this scope
[INFO] [stdout]  --> src/generated/support/choice_helper.rs:92:56
[INFO] [stdout]   |
[INFO] [stdout] 8 |     choice.consider(parse_another()).pick_or_backtrack(input)?;
[INFO] [stdout]   |                                                        ^^^^^ not found in this scope
[INFO] [stdout] 
[INFO] [stdout] error[E0425]: cannot find value `input` in this scope
[INFO] [stdout]  --> src/generated/support/choice_helper.rs:93:19
[INFO] [stdout]   |
[INFO] [stdout] 9 |     choice.finish(input)
[INFO] [stdout]   |                   ^^^^^ not found in this scope
[INFO] [stdout] 
[INFO] [stdout] error: aborting due to 5 previous errors
[INFO] [stdout] 
[INFO] [stdout] Some errors have detailed explanations: E0425, E0433.
[INFO] [stdout] For more information about an error, try `rustc --explain E0425`.
[INFO] [stdout] Couldn't compile the test.
[INFO] [stdout] 
[INFO] [stdout] failures:
[INFO] [stdout]     src/generated/support/choice_helper.rs - generated::support::choice_helper::ChoiceHelper::run (line 86)
[INFO] [stdout]     src/generated/support/sequence_helper.rs - generated::support::sequence_helper::SequenceHelper::run (line 178)
[INFO] [stdout] 
[INFO] [stdout] test result: FAILED. 0 passed; 2 failed; 0 ignored; 0 measured; 0 filtered out; finished in 0.05s
[INFO] [stdout] 
[INFO] [stderr] error: doctest failed, to rerun pass `--doc`
[INFO] running `Command { std: "docker" "inspect" "8e935516668ee44a3c6dbde746f16993b516aabffb6fefbc031bbc42e1988d6d", kill_on_drop: false }`
[INFO] running `Command { std: "docker" "rm" "-f" "8e935516668ee44a3c6dbde746f16993b516aabffb6fefbc031bbc42e1988d6d", kill_on_drop: false }`
[INFO] [stdout] 8e935516668ee44a3c6dbde746f16993b516aabffb6fefbc031bbc42e1988d6d
