[INFO] fetching crate skora 0.1.0...
[INFO] testing skora-0.1.0 against 1.75.0 for beta-1.76-1
[INFO] extracting crate skora 0.1.0 into /workspace/builds/worker-7-tc1/source
[INFO] validating manifest of crates.io crate skora 0.1.0 on toolchain 1.75.0
[INFO] running `Command { std: CARGO_HOME="/workspace/cargo-home" RUSTUP_HOME="/workspace/rustup-home" "/workspace/cargo-home/bin/cargo" "+1.75.0" "metadata" "--manifest-path" "Cargo.toml" "--no-deps", kill_on_drop: false }`
[INFO] started tweaking crates.io crate skora 0.1.0
[INFO] finished tweaking crates.io crate skora 0.1.0
[INFO] tweaked toml for crates.io crate skora 0.1.0 written to /workspace/builds/worker-7-tc1/source/Cargo.toml
[INFO] running `Command { std: CARGO_HOME="/workspace/cargo-home" RUSTUP_HOME="/workspace/rustup-home" "/workspace/cargo-home/bin/cargo" "+1.75.0" "generate-lockfile" "--manifest-path" "Cargo.toml", kill_on_drop: false }`
[INFO] [stderr]     Updating crates.io index
[INFO] running `Command { std: CARGO_HOME="/workspace/cargo-home" RUSTUP_HOME="/workspace/rustup-home" "/workspace/cargo-home/bin/cargo" "+1.75.0" "fetch" "--manifest-path" "Cargo.toml", kill_on_drop: false }`
[INFO] running `Command { std: "docker" "create" "-v" "/var/lib/crater-agent-workspace/builds/worker-7-tc1/target:/opt/rustwide/target:rw,Z" "-v" "/var/lib/crater-agent-workspace/builds/worker-7-tc1/source:/opt/rustwide/workdir:ro,Z" "-v" "/var/lib/crater-agent-workspace/cargo-home:/opt/rustwide/cargo-home:ro,Z" "-v" "/var/lib/crater-agent-workspace/rustup-home:/opt/rustwide/rustup-home:ro,Z" "-e" "SOURCE_DIR=/opt/rustwide/workdir" "-e" "CARGO_TARGET_DIR=/opt/rustwide/target" "-e" "CARGO_HOME=/opt/rustwide/cargo-home" "-e" "RUSTUP_HOME=/opt/rustwide/rustup-home" "-w" "/opt/rustwide/workdir" "-m" "1610612736" "--user" "0:0" "--network" "none" "ghcr.io/rust-lang/crates-build-env/linux@sha256:2788e3201cd34a07e3172128adcd8b3090168a8e3bcc40d7c032b9dda1df7d1c" "/opt/rustwide/cargo-home/bin/cargo" "+1.75.0" "metadata" "--no-deps" "--format-version=1", kill_on_drop: false }`
[INFO] [stdout] b286de8ea3ba9f22eb6790e65fde57f3cd35367649b499a0f2964ae70c9db2bb
[INFO] running `Command { std: "docker" "start" "-a" "b286de8ea3ba9f22eb6790e65fde57f3cd35367649b499a0f2964ae70c9db2bb", kill_on_drop: false }`
[INFO] running `Command { std: "docker" "inspect" "b286de8ea3ba9f22eb6790e65fde57f3cd35367649b499a0f2964ae70c9db2bb", kill_on_drop: false }`
[INFO] running `Command { std: "docker" "rm" "-f" "b286de8ea3ba9f22eb6790e65fde57f3cd35367649b499a0f2964ae70c9db2bb", kill_on_drop: false }`
[INFO] [stdout] b286de8ea3ba9f22eb6790e65fde57f3cd35367649b499a0f2964ae70c9db2bb
[INFO] running `Command { std: "docker" "create" "-v" "/var/lib/crater-agent-workspace/builds/worker-7-tc1/target:/opt/rustwide/target:rw,Z" "-v" "/var/lib/crater-agent-workspace/builds/worker-7-tc1/source:/opt/rustwide/workdir:ro,Z" "-v" "/var/lib/crater-agent-workspace/cargo-home:/opt/rustwide/cargo-home:ro,Z" "-v" "/var/lib/crater-agent-workspace/rustup-home:/opt/rustwide/rustup-home:ro,Z" "-e" "SOURCE_DIR=/opt/rustwide/workdir" "-e" "CARGO_TARGET_DIR=/opt/rustwide/target" "-e" "CARGO_INCREMENTAL=0" "-e" "RUST_BACKTRACE=full" "-e" "RUSTFLAGS=--cap-lints=warn" "-e" "RUSTDOCFLAGS=--cap-lints=warn" "-e" "CARGO_HOME=/opt/rustwide/cargo-home" "-e" "RUSTUP_HOME=/opt/rustwide/rustup-home" "-w" "/opt/rustwide/workdir" "-m" "1610612736" "--user" "0:0" "--network" "none" "ghcr.io/rust-lang/crates-build-env/linux@sha256:2788e3201cd34a07e3172128adcd8b3090168a8e3bcc40d7c032b9dda1df7d1c" "/opt/rustwide/cargo-home/bin/cargo" "+1.75.0" "build" "--frozen" "--message-format=json", kill_on_drop: false }`
[INFO] [stdout] eb1739d260b8aaf592029b6d69116d94b426d87f7111f22a438d7507144995c2
[INFO] running `Command { std: "docker" "start" "-a" "eb1739d260b8aaf592029b6d69116d94b426d87f7111f22a438d7507144995c2", kill_on_drop: false }`
[INFO] [stderr]    Compiling num-traits v0.2.17
[INFO] [stderr]    Compiling num-integer v0.1.45
[INFO] [stderr]    Compiling crc32fast v1.3.2
[INFO] [stderr]    Compiling adler v1.0.2
[INFO] [stderr]    Compiling pkg-config v0.3.28
[INFO] [stderr]    Compiling miniz_oxide v0.4.4
[INFO] [stderr]    Compiling num-bigint v0.4.4
[INFO] [stderr]    Compiling num-iter v0.1.43
[INFO] [stderr]    Compiling either v1.9.0
[INFO] [stderr]    Compiling byteorder v1.5.0
[INFO] [stderr]    Compiling adler32 v1.2.0
[INFO] [stderr]    Compiling rayon v1.8.0
[INFO] [stderr]    Compiling num-rational v0.4.1
[INFO] [stderr]    Compiling num-rational v0.3.2
[INFO] [stderr]    Compiling syn v1.0.109
[INFO] [stderr]    Compiling weezl v0.1.7
[INFO] [stderr]    Compiling bzip2-sys v0.1.11+1.0.8
[INFO] [stderr]    Compiling deflate v0.8.6
[INFO] [stderr]    Compiling thiserror-impl v1.0.56
[INFO] [stderr]    Compiling miniz_oxide v0.3.7
[INFO] [stderr]    Compiling miniz_oxide v0.7.1
[INFO] [stderr]    Compiling color_quant v1.1.0
[INFO] [stderr]    Compiling num-complex v0.4.4
[INFO] [stderr]    Compiling gif v0.11.4
[INFO] [stderr]    Compiling flate2 v1.0.28
[INFO] [stderr]    Compiling bzip2 v0.4.4
[INFO] [stderr]    Compiling png v0.16.8
[INFO] [stderr]    Compiling time v0.1.45
[INFO] [stderr]    Compiling jpeg-decoder v0.1.22
[INFO] [stderr]    Compiling thiserror v1.0.56
[INFO] [stderr]    Compiling scoped_threadpool v0.1.9
[INFO] [stderr]    Compiling bytemuck v1.14.0
[INFO] [stderr]    Compiling zip v0.5.13
[INFO] [stderr]    Compiling hex v0.4.3
[INFO] [stderr]    Compiling pretty-hex v0.2.1
[INFO] [stderr]    Compiling tiff v0.6.1
[INFO] [stderr]    Compiling num v0.4.1
[INFO] [stderr]    Compiling image v0.23.14
[INFO] [stderr]    Compiling num-derive v0.3.3
[INFO] [stderr]    Compiling skora v0.1.0 (/opt/rustwide/workdir)
[INFO] [stdout] warning: call to `.clone()` on a reference in this situation does nothing
[INFO] [stdout]    --> src/lib.rs:106:59
[INFO] [stdout]     |
[INFO] [stdout] 106 |             let layer_parent = file_path.parent().unwrap().clone().join("layers");
[INFO] [stdout]     |                                                           ^^^^^^^^ help: remove this redundant call
[INFO] [stdout]     |
[INFO] [stdout]     = note: the type `Path` does not implement `Clone`, so calling `clone` on `&Path` copies the reference, which does not do anything and can be removed
[INFO] [stdout]     = note: `#[warn(noop_method_call)]` on by default
[INFO] [stdout] 
[INFO] [stdout] 
[INFO] [stdout] warning: 1 warning emitted
[INFO] [stdout] 
[INFO] [stdout] 
[INFO] [stderr]     Finished dev [unoptimized + debuginfo] target(s) in 8.57s
[INFO] running `Command { std: "docker" "inspect" "eb1739d260b8aaf592029b6d69116d94b426d87f7111f22a438d7507144995c2", kill_on_drop: false }`
[INFO] running `Command { std: "docker" "rm" "-f" "eb1739d260b8aaf592029b6d69116d94b426d87f7111f22a438d7507144995c2", kill_on_drop: false }`
[INFO] [stdout] eb1739d260b8aaf592029b6d69116d94b426d87f7111f22a438d7507144995c2
[INFO] running `Command { std: "docker" "create" "-v" "/var/lib/crater-agent-workspace/builds/worker-7-tc1/target:/opt/rustwide/target:rw,Z" "-v" "/var/lib/crater-agent-workspace/builds/worker-7-tc1/source:/opt/rustwide/workdir:ro,Z" "-v" "/var/lib/crater-agent-workspace/cargo-home:/opt/rustwide/cargo-home:ro,Z" "-v" "/var/lib/crater-agent-workspace/rustup-home:/opt/rustwide/rustup-home:ro,Z" "-e" "SOURCE_DIR=/opt/rustwide/workdir" "-e" "CARGO_TARGET_DIR=/opt/rustwide/target" "-e" "CARGO_INCREMENTAL=0" "-e" "RUST_BACKTRACE=full" "-e" "RUSTFLAGS=--cap-lints=warn" "-e" "RUSTDOCFLAGS=--cap-lints=warn" "-e" "CARGO_HOME=/opt/rustwide/cargo-home" "-e" "RUSTUP_HOME=/opt/rustwide/rustup-home" "-w" "/opt/rustwide/workdir" "-m" "1610612736" "--user" "0:0" "--network" "none" "ghcr.io/rust-lang/crates-build-env/linux@sha256:2788e3201cd34a07e3172128adcd8b3090168a8e3bcc40d7c032b9dda1df7d1c" "/opt/rustwide/cargo-home/bin/cargo" "+1.75.0" "test" "--frozen" "--no-run" "--message-format=json", kill_on_drop: false }`
[INFO] [stdout] 55a864cff8dbcda69b51cf071567f9558e40aea93ec61630f54e90b8824c9716
[INFO] running `Command { std: "docker" "start" "-a" "55a864cff8dbcda69b51cf071567f9558e40aea93ec61630f54e90b8824c9716", kill_on_drop: false }`
[INFO] [stderr]    Compiling skora v0.1.0 (/opt/rustwide/workdir)
[INFO] [stdout] warning: call to `.clone()` on a reference in this situation does nothing
[INFO] [stdout]    --> src/lib.rs:106:59
[INFO] [stdout]     |
[INFO] [stdout] 106 |             let layer_parent = file_path.parent().unwrap().clone().join("layers");
[INFO] [stdout]     |                                                           ^^^^^^^^ help: remove this redundant call
[INFO] [stdout]     |
[INFO] [stdout]     = note: the type `Path` does not implement `Clone`, so calling `clone` on `&Path` copies the reference, which does not do anything and can be removed
[INFO] [stdout]     = note: `#[warn(noop_method_call)]` on by default
[INFO] [stdout] 
[INFO] [stdout] 
[INFO] [stdout] warning: 1 warning emitted
[INFO] [stdout] 
[INFO] [stdout] 
[INFO] [stdout] warning: call to `.clone()` on a reference in this situation does nothing
[INFO] [stdout]    --> src/lib.rs:106:59
[INFO] [stdout]     |
[INFO] [stdout] 106 |             let layer_parent = file_path.parent().unwrap().clone().join("layers");
[INFO] [stdout]     |                                                           ^^^^^^^^ help: remove this redundant call
[INFO] [stdout]     |
[INFO] [stdout]     = note: the type `Path` does not implement `Clone`, so calling `clone` on `&Path` copies the reference, which does not do anything and can be removed
[INFO] [stdout]     = note: `#[warn(noop_method_call)]` on by default
[INFO] [stdout] 
[INFO] [stdout] 
[INFO] [stdout] warning: 1 warning emitted
[INFO] [stdout] 
[INFO] [stdout] 
[INFO] [stderr]     Finished test [unoptimized + debuginfo] target(s) in 0.33s
[INFO] running `Command { std: "docker" "inspect" "55a864cff8dbcda69b51cf071567f9558e40aea93ec61630f54e90b8824c9716", kill_on_drop: false }`
[INFO] running `Command { std: "docker" "rm" "-f" "55a864cff8dbcda69b51cf071567f9558e40aea93ec61630f54e90b8824c9716", kill_on_drop: false }`
[INFO] [stdout] 55a864cff8dbcda69b51cf071567f9558e40aea93ec61630f54e90b8824c9716
[INFO] running `Command { std: "docker" "create" "-v" "/var/lib/crater-agent-workspace/builds/worker-7-tc1/target:/opt/rustwide/target:rw,Z" "-v" "/var/lib/crater-agent-workspace/builds/worker-7-tc1/source:/opt/rustwide/workdir:ro,Z" "-v" "/var/lib/crater-agent-workspace/cargo-home:/opt/rustwide/cargo-home:ro,Z" "-v" "/var/lib/crater-agent-workspace/rustup-home:/opt/rustwide/rustup-home:ro,Z" "-e" "SOURCE_DIR=/opt/rustwide/workdir" "-e" "CARGO_TARGET_DIR=/opt/rustwide/target" "-e" "CARGO_INCREMENTAL=0" "-e" "RUST_BACKTRACE=full" "-e" "RUSTFLAGS=--cap-lints=warn" "-e" "RUSTDOCFLAGS=--cap-lints=warn" "-e" "CARGO_HOME=/opt/rustwide/cargo-home" "-e" "RUSTUP_HOME=/opt/rustwide/rustup-home" "-w" "/opt/rustwide/workdir" "-m" "1610612736" "--user" "0:0" "--network" "none" "ghcr.io/rust-lang/crates-build-env/linux@sha256:2788e3201cd34a07e3172128adcd8b3090168a8e3bcc40d7c032b9dda1df7d1c" "/opt/rustwide/cargo-home/bin/cargo" "+1.75.0" "test" "--frozen", kill_on_drop: false }`
[INFO] [stdout] e4bb2028a577a30348919475f9f3d67ae4c88bf25a86a79c63fcf32c15a3735d
[INFO] running `Command { std: "docker" "start" "-a" "e4bb2028a577a30348919475f9f3d67ae4c88bf25a86a79c63fcf32c15a3735d", kill_on_drop: false }`
[INFO] [stderr] warning: call to `.clone()` on a reference in this situation does nothing
[INFO] [stderr]    --> src/lib.rs:106:59
[INFO] [stderr]     |
[INFO] [stderr] 106 |             let layer_parent = file_path.parent().unwrap().clone().join("layers");
[INFO] [stderr]     |                                                           ^^^^^^^^ help: remove this redundant call
[INFO] [stderr]     |
[INFO] [stderr]     = note: the type `Path` does not implement `Clone`, so calling `clone` on `&Path` copies the reference, which does not do anything and can be removed
[INFO] [stderr]     = note: `#[warn(noop_method_call)]` on by default
[INFO] [stderr] 
[INFO] [stderr] warning: `skora` (lib) generated 1 warning (run `cargo fix --lib -p skora` to apply 1 suggestion)
[INFO] [stderr] warning: `skora` (lib test) generated 1 warning (1 duplicate)
[INFO] [stderr]     Finished test [unoptimized + debuginfo] target(s) in 0.03s
[INFO] [stderr]      Running unittests src/lib.rs (/opt/rustwide/target/debug/deps/skora-5976452d2217cc4c)
[INFO] [stdout] 
[INFO] [stdout] running 0 tests
[INFO] [stdout] 
[INFO] [stdout] test result: ok. 0 passed; 0 failed; 0 ignored; 0 measured; 0 filtered out; finished in 0.00s
[INFO] [stdout] 
[INFO] [stderr]    Doc-tests skora
[INFO] [stdout] 
[INFO] [stdout] running 6 tests
[INFO] [stdout] test src/ora.rs - ora::Layer::new (line 44) ... FAILED
[INFO] [stdout] test src/ora.rs - ora::Ora::write_to_file (line 137) ... FAILED
[INFO] [stdout] test src/ora.rs - ora::Ora::new (line 99) ... FAILED
[INFO] [stdout] test src/ora.rs - ora::Ora::default (line 87) ... FAILED
[INFO] [stdout] test src/ora.rs - ora::Ora::add_layer (line 119) ... FAILED
[INFO] [stdout] test src/lib.rs - convert_file (line 73) ... FAILED
[INFO] [stdout] 
[INFO] [stdout] failures:
[INFO] [stdout] 
[INFO] [stdout] ---- src/ora.rs - ora::Layer::new (line 44) stdout ----
[INFO] [stdout] error[E0433]: failed to resolve: use of undeclared type `Layer`
[INFO] [stdout]  --> src/ora.rs:45:13
[INFO] [stdout]   |
[INFO] [stdout] 3 | let layer = Layer::new(1, image, 0.5, 0, 0, 100, 100);
[INFO] [stdout]   |             ^^^^^ use of undeclared type `Layer`
[INFO] [stdout]   |
[INFO] [stdout] help: consider importing this struct
[INFO] [stdout]   |
[INFO] [stdout] 2 + use skora::ora::Layer;
[INFO] [stdout]   |
[INFO] [stdout] 
[INFO] [stdout] error[E0423]: expected value, found crate `image`
[INFO] [stdout]  --> src/ora.rs:45:27
[INFO] [stdout]   |
[INFO] [stdout] 3 | let layer = Layer::new(1, image, 0.5, 0, 0, 100, 100);
[INFO] [stdout]   |                           ^^^^^ not a value
[INFO] [stdout] 
[INFO] [stdout] error: aborting due to 2 previous errors
[INFO] [stdout] 
[INFO] [stdout] Some errors have detailed explanations: E0423, E0433.
[INFO] [stdout] For more information about an error, try `rustc --explain E0423`.
[INFO] [stdout] Couldn't compile the test.
[INFO] [stdout] ---- src/ora.rs - ora::Ora::write_to_file (line 137) stdout ----
[INFO] [stdout] error[E0433]: failed to resolve: use of undeclared type `Path`
[INFO] [stdout]  --> src/ora.rs:138:17
[INFO] [stdout]   |
[INFO] [stdout] 3 | let file_path = Path::new("image.ora");
[INFO] [stdout]   |                 ^^^^ use of undeclared type `Path`
[INFO] [stdout]   |
[INFO] [stdout] help: consider importing this struct
[INFO] [stdout]   |
[INFO] [stdout] 2 + use std::path::Path;
[INFO] [stdout]   |
[INFO] [stdout] 
[INFO] [stdout] error[E0433]: failed to resolve: use of undeclared type `Ora`
[INFO] [stdout]  --> src/ora.rs:139:15
[INFO] [stdout]   |
[INFO] [stdout] 4 | let mut ora = Ora::new();
[INFO] [stdout]   |               ^^^ use of undeclared type `Ora`
[INFO] [stdout]   |
[INFO] [stdout] help: a trait with a similar name exists
[INFO] [stdout]   |
[INFO] [stdout] 4 | let mut ora = Ord::new();
[INFO] [stdout]   |               ~~~
[INFO] [stdout] help: consider importing this struct
[INFO] [stdout]   |
[INFO] [stdout] 2 + use skora::ora::Ora;
[INFO] [stdout]   |
[INFO] [stdout] 
[INFO] [stdout] error: aborting due to 2 previous errors
[INFO] [stdout] 
[INFO] [stdout] For more information about this error, try `rustc --explain E0433`.
[INFO] [stdout] Couldn't compile the test.
[INFO] [stdout] ---- src/ora.rs - ora::Ora::new (line 99) stdout ----
[INFO] [stdout] error[E0433]: failed to resolve: use of undeclared type `Ora`
[INFO] [stdout]  --> src/ora.rs:100:15
[INFO] [stdout]   |
[INFO] [stdout] 3 | let mut ora = Ora::new();
[INFO] [stdout]   |               ^^^ use of undeclared type `Ora`
[INFO] [stdout]   |
[INFO] [stdout] help: a trait with a similar name exists
[INFO] [stdout]   |
[INFO] [stdout] 3 | let mut ora = Ord::new();
[INFO] [stdout]   |               ~~~
[INFO] [stdout] help: consider importing this struct
[INFO] [stdout]   |
[INFO] [stdout] 2 + use skora::ora::Ora;
[INFO] [stdout]   |
[INFO] [stdout] 
[INFO] [stdout] error: aborting due to previous error
[INFO] [stdout] 
[INFO] [stdout] For more information about this error, try `rustc --explain E0433`.
[INFO] [stdout] Couldn't compile the test.
[INFO] [stdout] ---- src/ora.rs - ora::Ora::default (line 87) stdout ----
[INFO] [stdout] error[E0433]: failed to resolve: use of undeclared type `Ora`
[INFO] [stdout]  --> src/ora.rs:88:15
[INFO] [stdout]   |
[INFO] [stdout] 3 | let mut ora = Ora::default();
[INFO] [stdout]   |               ^^^ use of undeclared type `Ora`
[INFO] [stdout]   |
[INFO] [stdout] help: a trait with a similar name exists
[INFO] [stdout]   |
[INFO] [stdout] 3 | let mut ora = Ord::default();
[INFO] [stdout]   |               ~~~
[INFO] [stdout] help: consider importing this struct
[INFO] [stdout]   |
[INFO] [stdout] 2 + use skora::ora::Ora;
[INFO] [stdout]   |
[INFO] [stdout] 
[INFO] [stdout] error: aborting due to previous error
[INFO] [stdout] 
[INFO] [stdout] For more information about this error, try `rustc --explain E0433`.
[INFO] [stdout] Couldn't compile the test.
[INFO] [stdout] ---- src/ora.rs - ora::Ora::add_layer (line 119) stdout ----
[INFO] [stdout] error[E0433]: failed to resolve: use of undeclared type `Ora`
[INFO] [stdout]  --> src/ora.rs:120:15
[INFO] [stdout]   |
[INFO] [stdout] 3 | let mut ora = Ora::default();
[INFO] [stdout]   |               ^^^ use of undeclared type `Ora`
[INFO] [stdout]   |
[INFO] [stdout] help: a trait with a similar name exists
[INFO] [stdout]   |
[INFO] [stdout] 3 | let mut ora = Ord::default();
[INFO] [stdout]   |               ~~~
[INFO] [stdout] help: consider importing this struct
[INFO] [stdout]   |
[INFO] [stdout] 2 + use skora::ora::Ora;
[INFO] [stdout]   |
[INFO] [stdout] 
[INFO] [stdout] error[E0433]: failed to resolve: use of undeclared type `Layer`
[INFO] [stdout]  --> src/ora.rs:122:13
[INFO] [stdout]   |
[INFO] [stdout] 5 | let layer = Layer::new(1, image, 0.5, 0, 0, 100, 100);
[INFO] [stdout]   |             ^^^^^ use of undeclared type `Layer`
[INFO] [stdout]   |
[INFO] [stdout] help: consider importing this struct
[INFO] [stdout]   |
[INFO] [stdout] 2 + use skora::ora::Layer;
[INFO] [stdout]   |
[INFO] [stdout] 
[INFO] [stdout] error: aborting due to 2 previous errors
[INFO] [stdout] 
[INFO] [stdout] For more information about this error, try `rustc --explain E0433`.
[INFO] [stdout] Couldn't compile the test.
[INFO] [stdout] ---- src/lib.rs - convert_file (line 73) stdout ----
[INFO] [stdout] error[E0254]: the name `skora` is defined multiple times
[INFO] [stdout]  --> src/lib.rs:76:5
[INFO] [stdout]   |
[INFO] [stdout] 3 | extern crate r#skora;
[INFO] [stdout]   | --------------------- previous import of the extern crate `skora` here
[INFO] [stdout] 4 | use std::error::Error;
[INFO] [stdout] 5 | use skora;
[INFO] [stdout]   |     ^^^^^ `skora` reimported here
[INFO] [stdout]   |
[INFO] [stdout]   = note: `skora` must be defined only once in the type namespace of this module
[INFO] [stdout] 
[INFO] [stdout] error[E0061]: this function takes 2 arguments but 1 argument was supplied
[INFO] [stdout]   --> src/lib.rs:80:5
[INFO] [stdout]    |
[INFO] [stdout] 9  |     skora::convert_file(path_string)?;
[INFO] [stdout]    |     ^^^^^^^^^^^^^^^^^^^-------------
[INFO] [stdout]    |                        ||
[INFO] [stdout]    |                        |expected `String`, found `&str`
[INFO] [stdout]    |                        an argument of type `bool` is missing
[INFO] [stdout]    |
[INFO] [stdout] note: function defined here
[INFO] [stdout]   --> /opt/rustwide/workdir/src/lib.rs:82:8
[INFO] [stdout]    |
[INFO] [stdout] 82 | pub fn convert_file(file_path_string: String, export_tiff: bool) -> Result<String, Box<dyn Error>> {
[INFO] [stdout]    |        ^^^^^^^^^^^^
[INFO] [stdout] help: try using a conversion method
[INFO] [stdout]    |
[INFO] [stdout] 9  |     skora::convert_file(path_string.to_string())?;
[INFO] [stdout]    |                                    ++++++++++++
[INFO] [stdout] help: provide the argument
[INFO] [stdout]    |
[INFO] [stdout] 9  |     skora::convert_file(/* String */, /* bool */)?;
[INFO] [stdout]    |                        ~~~~~~~~~~~~~~~~~~~~~~~~~~
[INFO] [stdout] 
[INFO] [stdout] error[E0308]: mismatched types
[INFO] [stdout]  --> src/lib.rs:77:14
[INFO] [stdout]   |
[INFO] [stdout] 6 | fn main() -> Result<(), Box<dyn Error>> {
[INFO] [stdout]   |    ----      ^^^^^^^^^^^^^^^^^^^^^^^^^^ expected `Result<(), Box<dyn Error>>`, found `()`
[INFO] [stdout]   |    |
[INFO] [stdout]   |    implicitly returns `()` as its body has no tail or `return` expression
[INFO] [stdout]   |
[INFO] [stdout]   = note:   expected enum `Result<(), Box<(dyn std::error::Error + 'static)>>`
[INFO] [stdout]           found unit type `()`
[INFO] [stdout] 
[INFO] [stdout] error: aborting due to 3 previous errors
[INFO] [stdout] 
[INFO] [stdout] Some errors have detailed explanations: E0061, E0254, E0308.
[INFO] [stdout] For more information about an error, try `rustc --explain E0061`.
[INFO] [stdout] Couldn't compile the test.
[INFO] [stdout] 
[INFO] [stdout] failures:
[INFO] [stdout]     src/lib.rs - convert_file (line 73)
[INFO] [stdout]     src/ora.rs - ora::Layer::new (line 44)
[INFO] [stdout]     src/ora.rs - ora::Ora::add_layer (line 119)
[INFO] [stdout]     src/ora.rs - ora::Ora::default (line 87)
[INFO] [stdout]     src/ora.rs - ora::Ora::new (line 99)
[INFO] [stdout]     src/ora.rs - ora::Ora::write_to_file (line 137)
[INFO] [stdout] 
[INFO] [stdout] test result: FAILED. 0 passed; 6 failed; 0 ignored; 0 measured; 0 filtered out; finished in 0.08s
[INFO] [stdout] 
[INFO] [stderr] error: doctest failed, to rerun pass `--doc`
[INFO] running `Command { std: "docker" "inspect" "e4bb2028a577a30348919475f9f3d67ae4c88bf25a86a79c63fcf32c15a3735d", kill_on_drop: false }`
[INFO] running `Command { std: "docker" "rm" "-f" "e4bb2028a577a30348919475f9f3d67ae4c88bf25a86a79c63fcf32c15a3735d", kill_on_drop: false }`
[INFO] [stdout] e4bb2028a577a30348919475f9f3d67ae4c88bf25a86a79c63fcf32c15a3735d
[INFO] testing skora-0.1.0 against beta-2023-12-22 for beta-1.76-1
[INFO] extracting crate skora 0.1.0 into /workspace/builds/worker-7-tc2/source
[INFO] validating manifest of crates.io crate skora 0.1.0 on toolchain beta-2023-12-22
[INFO] running `Command { std: CARGO_HOME="/workspace/cargo-home" RUSTUP_HOME="/workspace/rustup-home" "/workspace/cargo-home/bin/cargo" "+beta-2023-12-22" "metadata" "--manifest-path" "Cargo.toml" "--no-deps", kill_on_drop: false }`
[INFO] started tweaking crates.io crate skora 0.1.0
[INFO] finished tweaking crates.io crate skora 0.1.0
[INFO] tweaked toml for crates.io crate skora 0.1.0 written to /workspace/builds/worker-7-tc2/source/Cargo.toml
[INFO] running `Command { std: CARGO_HOME="/workspace/cargo-home" RUSTUP_HOME="/workspace/rustup-home" "/workspace/cargo-home/bin/cargo" "+beta-2023-12-22" "generate-lockfile" "--manifest-path" "Cargo.toml", kill_on_drop: false }`
[INFO] [stderr]     Updating crates.io index
[INFO] running `Command { std: CARGO_HOME="/workspace/cargo-home" RUSTUP_HOME="/workspace/rustup-home" "/workspace/cargo-home/bin/cargo" "+beta-2023-12-22" "fetch" "--manifest-path" "Cargo.toml", kill_on_drop: false }`
[INFO] running `Command { std: "docker" "create" "-v" "/var/lib/crater-agent-workspace/builds/worker-7-tc2/target:/opt/rustwide/target:rw,Z" "-v" "/var/lib/crater-agent-workspace/builds/worker-7-tc2/source:/opt/rustwide/workdir:ro,Z" "-v" "/var/lib/crater-agent-workspace/cargo-home:/opt/rustwide/cargo-home:ro,Z" "-v" "/var/lib/crater-agent-workspace/rustup-home:/opt/rustwide/rustup-home:ro,Z" "-e" "SOURCE_DIR=/opt/rustwide/workdir" "-e" "CARGO_TARGET_DIR=/opt/rustwide/target" "-e" "CARGO_HOME=/opt/rustwide/cargo-home" "-e" "RUSTUP_HOME=/opt/rustwide/rustup-home" "-w" "/opt/rustwide/workdir" "-m" "1610612736" "--user" "0:0" "--network" "none" "ghcr.io/rust-lang/crates-build-env/linux@sha256:2788e3201cd34a07e3172128adcd8b3090168a8e3bcc40d7c032b9dda1df7d1c" "/opt/rustwide/cargo-home/bin/cargo" "+beta-2023-12-22" "metadata" "--no-deps" "--format-version=1", kill_on_drop: false }`
[INFO] [stdout] 3f9e5bd02f71521c67cdd1a50e88f2ea265c4283f638f8baf9b284db5d1a6ba6
[INFO] running `Command { std: "docker" "start" "-a" "3f9e5bd02f71521c67cdd1a50e88f2ea265c4283f638f8baf9b284db5d1a6ba6", kill_on_drop: false }`
[INFO] running `Command { std: "docker" "inspect" "3f9e5bd02f71521c67cdd1a50e88f2ea265c4283f638f8baf9b284db5d1a6ba6", kill_on_drop: false }`
[INFO] running `Command { std: "docker" "rm" "-f" "3f9e5bd02f71521c67cdd1a50e88f2ea265c4283f638f8baf9b284db5d1a6ba6", kill_on_drop: false }`
[INFO] [stdout] 3f9e5bd02f71521c67cdd1a50e88f2ea265c4283f638f8baf9b284db5d1a6ba6
[INFO] running `Command { std: "docker" "create" "-v" "/var/lib/crater-agent-workspace/builds/worker-7-tc2/target:/opt/rustwide/target:rw,Z" "-v" "/var/lib/crater-agent-workspace/builds/worker-7-tc2/source:/opt/rustwide/workdir:ro,Z" "-v" "/var/lib/crater-agent-workspace/cargo-home:/opt/rustwide/cargo-home:ro,Z" "-v" "/var/lib/crater-agent-workspace/rustup-home:/opt/rustwide/rustup-home:ro,Z" "-e" "SOURCE_DIR=/opt/rustwide/workdir" "-e" "CARGO_TARGET_DIR=/opt/rustwide/target" "-e" "CARGO_INCREMENTAL=0" "-e" "RUST_BACKTRACE=full" "-e" "RUSTFLAGS=--cap-lints=warn" "-e" "RUSTDOCFLAGS=--cap-lints=warn" "-e" "CARGO_HOME=/opt/rustwide/cargo-home" "-e" "RUSTUP_HOME=/opt/rustwide/rustup-home" "-w" "/opt/rustwide/workdir" "-m" "1610612736" "--user" "0:0" "--network" "none" "ghcr.io/rust-lang/crates-build-env/linux@sha256:2788e3201cd34a07e3172128adcd8b3090168a8e3bcc40d7c032b9dda1df7d1c" "/opt/rustwide/cargo-home/bin/cargo" "+beta-2023-12-22" "build" "--frozen" "--message-format=json", kill_on_drop: false }`
[INFO] [stdout] 98dbbdc19cee2ac056ca8984a116f6939d4c209a5842c71ce6d78845ce1b4c78
[INFO] running `Command { std: "docker" "start" "-a" "98dbbdc19cee2ac056ca8984a116f6939d4c209a5842c71ce6d78845ce1b4c78", kill_on_drop: false }`
[INFO] [stderr]    Compiling num-traits v0.2.17
[INFO] [stderr]    Compiling num-integer v0.1.45
[INFO] [stderr]    Compiling crc32fast v1.3.2
[INFO] [stderr]    Compiling adler v1.0.2
[INFO] [stderr]    Compiling pkg-config v0.3.28
[INFO] [stderr]    Compiling miniz_oxide v0.4.4
[INFO] [stderr]    Compiling num-iter v0.1.43
[INFO] [stderr]    Compiling num-bigint v0.4.4
[INFO] [stderr]    Compiling adler32 v1.2.0
[INFO] [stderr]    Compiling byteorder v1.5.0
[INFO] [stderr]    Compiling either v1.9.0
[INFO] [stderr]    Compiling rayon v1.8.0
[INFO] [stderr]    Compiling num-rational v0.3.2
[INFO] [stderr]    Compiling num-rational v0.4.1
[INFO] [stderr]    Compiling syn v1.0.109
[INFO] [stderr]    Compiling weezl v0.1.7
[INFO] [stderr]    Compiling thiserror-impl v1.0.56
[INFO] [stderr]    Compiling bzip2-sys v0.1.11+1.0.8
[INFO] [stderr]    Compiling deflate v0.8.6
[INFO] [stderr]    Compiling miniz_oxide v0.3.7
[INFO] [stderr]    Compiling miniz_oxide v0.7.1
[INFO] [stderr]    Compiling color_quant v1.1.0
[INFO] [stderr]    Compiling flate2 v1.0.28
[INFO] [stderr]    Compiling num-complex v0.4.4
[INFO] [stderr]    Compiling gif v0.11.4
[INFO] [stderr]    Compiling bzip2 v0.4.4
[INFO] [stderr]    Compiling png v0.16.8
[INFO] [stderr]    Compiling time v0.1.45
[INFO] [stderr]    Compiling scoped_threadpool v0.1.9
[INFO] [stderr]    Compiling jpeg-decoder v0.1.22
[INFO] [stderr]    Compiling thiserror v1.0.56
[INFO] [stderr]    Compiling bytemuck v1.14.0
[INFO] [stderr]    Compiling zip v0.5.13
[INFO] [stderr]    Compiling hex v0.4.3
[INFO] [stderr]    Compiling pretty-hex v0.2.1
[INFO] [stderr]    Compiling tiff v0.6.1
[INFO] [stderr]    Compiling num v0.4.1
[INFO] [stderr]    Compiling image v0.23.14
[INFO] [stderr]    Compiling num-derive v0.3.3
[INFO] [stderr]    Compiling skora v0.1.0 (/opt/rustwide/workdir)
[INFO] [stdout] warning: call to `.clone()` on a reference in this situation does nothing
[INFO] [stdout]    --> src/lib.rs:106:59
[INFO] [stdout]     |
[INFO] [stdout] 106 |             let layer_parent = file_path.parent().unwrap().clone().join("layers");
[INFO] [stdout]     |                                                           ^^^^^^^^ help: remove this redundant call
[INFO] [stdout]     |
[INFO] [stdout]     = note: the type `Path` does not implement `Clone`, so calling `clone` on `&Path` copies the reference, which does not do anything and can be removed
[INFO] [stdout]     = note: `#[warn(noop_method_call)]` on by default
[INFO] [stdout] 
[INFO] [stdout] 
[INFO] [stdout] warning: 1 warning emitted
[INFO] [stdout] 
[INFO] [stdout] 
[INFO] [stderr]     Finished dev [unoptimized + debuginfo] target(s) in 11.16s
[INFO] running `Command { std: "docker" "inspect" "98dbbdc19cee2ac056ca8984a116f6939d4c209a5842c71ce6d78845ce1b4c78", kill_on_drop: false }`
[INFO] running `Command { std: "docker" "rm" "-f" "98dbbdc19cee2ac056ca8984a116f6939d4c209a5842c71ce6d78845ce1b4c78", kill_on_drop: false }`
[INFO] [stdout] 98dbbdc19cee2ac056ca8984a116f6939d4c209a5842c71ce6d78845ce1b4c78
[INFO] running `Command { std: "docker" "create" "-v" "/var/lib/crater-agent-workspace/builds/worker-7-tc2/target:/opt/rustwide/target:rw,Z" "-v" "/var/lib/crater-agent-workspace/builds/worker-7-tc2/source:/opt/rustwide/workdir:ro,Z" "-v" "/var/lib/crater-agent-workspace/cargo-home:/opt/rustwide/cargo-home:ro,Z" "-v" "/var/lib/crater-agent-workspace/rustup-home:/opt/rustwide/rustup-home:ro,Z" "-e" "SOURCE_DIR=/opt/rustwide/workdir" "-e" "CARGO_TARGET_DIR=/opt/rustwide/target" "-e" "CARGO_INCREMENTAL=0" "-e" "RUST_BACKTRACE=full" "-e" "RUSTFLAGS=--cap-lints=warn" "-e" "RUSTDOCFLAGS=--cap-lints=warn" "-e" "CARGO_HOME=/opt/rustwide/cargo-home" "-e" "RUSTUP_HOME=/opt/rustwide/rustup-home" "-w" "/opt/rustwide/workdir" "-m" "1610612736" "--user" "0:0" "--network" "none" "ghcr.io/rust-lang/crates-build-env/linux@sha256:2788e3201cd34a07e3172128adcd8b3090168a8e3bcc40d7c032b9dda1df7d1c" "/opt/rustwide/cargo-home/bin/cargo" "+beta-2023-12-22" "test" "--frozen" "--no-run" "--message-format=json", kill_on_drop: false }`
[INFO] [stdout] 9e72ef7c175824552fc44d7a73add2b0566636f36f29d44f4813a650653abbee
[INFO] running `Command { std: "docker" "start" "-a" "9e72ef7c175824552fc44d7a73add2b0566636f36f29d44f4813a650653abbee", kill_on_drop: false }`
[INFO] [stdout] warning: call to `.clone()` on a reference in this situation does nothing
[INFO] [stdout]    --> src/lib.rs:106:59
[INFO] [stdout]     |
[INFO] [stdout] 106 |             let layer_parent = file_path.parent().unwrap().clone().join("layers");
[INFO] [stdout]     |                                                           ^^^^^^^^ help: remove this redundant call
[INFO] [stdout]     |
[INFO] [stdout]     = note: the type `Path` does not implement `Clone`, so calling `clone` on `&Path` copies the reference, which does not do anything and can be removed
[INFO] [stdout]     = note: `#[warn(noop_method_call)]` on by default
[INFO] [stdout] 
[INFO] [stdout] 
[INFO] [stderr]    Compiling skora v0.1.0 (/opt/rustwide/workdir)
[INFO] [stdout] warning: 1 warning emitted
[INFO] [stdout] 
[INFO] [stdout] 
[INFO] [stdout] warning: call to `.clone()` on a reference in this situation does nothing
[INFO] [stdout]    --> src/lib.rs:106:59
[INFO] [stdout]     |
[INFO] [stdout] 106 |             let layer_parent = file_path.parent().unwrap().clone().join("layers");
[INFO] [stdout]     |                                                           ^^^^^^^^ help: remove this redundant call
[INFO] [stdout]     |
[INFO] [stdout]     = note: the type `Path` does not implement `Clone`, so calling `clone` on `&Path` copies the reference, which does not do anything and can be removed
[INFO] [stdout]     = note: `#[warn(noop_method_call)]` on by default
[INFO] [stdout] 
[INFO] [stdout] 
[INFO] [stdout] warning: 1 warning emitted
[INFO] [stdout] 
[INFO] [stdout] 
[INFO] [stderr]     Finished test [unoptimized + debuginfo] target(s) in 0.32s
[INFO] running `Command { std: "docker" "inspect" "9e72ef7c175824552fc44d7a73add2b0566636f36f29d44f4813a650653abbee", kill_on_drop: false }`
[INFO] running `Command { std: "docker" "rm" "-f" "9e72ef7c175824552fc44d7a73add2b0566636f36f29d44f4813a650653abbee", kill_on_drop: false }`
[INFO] [stdout] 9e72ef7c175824552fc44d7a73add2b0566636f36f29d44f4813a650653abbee
[INFO] running `Command { std: "docker" "create" "-v" "/var/lib/crater-agent-workspace/builds/worker-7-tc2/target:/opt/rustwide/target:rw,Z" "-v" "/var/lib/crater-agent-workspace/builds/worker-7-tc2/source:/opt/rustwide/workdir:ro,Z" "-v" "/var/lib/crater-agent-workspace/cargo-home:/opt/rustwide/cargo-home:ro,Z" "-v" "/var/lib/crater-agent-workspace/rustup-home:/opt/rustwide/rustup-home:ro,Z" "-e" "SOURCE_DIR=/opt/rustwide/workdir" "-e" "CARGO_TARGET_DIR=/opt/rustwide/target" "-e" "CARGO_INCREMENTAL=0" "-e" "RUST_BACKTRACE=full" "-e" "RUSTFLAGS=--cap-lints=warn" "-e" "RUSTDOCFLAGS=--cap-lints=warn" "-e" "CARGO_HOME=/opt/rustwide/cargo-home" "-e" "RUSTUP_HOME=/opt/rustwide/rustup-home" "-w" "/opt/rustwide/workdir" "-m" "1610612736" "--user" "0:0" "--network" "none" "ghcr.io/rust-lang/crates-build-env/linux@sha256:2788e3201cd34a07e3172128adcd8b3090168a8e3bcc40d7c032b9dda1df7d1c" "/opt/rustwide/cargo-home/bin/cargo" "+beta-2023-12-22" "test" "--frozen", kill_on_drop: false }`
[INFO] [stdout] 449ed280da339faf589a0dfaf43713bd78ba2fc4d5d6685f64e3d613fd262659
[INFO] running `Command { std: "docker" "start" "-a" "449ed280da339faf589a0dfaf43713bd78ba2fc4d5d6685f64e3d613fd262659", kill_on_drop: false }`
[INFO] [stderr] warning: call to `.clone()` on a reference in this situation does nothing
[INFO] [stderr]    --> src/lib.rs:106:59
[INFO] [stderr]     |
[INFO] [stderr] 106 |             let layer_parent = file_path.parent().unwrap().clone().join("layers");
[INFO] [stderr]     |                                                           ^^^^^^^^ help: remove this redundant call
[INFO] [stderr]     |
[INFO] [stderr]     = note: the type `Path` does not implement `Clone`, so calling `clone` on `&Path` copies the reference, which does not do anything and can be removed
[INFO] [stderr]     = note: `#[warn(noop_method_call)]` on by default
[INFO] [stderr] 
[INFO] [stderr] warning: `skora` (lib) generated 1 warning (run `cargo fix --lib -p skora` to apply 1 suggestion)
[INFO] [stderr] warning: `skora` (lib test) generated 1 warning (1 duplicate)
[INFO] [stderr]     Finished test [unoptimized + debuginfo] target(s) in 0.03s
[INFO] [stderr]      Running unittests src/lib.rs (/opt/rustwide/target/debug/deps/skora-2107d26e2ee9682d)
[INFO] [stdout] 
[INFO] [stdout] running 0 tests
[INFO] [stdout] 
[INFO] [stdout] test result: ok. 0 passed; 0 failed; 0 ignored; 0 measured; 0 filtered out; finished in 0.00s
[INFO] [stdout] 
[INFO] [stderr]    Doc-tests skora
[INFO] [stdout] 
[INFO] [stdout] running 6 tests
[INFO] [stdout] test src/ora.rs - ora::Ora::default (line 87) ... FAILED
[INFO] [stdout] test src/ora.rs - ora::Ora::new (line 99) ... FAILED
[INFO] [stdout] test src/ora.rs - ora::Ora::add_layer (line 119) ... FAILED
[INFO] [stdout] test src/ora.rs - ora::Ora::write_to_file (line 137) ... FAILED
[INFO] [stdout] test src/ora.rs - ora::Layer::new (line 44) ... FAILED
[INFO] [stdout] test src/lib.rs - convert_file (line 73) ... FAILED
[INFO] [stdout] 
[INFO] [stdout] failures:
[INFO] [stdout] 
[INFO] [stdout] ---- src/ora.rs - ora::Ora::default (line 87) stdout ----
[INFO] [stdout] error[E0433]: failed to resolve: use of undeclared type `Ora`
[INFO] [stdout]  --> src/ora.rs:88:15
[INFO] [stdout]   |
[INFO] [stdout] 3 | let mut ora = Ora::default();
[INFO] [stdout]   |               ^^^ use of undeclared type `Ora`
[INFO] [stdout]   |
[INFO] [stdout] help: a trait with a similar name exists
[INFO] [stdout]   |
[INFO] [stdout] 3 | let mut ora = Ord::default();
[INFO] [stdout]   |               ~~~
[INFO] [stdout] help: consider importing this struct
[INFO] [stdout]   |
[INFO] [stdout] 2 + use skora::ora::Ora;
[INFO] [stdout]   |
[INFO] [stdout] 
[INFO] [stdout] error: aborting due to 1 previous error
[INFO] [stdout] 
[INFO] [stdout] For more information about this error, try `rustc --explain E0433`.
[INFO] [stdout] Couldn't compile the test.
[INFO] [stdout] ---- src/ora.rs - ora::Ora::new (line 99) stdout ----
[INFO] [stdout] error[E0433]: failed to resolve: use of undeclared type `Ora`
[INFO] [stdout]  --> src/ora.rs:100:15
[INFO] [stdout]   |
[INFO] [stdout] 3 | let mut ora = Ora::new();
[INFO] [stdout]   |               ^^^ use of undeclared type `Ora`
[INFO] [stdout]   |
[INFO] [stdout] help: a trait with a similar name exists
[INFO] [stdout]   |
[INFO] [stdout] 3 | let mut ora = Ord::new();
[INFO] [stdout]   |               ~~~
[INFO] [stdout] help: consider importing this struct
[INFO] [stdout]   |
[INFO] [stdout] 2 + use skora::ora::Ora;
[INFO] [stdout]   |
[INFO] [stdout] 
[INFO] [stdout] error: aborting due to 1 previous error
[INFO] [stdout] 
[INFO] [stdout] For more information about this error, try `rustc --explain E0433`.
[INFO] [stdout] Couldn't compile the test.
[INFO] [stdout] ---- src/ora.rs - ora::Ora::add_layer (line 119) stdout ----
[INFO] [stdout] error[E0433]: failed to resolve: use of undeclared type `Ora`
[INFO] [stdout]  --> src/ora.rs:120:15
[INFO] [stdout]   |
[INFO] [stdout] 3 | let mut ora = Ora::default();
[INFO] [stdout]   |               ^^^ use of undeclared type `Ora`
[INFO] [stdout]   |
[INFO] [stdout] help: a trait with a similar name exists
[INFO] [stdout]   |
[INFO] [stdout] 3 | let mut ora = Ord::default();
[INFO] [stdout]   |               ~~~
[INFO] [stdout] help: consider importing this struct
[INFO] [stdout]   |
[INFO] [stdout] 2 + use skora::ora::Ora;
[INFO] [stdout]   |
[INFO] [stdout] 
[INFO] [stdout] error[E0433]: failed to resolve: use of undeclared type `Layer`
[INFO] [stdout]  --> src/ora.rs:122:13
[INFO] [stdout]   |
[INFO] [stdout] 5 | let layer = Layer::new(1, image, 0.5, 0, 0, 100, 100);
[INFO] [stdout]   |             ^^^^^ use of undeclared type `Layer`
[INFO] [stdout]   |
[INFO] [stdout] help: consider importing this struct
[INFO] [stdout]   |
[INFO] [stdout] 2 + use skora::ora::Layer;
[INFO] [stdout]   |
[INFO] [stdout] 
[INFO] [stdout] error: aborting due to 2 previous errors
[INFO] [stdout] 
[INFO] [stdout] For more information about this error, try `rustc --explain E0433`.
[INFO] [stdout] Couldn't compile the test.
[INFO] [stdout] ---- src/ora.rs - ora::Ora::write_to_file (line 137) stdout ----
[INFO] [stdout] error[E0433]: failed to resolve: use of undeclared type `Path`
[INFO] [stdout]  --> src/ora.rs:138:17
[INFO] [stdout]   |
[INFO] [stdout] 3 | let file_path = Path::new("image.ora");
[INFO] [stdout]   |                 ^^^^ use of undeclared type `Path`
[INFO] [stdout]   |
[INFO] [stdout] help: consider importing this struct
[INFO] [stdout]   |
[INFO] [stdout] 2 + use std::path::Path;
[INFO] [stdout]   |
[INFO] [stdout] 
[INFO] [stdout] error[E0433]: failed to resolve: use of undeclared type `Ora`
[INFO] [stdout]  --> src/ora.rs:139:15
[INFO] [stdout]   |
[INFO] [stdout] 4 | let mut ora = Ora::new();
[INFO] [stdout]   |               ^^^ use of undeclared type `Ora`
[INFO] [stdout]   |
[INFO] [stdout] help: a trait with a similar name exists
[INFO] [stdout]   |
[INFO] [stdout] 4 | let mut ora = Ord::new();
[INFO] [stdout]   |               ~~~
[INFO] [stdout] help: consider importing this struct
[INFO] [stdout]   |
[INFO] [stdout] 2 + use skora::ora::Ora;
[INFO] [stdout]   |
[INFO] [stdout] 
[INFO] [stdout] error: aborting due to 2 previous errors
[INFO] [stdout] 
[INFO] [stdout] For more information about this error, try `rustc --explain E0433`.
[INFO] [stdout] Couldn't compile the test.
[INFO] [stdout] ---- src/ora.rs - ora::Layer::new (line 44) stdout ----
[INFO] [stdout] error[E0433]: failed to resolve: use of undeclared type `Layer`
[INFO] [stdout]  --> src/ora.rs:45:13
[INFO] [stdout]   |
[INFO] [stdout] 3 | let layer = Layer::new(1, image, 0.5, 0, 0, 100, 100);
[INFO] [stdout]   |             ^^^^^ use of undeclared type `Layer`
[INFO] [stdout]   |
[INFO] [stdout] help: consider importing this struct
[INFO] [stdout]   |
[INFO] [stdout] 2 + use skora::ora::Layer;
[INFO] [stdout]   |
[INFO] [stdout] 
[INFO] [stdout] error[E0423]: expected value, found crate `image`
[INFO] [stdout]  --> src/ora.rs:45:27
[INFO] [stdout]   |
[INFO] [stdout] 3 | let layer = Layer::new(1, image, 0.5, 0, 0, 100, 100);
[INFO] [stdout]   |                           ^^^^^ not a value
[INFO] [stdout] 
[INFO] [stdout] error: aborting due to 2 previous errors
[INFO] [stdout] 
[INFO] [stdout] Some errors have detailed explanations: E0423, E0433.
[INFO] [stdout] For more information about an error, try `rustc --explain E0423`.
[INFO] [stdout] Couldn't compile the test.
[INFO] [stdout] ---- src/lib.rs - convert_file (line 73) stdout ----
[INFO] [stdout] error[E0254]: the name `skora` is defined multiple times
[INFO] [stdout]  --> src/lib.rs:76:5
[INFO] [stdout]   |
[INFO] [stdout] 3 | extern crate r#skora;
[INFO] [stdout]   | --------------------- previous import of the extern crate `skora` here
[INFO] [stdout] 4 | use std::error::Error;
[INFO] [stdout] 5 | use skora;
[INFO] [stdout]   |     ^^^^^ `skora` reimported here
[INFO] [stdout]   |
[INFO] [stdout]   = note: `skora` must be defined only once in the type namespace of this module
[INFO] [stdout] 
[INFO] [stdout] error[E0061]: this function takes 2 arguments but 1 argument was supplied
[INFO] [stdout]   --> src/lib.rs:80:5
[INFO] [stdout]    |
[INFO] [stdout] 9  |     skora::convert_file(path_string)?;
[INFO] [stdout]    |     ^^^^^^^^^^^^^^^^^^^-------------
[INFO] [stdout]    |                        ||
[INFO] [stdout]    |                        |expected `String`, found `&str`
[INFO] [stdout]    |                        an argument of type `bool` is missing
[INFO] [stdout]    |
[INFO] [stdout] note: function defined here
[INFO] [stdout]   --> /opt/rustwide/workdir/src/lib.rs:82:8
[INFO] [stdout]    |
[INFO] [stdout] 82 | pub fn convert_file(file_path_string: String, export_tiff: bool) -> Result<String, Box<dyn Error>> {
[INFO] [stdout]    |        ^^^^^^^^^^^^
[INFO] [stdout] help: try using a conversion method
[INFO] [stdout]    |
[INFO] [stdout] 9  |     skora::convert_file(path_string.to_string())?;
[INFO] [stdout]    |                                    ++++++++++++
[INFO] [stdout] help: provide the argument
[INFO] [stdout]    |
[INFO] [stdout] 9  |     skora::convert_file(/* String */, /* bool */)?;
[INFO] [stdout]    |                        ~~~~~~~~~~~~~~~~~~~~~~~~~~
[INFO] [stdout] 
[INFO] [stdout] error[E0308]: mismatched types
[INFO] [stdout]  --> src/lib.rs:77:14
[INFO] [stdout]   |
[INFO] [stdout] 6 | fn main() -> Result<(), Box<dyn Error>> {
[INFO] [stdout]   |    ----      ^^^^^^^^^^^^^^^^^^^^^^^^^^ expected `Result<(), Box<dyn Error>>`, found `()`
[INFO] [stdout]   |    |
[INFO] [stdout]   |    implicitly returns `()` as its body has no tail or `return` expression
[INFO] [stdout]   |
[INFO] [stdout]   = note:   expected enum `Result<(), Box<(dyn std::error::Error + 'static)>>`
[INFO] [stdout]           found unit type `()`
[INFO] [stdout] 
[INFO] [stdout] error: aborting due to 3 previous errors
[INFO] [stdout] 
[INFO] [stdout] Some errors have detailed explanations: E0061, E0254, E0308.
[INFO] [stdout] For more information about an error, try `rustc --explain E0061`.
[INFO] [stdout] Couldn't compile the test.
[INFO] [stdout] 
[INFO] [stdout] failures:
[INFO] [stdout]     src/lib.rs - convert_file (line 73)
[INFO] [stdout]     src/ora.rs - ora::Layer::new (line 44)
[INFO] [stdout]     src/ora.rs - ora::Ora::add_layer (line 119)
[INFO] [stdout]     src/ora.rs - ora::Ora::default (line 87)
[INFO] [stdout]     src/ora.rs - ora::Ora::new (line 99)
[INFO] [stdout]     src/ora.rs - ora::Ora::write_to_file (line 137)
[INFO] [stdout] 
[INFO] [stdout] test result: FAILED. 0 passed; 6 failed; 0 ignored; 0 measured; 0 filtered out; finished in 0.07s
[INFO] [stdout] 
[INFO] [stderr] error: doctest failed, to rerun pass `--doc`
[INFO] running `Command { std: "docker" "inspect" "449ed280da339faf589a0dfaf43713bd78ba2fc4d5d6685f64e3d613fd262659", kill_on_drop: false }`
[INFO] running `Command { std: "docker" "rm" "-f" "449ed280da339faf589a0dfaf43713bd78ba2fc4d5d6685f64e3d613fd262659", kill_on_drop: false }`
[INFO] [stdout] 449ed280da339faf589a0dfaf43713bd78ba2fc4d5d6685f64e3d613fd262659
