[INFO] fetching crate sketchbook 0.0.2...
[INFO] testing sketchbook-0.0.2 against 1.75.0 for beta-1.76-1
[INFO] extracting crate sketchbook 0.0.2 into /workspace/builds/worker-2-tc1/source
[INFO] validating manifest of crates.io crate sketchbook 0.0.2 on toolchain 1.75.0
[INFO] running `Command { std: CARGO_HOME="/workspace/cargo-home" RUSTUP_HOME="/workspace/rustup-home" "/workspace/cargo-home/bin/cargo" "+1.75.0" "metadata" "--manifest-path" "Cargo.toml" "--no-deps", kill_on_drop: false }`
[INFO] started tweaking crates.io crate sketchbook 0.0.2
[INFO] finished tweaking crates.io crate sketchbook 0.0.2
[INFO] tweaked toml for crates.io crate sketchbook 0.0.2 written to /workspace/builds/worker-2-tc1/source/Cargo.toml
[INFO] running `Command { std: CARGO_HOME="/workspace/cargo-home" RUSTUP_HOME="/workspace/rustup-home" "/workspace/cargo-home/bin/cargo" "+1.75.0" "generate-lockfile" "--manifest-path" "Cargo.toml", kill_on_drop: false }`
[INFO] [stderr]     Updating crates.io index
[INFO] running `Command { std: CARGO_HOME="/workspace/cargo-home" RUSTUP_HOME="/workspace/rustup-home" "/workspace/cargo-home/bin/cargo" "+1.75.0" "fetch" "--manifest-path" "Cargo.toml", kill_on_drop: false }`
[INFO] running `Command { std: "docker" "create" "-v" "/var/lib/crater-agent-workspace/builds/worker-2-tc1/target:/opt/rustwide/target:rw,Z" "-v" "/var/lib/crater-agent-workspace/builds/worker-2-tc1/source:/opt/rustwide/workdir:ro,Z" "-v" "/var/lib/crater-agent-workspace/cargo-home:/opt/rustwide/cargo-home:ro,Z" "-v" "/var/lib/crater-agent-workspace/rustup-home:/opt/rustwide/rustup-home:ro,Z" "-e" "SOURCE_DIR=/opt/rustwide/workdir" "-e" "CARGO_TARGET_DIR=/opt/rustwide/target" "-e" "CARGO_HOME=/opt/rustwide/cargo-home" "-e" "RUSTUP_HOME=/opt/rustwide/rustup-home" "-w" "/opt/rustwide/workdir" "-m" "1610612736" "--user" "0:0" "--network" "none" "ghcr.io/rust-lang/crates-build-env/linux@sha256:2788e3201cd34a07e3172128adcd8b3090168a8e3bcc40d7c032b9dda1df7d1c" "/opt/rustwide/cargo-home/bin/cargo" "+1.75.0" "metadata" "--no-deps" "--format-version=1", kill_on_drop: false }`
[INFO] [stdout] f97a01cf96aa4931fa1d8821be0630763179d8eb9d0749beb06319c6dbebae7f
[INFO] running `Command { std: "docker" "start" "-a" "f97a01cf96aa4931fa1d8821be0630763179d8eb9d0749beb06319c6dbebae7f", kill_on_drop: false }`
[INFO] running `Command { std: "docker" "inspect" "f97a01cf96aa4931fa1d8821be0630763179d8eb9d0749beb06319c6dbebae7f", kill_on_drop: false }`
[INFO] running `Command { std: "docker" "rm" "-f" "f97a01cf96aa4931fa1d8821be0630763179d8eb9d0749beb06319c6dbebae7f", kill_on_drop: false }`
[INFO] [stdout] f97a01cf96aa4931fa1d8821be0630763179d8eb9d0749beb06319c6dbebae7f
[INFO] running `Command { std: "docker" "create" "-v" "/var/lib/crater-agent-workspace/builds/worker-2-tc1/target:/opt/rustwide/target:rw,Z" "-v" "/var/lib/crater-agent-workspace/builds/worker-2-tc1/source:/opt/rustwide/workdir:ro,Z" "-v" "/var/lib/crater-agent-workspace/cargo-home:/opt/rustwide/cargo-home:ro,Z" "-v" "/var/lib/crater-agent-workspace/rustup-home:/opt/rustwide/rustup-home:ro,Z" "-e" "SOURCE_DIR=/opt/rustwide/workdir" "-e" "CARGO_TARGET_DIR=/opt/rustwide/target" "-e" "CARGO_INCREMENTAL=0" "-e" "RUST_BACKTRACE=full" "-e" "RUSTFLAGS=--cap-lints=warn" "-e" "RUSTDOCFLAGS=--cap-lints=warn" "-e" "CARGO_HOME=/opt/rustwide/cargo-home" "-e" "RUSTUP_HOME=/opt/rustwide/rustup-home" "-w" "/opt/rustwide/workdir" "-m" "1610612736" "--user" "0:0" "--network" "none" "ghcr.io/rust-lang/crates-build-env/linux@sha256:2788e3201cd34a07e3172128adcd8b3090168a8e3bcc40d7c032b9dda1df7d1c" "/opt/rustwide/cargo-home/bin/cargo" "+1.75.0" "build" "--frozen" "--message-format=json", kill_on_drop: false }`
[INFO] [stdout] 2f7171bd335fbb5c4997c5a8c768b1c448c0b3ad11952bdf57fc6bf6d47a548e
[INFO] running `Command { std: "docker" "start" "-a" "2f7171bd335fbb5c4997c5a8c768b1c448c0b3ad11952bdf57fc6bf6d47a548e", kill_on_drop: false }`
[INFO] [stderr]    Compiling sketchbook v0.0.2 (/opt/rustwide/workdir)
[INFO] [stdout] warning: lint `const_err` has been removed: converted into hard error, see issue #71800 <https://github.com/rust-lang/rust/issues/71800> for more information
[INFO] [stdout]   --> src/lib.rs:48:5
[INFO] [stdout]    |
[INFO] [stdout] 48 |     const_err,
[INFO] [stdout]    |     ^^^^^^^^^
[INFO] [stdout]    |
[INFO] [stdout]    = note: `#[warn(renamed_and_removed_lints)]` on by default
[INFO] [stdout] 
[INFO] [stdout] 
[INFO] [stdout] warning: lint `private_in_public` has been removed: replaced with another group of lints, see RFC <https://rust-lang.github.io/rfcs/2145-type-privacy.html> for more information
[INFO] [stdout]   --> src/lib.rs:56:5
[INFO] [stdout]    |
[INFO] [stdout] 56 |     private_in_public,
[INFO] [stdout]    |     ^^^^^^^^^^^^^^^^^
[INFO] [stdout] 
[INFO] [stdout] 
[INFO] [stdout] warning: 2 warnings emitted
[INFO] [stdout] 
[INFO] [stdout] 
[INFO] [stderr]     Finished dev [unoptimized + debuginfo] target(s) in 0.19s
[INFO] running `Command { std: "docker" "inspect" "2f7171bd335fbb5c4997c5a8c768b1c448c0b3ad11952bdf57fc6bf6d47a548e", kill_on_drop: false }`
[INFO] running `Command { std: "docker" "rm" "-f" "2f7171bd335fbb5c4997c5a8c768b1c448c0b3ad11952bdf57fc6bf6d47a548e", kill_on_drop: false }`
[INFO] [stdout] 2f7171bd335fbb5c4997c5a8c768b1c448c0b3ad11952bdf57fc6bf6d47a548e
[INFO] running `Command { std: "docker" "create" "-v" "/var/lib/crater-agent-workspace/builds/worker-2-tc1/target:/opt/rustwide/target:rw,Z" "-v" "/var/lib/crater-agent-workspace/builds/worker-2-tc1/source:/opt/rustwide/workdir:ro,Z" "-v" "/var/lib/crater-agent-workspace/cargo-home:/opt/rustwide/cargo-home:ro,Z" "-v" "/var/lib/crater-agent-workspace/rustup-home:/opt/rustwide/rustup-home:ro,Z" "-e" "SOURCE_DIR=/opt/rustwide/workdir" "-e" "CARGO_TARGET_DIR=/opt/rustwide/target" "-e" "CARGO_INCREMENTAL=0" "-e" "RUST_BACKTRACE=full" "-e" "RUSTFLAGS=--cap-lints=warn" "-e" "RUSTDOCFLAGS=--cap-lints=warn" "-e" "CARGO_HOME=/opt/rustwide/cargo-home" "-e" "RUSTUP_HOME=/opt/rustwide/rustup-home" "-w" "/opt/rustwide/workdir" "-m" "1610612736" "--user" "0:0" "--network" "none" "ghcr.io/rust-lang/crates-build-env/linux@sha256:2788e3201cd34a07e3172128adcd8b3090168a8e3bcc40d7c032b9dda1df7d1c" "/opt/rustwide/cargo-home/bin/cargo" "+1.75.0" "test" "--frozen" "--no-run" "--message-format=json", kill_on_drop: false }`
[INFO] [stdout] 0493d36cb5df3c40c534e535ce29abd5d734ca206fdc543bbd901d1409f274fc
[INFO] running `Command { std: "docker" "start" "-a" "0493d36cb5df3c40c534e535ce29abd5d734ca206fdc543bbd901d1409f274fc", kill_on_drop: false }`
[INFO] [stdout] warning: lint `const_err` has been removed: converted into hard error, see issue #71800 <https://github.com/rust-lang/rust/issues/71800> for more information
[INFO] [stdout]   --> src/lib.rs:48:5
[INFO] [stdout]    |
[INFO] [stdout] 48 |     const_err,
[INFO] [stdout]    |     ^^^^^^^^^
[INFO] [stdout]    |
[INFO] [stdout]    = note: `#[warn(renamed_and_removed_lints)]` on by default
[INFO] [stdout] 
[INFO] [stdout] 
[INFO] [stderr]    Compiling sketchbook v0.0.2 (/opt/rustwide/workdir)
[INFO] [stdout] warning: lint `private_in_public` has been removed: replaced with another group of lints, see RFC <https://rust-lang.github.io/rfcs/2145-type-privacy.html> for more information
[INFO] [stdout]   --> src/lib.rs:56:5
[INFO] [stdout]    |
[INFO] [stdout] 56 |     private_in_public,
[INFO] [stdout]    |     ^^^^^^^^^^^^^^^^^
[INFO] [stdout] 
[INFO] [stdout] 
[INFO] [stdout] warning: 2 warnings emitted
[INFO] [stdout] 
[INFO] [stdout] 
[INFO] [stdout] warning: lint `const_err` has been removed: converted into hard error, see issue #71800 <https://github.com/rust-lang/rust/issues/71800> for more information
[INFO] [stdout]   --> src/lib.rs:48:5
[INFO] [stdout]    |
[INFO] [stdout] 48 |     const_err,
[INFO] [stdout]    |     ^^^^^^^^^
[INFO] [stdout]    |
[INFO] [stdout]    = note: `#[warn(renamed_and_removed_lints)]` on by default
[INFO] [stdout] 
[INFO] [stdout] 
[INFO] [stdout] warning: lint `private_in_public` has been removed: replaced with another group of lints, see RFC <https://rust-lang.github.io/rfcs/2145-type-privacy.html> for more information
[INFO] [stdout]   --> src/lib.rs:56:5
[INFO] [stdout]    |
[INFO] [stdout] 56 |     private_in_public,
[INFO] [stdout]    |     ^^^^^^^^^^^^^^^^^
[INFO] [stdout] 
[INFO] [stdout] 
[INFO] [stdout] warning: 2 warnings emitted
[INFO] [stdout] 
[INFO] [stdout] 
[INFO] [stderr]     Finished test [unoptimized + debuginfo] target(s) in 0.42s
[INFO] running `Command { std: "docker" "inspect" "0493d36cb5df3c40c534e535ce29abd5d734ca206fdc543bbd901d1409f274fc", kill_on_drop: false }`
[INFO] running `Command { std: "docker" "rm" "-f" "0493d36cb5df3c40c534e535ce29abd5d734ca206fdc543bbd901d1409f274fc", kill_on_drop: false }`
[INFO] [stdout] 0493d36cb5df3c40c534e535ce29abd5d734ca206fdc543bbd901d1409f274fc
[INFO] running `Command { std: "docker" "create" "-v" "/var/lib/crater-agent-workspace/builds/worker-2-tc1/target:/opt/rustwide/target:rw,Z" "-v" "/var/lib/crater-agent-workspace/builds/worker-2-tc1/source:/opt/rustwide/workdir:ro,Z" "-v" "/var/lib/crater-agent-workspace/cargo-home:/opt/rustwide/cargo-home:ro,Z" "-v" "/var/lib/crater-agent-workspace/rustup-home:/opt/rustwide/rustup-home:ro,Z" "-e" "SOURCE_DIR=/opt/rustwide/workdir" "-e" "CARGO_TARGET_DIR=/opt/rustwide/target" "-e" "CARGO_INCREMENTAL=0" "-e" "RUST_BACKTRACE=full" "-e" "RUSTFLAGS=--cap-lints=warn" "-e" "RUSTDOCFLAGS=--cap-lints=warn" "-e" "CARGO_HOME=/opt/rustwide/cargo-home" "-e" "RUSTUP_HOME=/opt/rustwide/rustup-home" "-w" "/opt/rustwide/workdir" "-m" "1610612736" "--user" "0:0" "--network" "none" "ghcr.io/rust-lang/crates-build-env/linux@sha256:2788e3201cd34a07e3172128adcd8b3090168a8e3bcc40d7c032b9dda1df7d1c" "/opt/rustwide/cargo-home/bin/cargo" "+1.75.0" "test" "--frozen", kill_on_drop: false }`
[INFO] [stdout] af360c5e7081d2b006f4e51e1233c5b098c5591c431949d37b81fb42184da1af
[INFO] running `Command { std: "docker" "start" "-a" "af360c5e7081d2b006f4e51e1233c5b098c5591c431949d37b81fb42184da1af", kill_on_drop: false }`
[INFO] [stderr] warning: lint `const_err` has been removed: converted into hard error, see issue #71800 <https://github.com/rust-lang/rust/issues/71800> for more information
[INFO] [stderr]   --> src/lib.rs:48:5
[INFO] [stderr]    |
[INFO] [stderr] 48 |     const_err,
[INFO] [stderr]    |     ^^^^^^^^^
[INFO] [stderr]    |
[INFO] [stderr]    = note: `#[warn(renamed_and_removed_lints)]` on by default
[INFO] [stderr] 
[INFO] [stderr] warning: lint `private_in_public` has been removed: replaced with another group of lints, see RFC <https://rust-lang.github.io/rfcs/2145-type-privacy.html> for more information
[INFO] [stderr]   --> src/lib.rs:56:5
[INFO] [stderr]    |
[INFO] [stderr] 56 |     private_in_public,
[INFO] [stderr]    |     ^^^^^^^^^^^^^^^^^
[INFO] [stderr] 
[INFO] [stderr] warning: `sketchbook` (lib) generated 2 warnings
[INFO] [stderr] warning: `sketchbook` (lib test) generated 2 warnings (2 duplicates)
[INFO] [stderr]     Finished test [unoptimized + debuginfo] target(s) in 0.02s
[INFO] [stderr]      Running unittests src/lib.rs (/opt/rustwide/target/debug/deps/sketchbook-cf6e83ccca90fa91)
[INFO] [stdout] 
[INFO] [stdout] running 0 tests
[INFO] [stdout] 
[INFO] [stdout] test result: ok. 0 passed; 0 failed; 0 ignored; 0 measured; 0 filtered out; finished in 0.00s
[INFO] [stdout] 
[INFO] [stderr]    Doc-tests sketchbook
[INFO] [stderr] warning: lint `const_err` has been removed: converted into hard error, see issue #71800 <https://github.com/rust-lang/rust/issues/71800> for more information
[INFO] [stderr]   --> src/lib.rs:48:5
[INFO] [stderr]    |
[INFO] [stderr] 48 |     const_err,
[INFO] [stderr]    |     ^^^^^^^^^
[INFO] [stderr]    |
[INFO] [stderr]    = note: `#[warn(renamed_and_removed_lints)]` on by default
[INFO] [stderr] 
[INFO] [stderr] warning: lint `private_in_public` has been removed: replaced with another group of lints, see RFC <https://rust-lang.github.io/rfcs/2145-type-privacy.html> for more information
[INFO] [stderr]   --> src/lib.rs:56:5
[INFO] [stderr]    |
[INFO] [stderr] 56 |     private_in_public,
[INFO] [stderr]    |     ^^^^^^^^^^^^^^^^^
[INFO] [stderr] 
[INFO] [stderr] warning: 2 warnings emitted
[INFO] [stderr] 
[INFO] [stdout] 
[INFO] [stdout] running 6 tests
[INFO] [stdout] test src/lib.rs - (line 3) ... FAILED
[INFO] [stdout] test src/lib.rs - derive_sketch (line 168) ... FAILED
[INFO] [stdout] test src/lib.rs - derive_sketch (line 153) ... FAILED
[INFO] [stdout] test src/compose.rs - compose::compose (line 49) ... ok
[INFO] [stdout] test src/real.rs - real::ToReal (line 10) ... ok
[INFO] [stdout] test src/compose.rs - compose::compose (line 73) ... ok
[INFO] [stdout] 
[INFO] [stdout] failures:
[INFO] [stdout] 
[INFO] [stdout] ---- src/lib.rs - (line 3) stdout ----
[INFO] [stdout] error[E0432]: unresolved import `sketchbook::ream::Single`
[INFO] [stdout]  --> src/lib.rs:7:5
[INFO] [stdout]   |
[INFO] [stdout] 6 | use sketchbook::ream::Single;
[INFO] [stdout]   |     ^^^^^^^^^^^^^^^^^^^^^^^^ no `Single` in `ream`
[INFO] [stdout] 
[INFO] [stdout] error: cannot find attribute `apply` in this scope
[INFO] [stdout]  --> src/lib.rs:9:3
[INFO] [stdout]   |
[INFO] [stdout] 8 | #[apply(derive_sketch)]
[INFO] [stdout]   |   ^^^^^
[INFO] [stdout] 
[INFO] [stdout] error: cannot find attribute `sketch` in this scope
[INFO] [stdout]  --> src/lib.rs:10:3
[INFO] [stdout]   |
[INFO] [stdout] 9 | #[sketch(
[INFO] [stdout]   |   ^^^^^^
[INFO] [stdout] 
[INFO] [stdout] error: cannot find attribute `page` in this scope
[INFO] [stdout]   --> src/lib.rs:15:7
[INFO] [stdout]    |
[INFO] [stdout] 14 |     #[page] page: minimal::Page,
[INFO] [stdout]    |       ^^^^
[INFO] [stdout] 
[INFO] [stdout] error[E0277]: the trait bound `App: Sketch` is not satisfied
[INFO] [stdout]    --> src/lib.rs:18:16
[INFO] [stdout]     |
[INFO] [stdout] 17  | impl Setup for App {
[INFO] [stdout]     |                ^^^ the trait `Sketch` is not implemented for `App`
[INFO] [stdout]     |
[INFO] [stdout] note: required by a bound in `sketchbook::Setup`
[INFO] [stdout]    --> /opt/rustwide/workdir/src/lib.rs:142:11
[INFO] [stdout]     |
[INFO] [stdout] 140 | pub trait Setup<Input = ()>
[INFO] [stdout]     |           ----- required by a bound in this trait
[INFO] [stdout] 141 | where
[INFO] [stdout] 142 |     Self: Sketch,
[INFO] [stdout]     |           ^^^^^^ required by this bound in `Setup`
[INFO] [stdout] 
[INFO] [stdout] error[E0277]: the trait bound `App: Sketch` is not satisfied
[INFO] [stdout]   --> src/lib.rs:19:5
[INFO] [stdout]    |
[INFO] [stdout] 18 |     fn setup(page: minimal::Page, _: ()) -> Self {
[INFO] [stdout]    |     ^^^^^^^^^^^^^^^^^^^^^^^^^^^^^^^^^^^^^^^^^^^^ the trait `Sketch` is not implemented for `App`
[INFO] [stdout] 
[INFO] [stdout] error[E0433]: failed to resolve: use of undeclared crate or module `minimal`
[INFO] [stdout]   --> src/lib.rs:15:19
[INFO] [stdout]    |
[INFO] [stdout] 14 |     #[page] page: minimal::Page,
[INFO] [stdout]    |                   ^^^^^^^ use of undeclared crate or module `minimal`
[INFO] [stdout] 
[INFO] [stdout] error[E0433]: failed to resolve: use of undeclared crate or module `minimal`
[INFO] [stdout]   --> src/lib.rs:19:20
[INFO] [stdout]    |
[INFO] [stdout] 18 |     fn setup(page: minimal::Page, _: ()) -> Self {
[INFO] [stdout]    |                    ^^^^^^^ use of undeclared crate or module `minimal`
[INFO] [stdout] 
[INFO] [stdout] error: aborting due to 8 previous errors
[INFO] [stdout] 
[INFO] [stdout] Some errors have detailed explanations: E0277, E0432, E0433.
[INFO] [stdout] For more information about an error, try `rustc --explain E0277`.
[INFO] [stdout] Couldn't compile the test.
[INFO] [stdout] ---- src/lib.rs - derive_sketch (line 168) stdout ----
[INFO] [stdout] error[E0432]: unresolved import `sketchbook::minimal`
[INFO] [stdout]  --> src/lib.rs:170:5
[INFO] [stdout]   |
[INFO] [stdout] 5 | use sketchbook::minimal;
[INFO] [stdout]   |     ^^^^^^^^^^^^^^^^^^^ no `minimal` in the root
[INFO] [stdout] 
[INFO] [stdout] error[E0432]: unresolved import `macro_rules_attribute`
[INFO] [stdout]  --> src/lib.rs:172:5
[INFO] [stdout]   |
[INFO] [stdout] 7 | use macro_rules_attribute::apply;
[INFO] [stdout]   |     ^^^^^^^^^^^^^^^^^^^^^ use of undeclared crate or module `macro_rules_attribute`
[INFO] [stdout] 
[INFO] [stdout] error: cannot determine resolution for the attribute macro `apply`
[INFO] [stdout]  --> src/lib.rs:173:3
[INFO] [stdout]   |
[INFO] [stdout] 8 | #[apply(derive_sketch)]
[INFO] [stdout]   |   ^^^^^
[INFO] [stdout]   |
[INFO] [stdout]   = note: import resolution is stuck, try simplifying macro imports
[INFO] [stdout] 
[INFO] [stdout] error: cannot find attribute `sketch` in this scope
[INFO] [stdout]  --> src/lib.rs:174:3
[INFO] [stdout]   |
[INFO] [stdout] 9 | #[sketch(
[INFO] [stdout]   |   ^^^^^^
[INFO] [stdout] 
[INFO] [stdout] error: cannot find attribute `page` in this scope
[INFO] [stdout]   --> src/lib.rs:179:7
[INFO] [stdout]    |
[INFO] [stdout] 14 |     #[page] page: minimal::Page,
[INFO] [stdout]    |       ^^^^
[INFO] [stdout] 
[INFO] [stdout] error: aborting due to 5 previous errors
[INFO] [stdout] 
[INFO] [stdout] For more information about this error, try `rustc --explain E0432`.
[INFO] [stdout] Couldn't compile the test.
[INFO] [stdout] ---- src/lib.rs - derive_sketch (line 153) stdout ----
[INFO] [stdout] error[E0432]: unresolved import `sketchbook::minimal`
[INFO] [stdout]  --> src/lib.rs:155:5
[INFO] [stdout]   |
[INFO] [stdout] 5 | use sketchbook::minimal;
[INFO] [stdout]   |     ^^^^^^^^^^^^^^^^^^^ no `minimal` in the root
[INFO] [stdout] 
[INFO] [stdout] error: aborting due to previous error
[INFO] [stdout] 
[INFO] [stdout] For more information about this error, try `rustc --explain E0432`.
[INFO] [stdout] Couldn't compile the test.
[INFO] [stdout] 
[INFO] [stdout] failures:
[INFO] [stdout]     src/lib.rs - (line 3)
[INFO] [stdout]     src/lib.rs - derive_sketch (line 153)
[INFO] [stdout]     src/lib.rs - derive_sketch (line 168)
[INFO] [stdout] 
[INFO] [stdout] test result: FAILED. 3 passed; 3 failed; 0 ignored; 0 measured; 0 filtered out; finished in 0.55s
[INFO] [stdout] 
[INFO] [stderr] error: doctest failed, to rerun pass `--doc`
[INFO] running `Command { std: "docker" "inspect" "af360c5e7081d2b006f4e51e1233c5b098c5591c431949d37b81fb42184da1af", kill_on_drop: false }`
[INFO] running `Command { std: "docker" "rm" "-f" "af360c5e7081d2b006f4e51e1233c5b098c5591c431949d37b81fb42184da1af", kill_on_drop: false }`
[INFO] [stdout] af360c5e7081d2b006f4e51e1233c5b098c5591c431949d37b81fb42184da1af
[INFO] testing sketchbook-0.0.2 against beta-2023-12-22 for beta-1.76-1
[INFO] extracting crate sketchbook 0.0.2 into /workspace/builds/worker-2-tc2/source
[INFO] validating manifest of crates.io crate sketchbook 0.0.2 on toolchain beta-2023-12-22
[INFO] running `Command { std: CARGO_HOME="/workspace/cargo-home" RUSTUP_HOME="/workspace/rustup-home" "/workspace/cargo-home/bin/cargo" "+beta-2023-12-22" "metadata" "--manifest-path" "Cargo.toml" "--no-deps", kill_on_drop: false }`
[INFO] started tweaking crates.io crate sketchbook 0.0.2
[INFO] finished tweaking crates.io crate sketchbook 0.0.2
[INFO] tweaked toml for crates.io crate sketchbook 0.0.2 written to /workspace/builds/worker-2-tc2/source/Cargo.toml
[INFO] running `Command { std: CARGO_HOME="/workspace/cargo-home" RUSTUP_HOME="/workspace/rustup-home" "/workspace/cargo-home/bin/cargo" "+beta-2023-12-22" "generate-lockfile" "--manifest-path" "Cargo.toml", kill_on_drop: false }`
[INFO] [stderr]     Updating crates.io index
[INFO] running `Command { std: CARGO_HOME="/workspace/cargo-home" RUSTUP_HOME="/workspace/rustup-home" "/workspace/cargo-home/bin/cargo" "+beta-2023-12-22" "fetch" "--manifest-path" "Cargo.toml", kill_on_drop: false }`
[INFO] running `Command { std: "docker" "create" "-v" "/var/lib/crater-agent-workspace/builds/worker-2-tc2/target:/opt/rustwide/target:rw,Z" "-v" "/var/lib/crater-agent-workspace/builds/worker-2-tc2/source:/opt/rustwide/workdir:ro,Z" "-v" "/var/lib/crater-agent-workspace/cargo-home:/opt/rustwide/cargo-home:ro,Z" "-v" "/var/lib/crater-agent-workspace/rustup-home:/opt/rustwide/rustup-home:ro,Z" "-e" "SOURCE_DIR=/opt/rustwide/workdir" "-e" "CARGO_TARGET_DIR=/opt/rustwide/target" "-e" "CARGO_HOME=/opt/rustwide/cargo-home" "-e" "RUSTUP_HOME=/opt/rustwide/rustup-home" "-w" "/opt/rustwide/workdir" "-m" "1610612736" "--user" "0:0" "--network" "none" "ghcr.io/rust-lang/crates-build-env/linux@sha256:2788e3201cd34a07e3172128adcd8b3090168a8e3bcc40d7c032b9dda1df7d1c" "/opt/rustwide/cargo-home/bin/cargo" "+beta-2023-12-22" "metadata" "--no-deps" "--format-version=1", kill_on_drop: false }`
[INFO] [stdout] 9cd926b231a0a462a29d18441f9c6a360f29f92517a14fd45ab1eff2dbeab0a9
[INFO] running `Command { std: "docker" "start" "-a" "9cd926b231a0a462a29d18441f9c6a360f29f92517a14fd45ab1eff2dbeab0a9", kill_on_drop: false }`
[INFO] running `Command { std: "docker" "inspect" "9cd926b231a0a462a29d18441f9c6a360f29f92517a14fd45ab1eff2dbeab0a9", kill_on_drop: false }`
[INFO] running `Command { std: "docker" "rm" "-f" "9cd926b231a0a462a29d18441f9c6a360f29f92517a14fd45ab1eff2dbeab0a9", kill_on_drop: false }`
[INFO] [stdout] 9cd926b231a0a462a29d18441f9c6a360f29f92517a14fd45ab1eff2dbeab0a9
[INFO] running `Command { std: "docker" "create" "-v" "/var/lib/crater-agent-workspace/builds/worker-2-tc2/target:/opt/rustwide/target:rw,Z" "-v" "/var/lib/crater-agent-workspace/builds/worker-2-tc2/source:/opt/rustwide/workdir:ro,Z" "-v" "/var/lib/crater-agent-workspace/cargo-home:/opt/rustwide/cargo-home:ro,Z" "-v" "/var/lib/crater-agent-workspace/rustup-home:/opt/rustwide/rustup-home:ro,Z" "-e" "SOURCE_DIR=/opt/rustwide/workdir" "-e" "CARGO_TARGET_DIR=/opt/rustwide/target" "-e" "CARGO_INCREMENTAL=0" "-e" "RUST_BACKTRACE=full" "-e" "RUSTFLAGS=--cap-lints=warn" "-e" "RUSTDOCFLAGS=--cap-lints=warn" "-e" "CARGO_HOME=/opt/rustwide/cargo-home" "-e" "RUSTUP_HOME=/opt/rustwide/rustup-home" "-w" "/opt/rustwide/workdir" "-m" "1610612736" "--user" "0:0" "--network" "none" "ghcr.io/rust-lang/crates-build-env/linux@sha256:2788e3201cd34a07e3172128adcd8b3090168a8e3bcc40d7c032b9dda1df7d1c" "/opt/rustwide/cargo-home/bin/cargo" "+beta-2023-12-22" "build" "--frozen" "--message-format=json", kill_on_drop: false }`
[INFO] [stdout] 2313b8d01dbf4ad41429af1397de03ec341cb1d7046784d2891b2dabc178a46d
[INFO] running `Command { std: "docker" "start" "-a" "2313b8d01dbf4ad41429af1397de03ec341cb1d7046784d2891b2dabc178a46d", kill_on_drop: false }`
[INFO] [stderr]    Compiling sketchbook v0.0.2 (/opt/rustwide/workdir)
[INFO] [stdout] warning: lint `const_err` has been removed: converted into hard error, see issue #71800 <https://github.com/rust-lang/rust/issues/71800> for more information
[INFO] [stdout]   --> src/lib.rs:48:5
[INFO] [stdout]    |
[INFO] [stdout] 48 |     const_err,
[INFO] [stdout]    |     ^^^^^^^^^
[INFO] [stdout]    |
[INFO] [stdout]    = note: `#[warn(renamed_and_removed_lints)]` on by default
[INFO] [stdout] 
[INFO] [stdout] 
[INFO] [stdout] warning: lint `private_in_public` has been removed: replaced with another group of lints, see RFC <https://rust-lang.github.io/rfcs/2145-type-privacy.html> for more information
[INFO] [stdout]   --> src/lib.rs:56:5
[INFO] [stdout]    |
[INFO] [stdout] 56 |     private_in_public,
[INFO] [stdout]    |     ^^^^^^^^^^^^^^^^^
[INFO] [stdout] 
[INFO] [stdout] 
[INFO] [stdout] warning: 2 warnings emitted
[INFO] [stdout] 
[INFO] [stdout] 
[INFO] [stderr]     Finished dev [unoptimized + debuginfo] target(s) in 0.22s
[INFO] running `Command { std: "docker" "inspect" "2313b8d01dbf4ad41429af1397de03ec341cb1d7046784d2891b2dabc178a46d", kill_on_drop: false }`
[INFO] running `Command { std: "docker" "rm" "-f" "2313b8d01dbf4ad41429af1397de03ec341cb1d7046784d2891b2dabc178a46d", kill_on_drop: false }`
[INFO] [stdout] 2313b8d01dbf4ad41429af1397de03ec341cb1d7046784d2891b2dabc178a46d
[INFO] running `Command { std: "docker" "create" "-v" "/var/lib/crater-agent-workspace/builds/worker-2-tc2/target:/opt/rustwide/target:rw,Z" "-v" "/var/lib/crater-agent-workspace/builds/worker-2-tc2/source:/opt/rustwide/workdir:ro,Z" "-v" "/var/lib/crater-agent-workspace/cargo-home:/opt/rustwide/cargo-home:ro,Z" "-v" "/var/lib/crater-agent-workspace/rustup-home:/opt/rustwide/rustup-home:ro,Z" "-e" "SOURCE_DIR=/opt/rustwide/workdir" "-e" "CARGO_TARGET_DIR=/opt/rustwide/target" "-e" "CARGO_INCREMENTAL=0" "-e" "RUST_BACKTRACE=full" "-e" "RUSTFLAGS=--cap-lints=warn" "-e" "RUSTDOCFLAGS=--cap-lints=warn" "-e" "CARGO_HOME=/opt/rustwide/cargo-home" "-e" "RUSTUP_HOME=/opt/rustwide/rustup-home" "-w" "/opt/rustwide/workdir" "-m" "1610612736" "--user" "0:0" "--network" "none" "ghcr.io/rust-lang/crates-build-env/linux@sha256:2788e3201cd34a07e3172128adcd8b3090168a8e3bcc40d7c032b9dda1df7d1c" "/opt/rustwide/cargo-home/bin/cargo" "+beta-2023-12-22" "test" "--frozen" "--no-run" "--message-format=json", kill_on_drop: false }`
[INFO] [stdout] 306807052ac35fccfc4c88cb54d768705495767c96a206e4add1261dea55257d
[INFO] running `Command { std: "docker" "start" "-a" "306807052ac35fccfc4c88cb54d768705495767c96a206e4add1261dea55257d", kill_on_drop: false }`
[INFO] [stdout] warning: lint `const_err` has been removed: converted into hard error, see issue #71800 <https://github.com/rust-lang/rust/issues/71800> for more information
[INFO] [stdout]   --> src/lib.rs:48:5
[INFO] [stdout]    |
[INFO] [stdout] 48 |     const_err,
[INFO] [stdout]    |     ^^^^^^^^^
[INFO] [stdout]    |
[INFO] [stdout]    = note: `#[warn(renamed_and_removed_lints)]` on by default
[INFO] [stdout] 
[INFO] [stdout] 
[INFO] [stdout] warning: lint `private_in_public` has been removed: replaced with another group of lints, see RFC <https://rust-lang.github.io/rfcs/2145-type-privacy.html> for more information
[INFO] [stdout]   --> src/lib.rs:56:5
[INFO] [stdout]    |
[INFO] [stdout] 56 |     private_in_public,
[INFO] [stdout]    |     ^^^^^^^^^^^^^^^^^
[INFO] [stdout] 
[INFO] [stdout] 
[INFO] [stderr]    Compiling sketchbook v0.0.2 (/opt/rustwide/workdir)
[INFO] [stdout] warning: 2 warnings emitted
[INFO] [stdout] 
[INFO] [stdout] 
[INFO] [stdout] warning: lint `const_err` has been removed: converted into hard error, see issue #71800 <https://github.com/rust-lang/rust/issues/71800> for more information
[INFO] [stdout]   --> src/lib.rs:48:5
[INFO] [stdout]    |
[INFO] [stdout] 48 |     const_err,
[INFO] [stdout]    |     ^^^^^^^^^
[INFO] [stdout]    |
[INFO] [stdout]    = note: `#[warn(renamed_and_removed_lints)]` on by default
[INFO] [stdout] 
[INFO] [stdout] 
[INFO] [stdout] warning: lint `private_in_public` has been removed: replaced with another group of lints, see RFC <https://rust-lang.github.io/rfcs/2145-type-privacy.html> for more information
[INFO] [stdout]   --> src/lib.rs:56:5
[INFO] [stdout]    |
[INFO] [stdout] 56 |     private_in_public,
[INFO] [stdout]    |     ^^^^^^^^^^^^^^^^^
[INFO] [stdout] 
[INFO] [stdout] 
[INFO] [stdout] warning: 2 warnings emitted
[INFO] [stdout] 
[INFO] [stdout] 
[INFO] [stderr]     Finished test [unoptimized + debuginfo] target(s) in 0.38s
[INFO] running `Command { std: "docker" "inspect" "306807052ac35fccfc4c88cb54d768705495767c96a206e4add1261dea55257d", kill_on_drop: false }`
[INFO] running `Command { std: "docker" "rm" "-f" "306807052ac35fccfc4c88cb54d768705495767c96a206e4add1261dea55257d", kill_on_drop: false }`
[INFO] [stdout] 306807052ac35fccfc4c88cb54d768705495767c96a206e4add1261dea55257d
[INFO] running `Command { std: "docker" "create" "-v" "/var/lib/crater-agent-workspace/builds/worker-2-tc2/target:/opt/rustwide/target:rw,Z" "-v" "/var/lib/crater-agent-workspace/builds/worker-2-tc2/source:/opt/rustwide/workdir:ro,Z" "-v" "/var/lib/crater-agent-workspace/cargo-home:/opt/rustwide/cargo-home:ro,Z" "-v" "/var/lib/crater-agent-workspace/rustup-home:/opt/rustwide/rustup-home:ro,Z" "-e" "SOURCE_DIR=/opt/rustwide/workdir" "-e" "CARGO_TARGET_DIR=/opt/rustwide/target" "-e" "CARGO_INCREMENTAL=0" "-e" "RUST_BACKTRACE=full" "-e" "RUSTFLAGS=--cap-lints=warn" "-e" "RUSTDOCFLAGS=--cap-lints=warn" "-e" "CARGO_HOME=/opt/rustwide/cargo-home" "-e" "RUSTUP_HOME=/opt/rustwide/rustup-home" "-w" "/opt/rustwide/workdir" "-m" "1610612736" "--user" "0:0" "--network" "none" "ghcr.io/rust-lang/crates-build-env/linux@sha256:2788e3201cd34a07e3172128adcd8b3090168a8e3bcc40d7c032b9dda1df7d1c" "/opt/rustwide/cargo-home/bin/cargo" "+beta-2023-12-22" "test" "--frozen", kill_on_drop: false }`
[INFO] [stdout] 0ae2d916aec0a335e0e60834d55885edd8b7152f5b5d2e23156384a024b1ae00
[INFO] running `Command { std: "docker" "start" "-a" "0ae2d916aec0a335e0e60834d55885edd8b7152f5b5d2e23156384a024b1ae00", kill_on_drop: false }`
[INFO] [stderr] warning: lint `const_err` has been removed: converted into hard error, see issue #71800 <https://github.com/rust-lang/rust/issues/71800> for more information
[INFO] [stderr]   --> src/lib.rs:48:5
[INFO] [stderr]    |
[INFO] [stderr] 48 |     const_err,
[INFO] [stderr]    |     ^^^^^^^^^
[INFO] [stderr]    |
[INFO] [stderr]    = note: `#[warn(renamed_and_removed_lints)]` on by default
[INFO] [stderr] 
[INFO] [stderr] warning: lint `private_in_public` has been removed: replaced with another group of lints, see RFC <https://rust-lang.github.io/rfcs/2145-type-privacy.html> for more information
[INFO] [stderr]   --> src/lib.rs:56:5
[INFO] [stderr]    |
[INFO] [stderr] 56 |     private_in_public,
[INFO] [stderr]    |     ^^^^^^^^^^^^^^^^^
[INFO] [stderr] 
[INFO] [stderr] warning: `sketchbook` (lib) generated 2 warnings
[INFO] [stderr] warning: `sketchbook` (lib test) generated 2 warnings (2 duplicates)
[INFO] [stderr]     Finished test [unoptimized + debuginfo] target(s) in 0.01s
[INFO] [stderr]      Running unittests src/lib.rs (/opt/rustwide/target/debug/deps/sketchbook-50b4598697ac4538)
[INFO] [stdout] 
[INFO] [stdout] running 0 tests
[INFO] [stdout] 
[INFO] [stdout] test result: ok. 0 passed; 0 failed; 0 ignored; 0 measured; 0 filtered out; finished in 0.00s
[INFO] [stdout] 
[INFO] [stderr]    Doc-tests sketchbook
[INFO] [stderr] warning: lint `const_err` has been removed: converted into hard error, see issue #71800 <https://github.com/rust-lang/rust/issues/71800> for more information
[INFO] [stderr]   --> src/lib.rs:48:5
[INFO] [stderr]    |
[INFO] [stderr] 48 |     const_err,
[INFO] [stderr]    |     ^^^^^^^^^
[INFO] [stderr]    |
[INFO] [stderr]    = note: `#[warn(renamed_and_removed_lints)]` on by default
[INFO] [stderr] 
[INFO] [stderr] warning: lint `private_in_public` has been removed: replaced with another group of lints, see RFC <https://rust-lang.github.io/rfcs/2145-type-privacy.html> for more information
[INFO] [stderr]   --> src/lib.rs:56:5
[INFO] [stderr]    |
[INFO] [stderr] 56 |     private_in_public,
[INFO] [stderr]    |     ^^^^^^^^^^^^^^^^^
[INFO] [stderr] 
[INFO] [stderr] warning: 2 warnings emitted
[INFO] [stderr] 
[INFO] [stdout] 
[INFO] [stdout] running 6 tests
[INFO] [stdout] test src/lib.rs - derive_sketch (line 153) ... FAILED
[INFO] [stdout] test src/lib.rs - (line 3) ... FAILED
[INFO] [stdout] test src/lib.rs - derive_sketch (line 168) ... FAILED
[INFO] [stdout] test src/compose.rs - compose::compose (line 49) ... ok
[INFO] [stdout] test src/real.rs - real::ToReal (line 10) ... ok
[INFO] [stdout] test src/compose.rs - compose::compose (line 73) ... ok
[INFO] [stdout] 
[INFO] [stdout] failures:
[INFO] [stdout] 
[INFO] [stdout] ---- src/lib.rs - derive_sketch (line 153) stdout ----
[INFO] [stdout] error[E0432]: unresolved import `sketchbook::minimal`
[INFO] [stdout]  --> src/lib.rs:155:5
[INFO] [stdout]   |
[INFO] [stdout] 5 | use sketchbook::minimal;
[INFO] [stdout]   |     ^^^^^^^^^^^^^^^^^^^ no `minimal` in the root
[INFO] [stdout] 
[INFO] [stdout] error: aborting due to 1 previous error
[INFO] [stdout] 
[INFO] [stdout] For more information about this error, try `rustc --explain E0432`.
[INFO] [stdout] Couldn't compile the test.
[INFO] [stdout] ---- src/lib.rs - (line 3) stdout ----
[INFO] [stdout] error[E0432]: unresolved import `sketchbook::ream::Single`
[INFO] [stdout]  --> src/lib.rs:7:5
[INFO] [stdout]   |
[INFO] [stdout] 6 | use sketchbook::ream::Single;
[INFO] [stdout]   |     ^^^^^^^^^^^^^^^^^^^^^^^^ no `Single` in `ream`
[INFO] [stdout] 
[INFO] [stdout] error: cannot find attribute `apply` in this scope
[INFO] [stdout]  --> src/lib.rs:9:3
[INFO] [stdout]   |
[INFO] [stdout] 8 | #[apply(derive_sketch)]
[INFO] [stdout]   |   ^^^^^
[INFO] [stdout] 
[INFO] [stdout] error: cannot find attribute `sketch` in this scope
[INFO] [stdout]  --> src/lib.rs:10:3
[INFO] [stdout]   |
[INFO] [stdout] 9 | #[sketch(
[INFO] [stdout]   |   ^^^^^^
[INFO] [stdout] 
[INFO] [stdout] error: cannot find attribute `page` in this scope
[INFO] [stdout]   --> src/lib.rs:15:7
[INFO] [stdout]    |
[INFO] [stdout] 14 |     #[page] page: minimal::Page,
[INFO] [stdout]    |       ^^^^
[INFO] [stdout] 
[INFO] [stdout] error[E0277]: the trait bound `App: Sketch` is not satisfied
[INFO] [stdout]    --> src/lib.rs:18:16
[INFO] [stdout]     |
[INFO] [stdout] 17  | impl Setup for App {
[INFO] [stdout]     |                ^^^ the trait `Sketch` is not implemented for `App`
[INFO] [stdout]     |
[INFO] [stdout] note: required by a bound in `sketchbook::Setup`
[INFO] [stdout]    --> /opt/rustwide/workdir/src/lib.rs:142:11
[INFO] [stdout]     |
[INFO] [stdout] 140 | pub trait Setup<Input = ()>
[INFO] [stdout]     |           ----- required by a bound in this trait
[INFO] [stdout] 141 | where
[INFO] [stdout] 142 |     Self: Sketch,
[INFO] [stdout]     |           ^^^^^^ required by this bound in `Setup`
[INFO] [stdout] 
[INFO] [stdout] error[E0277]: the trait bound `App: Sketch` is not satisfied
[INFO] [stdout]   --> src/lib.rs:19:5
[INFO] [stdout]    |
[INFO] [stdout] 18 |     fn setup(page: minimal::Page, _: ()) -> Self {
[INFO] [stdout]    |     ^^^^^^^^^^^^^^^^^^^^^^^^^^^^^^^^^^^^^^^^^^^^ the trait `Sketch` is not implemented for `App`
[INFO] [stdout] 
[INFO] [stdout] error[E0433]: failed to resolve: use of undeclared crate or module `minimal`
[INFO] [stdout]   --> src/lib.rs:15:19
[INFO] [stdout]    |
[INFO] [stdout] 14 |     #[page] page: minimal::Page,
[INFO] [stdout]    |                   ^^^^^^^ use of undeclared crate or module `minimal`
[INFO] [stdout] 
[INFO] [stdout] error[E0433]: failed to resolve: use of undeclared crate or module `minimal`
[INFO] [stdout]   --> src/lib.rs:19:20
[INFO] [stdout]    |
[INFO] [stdout] 18 |     fn setup(page: minimal::Page, _: ()) -> Self {
[INFO] [stdout]    |                    ^^^^^^^ use of undeclared crate or module `minimal`
[INFO] [stdout] 
[INFO] [stdout] error: aborting due to 8 previous errors
[INFO] [stdout] 
[INFO] [stdout] Some errors have detailed explanations: E0277, E0432, E0433.
[INFO] [stdout] For more information about an error, try `rustc --explain E0277`.
[INFO] [stdout] Couldn't compile the test.
[INFO] [stdout] ---- src/lib.rs - derive_sketch (line 168) stdout ----
[INFO] [stdout] error[E0432]: unresolved import `sketchbook::minimal`
[INFO] [stdout]  --> src/lib.rs:170:5
[INFO] [stdout]   |
[INFO] [stdout] 5 | use sketchbook::minimal;
[INFO] [stdout]   |     ^^^^^^^^^^^^^^^^^^^ no `minimal` in the root
[INFO] [stdout] 
[INFO] [stdout] error[E0432]: unresolved import `macro_rules_attribute`
[INFO] [stdout]  --> src/lib.rs:172:5
[INFO] [stdout]   |
[INFO] [stdout] 7 | use macro_rules_attribute::apply;
[INFO] [stdout]   |     ^^^^^^^^^^^^^^^^^^^^^ use of undeclared crate or module `macro_rules_attribute`
[INFO] [stdout] 
[INFO] [stdout] error: cannot determine resolution for the attribute macro `apply`
[INFO] [stdout]  --> src/lib.rs:173:3
[INFO] [stdout]   |
[INFO] [stdout] 8 | #[apply(derive_sketch)]
[INFO] [stdout]   |   ^^^^^
[INFO] [stdout]   |
[INFO] [stdout]   = note: import resolution is stuck, try simplifying macro imports
[INFO] [stdout] 
[INFO] [stdout] error: cannot find attribute `sketch` in this scope
[INFO] [stdout]  --> src/lib.rs:174:3
[INFO] [stdout]   |
[INFO] [stdout] 9 | #[sketch(
[INFO] [stdout]   |   ^^^^^^
[INFO] [stdout] 
[INFO] [stdout] error: cannot find attribute `page` in this scope
[INFO] [stdout]   --> src/lib.rs:179:7
[INFO] [stdout]    |
[INFO] [stdout] 14 |     #[page] page: minimal::Page,
[INFO] [stdout]    |       ^^^^
[INFO] [stdout] 
[INFO] [stdout] error: aborting due to 5 previous errors
[INFO] [stdout] 
[INFO] [stdout] For more information about this error, try `rustc --explain E0432`.
[INFO] [stdout] Couldn't compile the test.
[INFO] [stdout] 
[INFO] [stdout] failures:
[INFO] [stdout]     src/lib.rs - (line 3)
[INFO] [stdout]     src/lib.rs - derive_sketch (line 153)
[INFO] [stdout]     src/lib.rs - derive_sketch (line 168)
[INFO] [stdout] 
[INFO] [stdout] test result: FAILED. 3 passed; 3 failed; 0 ignored; 0 measured; 0 filtered out; finished in 0.23s
[INFO] [stdout] 
[INFO] [stderr] error: doctest failed, to rerun pass `--doc`
[INFO] running `Command { std: "docker" "inspect" "0ae2d916aec0a335e0e60834d55885edd8b7152f5b5d2e23156384a024b1ae00", kill_on_drop: false }`
[INFO] running `Command { std: "docker" "rm" "-f" "0ae2d916aec0a335e0e60834d55885edd8b7152f5b5d2e23156384a024b1ae00", kill_on_drop: false }`
[INFO] [stdout] 0ae2d916aec0a335e0e60834d55885edd8b7152f5b5d2e23156384a024b1ae00
