[INFO] fetching crate situwaition 0.3.2...
[INFO] testing situwaition-0.3.2 against 1.75.0 for beta-1.76-1
[INFO] extracting crate situwaition 0.3.2 into /workspace/builds/worker-6-tc1/source
[INFO] validating manifest of crates.io crate situwaition 0.3.2 on toolchain 1.75.0
[INFO] running `Command { std: CARGO_HOME="/workspace/cargo-home" RUSTUP_HOME="/workspace/rustup-home" "/workspace/cargo-home/bin/cargo" "+1.75.0" "metadata" "--manifest-path" "Cargo.toml" "--no-deps", kill_on_drop: false }`
[INFO] started tweaking crates.io crate situwaition 0.3.2
[INFO] removed 0 missing examples
[INFO] finished tweaking crates.io crate situwaition 0.3.2
[INFO] tweaked toml for crates.io crate situwaition 0.3.2 written to /workspace/builds/worker-6-tc1/source/Cargo.toml
[INFO] crate crates.io crate situwaition 0.3.2 already has a lockfile, it will not be regenerated
[INFO] running `Command { std: CARGO_HOME="/workspace/cargo-home" RUSTUP_HOME="/workspace/rustup-home" "/workspace/cargo-home/bin/cargo" "+1.75.0" "fetch" "--manifest-path" "Cargo.toml", kill_on_drop: false }`
[INFO] [stderr]  Downloading crates ...
[INFO] [stderr]   Downloaded async-trait v0.1.71
[INFO] running `Command { std: "docker" "create" "-v" "/var/lib/crater-agent-workspace/builds/worker-6-tc1/target:/opt/rustwide/target:rw,Z" "-v" "/var/lib/crater-agent-workspace/builds/worker-6-tc1/source:/opt/rustwide/workdir:ro,Z" "-v" "/var/lib/crater-agent-workspace/cargo-home:/opt/rustwide/cargo-home:ro,Z" "-v" "/var/lib/crater-agent-workspace/rustup-home:/opt/rustwide/rustup-home:ro,Z" "-e" "SOURCE_DIR=/opt/rustwide/workdir" "-e" "CARGO_TARGET_DIR=/opt/rustwide/target" "-e" "CARGO_HOME=/opt/rustwide/cargo-home" "-e" "RUSTUP_HOME=/opt/rustwide/rustup-home" "-w" "/opt/rustwide/workdir" "-m" "1610612736" "--user" "0:0" "--network" "none" "ghcr.io/rust-lang/crates-build-env/linux@sha256:2788e3201cd34a07e3172128adcd8b3090168a8e3bcc40d7c032b9dda1df7d1c" "/opt/rustwide/cargo-home/bin/cargo" "+1.75.0" "metadata" "--no-deps" "--format-version=1", kill_on_drop: false }`
[INFO] [stdout] 35a8a117f74ee7c0ba6555af2881d62a1496212d3d8004e9cf6eccba04d6038b
[INFO] running `Command { std: "docker" "start" "-a" "35a8a117f74ee7c0ba6555af2881d62a1496212d3d8004e9cf6eccba04d6038b", kill_on_drop: false }`
[INFO] running `Command { std: "docker" "inspect" "35a8a117f74ee7c0ba6555af2881d62a1496212d3d8004e9cf6eccba04d6038b", kill_on_drop: false }`
[INFO] running `Command { std: "docker" "rm" "-f" "35a8a117f74ee7c0ba6555af2881d62a1496212d3d8004e9cf6eccba04d6038b", kill_on_drop: false }`
[INFO] [stdout] 35a8a117f74ee7c0ba6555af2881d62a1496212d3d8004e9cf6eccba04d6038b
[INFO] running `Command { std: "docker" "create" "-v" "/var/lib/crater-agent-workspace/builds/worker-6-tc1/target:/opt/rustwide/target:rw,Z" "-v" "/var/lib/crater-agent-workspace/builds/worker-6-tc1/source:/opt/rustwide/workdir:ro,Z" "-v" "/var/lib/crater-agent-workspace/cargo-home:/opt/rustwide/cargo-home:ro,Z" "-v" "/var/lib/crater-agent-workspace/rustup-home:/opt/rustwide/rustup-home:ro,Z" "-e" "SOURCE_DIR=/opt/rustwide/workdir" "-e" "CARGO_TARGET_DIR=/opt/rustwide/target" "-e" "CARGO_INCREMENTAL=0" "-e" "RUST_BACKTRACE=full" "-e" "RUSTFLAGS=--cap-lints=warn" "-e" "RUSTDOCFLAGS=--cap-lints=warn" "-e" "CARGO_HOME=/opt/rustwide/cargo-home" "-e" "RUSTUP_HOME=/opt/rustwide/rustup-home" "-w" "/opt/rustwide/workdir" "-m" "1610612736" "--user" "0:0" "--network" "none" "ghcr.io/rust-lang/crates-build-env/linux@sha256:2788e3201cd34a07e3172128adcd8b3090168a8e3bcc40d7c032b9dda1df7d1c" "/opt/rustwide/cargo-home/bin/cargo" "+1.75.0" "build" "--frozen" "--message-format=json", kill_on_drop: false }`
[INFO] [stdout] ff37367c8af9b07c66ea1ede49dc52ec90b10c4a65e7a111166aa54554c0b9f0
[INFO] running `Command { std: "docker" "start" "-a" "ff37367c8af9b07c66ea1ede49dc52ec90b10c4a65e7a111166aa54554c0b9f0", kill_on_drop: false }`
[INFO] [stderr]    Compiling proc-macro2 v1.0.64
[INFO] [stderr]    Compiling unicode-ident v1.0.10
[INFO] [stderr]    Compiling quote v1.0.29
[INFO] [stderr]    Compiling syn v1.0.109
[INFO] [stderr]    Compiling fnv v1.0.7
[INFO] [stderr]    Compiling ident_case v1.0.1
[INFO] [stderr]    Compiling strsim v0.10.0
[INFO] [stderr]    Compiling semver v1.0.18
[INFO] [stderr]    Compiling anyhow v1.0.71
[INFO] [stderr]    Compiling thiserror v1.0.43
[INFO] [stderr]    Compiling rustc_version v0.4.0
[INFO] [stderr]    Compiling situwaition v0.3.2 (/opt/rustwide/workdir)
[INFO] [stderr]    Compiling syn v2.0.25
[INFO] [stderr]    Compiling thiserror-impl v1.0.43
[INFO] [stderr]    Compiling darling_core v0.14.4
[INFO] [stderr]    Compiling darling_macro v0.14.4
[INFO] [stderr]    Compiling darling v0.14.4
[INFO] [stderr]    Compiling derive_builder_core v0.12.0
[INFO] [stderr]    Compiling derive_builder_macro v0.12.0
[INFO] [stderr]    Compiling derive_builder v0.12.0
[INFO] [stderr]     Finished dev [unoptimized + debuginfo] target(s) in 4.94s
[INFO] running `Command { std: "docker" "inspect" "ff37367c8af9b07c66ea1ede49dc52ec90b10c4a65e7a111166aa54554c0b9f0", kill_on_drop: false }`
[INFO] running `Command { std: "docker" "rm" "-f" "ff37367c8af9b07c66ea1ede49dc52ec90b10c4a65e7a111166aa54554c0b9f0", kill_on_drop: false }`
[INFO] [stdout] ff37367c8af9b07c66ea1ede49dc52ec90b10c4a65e7a111166aa54554c0b9f0
[INFO] running `Command { std: "docker" "create" "-v" "/var/lib/crater-agent-workspace/builds/worker-6-tc1/target:/opt/rustwide/target:rw,Z" "-v" "/var/lib/crater-agent-workspace/builds/worker-6-tc1/source:/opt/rustwide/workdir:ro,Z" "-v" "/var/lib/crater-agent-workspace/cargo-home:/opt/rustwide/cargo-home:ro,Z" "-v" "/var/lib/crater-agent-workspace/rustup-home:/opt/rustwide/rustup-home:ro,Z" "-e" "SOURCE_DIR=/opt/rustwide/workdir" "-e" "CARGO_TARGET_DIR=/opt/rustwide/target" "-e" "CARGO_INCREMENTAL=0" "-e" "RUST_BACKTRACE=full" "-e" "RUSTFLAGS=--cap-lints=warn" "-e" "RUSTDOCFLAGS=--cap-lints=warn" "-e" "CARGO_HOME=/opt/rustwide/cargo-home" "-e" "RUSTUP_HOME=/opt/rustwide/rustup-home" "-w" "/opt/rustwide/workdir" "-m" "1610612736" "--user" "0:0" "--network" "none" "ghcr.io/rust-lang/crates-build-env/linux@sha256:2788e3201cd34a07e3172128adcd8b3090168a8e3bcc40d7c032b9dda1df7d1c" "/opt/rustwide/cargo-home/bin/cargo" "+1.75.0" "test" "--frozen" "--no-run" "--message-format=json", kill_on_drop: false }`
[INFO] [stdout] 08012a4ccc989b7e86d9b8160a63afff882cc67cbdf4577d9f15b0cb1b8b3d8d
[INFO] running `Command { std: "docker" "start" "-a" "08012a4ccc989b7e86d9b8160a63afff882cc67cbdf4577d9f15b0cb1b8b3d8d", kill_on_drop: false }`
[INFO] [stderr]    Compiling libc v0.2.147
[INFO] [stderr]    Compiling futures-core v0.3.28
[INFO] [stderr]    Compiling crossbeam-utils v0.8.16
[INFO] [stderr]    Compiling memchr v2.5.0
[INFO] [stderr]    Compiling event-listener v2.5.3
[INFO] [stderr]    Compiling pin-project-lite v0.2.10
[INFO] [stderr]    Compiling value-bag v1.4.1
[INFO] [stderr]    Compiling slab v0.4.8
[INFO] [stderr]    Compiling io-lifetimes v1.0.11
[INFO] [stderr]    Compiling futures-io v0.3.28
[INFO] [stderr]    Compiling parking v2.1.0
[INFO] [stderr]    Compiling waker-fn v1.1.0
[INFO] [stderr]    Compiling fastrand v1.9.0
[INFO] [stderr]    Compiling polling v2.8.0
[INFO] [stderr]    Compiling syn v2.0.25
[INFO] [stderr]    Compiling rustix v0.37.23
[INFO] [stderr]    Compiling async-io v1.13.0
[INFO] [stderr]    Compiling async-task v4.4.0
[INFO] [stderr]    Compiling async-lock v2.7.0
[INFO] [stderr]    Compiling linux-raw-sys v0.3.8
[INFO] [stderr]    Compiling log v0.4.19
[INFO] [stderr]    Compiling atomic-waker v1.1.1
[INFO] [stderr]    Compiling tokio v1.29.1
[INFO] [stderr]    Compiling once_cell v1.18.0
[INFO] [stderr]    Compiling async-attributes v1.1.2
[INFO] [stderr]    Compiling kv-log-macro v1.0.7
[INFO] [stderr]    Compiling concurrent-queue v2.2.0
[INFO] [stderr]    Compiling async-channel v1.9.0
[INFO] [stderr]    Compiling futures-lite v1.13.0
[INFO] [stderr]    Compiling socket2 v0.4.9
[INFO] [stderr]    Compiling num_cpus v1.16.0
[INFO] [stderr]    Compiling blocking v1.3.1
[INFO] [stderr]    Compiling async-executor v1.5.1
[INFO] [stderr]    Compiling thiserror-impl v1.0.43
[INFO] [stderr]    Compiling tokio-macros v2.1.0
[INFO] [stderr]    Compiling async-global-executor v2.3.1
[INFO] [stderr]    Compiling async-std v1.12.0
[INFO] [stderr]    Compiling thiserror v1.0.43
[INFO] [stderr]    Compiling situwaition v0.3.2 (/opt/rustwide/workdir)
[INFO] [stderr]     Finished test [unoptimized + debuginfo] target(s) in 4.54s
[INFO] running `Command { std: "docker" "inspect" "08012a4ccc989b7e86d9b8160a63afff882cc67cbdf4577d9f15b0cb1b8b3d8d", kill_on_drop: false }`
[INFO] running `Command { std: "docker" "rm" "-f" "08012a4ccc989b7e86d9b8160a63afff882cc67cbdf4577d9f15b0cb1b8b3d8d", kill_on_drop: false }`
[INFO] [stdout] 08012a4ccc989b7e86d9b8160a63afff882cc67cbdf4577d9f15b0cb1b8b3d8d
[INFO] running `Command { std: "docker" "create" "-v" "/var/lib/crater-agent-workspace/builds/worker-6-tc1/target:/opt/rustwide/target:rw,Z" "-v" "/var/lib/crater-agent-workspace/builds/worker-6-tc1/source:/opt/rustwide/workdir:ro,Z" "-v" "/var/lib/crater-agent-workspace/cargo-home:/opt/rustwide/cargo-home:ro,Z" "-v" "/var/lib/crater-agent-workspace/rustup-home:/opt/rustwide/rustup-home:ro,Z" "-e" "SOURCE_DIR=/opt/rustwide/workdir" "-e" "CARGO_TARGET_DIR=/opt/rustwide/target" "-e" "CARGO_INCREMENTAL=0" "-e" "RUST_BACKTRACE=full" "-e" "RUSTFLAGS=--cap-lints=warn" "-e" "RUSTDOCFLAGS=--cap-lints=warn" "-e" "CARGO_HOME=/opt/rustwide/cargo-home" "-e" "RUSTUP_HOME=/opt/rustwide/rustup-home" "-w" "/opt/rustwide/workdir" "-m" "1610612736" "--user" "0:0" "--network" "none" "ghcr.io/rust-lang/crates-build-env/linux@sha256:2788e3201cd34a07e3172128adcd8b3090168a8e3bcc40d7c032b9dda1df7d1c" "/opt/rustwide/cargo-home/bin/cargo" "+1.75.0" "test" "--frozen", kill_on_drop: false }`
[INFO] [stdout] 905c9df0bbbd23079aa66019960ff7e1f101001fdfeea437b89721dd341e43a2
[INFO] running `Command { std: "docker" "start" "-a" "905c9df0bbbd23079aa66019960ff7e1f101001fdfeea437b89721dd341e43a2", kill_on_drop: false }`
[INFO] [stderr]     Finished test [unoptimized + debuginfo] target(s) in 0.05s
[INFO] [stderr]      Running unittests src/lib.rs (/opt/rustwide/target/debug/deps/situwaition-770663bbb10b6efb)
[INFO] [stdout] 
[INFO] [stdout] running 7 tests
[INFO] [stdout] test sync::tests::test_unit_sync_executor_with_check_interval ... ok
[INFO] [stdout] test sync::tests::test_unit_sync_executor_exec_pass ... ok
[INFO] [stdout] test sync::tests::test_unit_sync_executor_from_fn ... ok
[INFO] [stdout] test sync::tests::test_unit_wait_for_fn ... ok
[INFO] [stdout] test sync::tests::test_unit_sync_executor_with_long_check ... ok
[INFO] [stdout] test sync::tests::test_unit_sync_executor_exec_fail ... ok
[INFO] [stdout] test sync::tests::test_unit_wait_for_sync_executor_with_timeout ... ok
[INFO] [stderr]    Doc-tests situwaition
[INFO] [stdout] 
[INFO] [stdout] test result: ok. 7 passed; 0 failed; 0 ignored; 0 measured; 0 filtered out; finished in 0.50s
[INFO] [stdout] 
[INFO] [stdout] 
[INFO] [stdout] running 1 test
[INFO] [stdout] test src/lib.rs - (line 9) ... FAILED
[INFO] [stdout] 
[INFO] [stdout] failures:
[INFO] [stdout] 
[INFO] [stdout] ---- src/lib.rs - (line 9) stdout ----
[INFO] [stdout] error[E0405]: cannot find trait `Error` in this scope
[INFO] [stdout]  --> src/lib.rs:13:33
[INFO] [stdout]   |
[INFO] [stdout] 6 | fn main() -> Result<(), Box<dyn Error>> {
[INFO] [stdout]   |                                 ^^^^^ not found in this scope
[INFO] [stdout]   |
[INFO] [stdout] help: consider importing one of these items
[INFO] [stdout]   |
[INFO] [stdout] 4 + use core::error::Error;
[INFO] [stdout]   |
[INFO] [stdout] 4 + use derive_builder::export::core::error::Error;
[INFO] [stdout]   |
[INFO] [stdout] 4 + use std::error::Error;
[INFO] [stdout]   |
[INFO] [stdout] 
[INFO] [stdout] error: aborting due to previous error
[INFO] [stdout] 
[INFO] [stdout] For more information about this error, try `rustc --explain E0405`.
[INFO] [stdout] Couldn't compile the test.
[INFO] [stdout] 
[INFO] [stdout] failures:
[INFO] [stdout]     src/lib.rs - (line 9)
[INFO] [stdout] 
[INFO] [stdout] test result: FAILED. 0 passed; 1 failed; 0 ignored; 0 measured; 0 filtered out; finished in 0.05s
[INFO] [stdout] 
[INFO] [stderr] error: doctest failed, to rerun pass `--doc`
[INFO] running `Command { std: "docker" "inspect" "905c9df0bbbd23079aa66019960ff7e1f101001fdfeea437b89721dd341e43a2", kill_on_drop: false }`
[INFO] running `Command { std: "docker" "rm" "-f" "905c9df0bbbd23079aa66019960ff7e1f101001fdfeea437b89721dd341e43a2", kill_on_drop: false }`
[INFO] [stdout] 905c9df0bbbd23079aa66019960ff7e1f101001fdfeea437b89721dd341e43a2
[INFO] testing situwaition-0.3.2 against beta-2023-12-22 for beta-1.76-1
[INFO] extracting crate situwaition 0.3.2 into /workspace/builds/worker-6-tc2/source
[INFO] validating manifest of crates.io crate situwaition 0.3.2 on toolchain beta-2023-12-22
[INFO] running `Command { std: CARGO_HOME="/workspace/cargo-home" RUSTUP_HOME="/workspace/rustup-home" "/workspace/cargo-home/bin/cargo" "+beta-2023-12-22" "metadata" "--manifest-path" "Cargo.toml" "--no-deps", kill_on_drop: false }`
[INFO] started tweaking crates.io crate situwaition 0.3.2
[INFO] removed 0 missing examples
[INFO] finished tweaking crates.io crate situwaition 0.3.2
[INFO] tweaked toml for crates.io crate situwaition 0.3.2 written to /workspace/builds/worker-6-tc2/source/Cargo.toml
[INFO] crate crates.io crate situwaition 0.3.2 already has a lockfile, it will not be regenerated
[INFO] running `Command { std: CARGO_HOME="/workspace/cargo-home" RUSTUP_HOME="/workspace/rustup-home" "/workspace/cargo-home/bin/cargo" "+beta-2023-12-22" "fetch" "--manifest-path" "Cargo.toml", kill_on_drop: false }`
[INFO] running `Command { std: "docker" "create" "-v" "/var/lib/crater-agent-workspace/builds/worker-6-tc2/target:/opt/rustwide/target:rw,Z" "-v" "/var/lib/crater-agent-workspace/builds/worker-6-tc2/source:/opt/rustwide/workdir:ro,Z" "-v" "/var/lib/crater-agent-workspace/cargo-home:/opt/rustwide/cargo-home:ro,Z" "-v" "/var/lib/crater-agent-workspace/rustup-home:/opt/rustwide/rustup-home:ro,Z" "-e" "SOURCE_DIR=/opt/rustwide/workdir" "-e" "CARGO_TARGET_DIR=/opt/rustwide/target" "-e" "CARGO_HOME=/opt/rustwide/cargo-home" "-e" "RUSTUP_HOME=/opt/rustwide/rustup-home" "-w" "/opt/rustwide/workdir" "-m" "1610612736" "--user" "0:0" "--network" "none" "ghcr.io/rust-lang/crates-build-env/linux@sha256:2788e3201cd34a07e3172128adcd8b3090168a8e3bcc40d7c032b9dda1df7d1c" "/opt/rustwide/cargo-home/bin/cargo" "+beta-2023-12-22" "metadata" "--no-deps" "--format-version=1", kill_on_drop: false }`
[INFO] [stdout] 5d664149a52942a023507783ef056abd51e07e5e333d9a890e761db64b9c34ed
[INFO] running `Command { std: "docker" "start" "-a" "5d664149a52942a023507783ef056abd51e07e5e333d9a890e761db64b9c34ed", kill_on_drop: false }`
[INFO] running `Command { std: "docker" "inspect" "5d664149a52942a023507783ef056abd51e07e5e333d9a890e761db64b9c34ed", kill_on_drop: false }`
[INFO] running `Command { std: "docker" "rm" "-f" "5d664149a52942a023507783ef056abd51e07e5e333d9a890e761db64b9c34ed", kill_on_drop: false }`
[INFO] [stdout] 5d664149a52942a023507783ef056abd51e07e5e333d9a890e761db64b9c34ed
[INFO] running `Command { std: "docker" "create" "-v" "/var/lib/crater-agent-workspace/builds/worker-6-tc2/target:/opt/rustwide/target:rw,Z" "-v" "/var/lib/crater-agent-workspace/builds/worker-6-tc2/source:/opt/rustwide/workdir:ro,Z" "-v" "/var/lib/crater-agent-workspace/cargo-home:/opt/rustwide/cargo-home:ro,Z" "-v" "/var/lib/crater-agent-workspace/rustup-home:/opt/rustwide/rustup-home:ro,Z" "-e" "SOURCE_DIR=/opt/rustwide/workdir" "-e" "CARGO_TARGET_DIR=/opt/rustwide/target" "-e" "CARGO_INCREMENTAL=0" "-e" "RUST_BACKTRACE=full" "-e" "RUSTFLAGS=--cap-lints=warn" "-e" "RUSTDOCFLAGS=--cap-lints=warn" "-e" "CARGO_HOME=/opt/rustwide/cargo-home" "-e" "RUSTUP_HOME=/opt/rustwide/rustup-home" "-w" "/opt/rustwide/workdir" "-m" "1610612736" "--user" "0:0" "--network" "none" "ghcr.io/rust-lang/crates-build-env/linux@sha256:2788e3201cd34a07e3172128adcd8b3090168a8e3bcc40d7c032b9dda1df7d1c" "/opt/rustwide/cargo-home/bin/cargo" "+beta-2023-12-22" "build" "--frozen" "--message-format=json", kill_on_drop: false }`
[INFO] [stdout] 7c07c5146b83eeb46f3c24549f828d8b9b419d5a6782b9d9648fa056605b24fc
[INFO] running `Command { std: "docker" "start" "-a" "7c07c5146b83eeb46f3c24549f828d8b9b419d5a6782b9d9648fa056605b24fc", kill_on_drop: false }`
[INFO] [stderr]    Compiling proc-macro2 v1.0.64
[INFO] [stderr]    Compiling unicode-ident v1.0.10
[INFO] [stderr]    Compiling quote v1.0.29
[INFO] [stderr]    Compiling syn v1.0.109
[INFO] [stderr]    Compiling ident_case v1.0.1
[INFO] [stderr]    Compiling strsim v0.10.0
[INFO] [stderr]    Compiling fnv v1.0.7
[INFO] [stderr]    Compiling semver v1.0.18
[INFO] [stderr]    Compiling thiserror v1.0.43
[INFO] [stderr]    Compiling anyhow v1.0.71
[INFO] [stderr]    Compiling rustc_version v0.4.0
[INFO] [stderr]    Compiling situwaition v0.3.2 (/opt/rustwide/workdir)
[INFO] [stderr]    Compiling syn v2.0.25
[INFO] [stderr]    Compiling thiserror-impl v1.0.43
[INFO] [stderr]    Compiling darling_core v0.14.4
[INFO] [stderr]    Compiling darling_macro v0.14.4
[INFO] [stderr]    Compiling darling v0.14.4
[INFO] [stderr]    Compiling derive_builder_core v0.12.0
[INFO] [stderr]    Compiling derive_builder_macro v0.12.0
[INFO] [stderr]    Compiling derive_builder v0.12.0
[INFO] [stderr]     Finished dev [unoptimized + debuginfo] target(s) in 5.52s
[INFO] running `Command { std: "docker" "inspect" "7c07c5146b83eeb46f3c24549f828d8b9b419d5a6782b9d9648fa056605b24fc", kill_on_drop: false }`
[INFO] running `Command { std: "docker" "rm" "-f" "7c07c5146b83eeb46f3c24549f828d8b9b419d5a6782b9d9648fa056605b24fc", kill_on_drop: false }`
[INFO] [stdout] 7c07c5146b83eeb46f3c24549f828d8b9b419d5a6782b9d9648fa056605b24fc
[INFO] running `Command { std: "docker" "create" "-v" "/var/lib/crater-agent-workspace/builds/worker-6-tc2/target:/opt/rustwide/target:rw,Z" "-v" "/var/lib/crater-agent-workspace/builds/worker-6-tc2/source:/opt/rustwide/workdir:ro,Z" "-v" "/var/lib/crater-agent-workspace/cargo-home:/opt/rustwide/cargo-home:ro,Z" "-v" "/var/lib/crater-agent-workspace/rustup-home:/opt/rustwide/rustup-home:ro,Z" "-e" "SOURCE_DIR=/opt/rustwide/workdir" "-e" "CARGO_TARGET_DIR=/opt/rustwide/target" "-e" "CARGO_INCREMENTAL=0" "-e" "RUST_BACKTRACE=full" "-e" "RUSTFLAGS=--cap-lints=warn" "-e" "RUSTDOCFLAGS=--cap-lints=warn" "-e" "CARGO_HOME=/opt/rustwide/cargo-home" "-e" "RUSTUP_HOME=/opt/rustwide/rustup-home" "-w" "/opt/rustwide/workdir" "-m" "1610612736" "--user" "0:0" "--network" "none" "ghcr.io/rust-lang/crates-build-env/linux@sha256:2788e3201cd34a07e3172128adcd8b3090168a8e3bcc40d7c032b9dda1df7d1c" "/opt/rustwide/cargo-home/bin/cargo" "+beta-2023-12-22" "test" "--frozen" "--no-run" "--message-format=json", kill_on_drop: false }`
[INFO] [stdout] 200d50f0052e44878cb2d47e1f0ef59e2f3558701f4f5086ea8cb0bd9416a11b
[INFO] running `Command { std: "docker" "start" "-a" "200d50f0052e44878cb2d47e1f0ef59e2f3558701f4f5086ea8cb0bd9416a11b", kill_on_drop: false }`
[INFO] [stderr]    Compiling libc v0.2.147
[INFO] [stderr]    Compiling futures-core v0.3.28
[INFO] [stderr]    Compiling crossbeam-utils v0.8.16
[INFO] [stderr]    Compiling memchr v2.5.0
[INFO] [stderr]    Compiling event-listener v2.5.3
[INFO] [stderr]    Compiling pin-project-lite v0.2.10
[INFO] [stderr]    Compiling value-bag v1.4.1
[INFO] [stderr]    Compiling slab v0.4.8
[INFO] [stderr]    Compiling waker-fn v1.1.0
[INFO] [stderr]    Compiling fastrand v1.9.0
[INFO] [stderr]    Compiling futures-io v0.3.28
[INFO] [stderr]    Compiling io-lifetimes v1.0.11
[INFO] [stderr]    Compiling parking v2.1.0
[INFO] [stderr]    Compiling polling v2.8.0
[INFO] [stderr]    Compiling syn v2.0.25
[INFO] [stderr]    Compiling rustix v0.37.23
[INFO] [stderr]    Compiling async-io v1.13.0
[INFO] [stderr]    Compiling async-task v4.4.0
[INFO] [stderr]    Compiling async-lock v2.7.0
[INFO] [stderr]    Compiling linux-raw-sys v0.3.8
[INFO] [stderr]    Compiling log v0.4.19
[INFO] [stderr]    Compiling atomic-waker v1.1.1
[INFO] [stderr]    Compiling tokio v1.29.1
[INFO] [stderr]    Compiling once_cell v1.18.0
[INFO] [stderr]    Compiling async-attributes v1.1.2
[INFO] [stderr]    Compiling kv-log-macro v1.0.7
[INFO] [stderr]    Compiling concurrent-queue v2.2.0
[INFO] [stderr]    Compiling futures-lite v1.13.0
[INFO] [stderr]    Compiling async-channel v1.9.0
[INFO] [stderr]    Compiling socket2 v0.4.9
[INFO] [stderr]    Compiling num_cpus v1.16.0
[INFO] [stderr]    Compiling blocking v1.3.1
[INFO] [stderr]    Compiling async-executor v1.5.1
[INFO] [stderr]    Compiling thiserror-impl v1.0.43
[INFO] [stderr]    Compiling tokio-macros v2.1.0
[INFO] [stderr]    Compiling async-global-executor v2.3.1
[INFO] [stderr]    Compiling async-std v1.12.0
[INFO] [stderr]    Compiling thiserror v1.0.43
[INFO] [stderr]    Compiling situwaition v0.3.2 (/opt/rustwide/workdir)
[INFO] [stderr]     Finished test [unoptimized + debuginfo] target(s) in 4.53s
[INFO] running `Command { std: "docker" "inspect" "200d50f0052e44878cb2d47e1f0ef59e2f3558701f4f5086ea8cb0bd9416a11b", kill_on_drop: false }`
[INFO] running `Command { std: "docker" "rm" "-f" "200d50f0052e44878cb2d47e1f0ef59e2f3558701f4f5086ea8cb0bd9416a11b", kill_on_drop: false }`
[INFO] [stdout] 200d50f0052e44878cb2d47e1f0ef59e2f3558701f4f5086ea8cb0bd9416a11b
[INFO] running `Command { std: "docker" "create" "-v" "/var/lib/crater-agent-workspace/builds/worker-6-tc2/target:/opt/rustwide/target:rw,Z" "-v" "/var/lib/crater-agent-workspace/builds/worker-6-tc2/source:/opt/rustwide/workdir:ro,Z" "-v" "/var/lib/crater-agent-workspace/cargo-home:/opt/rustwide/cargo-home:ro,Z" "-v" "/var/lib/crater-agent-workspace/rustup-home:/opt/rustwide/rustup-home:ro,Z" "-e" "SOURCE_DIR=/opt/rustwide/workdir" "-e" "CARGO_TARGET_DIR=/opt/rustwide/target" "-e" "CARGO_INCREMENTAL=0" "-e" "RUST_BACKTRACE=full" "-e" "RUSTFLAGS=--cap-lints=warn" "-e" "RUSTDOCFLAGS=--cap-lints=warn" "-e" "CARGO_HOME=/opt/rustwide/cargo-home" "-e" "RUSTUP_HOME=/opt/rustwide/rustup-home" "-w" "/opt/rustwide/workdir" "-m" "1610612736" "--user" "0:0" "--network" "none" "ghcr.io/rust-lang/crates-build-env/linux@sha256:2788e3201cd34a07e3172128adcd8b3090168a8e3bcc40d7c032b9dda1df7d1c" "/opt/rustwide/cargo-home/bin/cargo" "+beta-2023-12-22" "test" "--frozen", kill_on_drop: false }`
[INFO] [stdout] 8ac23f5dadc38e45f90259d8750195bcf2292c8e1925aed7b6bed124a1b78835
[INFO] running `Command { std: "docker" "start" "-a" "8ac23f5dadc38e45f90259d8750195bcf2292c8e1925aed7b6bed124a1b78835", kill_on_drop: false }`
[INFO] [stderr]     Finished test [unoptimized + debuginfo] target(s) in 0.05s
[INFO] [stderr]      Running unittests src/lib.rs (/opt/rustwide/target/debug/deps/situwaition-21eaef632a965317)
[INFO] [stdout] 
[INFO] [stdout] running 7 tests
[INFO] [stdout] test sync::tests::test_unit_sync_executor_with_check_interval ... ok
[INFO] [stdout] test sync::tests::test_unit_sync_executor_exec_pass ... ok
[INFO] [stdout] test sync::tests::test_unit_sync_executor_from_fn ... ok
[INFO] [stdout] test sync::tests::test_unit_sync_executor_with_long_check ... ok
[INFO] [stdout] test sync::tests::test_unit_wait_for_fn ... ok
[INFO] [stdout] test sync::tests::test_unit_sync_executor_exec_fail ... ok
[INFO] [stdout] test sync::tests::test_unit_wait_for_sync_executor_with_timeout ... ok
[INFO] [stdout] 
[INFO] [stdout] test result: ok. 7 passed; 0 failed; 0 ignored; 0 measured; 0 filtered out; finished in 0.50s
[INFO] [stdout] 
[INFO] [stderr]    Doc-tests situwaition
[INFO] [stdout] 
[INFO] [stdout] running 1 test
[INFO] [stdout] test src/lib.rs - (line 9) ... FAILED
[INFO] [stdout] 
[INFO] [stdout] failures:
[INFO] [stdout] 
[INFO] [stdout] ---- src/lib.rs - (line 9) stdout ----
[INFO] [stdout] error[E0405]: cannot find trait `Error` in this scope
[INFO] [stdout]  --> src/lib.rs:13:33
[INFO] [stdout]   |
[INFO] [stdout] 6 | fn main() -> Result<(), Box<dyn Error>> {
[INFO] [stdout]   |                                 ^^^^^ not found in this scope
[INFO] [stdout]   |
[INFO] [stdout] help: consider importing one of these items
[INFO] [stdout]   |
[INFO] [stdout] 4 + use core::error::Error;
[INFO] [stdout]   |
[INFO] [stdout] 4 + use derive_builder::export::core::error::Error;
[INFO] [stdout]   |
[INFO] [stdout] 4 + use std::error::Error;
[INFO] [stdout]   |
[INFO] [stdout] 
[INFO] [stdout] error: aborting due to 1 previous error
[INFO] [stdout] 
[INFO] [stdout] For more information about this error, try `rustc --explain E0405`.
[INFO] [stdout] Couldn't compile the test.
[INFO] [stdout] 
[INFO] [stdout] failures:
[INFO] [stdout]     src/lib.rs - (line 9)
[INFO] [stdout] 
[INFO] [stdout] test result: FAILED. 0 passed; 1 failed; 0 ignored; 0 measured; 0 filtered out; finished in 0.05s
[INFO] [stdout] 
[INFO] [stderr] error: doctest failed, to rerun pass `--doc`
[INFO] running `Command { std: "docker" "inspect" "8ac23f5dadc38e45f90259d8750195bcf2292c8e1925aed7b6bed124a1b78835", kill_on_drop: false }`
[INFO] running `Command { std: "docker" "rm" "-f" "8ac23f5dadc38e45f90259d8750195bcf2292c8e1925aed7b6bed124a1b78835", kill_on_drop: false }`
[INFO] [stdout] 8ac23f5dadc38e45f90259d8750195bcf2292c8e1925aed7b6bed124a1b78835
