[INFO] fetching crate sitescraper 0.1.55...
[INFO] testing sitescraper-0.1.55 against 1.75.0 for beta-1.76-1
[INFO] extracting crate sitescraper 0.1.55 into /workspace/builds/worker-4-tc1/source
[INFO] validating manifest of crates.io crate sitescraper 0.1.55 on toolchain 1.75.0
[INFO] running `Command { std: CARGO_HOME="/workspace/cargo-home" RUSTUP_HOME="/workspace/rustup-home" "/workspace/cargo-home/bin/cargo" "+1.75.0" "metadata" "--manifest-path" "Cargo.toml" "--no-deps", kill_on_drop: false }`
[INFO] started tweaking crates.io crate sitescraper 0.1.55
[INFO] finished tweaking crates.io crate sitescraper 0.1.55
[INFO] tweaked toml for crates.io crate sitescraper 0.1.55 written to /workspace/builds/worker-4-tc1/source/Cargo.toml
[INFO] running `Command { std: CARGO_HOME="/workspace/cargo-home" RUSTUP_HOME="/workspace/rustup-home" "/workspace/cargo-home/bin/cargo" "+1.75.0" "generate-lockfile" "--manifest-path" "Cargo.toml", kill_on_drop: false }`
[INFO] [stderr]     Updating crates.io index
[INFO] running `Command { std: CARGO_HOME="/workspace/cargo-home" RUSTUP_HOME="/workspace/rustup-home" "/workspace/cargo-home/bin/cargo" "+1.75.0" "fetch" "--manifest-path" "Cargo.toml", kill_on_drop: false }`
[INFO] [stderr]  Downloading crates ...
[INFO] [stderr]   Downloaded slicestring v0.1.3
[INFO] running `Command { std: "docker" "create" "-v" "/var/lib/crater-agent-workspace/builds/worker-4-tc1/target:/opt/rustwide/target:rw,Z" "-v" "/var/lib/crater-agent-workspace/builds/worker-4-tc1/source:/opt/rustwide/workdir:ro,Z" "-v" "/var/lib/crater-agent-workspace/cargo-home:/opt/rustwide/cargo-home:ro,Z" "-v" "/var/lib/crater-agent-workspace/rustup-home:/opt/rustwide/rustup-home:ro,Z" "-e" "SOURCE_DIR=/opt/rustwide/workdir" "-e" "CARGO_TARGET_DIR=/opt/rustwide/target" "-e" "CARGO_HOME=/opt/rustwide/cargo-home" "-e" "RUSTUP_HOME=/opt/rustwide/rustup-home" "-w" "/opt/rustwide/workdir" "-m" "1610612736" "--user" "0:0" "--network" "none" "ghcr.io/rust-lang/crates-build-env/linux@sha256:2788e3201cd34a07e3172128adcd8b3090168a8e3bcc40d7c032b9dda1df7d1c" "/opt/rustwide/cargo-home/bin/cargo" "+1.75.0" "metadata" "--no-deps" "--format-version=1", kill_on_drop: false }`
[INFO] [stdout] f50a417dfcc88753253c0ba78fa988dffdf349ac80f89895c0478c06c5e5f465
[INFO] running `Command { std: "docker" "start" "-a" "f50a417dfcc88753253c0ba78fa988dffdf349ac80f89895c0478c06c5e5f465", kill_on_drop: false }`
[INFO] running `Command { std: "docker" "inspect" "f50a417dfcc88753253c0ba78fa988dffdf349ac80f89895c0478c06c5e5f465", kill_on_drop: false }`
[INFO] running `Command { std: "docker" "rm" "-f" "f50a417dfcc88753253c0ba78fa988dffdf349ac80f89895c0478c06c5e5f465", kill_on_drop: false }`
[INFO] [stdout] f50a417dfcc88753253c0ba78fa988dffdf349ac80f89895c0478c06c5e5f465
[INFO] running `Command { std: "docker" "create" "-v" "/var/lib/crater-agent-workspace/builds/worker-4-tc1/target:/opt/rustwide/target:rw,Z" "-v" "/var/lib/crater-agent-workspace/builds/worker-4-tc1/source:/opt/rustwide/workdir:ro,Z" "-v" "/var/lib/crater-agent-workspace/cargo-home:/opt/rustwide/cargo-home:ro,Z" "-v" "/var/lib/crater-agent-workspace/rustup-home:/opt/rustwide/rustup-home:ro,Z" "-e" "SOURCE_DIR=/opt/rustwide/workdir" "-e" "CARGO_TARGET_DIR=/opt/rustwide/target" "-e" "CARGO_INCREMENTAL=0" "-e" "RUST_BACKTRACE=full" "-e" "RUSTFLAGS=--cap-lints=warn" "-e" "RUSTDOCFLAGS=--cap-lints=warn" "-e" "CARGO_HOME=/opt/rustwide/cargo-home" "-e" "RUSTUP_HOME=/opt/rustwide/rustup-home" "-w" "/opt/rustwide/workdir" "-m" "1610612736" "--user" "0:0" "--network" "none" "ghcr.io/rust-lang/crates-build-env/linux@sha256:2788e3201cd34a07e3172128adcd8b3090168a8e3bcc40d7c032b9dda1df7d1c" "/opt/rustwide/cargo-home/bin/cargo" "+1.75.0" "build" "--frozen" "--message-format=json", kill_on_drop: false }`
[INFO] [stdout] 8e6a5f4aaac66798633b6d621ac6e1563fd705cba1bcb76fd158939f7f01c2fd
[INFO] running `Command { std: "docker" "start" "-a" "8e6a5f4aaac66798633b6d621ac6e1563fd705cba1bcb76fd158939f7f01c2fd", kill_on_drop: false }`
[INFO] [stderr]    Compiling libc v0.2.151
[INFO] [stderr]    Compiling vcpkg v0.2.15
[INFO] [stderr]    Compiling pin-project-lite v0.2.13
[INFO] [stderr]    Compiling pkg-config v0.3.28
[INFO] [stderr]    Compiling once_cell v1.19.0
[INFO] [stderr]    Compiling bytes v1.5.0
[INFO] [stderr]    Compiling itoa v1.0.10
[INFO] [stderr]    Compiling autocfg v1.1.0
[INFO] [stderr]    Compiling futures-core v0.3.30
[INFO] [stderr]    Compiling syn v2.0.48
[INFO] [stderr]    Compiling tracing-core v0.1.32
[INFO] [stderr]    Compiling cfg-if v1.0.0
[INFO] [stderr]    Compiling openssl v0.10.62
[INFO] [stderr]    Compiling slab v0.4.9
[INFO] [stderr]    Compiling foreign-types-shared v0.1.1
[INFO] [stderr]    Compiling fnv v1.0.7
[INFO] [stderr]    Compiling tracing v0.1.40
[INFO] [stderr]    Compiling http v0.2.11
[INFO] [stderr]    Compiling foreign-types v0.3.2
[INFO] [stderr]    Compiling equivalent v1.0.1
[INFO] [stderr]    Compiling native-tls v0.2.11
[INFO] [stderr]    Compiling pin-utils v0.1.0
[INFO] [stderr]    Compiling futures-task v0.3.30
[INFO] [stderr]    Compiling httparse v1.8.0
[INFO] [stderr]    Compiling futures-sink v0.3.30
[INFO] [stderr]    Compiling hashbrown v0.14.3
[INFO] [stderr]    Compiling tinyvec_macros v0.1.1
[INFO] [stderr]    Compiling bitflags v2.4.1
[INFO] [stderr]    Compiling futures-util v0.3.30
[INFO] [stderr]    Compiling tinyvec v1.6.0
[INFO] [stderr]    Compiling serde v1.0.194
[INFO] [stderr]    Compiling openssl-probe v0.1.5
[INFO] [stderr]    Compiling try-lock v0.2.5
[INFO] [stderr]    Compiling log v0.4.20
[INFO] [stderr]    Compiling percent-encoding v2.3.1
[INFO] [stderr]    Compiling indexmap v2.1.0
[INFO] [stderr]    Compiling form_urlencoded v1.2.1
[INFO] [stderr]    Compiling http-body v0.4.6
[INFO] [stderr]    Compiling want v0.3.1
[INFO] [stderr]    Compiling cc v1.0.83
[INFO] [stderr]    Compiling mio v0.8.10
[INFO] [stderr]    Compiling socket2 v0.5.5
[INFO] [stderr]    Compiling unicode-normalization v0.1.22
[INFO] [stderr]    Compiling futures-channel v0.3.30
[INFO] [stderr]    Compiling httpdate v1.0.3
[INFO] [stderr]    Compiling tower-service v0.3.2
[INFO] [stderr]    Compiling unicode-bidi v0.3.14
[INFO] [stderr]    Compiling tokio v1.35.1
[INFO] [stderr]    Compiling ryu v1.0.16
[INFO] [stderr]    Compiling encoding_rs v0.8.33
[INFO] [stderr]    Compiling base64 v0.21.5
[INFO] [stderr]    Compiling idna v0.5.0
[INFO] [stderr]    Compiling ipnet v2.9.0
[INFO] [stderr]    Compiling openssl-sys v0.9.98
[INFO] [stderr]    Compiling url v2.5.0
[INFO] [stderr]    Compiling mime v0.3.17
[INFO] [stderr]    Compiling slicestring v0.1.3
[INFO] [stderr]    Compiling openssl-macros v0.1.1
[INFO] [stderr]    Compiling serde_urlencoded v0.7.1
[INFO] [stderr]    Compiling tokio-util v0.7.10
[INFO] [stderr]    Compiling h2 v0.3.22
[INFO] [stderr]    Compiling tokio-native-tls v0.3.1
[INFO] [stderr]    Compiling hyper v0.14.28
[INFO] [stderr]    Compiling hyper-tls v0.5.0
[INFO] [stderr]    Compiling reqwest v0.11.23
[INFO] [stderr]    Compiling sitescraper v0.1.55 (/opt/rustwide/workdir)
[INFO] [stderr]     Finished dev [unoptimized + debuginfo] target(s) in 9.79s
[INFO] running `Command { std: "docker" "inspect" "8e6a5f4aaac66798633b6d621ac6e1563fd705cba1bcb76fd158939f7f01c2fd", kill_on_drop: false }`
[INFO] running `Command { std: "docker" "rm" "-f" "8e6a5f4aaac66798633b6d621ac6e1563fd705cba1bcb76fd158939f7f01c2fd", kill_on_drop: false }`
[INFO] [stdout] 8e6a5f4aaac66798633b6d621ac6e1563fd705cba1bcb76fd158939f7f01c2fd
[INFO] running `Command { std: "docker" "create" "-v" "/var/lib/crater-agent-workspace/builds/worker-4-tc1/target:/opt/rustwide/target:rw,Z" "-v" "/var/lib/crater-agent-workspace/builds/worker-4-tc1/source:/opt/rustwide/workdir:ro,Z" "-v" "/var/lib/crater-agent-workspace/cargo-home:/opt/rustwide/cargo-home:ro,Z" "-v" "/var/lib/crater-agent-workspace/rustup-home:/opt/rustwide/rustup-home:ro,Z" "-e" "SOURCE_DIR=/opt/rustwide/workdir" "-e" "CARGO_TARGET_DIR=/opt/rustwide/target" "-e" "CARGO_INCREMENTAL=0" "-e" "RUST_BACKTRACE=full" "-e" "RUSTFLAGS=--cap-lints=warn" "-e" "RUSTDOCFLAGS=--cap-lints=warn" "-e" "CARGO_HOME=/opt/rustwide/cargo-home" "-e" "RUSTUP_HOME=/opt/rustwide/rustup-home" "-w" "/opt/rustwide/workdir" "-m" "1610612736" "--user" "0:0" "--network" "none" "ghcr.io/rust-lang/crates-build-env/linux@sha256:2788e3201cd34a07e3172128adcd8b3090168a8e3bcc40d7c032b9dda1df7d1c" "/opt/rustwide/cargo-home/bin/cargo" "+1.75.0" "test" "--frozen" "--no-run" "--message-format=json", kill_on_drop: false }`
[INFO] [stdout] 0394bfe7e01da2f8481efc8a5d0f87442a39b87bb80ff0a240464b1d9e48b1ef
[INFO] running `Command { std: "docker" "start" "-a" "0394bfe7e01da2f8481efc8a5d0f87442a39b87bb80ff0a240464b1d9e48b1ef", kill_on_drop: false }`
[INFO] [stderr]    Compiling sitescraper v0.1.55 (/opt/rustwide/workdir)
[INFO] [stderr]     Finished test [unoptimized + debuginfo] target(s) in 0.29s
[INFO] running `Command { std: "docker" "inspect" "0394bfe7e01da2f8481efc8a5d0f87442a39b87bb80ff0a240464b1d9e48b1ef", kill_on_drop: false }`
[INFO] running `Command { std: "docker" "rm" "-f" "0394bfe7e01da2f8481efc8a5d0f87442a39b87bb80ff0a240464b1d9e48b1ef", kill_on_drop: false }`
[INFO] [stdout] 0394bfe7e01da2f8481efc8a5d0f87442a39b87bb80ff0a240464b1d9e48b1ef
[INFO] running `Command { std: "docker" "create" "-v" "/var/lib/crater-agent-workspace/builds/worker-4-tc1/target:/opt/rustwide/target:rw,Z" "-v" "/var/lib/crater-agent-workspace/builds/worker-4-tc1/source:/opt/rustwide/workdir:ro,Z" "-v" "/var/lib/crater-agent-workspace/cargo-home:/opt/rustwide/cargo-home:ro,Z" "-v" "/var/lib/crater-agent-workspace/rustup-home:/opt/rustwide/rustup-home:ro,Z" "-e" "SOURCE_DIR=/opt/rustwide/workdir" "-e" "CARGO_TARGET_DIR=/opt/rustwide/target" "-e" "CARGO_INCREMENTAL=0" "-e" "RUST_BACKTRACE=full" "-e" "RUSTFLAGS=--cap-lints=warn" "-e" "RUSTDOCFLAGS=--cap-lints=warn" "-e" "CARGO_HOME=/opt/rustwide/cargo-home" "-e" "RUSTUP_HOME=/opt/rustwide/rustup-home" "-w" "/opt/rustwide/workdir" "-m" "1610612736" "--user" "0:0" "--network" "none" "ghcr.io/rust-lang/crates-build-env/linux@sha256:2788e3201cd34a07e3172128adcd8b3090168a8e3bcc40d7c032b9dda1df7d1c" "/opt/rustwide/cargo-home/bin/cargo" "+1.75.0" "test" "--frozen", kill_on_drop: false }`
[INFO] [stdout] 2ce4f9c57f3349ec07ee6d344768414496be0204014d133d19b6bda48b519377
[INFO] running `Command { std: "docker" "start" "-a" "2ce4f9c57f3349ec07ee6d344768414496be0204014d133d19b6bda48b519377", kill_on_drop: false }`
[INFO] [stderr]     Finished test [unoptimized + debuginfo] target(s) in 0.05s
[INFO] [stderr]      Running unittests src/lib.rs (/opt/rustwide/target/debug/deps/sitescraper-28bbd9f09c36ad4c)
[INFO] [stdout] 
[INFO] [stdout] running 0 tests
[INFO] [stdout] 
[INFO] [stdout] test result: ok. 0 passed; 0 failed; 0 ignored; 0 measured; 0 filtered out; finished in 0.00s
[INFO] [stdout] 
[INFO] [stderr]    Doc-tests sitescraper
[INFO] [stdout] 
[INFO] [stdout] running 25 tests
[INFO] [stdout] test src/lib.rs - (line 83) ... FAILED
[INFO] [stdout] test src/lib.rs - (line 52) ... FAILED
[INFO] [stdout] test src/lib.rs - (line 67) ... FAILED
[INFO] [stdout] test src/http.rs - http::get (line 7) ... FAILED
[INFO] [stdout] test src/lib.rs - (line 47) ... FAILED
[INFO] [stdout] test src/lib.rs - crate::Dom::get_attr_value (line 563) ... FAILED
[INFO] [stdout] test src/lib.rs - crate::Tag::get_attr_value (line 289) ... FAILED
[INFO] [stdout] test src/lib.rs - (line 33) ... ok
[INFO] [stdout] test src/lib.rs - (line 20) ... ok
[INFO] [stdout] test src/lib.rs - crate::Tag::get_inner_html (line 207) ... ok
[INFO] [stdout] test src/lib.rs - filter (line 130) ... FAILED
[INFO] [stdout] test src/lib.rs - (line 8) ... ok
[INFO] [stdout] test src/lib.rs - filter (line 142) ... FAILED
[INFO] [stdout] test src/lib.rs - filter (line 146) ... FAILED
[INFO] [stdout] test src/lib.rs - crate::Dom::get_inner_html (line 445) ... ok
[INFO] [stdout] test src/lib.rs - filter (line 150) ... FAILED
[INFO] [stdout] test src/lib.rs - filter (line 164) ... FAILED
[INFO] [stdout] test src/lib.rs - filter (line 154) ... FAILED
[INFO] [stdout] test src/lib.rs - filter (line 159) ... FAILED
[INFO] [stdout] test src/lib.rs - crate::Tag::get_tagname (line 227) ... ok
[INFO] [stdout] test src/lib.rs - crate::Dom::get_text (line 504) ... ok
[INFO] [stdout] test src/lib.rs - crate::Dom::to_string (line 386) ... ok
[INFO] [stdout] test src/lib.rs - crate::Tag::get_text (line 247) ... ok
[INFO] [stdout] test src/lib.rs - crate::Tag::to_string (line 268) ... ok
[INFO] [stdout] test src/lib.rs - parse_html (line 107) ... ok
[INFO] [stdout] 
[INFO] [stdout] failures:
[INFO] [stdout] 
[INFO] [stdout] ---- src/lib.rs - (line 83) stdout ----
[INFO] [stdout] error[E0765]: unterminated double quote string
[INFO] [stdout]   --> src/lib.rs:92:13
[INFO] [stdout]    |
[INFO] [stdout] 9  |   println!("{}", filtered_dom.get_inner_html());
[INFO] [stdout]    |  _____________^
[INFO] [stdout] 10 | |  
[INFO] [stdout]    | |_^
[INFO] [stdout] 
[INFO] [stdout] error: aborting due to previous error
[INFO] [stdout] 
[INFO] [stdout] For more information about this error, try `rustc --explain E0765`.
[INFO] [stdout] Couldn't compile the test.
[INFO] [stdout] ---- src/lib.rs - (line 52) stdout ----
[INFO] [stdout] error: expected one of `.`, `;`, `?`, `else`, or an operator, found `">Hello World!</div></body></html>"`
[INFO] [stdout]  --> src/lib.rs:56:39
[INFO] [stdout]   |
[INFO] [stdout] 7 | let html = "<html><body><div id="hello">Hello World!</div></body></html>";
[INFO] [stdout]   |                                       ^^^^^^^^^^^^^^^^^^^^^^^^^^^^^^^^^^^ expected one of `.`, `;`, `?`, `else`, or an operator
[INFO] [stdout] 
[INFO] [stdout] error: aborting due to previous error
[INFO] [stdout] 
[INFO] [stdout] Couldn't compile the test.
[INFO] [stdout] ---- src/lib.rs - (line 67) stdout ----
[INFO] [stdout] error: expected one of `.`, `;`, `?`, `else`, or an operator, found `">Hello World!</div></body></html>"`
[INFO] [stdout]  --> src/lib.rs:71:39
[INFO] [stdout]   |
[INFO] [stdout] 7 | let html = "<html><body><div id="hello">Hello World!</div></body></html>";
[INFO] [stdout]   |                                       ^^^^^^^^^^^^^^^^^^^^^^^^^^^^^^^^^^^ expected one of `.`, `;`, `?`, `else`, or an operator
[INFO] [stdout] 
[INFO] [stdout] error: aborting due to previous error
[INFO] [stdout] 
[INFO] [stdout] Couldn't compile the test.
[INFO] [stdout] ---- src/http.rs - http::get (line 7) stdout ----
[INFO] [stdout] error[E0728]: `await` is only allowed inside `async` functions and blocks
[INFO] [stdout]  --> src/http.rs:11:58
[INFO] [stdout]   |
[INFO] [stdout] 4 | fn main() { #[allow(non_snake_case)] fn _doctest_main_src_http_rs_7_0() {
[INFO] [stdout]   |                                         ----------------------------- this is not `async`
[INFO] [stdout] ...
[INFO] [stdout] 7 | let html = sitescraper::http::get("http://example.com/").await.unwrap();
[INFO] [stdout]   |                                                          ^^^^^ only allowed inside `async` functions and blocks
[INFO] [stdout] 
[INFO] [stdout] error: aborting due to previous error
[INFO] [stdout] 
[INFO] [stdout] For more information about this error, try `rustc --explain E0728`.
[INFO] [stdout] Couldn't compile the test.
[INFO] [stdout] ---- src/lib.rs - (line 47) stdout ----
[INFO] [stdout] error[E0425]: cannot find function `get_inner_html` in this scope
[INFO] [stdout]  --> src/lib.rs:48:1
[INFO] [stdout]   |
[INFO] [stdout] 3 | get_inner_html()
[INFO] [stdout]   | ^^^^^^^^^^^^^^ not found in this scope
[INFO] [stdout] 
[INFO] [stdout] error: aborting due to previous error
[INFO] [stdout] 
[INFO] [stdout] For more information about this error, try `rustc --explain E0425`.
[INFO] [stdout] Couldn't compile the test.
[INFO] [stdout] ---- src/lib.rs - crate::Dom::get_attr_value (line 563) stdout ----
[INFO] [stdout] error: expected one of `.`, `;`, `?`, `else`, or an operator, found `">Hello World!</div></body></html>"`
[INFO] [stdout]  --> src/lib.rs:567:39
[INFO] [stdout]   |
[INFO] [stdout] 7 | let html = "<html><body><div id="hello">Hello World!</div></body></html>";
[INFO] [stdout]   |                                       ^^^^^^^^^^^^^^^^^^^^^^^^^^^^^^^^^^^ expected one of `.`, `;`, `?`, `else`, or an operator
[INFO] [stdout] 
[INFO] [stdout] error: aborting due to previous error
[INFO] [stdout] 
[INFO] [stdout] Couldn't compile the test.
[INFO] [stdout] ---- src/lib.rs - crate::Tag::get_attr_value (line 289) stdout ----
[INFO] [stdout] error: expected one of `.`, `;`, `?`, `else`, or an operator, found `">Hello World!</div></body></html>"`
[INFO] [stdout]  --> src/lib.rs:293:39
[INFO] [stdout]   |
[INFO] [stdout] 7 | let html = "<html><body><div id="hello">Hello World!</div></body></html>";
[INFO] [stdout]   |                                       ^^^^^^^^^^^^^^^^^^^^^^^^^^^^^^^^^^^ expected one of `.`, `;`, `?`, `else`, or an operator
[INFO] [stdout] 
[INFO] [stdout] error: aborting due to previous error
[INFO] [stdout] 
[INFO] [stdout] Couldn't compile the test.
[INFO] [stdout] ---- src/lib.rs - filter (line 130) stdout ----
[INFO] [stdout] error: expected one of `.`, `;`, `?`, `else`, or an operator, found `">Hello World!</div></body></html>"`
[INFO] [stdout]  --> src/lib.rs:134:39
[INFO] [stdout]   |
[INFO] [stdout] 7 | let html = "<html><body><div id="hello">Hello World!</div></body></html>";
[INFO] [stdout]   |                                       ^^^^^^^^^^^^^^^^^^^^^^^^^^^^^^^^^^^ expected one of `.`, `;`, `?`, `else`, or an operator
[INFO] [stdout] 
[INFO] [stdout] error: aborting due to previous error
[INFO] [stdout] 
[INFO] [stdout] Couldn't compile the test.
[INFO] [stdout] ---- src/lib.rs - filter (line 142) stdout ----
[INFO] [stdout] error[E0425]: cannot find value `dom` in this scope
[INFO] [stdout]  --> src/lib.rs:144:41
[INFO] [stdout]   |
[INFO] [stdout] 5 | let filtered_dom = sitescraper::filter!(dom, "div");
[INFO] [stdout]   |                                         ^^^ not found in this scope
[INFO] [stdout] 
[INFO] [stdout] error: aborting due to previous error
[INFO] [stdout] 
[INFO] [stdout] For more information about this error, try `rustc --explain E0425`.
[INFO] [stdout] Couldn't compile the test.
[INFO] [stdout] ---- src/lib.rs - filter (line 146) stdout ----
[INFO] [stdout] error[E0425]: cannot find value `dom` in this scope
[INFO] [stdout]  --> src/lib.rs:148:41
[INFO] [stdout]   |
[INFO] [stdout] 5 | let filtered_dom = sitescraper::filter!(dom, "div", "id");
[INFO] [stdout]   |                                         ^^^ not found in this scope
[INFO] [stdout] 
[INFO] [stdout] error: aborting due to previous error
[INFO] [stdout] 
[INFO] [stdout] For more information about this error, try `rustc --explain E0425`.
[INFO] [stdout] Couldn't compile the test.
[INFO] [stdout] ---- src/lib.rs - filter (line 150) stdout ----
[INFO] [stdout] error[E0425]: cannot find value `dom` in this scope
[INFO] [stdout]  --> src/lib.rs:152:41
[INFO] [stdout]   |
[INFO] [stdout] 5 | let filtered_dom = sitescraper::filter!(dom, "", "id", "hello");
[INFO] [stdout]   |                                         ^^^ not found in this scope
[INFO] [stdout] 
[INFO] [stdout] error: aborting due to previous error
[INFO] [stdout] 
[INFO] [stdout] For more information about this error, try `rustc --explain E0425`.
[INFO] [stdout] Couldn't compile the test.
[INFO] [stdout] ---- src/lib.rs - filter (line 164) stdout ----
[INFO] [stdout] error: expected one of `.`, `;`, `?`, `else`, or an operator, found `">Hello World!</div></body></html>"`
[INFO] [stdout]  --> src/lib.rs:166:39
[INFO] [stdout]   |
[INFO] [stdout] 5 | let html = "<html><body><div id="hello">Hello World!</div></body></html>";
[INFO] [stdout]   |                                       ^^^^^^^^^^^^^^^^^^^^^^^^^^^^^^^^^^^ expected one of `.`, `;`, `?`, `else`, or an operator
[INFO] [stdout] 
[INFO] [stdout] error: aborting due to previous error
[INFO] [stdout] 
[INFO] [stdout] Couldn't compile the test.
[INFO] [stdout] ---- src/lib.rs - filter (line 154) stdout ----
[INFO] [stdout] error[E0425]: cannot find value `dom` in this scope
[INFO] [stdout]  --> src/lib.rs:156:41
[INFO] [stdout]   |
[INFO] [stdout] 5 | let filtered_dom = sitescraper::filter!(dom, "", "", "hello");
[INFO] [stdout]   |                                         ^^^ not found in this scope
[INFO] [stdout] 
[INFO] [stdout] error: aborting due to previous error
[INFO] [stdout] 
[INFO] [stdout] For more information about this error, try `rustc --explain E0425`.
[INFO] [stdout] Couldn't compile the test.
[INFO] [stdout] ---- src/lib.rs - filter (line 159) stdout ----
[INFO] [stdout] error[E0425]: cannot find value `dom` in this scope
[INFO] [stdout]  --> src/lib.rs:161:41
[INFO] [stdout]   |
[INFO] [stdout] 5 | let filtered_dom = sitescraper::filter!(dom, "*", "*", "hello");
[INFO] [stdout]   |                                         ^^^ not found in this scope
[INFO] [stdout] 
[INFO] [stdout] error: aborting due to previous error
[INFO] [stdout] 
[INFO] [stdout] For more information about this error, try `rustc --explain E0425`.
[INFO] [stdout] Couldn't compile the test.
[INFO] [stdout] 
[INFO] [stdout] failures:
[INFO] [stdout]     src/http.rs - http::get (line 7)
[INFO] [stdout]     src/lib.rs - (line 47)
[INFO] [stdout]     src/lib.rs - (line 52)
[INFO] [stdout]     src/lib.rs - (line 67)
[INFO] [stdout]     src/lib.rs - (line 83)
[INFO] [stdout]     src/lib.rs - crate::Dom::get_attr_value (line 563)
[INFO] [stdout]     src/lib.rs - crate::Tag::get_attr_value (line 289)
[INFO] [stdout]     src/lib.rs - filter (line 130)
[INFO] [stdout]     src/lib.rs - filter (line 142)
[INFO] [stdout]     src/lib.rs - filter (line 146)
[INFO] [stdout]     src/lib.rs - filter (line 150)
[INFO] [stdout]     src/lib.rs - filter (line 154)
[INFO] [stdout]     src/lib.rs - filter (line 159)
[INFO] [stdout]     src/lib.rs - filter (line 164)
[INFO] [stdout] 
[INFO] [stdout] test result: FAILED. 11 passed; 14 failed; 0 ignored; 0 measured; 0 filtered out; finished in 4.83s
[INFO] [stdout] 
[INFO] [stderr] error: doctest failed, to rerun pass `--doc`
[INFO] running `Command { std: "docker" "inspect" "2ce4f9c57f3349ec07ee6d344768414496be0204014d133d19b6bda48b519377", kill_on_drop: false }`
[INFO] running `Command { std: "docker" "rm" "-f" "2ce4f9c57f3349ec07ee6d344768414496be0204014d133d19b6bda48b519377", kill_on_drop: false }`
[INFO] [stdout] 2ce4f9c57f3349ec07ee6d344768414496be0204014d133d19b6bda48b519377
[INFO] testing sitescraper-0.1.55 against beta-2023-12-22 for beta-1.76-1
[INFO] extracting crate sitescraper 0.1.55 into /workspace/builds/worker-4-tc2/source
[INFO] validating manifest of crates.io crate sitescraper 0.1.55 on toolchain beta-2023-12-22
[INFO] running `Command { std: CARGO_HOME="/workspace/cargo-home" RUSTUP_HOME="/workspace/rustup-home" "/workspace/cargo-home/bin/cargo" "+beta-2023-12-22" "metadata" "--manifest-path" "Cargo.toml" "--no-deps", kill_on_drop: false }`
[INFO] started tweaking crates.io crate sitescraper 0.1.55
[INFO] finished tweaking crates.io crate sitescraper 0.1.55
[INFO] tweaked toml for crates.io crate sitescraper 0.1.55 written to /workspace/builds/worker-4-tc2/source/Cargo.toml
[INFO] running `Command { std: CARGO_HOME="/workspace/cargo-home" RUSTUP_HOME="/workspace/rustup-home" "/workspace/cargo-home/bin/cargo" "+beta-2023-12-22" "generate-lockfile" "--manifest-path" "Cargo.toml", kill_on_drop: false }`
[INFO] [stderr]     Updating crates.io index
[INFO] running `Command { std: CARGO_HOME="/workspace/cargo-home" RUSTUP_HOME="/workspace/rustup-home" "/workspace/cargo-home/bin/cargo" "+beta-2023-12-22" "fetch" "--manifest-path" "Cargo.toml", kill_on_drop: false }`
[INFO] running `Command { std: "docker" "create" "-v" "/var/lib/crater-agent-workspace/builds/worker-4-tc2/target:/opt/rustwide/target:rw,Z" "-v" "/var/lib/crater-agent-workspace/builds/worker-4-tc2/source:/opt/rustwide/workdir:ro,Z" "-v" "/var/lib/crater-agent-workspace/cargo-home:/opt/rustwide/cargo-home:ro,Z" "-v" "/var/lib/crater-agent-workspace/rustup-home:/opt/rustwide/rustup-home:ro,Z" "-e" "SOURCE_DIR=/opt/rustwide/workdir" "-e" "CARGO_TARGET_DIR=/opt/rustwide/target" "-e" "CARGO_HOME=/opt/rustwide/cargo-home" "-e" "RUSTUP_HOME=/opt/rustwide/rustup-home" "-w" "/opt/rustwide/workdir" "-m" "1610612736" "--user" "0:0" "--network" "none" "ghcr.io/rust-lang/crates-build-env/linux@sha256:2788e3201cd34a07e3172128adcd8b3090168a8e3bcc40d7c032b9dda1df7d1c" "/opt/rustwide/cargo-home/bin/cargo" "+beta-2023-12-22" "metadata" "--no-deps" "--format-version=1", kill_on_drop: false }`
[INFO] [stdout] bf7f0b4d794905cc1a79092e071f5c3394d92e910588dacae277382ea11a3904
[INFO] running `Command { std: "docker" "start" "-a" "bf7f0b4d794905cc1a79092e071f5c3394d92e910588dacae277382ea11a3904", kill_on_drop: false }`
[INFO] running `Command { std: "docker" "inspect" "bf7f0b4d794905cc1a79092e071f5c3394d92e910588dacae277382ea11a3904", kill_on_drop: false }`
[INFO] running `Command { std: "docker" "rm" "-f" "bf7f0b4d794905cc1a79092e071f5c3394d92e910588dacae277382ea11a3904", kill_on_drop: false }`
[INFO] [stdout] bf7f0b4d794905cc1a79092e071f5c3394d92e910588dacae277382ea11a3904
[INFO] running `Command { std: "docker" "create" "-v" "/var/lib/crater-agent-workspace/builds/worker-4-tc2/target:/opt/rustwide/target:rw,Z" "-v" "/var/lib/crater-agent-workspace/builds/worker-4-tc2/source:/opt/rustwide/workdir:ro,Z" "-v" "/var/lib/crater-agent-workspace/cargo-home:/opt/rustwide/cargo-home:ro,Z" "-v" "/var/lib/crater-agent-workspace/rustup-home:/opt/rustwide/rustup-home:ro,Z" "-e" "SOURCE_DIR=/opt/rustwide/workdir" "-e" "CARGO_TARGET_DIR=/opt/rustwide/target" "-e" "CARGO_INCREMENTAL=0" "-e" "RUST_BACKTRACE=full" "-e" "RUSTFLAGS=--cap-lints=warn" "-e" "RUSTDOCFLAGS=--cap-lints=warn" "-e" "CARGO_HOME=/opt/rustwide/cargo-home" "-e" "RUSTUP_HOME=/opt/rustwide/rustup-home" "-w" "/opt/rustwide/workdir" "-m" "1610612736" "--user" "0:0" "--network" "none" "ghcr.io/rust-lang/crates-build-env/linux@sha256:2788e3201cd34a07e3172128adcd8b3090168a8e3bcc40d7c032b9dda1df7d1c" "/opt/rustwide/cargo-home/bin/cargo" "+beta-2023-12-22" "build" "--frozen" "--message-format=json", kill_on_drop: false }`
[INFO] [stdout] a11891ad470fbe29659f92be75ffdc992c7f127e94640e455d7e0cd645ba94b9
[INFO] running `Command { std: "docker" "start" "-a" "a11891ad470fbe29659f92be75ffdc992c7f127e94640e455d7e0cd645ba94b9", kill_on_drop: false }`
[INFO] [stderr]    Compiling libc v0.2.151
[INFO] [stderr]    Compiling pin-project-lite v0.2.13
[INFO] [stderr]    Compiling vcpkg v0.2.15
[INFO] [stderr]    Compiling pkg-config v0.3.28
[INFO] [stderr]    Compiling once_cell v1.19.0
[INFO] [stderr]    Compiling bytes v1.5.0
[INFO] [stderr]    Compiling itoa v1.0.10
[INFO] [stderr]    Compiling autocfg v1.1.0
[INFO] [stderr]    Compiling futures-core v0.3.30
[INFO] [stderr]    Compiling syn v2.0.48
[INFO] [stderr]    Compiling tracing-core v0.1.32
[INFO] [stderr]    Compiling fnv v1.0.7
[INFO] [stderr]    Compiling cfg-if v1.0.0
[INFO] [stderr]    Compiling foreign-types-shared v0.1.1
[INFO] [stderr]    Compiling slab v0.4.9
[INFO] [stderr]    Compiling openssl v0.10.62
[INFO] [stderr]    Compiling tracing v0.1.40
[INFO] [stderr]    Compiling http v0.2.11
[INFO] [stderr]    Compiling foreign-types v0.3.2
[INFO] [stderr]    Compiling native-tls v0.2.11
[INFO] [stderr]    Compiling futures-task v0.3.30
[INFO] [stderr]    Compiling httparse v1.8.0
[INFO] [stderr]    Compiling pin-utils v0.1.0
[INFO] [stderr]    Compiling bitflags v2.4.1
[INFO] [stderr]    Compiling hashbrown v0.14.3
[INFO] [stderr]    Compiling futures-sink v0.3.30
[INFO] [stderr]    Compiling equivalent v1.0.1
[INFO] [stderr]    Compiling tinyvec_macros v0.1.1
[INFO] [stderr]    Compiling futures-util v0.3.30
[INFO] [stderr]    Compiling tinyvec v1.6.0
[INFO] [stderr]    Compiling log v0.4.20
[INFO] [stderr]    Compiling openssl-probe v0.1.5
[INFO] [stderr]    Compiling serde v1.0.194
[INFO] [stderr]    Compiling try-lock v0.2.5
[INFO] [stderr]    Compiling indexmap v2.1.0
[INFO] [stderr]    Compiling percent-encoding v2.3.1
[INFO] [stderr]    Compiling want v0.3.1
[INFO] [stderr]    Compiling form_urlencoded v1.2.1
[INFO] [stderr]    Compiling cc v1.0.83
[INFO] [stderr]    Compiling socket2 v0.5.5
[INFO] [stderr]    Compiling mio v0.8.10
[INFO] [stderr]    Compiling unicode-normalization v0.1.22
[INFO] [stderr]    Compiling http-body v0.4.6
[INFO] [stderr]    Compiling futures-channel v0.3.30
[INFO] [stderr]    Compiling tokio v1.35.1
[INFO] [stderr]    Compiling httpdate v1.0.3
[INFO] [stderr]    Compiling tower-service v0.3.2
[INFO] [stderr]    Compiling unicode-bidi v0.3.14
[INFO] [stderr]    Compiling ryu v1.0.16
[INFO] [stderr]    Compiling encoding_rs v0.8.33
[INFO] [stderr]    Compiling base64 v0.21.5
[INFO] [stderr]    Compiling ipnet v2.9.0
[INFO] [stderr]    Compiling openssl-sys v0.9.98
[INFO] [stderr]    Compiling idna v0.5.0
[INFO] [stderr]    Compiling mime v0.3.17
[INFO] [stderr]    Compiling slicestring v0.1.3
[INFO] [stderr]    Compiling url v2.5.0
[INFO] [stderr]    Compiling openssl-macros v0.1.1
[INFO] [stderr]    Compiling serde_urlencoded v0.7.1
[INFO] [stderr]    Compiling tokio-util v0.7.10
[INFO] [stderr]    Compiling h2 v0.3.22
[INFO] [stderr]    Compiling tokio-native-tls v0.3.1
[INFO] [stderr]    Compiling hyper v0.14.28
[INFO] [stderr]    Compiling hyper-tls v0.5.0
[INFO] [stderr]    Compiling reqwest v0.11.23
[INFO] [stderr]    Compiling sitescraper v0.1.55 (/opt/rustwide/workdir)
[INFO] [stderr]     Finished dev [unoptimized + debuginfo] target(s) in 10.55s
[INFO] running `Command { std: "docker" "inspect" "a11891ad470fbe29659f92be75ffdc992c7f127e94640e455d7e0cd645ba94b9", kill_on_drop: false }`
[INFO] running `Command { std: "docker" "rm" "-f" "a11891ad470fbe29659f92be75ffdc992c7f127e94640e455d7e0cd645ba94b9", kill_on_drop: false }`
[INFO] [stdout] a11891ad470fbe29659f92be75ffdc992c7f127e94640e455d7e0cd645ba94b9
[INFO] running `Command { std: "docker" "create" "-v" "/var/lib/crater-agent-workspace/builds/worker-4-tc2/target:/opt/rustwide/target:rw,Z" "-v" "/var/lib/crater-agent-workspace/builds/worker-4-tc2/source:/opt/rustwide/workdir:ro,Z" "-v" "/var/lib/crater-agent-workspace/cargo-home:/opt/rustwide/cargo-home:ro,Z" "-v" "/var/lib/crater-agent-workspace/rustup-home:/opt/rustwide/rustup-home:ro,Z" "-e" "SOURCE_DIR=/opt/rustwide/workdir" "-e" "CARGO_TARGET_DIR=/opt/rustwide/target" "-e" "CARGO_INCREMENTAL=0" "-e" "RUST_BACKTRACE=full" "-e" "RUSTFLAGS=--cap-lints=warn" "-e" "RUSTDOCFLAGS=--cap-lints=warn" "-e" "CARGO_HOME=/opt/rustwide/cargo-home" "-e" "RUSTUP_HOME=/opt/rustwide/rustup-home" "-w" "/opt/rustwide/workdir" "-m" "1610612736" "--user" "0:0" "--network" "none" "ghcr.io/rust-lang/crates-build-env/linux@sha256:2788e3201cd34a07e3172128adcd8b3090168a8e3bcc40d7c032b9dda1df7d1c" "/opt/rustwide/cargo-home/bin/cargo" "+beta-2023-12-22" "test" "--frozen" "--no-run" "--message-format=json", kill_on_drop: false }`
[INFO] [stdout] 346301d15417a39f7573bfaf1a90fedc9df0275d06dab7c021cb1d937103d73c
[INFO] running `Command { std: "docker" "start" "-a" "346301d15417a39f7573bfaf1a90fedc9df0275d06dab7c021cb1d937103d73c", kill_on_drop: false }`
[INFO] [stderr]    Compiling sitescraper v0.1.55 (/opt/rustwide/workdir)
[INFO] [stderr]     Finished test [unoptimized + debuginfo] target(s) in 0.29s
[INFO] running `Command { std: "docker" "inspect" "346301d15417a39f7573bfaf1a90fedc9df0275d06dab7c021cb1d937103d73c", kill_on_drop: false }`
[INFO] running `Command { std: "docker" "rm" "-f" "346301d15417a39f7573bfaf1a90fedc9df0275d06dab7c021cb1d937103d73c", kill_on_drop: false }`
[INFO] [stdout] 346301d15417a39f7573bfaf1a90fedc9df0275d06dab7c021cb1d937103d73c
[INFO] running `Command { std: "docker" "create" "-v" "/var/lib/crater-agent-workspace/builds/worker-4-tc2/target:/opt/rustwide/target:rw,Z" "-v" "/var/lib/crater-agent-workspace/builds/worker-4-tc2/source:/opt/rustwide/workdir:ro,Z" "-v" "/var/lib/crater-agent-workspace/cargo-home:/opt/rustwide/cargo-home:ro,Z" "-v" "/var/lib/crater-agent-workspace/rustup-home:/opt/rustwide/rustup-home:ro,Z" "-e" "SOURCE_DIR=/opt/rustwide/workdir" "-e" "CARGO_TARGET_DIR=/opt/rustwide/target" "-e" "CARGO_INCREMENTAL=0" "-e" "RUST_BACKTRACE=full" "-e" "RUSTFLAGS=--cap-lints=warn" "-e" "RUSTDOCFLAGS=--cap-lints=warn" "-e" "CARGO_HOME=/opt/rustwide/cargo-home" "-e" "RUSTUP_HOME=/opt/rustwide/rustup-home" "-w" "/opt/rustwide/workdir" "-m" "1610612736" "--user" "0:0" "--network" "none" "ghcr.io/rust-lang/crates-build-env/linux@sha256:2788e3201cd34a07e3172128adcd8b3090168a8e3bcc40d7c032b9dda1df7d1c" "/opt/rustwide/cargo-home/bin/cargo" "+beta-2023-12-22" "test" "--frozen", kill_on_drop: false }`
[INFO] [stdout] 86a9200349aa68d4b276575594c19e7136730e734b721a3d4524d4b84ced0887
[INFO] running `Command { std: "docker" "start" "-a" "86a9200349aa68d4b276575594c19e7136730e734b721a3d4524d4b84ced0887", kill_on_drop: false }`
[INFO] [stderr]     Finished test [unoptimized + debuginfo] target(s) in 0.05s
[INFO] [stderr]      Running unittests src/lib.rs (/opt/rustwide/target/debug/deps/sitescraper-1cb5858b618ee0ba)
[INFO] [stdout] 
[INFO] [stdout] running 0 tests
[INFO] [stdout] 
[INFO] [stdout] test result: ok. 0 passed; 0 failed; 0 ignored; 0 measured; 0 filtered out; finished in 0.00s
[INFO] [stdout] 
[INFO] [stderr]    Doc-tests sitescraper
[INFO] [stdout] 
[INFO] [stdout] running 25 tests
[INFO] [stdout] test src/lib.rs - (line 52) ... FAILED
[INFO] [stdout] test src/lib.rs - (line 67) ... FAILED
[INFO] [stdout] test src/lib.rs - (line 83) ... FAILED
[INFO] [stdout] test src/http.rs - http::get (line 7) ... FAILED
[INFO] [stdout] test src/lib.rs - (line 47) ... FAILED
[INFO] [stdout] test src/lib.rs - crate::Dom::get_attr_value (line 563) ... FAILED
[INFO] [stdout] test src/lib.rs - crate::Tag::get_attr_value (line 289) ... FAILED
[INFO] [stdout] test src/lib.rs - (line 20) ... ok
[INFO] [stdout] test src/lib.rs - crate::Dom::to_string (line 386) ... ok
[INFO] [stdout] test src/lib.rs - (line 8) ... ok
[INFO] [stdout] test src/lib.rs - (line 33) ... ok
[INFO] [stdout] test src/lib.rs - filter (line 130) ... FAILED
[INFO] [stdout] test src/lib.rs - crate::Tag::get_inner_html (line 207) ... ok
[INFO] [stdout] test src/lib.rs - crate::Dom::get_inner_html (line 445) ... ok
[INFO] [stdout] test src/lib.rs - crate::Tag::get_tagname (line 227) ... ok
[INFO] [stdout] test src/lib.rs - filter (line 142) ... FAILED
[INFO] [stdout] test src/lib.rs - filter (line 150) ... FAILED
[INFO] [stdout] test src/lib.rs - filter (line 146) ... FAILED
[INFO] [stdout] test src/lib.rs - filter (line 164) ... FAILED
[INFO] [stdout] test src/lib.rs - filter (line 159) ... FAILED
[INFO] [stdout] test src/lib.rs - filter (line 154) ... FAILED
[INFO] [stdout] test src/lib.rs - crate::Dom::get_text (line 504) ... ok
[INFO] [stdout] test src/lib.rs - crate::Tag::to_string (line 268) ... ok
[INFO] [stdout] test src/lib.rs - crate::Tag::get_text (line 247) ... ok
[INFO] [stdout] test src/lib.rs - parse_html (line 107) ... ok
[INFO] [stdout] 
[INFO] [stdout] failures:
[INFO] [stdout] 
[INFO] [stdout] ---- src/lib.rs - (line 52) stdout ----
[INFO] [stdout] error: expected one of `.`, `;`, `?`, `else`, or an operator, found `">Hello World!</div></body></html>"`
[INFO] [stdout]  --> src/lib.rs:56:39
[INFO] [stdout]   |
[INFO] [stdout] 7 | let html = "<html><body><div id="hello">Hello World!</div></body></html>";
[INFO] [stdout]   |                                       ^^^^^^^^^^^^^^^^^^^^^^^^^^^^^^^^^^^ expected one of `.`, `;`, `?`, `else`, or an operator
[INFO] [stdout] 
[INFO] [stdout] error: aborting due to 1 previous error
[INFO] [stdout] 
[INFO] [stdout] Couldn't compile the test.
[INFO] [stdout] ---- src/lib.rs - (line 67) stdout ----
[INFO] [stdout] error: expected one of `.`, `;`, `?`, `else`, or an operator, found `">Hello World!</div></body></html>"`
[INFO] [stdout]  --> src/lib.rs:71:39
[INFO] [stdout]   |
[INFO] [stdout] 7 | let html = "<html><body><div id="hello">Hello World!</div></body></html>";
[INFO] [stdout]   |                                       ^^^^^^^^^^^^^^^^^^^^^^^^^^^^^^^^^^^ expected one of `.`, `;`, `?`, `else`, or an operator
[INFO] [stdout] 
[INFO] [stdout] error: aborting due to 1 previous error
[INFO] [stdout] 
[INFO] [stdout] Couldn't compile the test.
[INFO] [stdout] ---- src/lib.rs - (line 83) stdout ----
[INFO] [stdout] error[E0765]: unterminated double quote string
[INFO] [stdout]   --> src/lib.rs:92:13
[INFO] [stdout]    |
[INFO] [stdout] 9  |   println!("{}", filtered_dom.get_inner_html());
[INFO] [stdout]    |  _____________^
[INFO] [stdout] 10 | |  
[INFO] [stdout]    | |_^
[INFO] [stdout] 
[INFO] [stdout] error: aborting due to 1 previous error
[INFO] [stdout] 
[INFO] [stdout] For more information about this error, try `rustc --explain E0765`.
[INFO] [stdout] Couldn't compile the test.
[INFO] [stdout] ---- src/http.rs - http::get (line 7) stdout ----
[INFO] [stdout] error[E0728]: `await` is only allowed inside `async` functions and blocks
[INFO] [stdout]  --> src/http.rs:11:58
[INFO] [stdout]   |
[INFO] [stdout] 4 | fn main() { #[allow(non_snake_case)] fn _doctest_main_src_http_rs_7_0() {
[INFO] [stdout]   |                                         ----------------------------- this is not `async`
[INFO] [stdout] ...
[INFO] [stdout] 7 | let html = sitescraper::http::get("http://example.com/").await.unwrap();
[INFO] [stdout]   |                                                          ^^^^^ only allowed inside `async` functions and blocks
[INFO] [stdout] 
[INFO] [stdout] error: aborting due to 1 previous error
[INFO] [stdout] 
[INFO] [stdout] For more information about this error, try `rustc --explain E0728`.
[INFO] [stdout] Couldn't compile the test.
[INFO] [stdout] ---- src/lib.rs - (line 47) stdout ----
[INFO] [stdout] error[E0425]: cannot find function `get_inner_html` in this scope
[INFO] [stdout]  --> src/lib.rs:48:1
[INFO] [stdout]   |
[INFO] [stdout] 3 | get_inner_html()
[INFO] [stdout]   | ^^^^^^^^^^^^^^ not found in this scope
[INFO] [stdout] 
[INFO] [stdout] error: aborting due to 1 previous error
[INFO] [stdout] 
[INFO] [stdout] For more information about this error, try `rustc --explain E0425`.
[INFO] [stdout] Couldn't compile the test.
[INFO] [stdout] ---- src/lib.rs - crate::Dom::get_attr_value (line 563) stdout ----
[INFO] [stdout] error: expected one of `.`, `;`, `?`, `else`, or an operator, found `">Hello World!</div></body></html>"`
[INFO] [stdout]  --> src/lib.rs:567:39
[INFO] [stdout]   |
[INFO] [stdout] 7 | let html = "<html><body><div id="hello">Hello World!</div></body></html>";
[INFO] [stdout]   |                                       ^^^^^^^^^^^^^^^^^^^^^^^^^^^^^^^^^^^ expected one of `.`, `;`, `?`, `else`, or an operator
[INFO] [stdout] 
[INFO] [stdout] error: aborting due to 1 previous error
[INFO] [stdout] 
[INFO] [stdout] Couldn't compile the test.
[INFO] [stdout] ---- src/lib.rs - crate::Tag::get_attr_value (line 289) stdout ----
[INFO] [stdout] error: expected one of `.`, `;`, `?`, `else`, or an operator, found `">Hello World!</div></body></html>"`
[INFO] [stdout]  --> src/lib.rs:293:39
[INFO] [stdout]   |
[INFO] [stdout] 7 | let html = "<html><body><div id="hello">Hello World!</div></body></html>";
[INFO] [stdout]   |                                       ^^^^^^^^^^^^^^^^^^^^^^^^^^^^^^^^^^^ expected one of `.`, `;`, `?`, `else`, or an operator
[INFO] [stdout] 
[INFO] [stdout] error: aborting due to 1 previous error
[INFO] [stdout] 
[INFO] [stdout] Couldn't compile the test.
[INFO] [stdout] ---- src/lib.rs - filter (line 130) stdout ----
[INFO] [stdout] error: expected one of `.`, `;`, `?`, `else`, or an operator, found `">Hello World!</div></body></html>"`
[INFO] [stdout]  --> src/lib.rs:134:39
[INFO] [stdout]   |
[INFO] [stdout] 7 | let html = "<html><body><div id="hello">Hello World!</div></body></html>";
[INFO] [stdout]   |                                       ^^^^^^^^^^^^^^^^^^^^^^^^^^^^^^^^^^^ expected one of `.`, `;`, `?`, `else`, or an operator
[INFO] [stdout] 
[INFO] [stdout] error: aborting due to 1 previous error
[INFO] [stdout] 
[INFO] [stdout] Couldn't compile the test.
[INFO] [stdout] ---- src/lib.rs - filter (line 142) stdout ----
[INFO] [stdout] error[E0425]: cannot find value `dom` in this scope
[INFO] [stdout]  --> src/lib.rs:144:41
[INFO] [stdout]   |
[INFO] [stdout] 5 | let filtered_dom = sitescraper::filter!(dom, "div");
[INFO] [stdout]   |                                         ^^^ not found in this scope
[INFO] [stdout] 
[INFO] [stdout] error: aborting due to 1 previous error
[INFO] [stdout] 
[INFO] [stdout] For more information about this error, try `rustc --explain E0425`.
[INFO] [stdout] Couldn't compile the test.
[INFO] [stdout] ---- src/lib.rs - filter (line 150) stdout ----
[INFO] [stdout] error[E0425]: cannot find value `dom` in this scope
[INFO] [stdout]  --> src/lib.rs:152:41
[INFO] [stdout]   |
[INFO] [stdout] 5 | let filtered_dom = sitescraper::filter!(dom, "", "id", "hello");
[INFO] [stdout]   |                                         ^^^ not found in this scope
[INFO] [stdout] 
[INFO] [stdout] error: aborting due to 1 previous error
[INFO] [stdout] 
[INFO] [stdout] For more information about this error, try `rustc --explain E0425`.
[INFO] [stdout] Couldn't compile the test.
[INFO] [stdout] ---- src/lib.rs - filter (line 146) stdout ----
[INFO] [stdout] error[E0425]: cannot find value `dom` in this scope
[INFO] [stdout]  --> src/lib.rs:148:41
[INFO] [stdout]   |
[INFO] [stdout] 5 | let filtered_dom = sitescraper::filter!(dom, "div", "id");
[INFO] [stdout]   |                                         ^^^ not found in this scope
[INFO] [stdout] 
[INFO] [stdout] error: aborting due to 1 previous error
[INFO] [stdout] 
[INFO] [stdout] For more information about this error, try `rustc --explain E0425`.
[INFO] [stdout] Couldn't compile the test.
[INFO] [stdout] ---- src/lib.rs - filter (line 164) stdout ----
[INFO] [stdout] error: expected one of `.`, `;`, `?`, `else`, or an operator, found `">Hello World!</div></body></html>"`
[INFO] [stdout]  --> src/lib.rs:166:39
[INFO] [stdout]   |
[INFO] [stdout] 5 | let html = "<html><body><div id="hello">Hello World!</div></body></html>";
[INFO] [stdout]   |                                       ^^^^^^^^^^^^^^^^^^^^^^^^^^^^^^^^^^^ expected one of `.`, `;`, `?`, `else`, or an operator
[INFO] [stdout] 
[INFO] [stdout] error: aborting due to 1 previous error
[INFO] [stdout] 
[INFO] [stdout] Couldn't compile the test.
[INFO] [stdout] ---- src/lib.rs - filter (line 159) stdout ----
[INFO] [stdout] error[E0425]: cannot find value `dom` in this scope
[INFO] [stdout]  --> src/lib.rs:161:41
[INFO] [stdout]   |
[INFO] [stdout] 5 | let filtered_dom = sitescraper::filter!(dom, "*", "*", "hello");
[INFO] [stdout]   |                                         ^^^ not found in this scope
[INFO] [stdout] 
[INFO] [stdout] error: aborting due to 1 previous error
[INFO] [stdout] 
[INFO] [stdout] For more information about this error, try `rustc --explain E0425`.
[INFO] [stdout] Couldn't compile the test.
[INFO] [stdout] ---- src/lib.rs - filter (line 154) stdout ----
[INFO] [stdout] error[E0425]: cannot find value `dom` in this scope
[INFO] [stdout]  --> src/lib.rs:156:41
[INFO] [stdout]   |
[INFO] [stdout] 5 | let filtered_dom = sitescraper::filter!(dom, "", "", "hello");
[INFO] [stdout]   |                                         ^^^ not found in this scope
[INFO] [stdout] 
[INFO] [stdout] error: aborting due to 1 previous error
[INFO] [stdout] 
[INFO] [stdout] For more information about this error, try `rustc --explain E0425`.
[INFO] [stdout] Couldn't compile the test.
[INFO] [stdout] 
[INFO] [stdout] failures:
[INFO] [stdout]     src/http.rs - http::get (line 7)
[INFO] [stdout]     src/lib.rs - (line 47)
[INFO] [stdout]     src/lib.rs - (line 52)
[INFO] [stdout]     src/lib.rs - (line 67)
[INFO] [stdout]     src/lib.rs - (line 83)
[INFO] [stdout]     src/lib.rs - crate::Dom::get_attr_value (line 563)
[INFO] [stdout]     src/lib.rs - crate::Tag::get_attr_value (line 289)
[INFO] [stdout]     src/lib.rs - filter (line 130)
[INFO] [stdout]     src/lib.rs - filter (line 142)
[INFO] [stdout]     src/lib.rs - filter (line 146)
[INFO] [stdout]     src/lib.rs - filter (line 150)
[INFO] [stdout]     src/lib.rs - filter (line 154)
[INFO] [stdout]     src/lib.rs - filter (line 159)
[INFO] [stdout]     src/lib.rs - filter (line 164)
[INFO] [stdout] 
[INFO] [stdout] test result: FAILED. 11 passed; 14 failed; 0 ignored; 0 measured; 0 filtered out; finished in 4.46s
[INFO] [stdout] 
[INFO] [stderr] error: doctest failed, to rerun pass `--doc`
[INFO] running `Command { std: "docker" "inspect" "86a9200349aa68d4b276575594c19e7136730e734b721a3d4524d4b84ced0887", kill_on_drop: false }`
[INFO] running `Command { std: "docker" "rm" "-f" "86a9200349aa68d4b276575594c19e7136730e734b721a3d4524d4b84ced0887", kill_on_drop: false }`
[INFO] [stdout] 86a9200349aa68d4b276575594c19e7136730e734b721a3d4524d4b84ced0887
