[INFO] fetching crate simpler_timer 0.2.0...
[INFO] testing simpler_timer-0.2.0 against 1.75.0 for beta-1.76-1
[INFO] extracting crate simpler_timer 0.2.0 into /workspace/builds/worker-4-tc1/source
[INFO] validating manifest of crates.io crate simpler_timer 0.2.0 on toolchain 1.75.0
[INFO] running `Command { std: CARGO_HOME="/workspace/cargo-home" RUSTUP_HOME="/workspace/rustup-home" "/workspace/cargo-home/bin/cargo" "+1.75.0" "metadata" "--manifest-path" "Cargo.toml" "--no-deps", kill_on_drop: false }`
[INFO] started tweaking crates.io crate simpler_timer 0.2.0
[INFO] finished tweaking crates.io crate simpler_timer 0.2.0
[INFO] tweaked toml for crates.io crate simpler_timer 0.2.0 written to /workspace/builds/worker-4-tc1/source/Cargo.toml
[INFO] running `Command { std: CARGO_HOME="/workspace/cargo-home" RUSTUP_HOME="/workspace/rustup-home" "/workspace/cargo-home/bin/cargo" "+1.75.0" "generate-lockfile" "--manifest-path" "Cargo.toml", kill_on_drop: false }`
[INFO] running `Command { std: CARGO_HOME="/workspace/cargo-home" RUSTUP_HOME="/workspace/rustup-home" "/workspace/cargo-home/bin/cargo" "+1.75.0" "fetch" "--manifest-path" "Cargo.toml", kill_on_drop: false }`
[INFO] running `Command { std: "docker" "create" "-v" "/var/lib/crater-agent-workspace/builds/worker-4-tc1/target:/opt/rustwide/target:rw,Z" "-v" "/var/lib/crater-agent-workspace/builds/worker-4-tc1/source:/opt/rustwide/workdir:ro,Z" "-v" "/var/lib/crater-agent-workspace/cargo-home:/opt/rustwide/cargo-home:ro,Z" "-v" "/var/lib/crater-agent-workspace/rustup-home:/opt/rustwide/rustup-home:ro,Z" "-e" "SOURCE_DIR=/opt/rustwide/workdir" "-e" "CARGO_TARGET_DIR=/opt/rustwide/target" "-e" "CARGO_HOME=/opt/rustwide/cargo-home" "-e" "RUSTUP_HOME=/opt/rustwide/rustup-home" "-w" "/opt/rustwide/workdir" "-m" "1610612736" "--user" "0:0" "--network" "none" "ghcr.io/rust-lang/crates-build-env/linux@sha256:2788e3201cd34a07e3172128adcd8b3090168a8e3bcc40d7c032b9dda1df7d1c" "/opt/rustwide/cargo-home/bin/cargo" "+1.75.0" "metadata" "--no-deps" "--format-version=1", kill_on_drop: false }`
[INFO] [stdout] f0144718be22a235e783bbde5527069072a960af9785590d234413f14046ad6d
[INFO] running `Command { std: "docker" "start" "-a" "f0144718be22a235e783bbde5527069072a960af9785590d234413f14046ad6d", kill_on_drop: false }`
[INFO] running `Command { std: "docker" "inspect" "f0144718be22a235e783bbde5527069072a960af9785590d234413f14046ad6d", kill_on_drop: false }`
[INFO] running `Command { std: "docker" "rm" "-f" "f0144718be22a235e783bbde5527069072a960af9785590d234413f14046ad6d", kill_on_drop: false }`
[INFO] [stdout] f0144718be22a235e783bbde5527069072a960af9785590d234413f14046ad6d
[INFO] running `Command { std: "docker" "create" "-v" "/var/lib/crater-agent-workspace/builds/worker-4-tc1/target:/opt/rustwide/target:rw,Z" "-v" "/var/lib/crater-agent-workspace/builds/worker-4-tc1/source:/opt/rustwide/workdir:ro,Z" "-v" "/var/lib/crater-agent-workspace/cargo-home:/opt/rustwide/cargo-home:ro,Z" "-v" "/var/lib/crater-agent-workspace/rustup-home:/opt/rustwide/rustup-home:ro,Z" "-e" "SOURCE_DIR=/opt/rustwide/workdir" "-e" "CARGO_TARGET_DIR=/opt/rustwide/target" "-e" "CARGO_INCREMENTAL=0" "-e" "RUST_BACKTRACE=full" "-e" "RUSTFLAGS=--cap-lints=warn" "-e" "RUSTDOCFLAGS=--cap-lints=warn" "-e" "CARGO_HOME=/opt/rustwide/cargo-home" "-e" "RUSTUP_HOME=/opt/rustwide/rustup-home" "-w" "/opt/rustwide/workdir" "-m" "1610612736" "--user" "0:0" "--network" "none" "ghcr.io/rust-lang/crates-build-env/linux@sha256:2788e3201cd34a07e3172128adcd8b3090168a8e3bcc40d7c032b9dda1df7d1c" "/opt/rustwide/cargo-home/bin/cargo" "+1.75.0" "build" "--frozen" "--message-format=json", kill_on_drop: false }`
[INFO] [stdout] e4055f6b46f446cc63f5a4621c9135c52f7b16a241edea9a64d4c46c17a0505e
[INFO] running `Command { std: "docker" "start" "-a" "e4055f6b46f446cc63f5a4621c9135c52f7b16a241edea9a64d4c46c17a0505e", kill_on_drop: false }`
[INFO] [stderr]    Compiling simpler_timer v0.2.0 (/opt/rustwide/workdir)
[INFO] [stderr]     Finished dev [unoptimized + debuginfo] target(s) in 0.13s
[INFO] running `Command { std: "docker" "inspect" "e4055f6b46f446cc63f5a4621c9135c52f7b16a241edea9a64d4c46c17a0505e", kill_on_drop: false }`
[INFO] running `Command { std: "docker" "rm" "-f" "e4055f6b46f446cc63f5a4621c9135c52f7b16a241edea9a64d4c46c17a0505e", kill_on_drop: false }`
[INFO] [stdout] e4055f6b46f446cc63f5a4621c9135c52f7b16a241edea9a64d4c46c17a0505e
[INFO] running `Command { std: "docker" "create" "-v" "/var/lib/crater-agent-workspace/builds/worker-4-tc1/target:/opt/rustwide/target:rw,Z" "-v" "/var/lib/crater-agent-workspace/builds/worker-4-tc1/source:/opt/rustwide/workdir:ro,Z" "-v" "/var/lib/crater-agent-workspace/cargo-home:/opt/rustwide/cargo-home:ro,Z" "-v" "/var/lib/crater-agent-workspace/rustup-home:/opt/rustwide/rustup-home:ro,Z" "-e" "SOURCE_DIR=/opt/rustwide/workdir" "-e" "CARGO_TARGET_DIR=/opt/rustwide/target" "-e" "CARGO_INCREMENTAL=0" "-e" "RUST_BACKTRACE=full" "-e" "RUSTFLAGS=--cap-lints=warn" "-e" "RUSTDOCFLAGS=--cap-lints=warn" "-e" "CARGO_HOME=/opt/rustwide/cargo-home" "-e" "RUSTUP_HOME=/opt/rustwide/rustup-home" "-w" "/opt/rustwide/workdir" "-m" "1610612736" "--user" "0:0" "--network" "none" "ghcr.io/rust-lang/crates-build-env/linux@sha256:2788e3201cd34a07e3172128adcd8b3090168a8e3bcc40d7c032b9dda1df7d1c" "/opt/rustwide/cargo-home/bin/cargo" "+1.75.0" "test" "--frozen" "--no-run" "--message-format=json", kill_on_drop: false }`
[INFO] [stdout] c58327a9bd10e313e514ed3e6165692338126da36f851682d8acc6a5b9381b1a
[INFO] running `Command { std: "docker" "start" "-a" "c58327a9bd10e313e514ed3e6165692338126da36f851682d8acc6a5b9381b1a", kill_on_drop: false }`
[INFO] [stderr]    Compiling simpler_timer v0.2.0 (/opt/rustwide/workdir)
[INFO] [stderr]     Finished test [unoptimized + debuginfo] target(s) in 0.38s
[INFO] running `Command { std: "docker" "inspect" "c58327a9bd10e313e514ed3e6165692338126da36f851682d8acc6a5b9381b1a", kill_on_drop: false }`
[INFO] running `Command { std: "docker" "rm" "-f" "c58327a9bd10e313e514ed3e6165692338126da36f851682d8acc6a5b9381b1a", kill_on_drop: false }`
[INFO] [stdout] c58327a9bd10e313e514ed3e6165692338126da36f851682d8acc6a5b9381b1a
[INFO] running `Command { std: "docker" "create" "-v" "/var/lib/crater-agent-workspace/builds/worker-4-tc1/target:/opt/rustwide/target:rw,Z" "-v" "/var/lib/crater-agent-workspace/builds/worker-4-tc1/source:/opt/rustwide/workdir:ro,Z" "-v" "/var/lib/crater-agent-workspace/cargo-home:/opt/rustwide/cargo-home:ro,Z" "-v" "/var/lib/crater-agent-workspace/rustup-home:/opt/rustwide/rustup-home:ro,Z" "-e" "SOURCE_DIR=/opt/rustwide/workdir" "-e" "CARGO_TARGET_DIR=/opt/rustwide/target" "-e" "CARGO_INCREMENTAL=0" "-e" "RUST_BACKTRACE=full" "-e" "RUSTFLAGS=--cap-lints=warn" "-e" "RUSTDOCFLAGS=--cap-lints=warn" "-e" "CARGO_HOME=/opt/rustwide/cargo-home" "-e" "RUSTUP_HOME=/opt/rustwide/rustup-home" "-w" "/opt/rustwide/workdir" "-m" "1610612736" "--user" "0:0" "--network" "none" "ghcr.io/rust-lang/crates-build-env/linux@sha256:2788e3201cd34a07e3172128adcd8b3090168a8e3bcc40d7c032b9dda1df7d1c" "/opt/rustwide/cargo-home/bin/cargo" "+1.75.0" "test" "--frozen", kill_on_drop: false }`
[INFO] [stdout] 2028c2668a48dd4a2f35f22ca13a262e58fbf5858ad2cb472dd2ef3f39b63f10
[INFO] running `Command { std: "docker" "start" "-a" "2028c2668a48dd4a2f35f22ca13a262e58fbf5858ad2cb472dd2ef3f39b63f10", kill_on_drop: false }`
[INFO] [stderr]     Finished test [unoptimized + debuginfo] target(s) in 0.00s
[INFO] [stderr]      Running unittests src/lib.rs (/opt/rustwide/target/debug/deps/simpler_timer-ad958342ed2766da)
[INFO] [stderr]    Doc-tests simpler_timer
[INFO] [stdout] 
[INFO] [stdout] running 2 tests
[INFO] [stdout] test tests::wait_should_account_for_elapsed_time ... ignored
[INFO] [stdout] test tests::wait_test ... ignored
[INFO] [stdout] 
[INFO] [stdout] test result: ok. 0 passed; 0 failed; 2 ignored; 0 measured; 0 filtered out; finished in 0.00s
[INFO] [stdout] 
[INFO] [stdout] 
[INFO] [stdout] running 1 test
[INFO] [stdout] test src/lib.rs - (line 11) ... FAILED
[INFO] [stdout] 
[INFO] [stdout] failures:
[INFO] [stdout] 
[INFO] [stdout] ---- src/lib.rs - (line 11) stdout ----
[INFO] [stdout] error[E0433]: failed to resolve: use of undeclared type `Timer`
[INFO] [stdout]  --> src/lib.rs:15:12
[INFO] [stdout]   |
[INFO] [stdout] 6 | let tick = Timer::with_duration(Duration::from_millis(100));
[INFO] [stdout]   |            ^^^^^ use of undeclared type `Timer`
[INFO] [stdout]   |
[INFO] [stdout] help: consider importing this struct
[INFO] [stdout]   |
[INFO] [stdout] 2 + use simpler_timer::Timer;
[INFO] [stdout]   |
[INFO] [stdout] 
[INFO] [stdout] error[E0433]: failed to resolve: use of undeclared type `Timer`
[INFO] [stdout]  --> src/lib.rs:17:11
[INFO] [stdout]   |
[INFO] [stdout] 8 | let end = Timer::with_duration(Duration::from_secs(1));
[INFO] [stdout]   |           ^^^^^ use of undeclared type `Timer`
[INFO] [stdout]   |
[INFO] [stdout] help: consider importing this struct
[INFO] [stdout]   |
[INFO] [stdout] 2 + use simpler_timer::Timer;
[INFO] [stdout]   |
[INFO] [stdout] 
[INFO] [stdout] error: aborting due to 2 previous errors
[INFO] [stdout] 
[INFO] [stdout] For more information about this error, try `rustc --explain E0433`.
[INFO] [stdout] Couldn't compile the test.
[INFO] [stdout] 
[INFO] [stdout] failures:
[INFO] [stdout]     src/lib.rs - (line 11)
[INFO] [stdout] 
[INFO] [stdout] test result: FAILED. 0 passed; 1 failed; 0 ignored; 0 measured; 0 filtered out; finished in 0.07s
[INFO] [stdout] 
[INFO] [stderr] error: doctest failed, to rerun pass `--doc`
[INFO] running `Command { std: "docker" "inspect" "2028c2668a48dd4a2f35f22ca13a262e58fbf5858ad2cb472dd2ef3f39b63f10", kill_on_drop: false }`
[INFO] running `Command { std: "docker" "rm" "-f" "2028c2668a48dd4a2f35f22ca13a262e58fbf5858ad2cb472dd2ef3f39b63f10", kill_on_drop: false }`
[INFO] [stdout] 2028c2668a48dd4a2f35f22ca13a262e58fbf5858ad2cb472dd2ef3f39b63f10
