[INFO] fetching crate simpler 0.0.0...
[INFO] testing simpler-0.0.0 against 1.75.0 for beta-1.76-1
[INFO] extracting crate simpler 0.0.0 into /workspace/builds/worker-7-tc1/source
[INFO] validating manifest of crates.io crate simpler 0.0.0 on toolchain 1.75.0
[INFO] running `Command { std: CARGO_HOME="/workspace/cargo-home" RUSTUP_HOME="/workspace/rustup-home" "/workspace/cargo-home/bin/cargo" "+1.75.0" "metadata" "--manifest-path" "Cargo.toml" "--no-deps", kill_on_drop: false }`
[INFO] started tweaking crates.io crate simpler 0.0.0
[INFO] finished tweaking crates.io crate simpler 0.0.0
[INFO] tweaked toml for crates.io crate simpler 0.0.0 written to /workspace/builds/worker-7-tc1/source/Cargo.toml
[INFO] crate crates.io crate simpler 0.0.0 already has a lockfile, it will not be regenerated
[INFO] running `Command { std: CARGO_HOME="/workspace/cargo-home" RUSTUP_HOME="/workspace/rustup-home" "/workspace/cargo-home/bin/cargo" "+1.75.0" "fetch" "--manifest-path" "Cargo.toml", kill_on_drop: false }`
[INFO] [stderr]     Updating crates.io index
[INFO] [stderr]  Downloading crates ...
[INFO] [stderr]   Downloaded rustix v0.37.14
[INFO] [stderr]   Downloaded async-dup v1.2.2
[INFO] [stderr]   Downloaded simple-mutex v1.1.5
[INFO] [stderr]   Downloaded async-h1 v2.3.3
[INFO] running `Command { std: "docker" "create" "-v" "/var/lib/crater-agent-workspace/builds/worker-7-tc1/target:/opt/rustwide/target:rw,Z" "-v" "/var/lib/crater-agent-workspace/builds/worker-7-tc1/source:/opt/rustwide/workdir:ro,Z" "-v" "/var/lib/crater-agent-workspace/cargo-home:/opt/rustwide/cargo-home:ro,Z" "-v" "/var/lib/crater-agent-workspace/rustup-home:/opt/rustwide/rustup-home:ro,Z" "-e" "SOURCE_DIR=/opt/rustwide/workdir" "-e" "CARGO_TARGET_DIR=/opt/rustwide/target" "-e" "CARGO_HOME=/opt/rustwide/cargo-home" "-e" "RUSTUP_HOME=/opt/rustwide/rustup-home" "-w" "/opt/rustwide/workdir" "-m" "1610612736" "--user" "0:0" "--network" "none" "ghcr.io/rust-lang/crates-build-env/linux@sha256:2788e3201cd34a07e3172128adcd8b3090168a8e3bcc40d7c032b9dda1df7d1c" "/opt/rustwide/cargo-home/bin/cargo" "+1.75.0" "metadata" "--no-deps" "--format-version=1", kill_on_drop: false }`
[INFO] [stdout] cc2a5caf6891a41565ef0565ccbf5609832ba6724af2a3f03f6263200a046e06
[INFO] running `Command { std: "docker" "start" "-a" "cc2a5caf6891a41565ef0565ccbf5609832ba6724af2a3f03f6263200a046e06", kill_on_drop: false }`
[INFO] running `Command { std: "docker" "inspect" "cc2a5caf6891a41565ef0565ccbf5609832ba6724af2a3f03f6263200a046e06", kill_on_drop: false }`
[INFO] running `Command { std: "docker" "rm" "-f" "cc2a5caf6891a41565ef0565ccbf5609832ba6724af2a3f03f6263200a046e06", kill_on_drop: false }`
[INFO] [stdout] cc2a5caf6891a41565ef0565ccbf5609832ba6724af2a3f03f6263200a046e06
[INFO] running `Command { std: "docker" "create" "-v" "/var/lib/crater-agent-workspace/builds/worker-7-tc1/target:/opt/rustwide/target:rw,Z" "-v" "/var/lib/crater-agent-workspace/builds/worker-7-tc1/source:/opt/rustwide/workdir:ro,Z" "-v" "/var/lib/crater-agent-workspace/cargo-home:/opt/rustwide/cargo-home:ro,Z" "-v" "/var/lib/crater-agent-workspace/rustup-home:/opt/rustwide/rustup-home:ro,Z" "-e" "SOURCE_DIR=/opt/rustwide/workdir" "-e" "CARGO_TARGET_DIR=/opt/rustwide/target" "-e" "CARGO_INCREMENTAL=0" "-e" "RUST_BACKTRACE=full" "-e" "RUSTFLAGS=--cap-lints=warn" "-e" "RUSTDOCFLAGS=--cap-lints=warn" "-e" "CARGO_HOME=/opt/rustwide/cargo-home" "-e" "RUSTUP_HOME=/opt/rustwide/rustup-home" "-w" "/opt/rustwide/workdir" "-m" "1610612736" "--user" "0:0" "--network" "none" "ghcr.io/rust-lang/crates-build-env/linux@sha256:2788e3201cd34a07e3172128adcd8b3090168a8e3bcc40d7c032b9dda1df7d1c" "/opt/rustwide/cargo-home/bin/cargo" "+1.75.0" "build" "--frozen" "--message-format=json", kill_on_drop: false }`
[INFO] [stdout] 3290b055caad5543958c831ddd3ead2916768d1ae1bd14b9329f1c8571cec263
[INFO] running `Command { std: "docker" "start" "-a" "3290b055caad5543958c831ddd3ead2916768d1ae1bd14b9329f1c8571cec263", kill_on_drop: false }`
[INFO] [stderr]    Compiling proc-macro2 v1.0.56
[INFO] [stderr]    Compiling unicode-ident v1.0.8
[INFO] [stderr]    Compiling quote v1.0.26
[INFO] [stderr]    Compiling libc v0.2.142
[INFO] [stderr]    Compiling syn v1.0.109
[INFO] [stderr]    Compiling typenum v1.16.0
[INFO] [stderr]    Compiling generic-array v0.14.7
[INFO] [stderr]    Compiling value-bag v1.0.0-alpha.9
[INFO] [stderr]    Compiling sval v1.0.0-alpha.5
[INFO] [stderr]    Compiling log v0.4.17
[INFO] [stderr]    Compiling futures-core v0.3.28
[INFO] [stderr]    Compiling io-lifetimes v1.0.10
[INFO] [stderr]    Compiling event-listener v2.5.3
[INFO] [stderr]    Compiling crossbeam-utils v0.8.15
[INFO] [stderr]    Compiling rustix v0.37.14
[INFO] [stderr]    Compiling linux-raw-sys v0.3.4
[INFO] [stderr]    Compiling slab v0.4.8
[INFO] [stderr]    Compiling subtle v2.4.1
[INFO] [stderr]    Compiling futures-io v0.3.28
[INFO] [stderr]    Compiling once_cell v1.17.1
[INFO] [stderr]    Compiling opaque-debug v0.3.0
[INFO] [stderr]    Compiling parking v2.1.0
[INFO] [stderr]    Compiling fastrand v1.9.0
[INFO] [stderr]    Compiling serde_derive v1.0.160
[INFO] [stderr]    Compiling waker-fn v1.1.0
[INFO] [stderr]    Compiling async-lock v2.7.0
[INFO] [stderr]    Compiling polling v2.8.0
[INFO] [stderr]    Compiling standback v0.2.17
[INFO] [stderr]    Compiling serde v1.0.160
[INFO] [stderr]    Compiling proc-macro-hack v0.5.20+deprecated
[INFO] [stderr]    Compiling futures-lite v1.13.0
[INFO] [stderr]    Compiling async-io v1.13.0
[INFO] [stderr]    Compiling itoa v1.0.6
[INFO] [stderr]    Compiling percent-encoding v2.2.0
[INFO] [stderr]    Compiling concurrent-queue v2.2.0
[INFO] [stderr]    Compiling async-task v4.4.0
[INFO] [stderr]    Compiling cpuid-bool v0.2.0
[INFO] [stderr]    Compiling const_fn v0.4.9
[INFO] [stderr]    Compiling signal-hook v0.3.15
[INFO] [stderr]    Compiling async-process v1.7.0
[INFO] [stderr]    Compiling time v0.2.27
[INFO] [stderr]    Compiling thiserror v1.0.40
[INFO] [stderr]    Compiling async-channel v1.8.0
[INFO] [stderr]    Compiling atomic-waker v1.1.1
[INFO] [stderr]    Compiling unicode-normalization v0.1.22
[INFO] [stderr]    Compiling syn v2.0.15
[INFO] [stderr]    Compiling form_urlencoded v1.1.0
[INFO] [stderr]    Compiling cookie v0.14.4
[INFO] [stderr]    Compiling unicode-bidi v0.3.13
[INFO] [stderr]    Compiling anyhow v1.0.70
[INFO] [stderr]    Compiling serde_json v1.0.96
[INFO] [stderr]    Compiling pin-utils v0.1.0
[INFO] [stderr]    Compiling cpufeatures v0.2.7
[INFO] [stderr]    Compiling ryu v1.0.13
[INFO] [stderr]    Compiling http-types v2.12.0
[INFO] [stderr]    Compiling base64 v0.13.1
[INFO] [stderr]    Compiling unicase v2.6.0
[INFO] [stderr]    Compiling async-executor v1.5.1
[INFO] [stderr]    Compiling infer v0.2.3
[INFO] [stderr]    Compiling num-traits v0.2.15
[INFO] [stderr]    Compiling utf8parse v0.2.1
[INFO] [stderr]    Compiling async-trait v0.1.68
[INFO] [stderr]    Compiling idna v0.3.0
[INFO] [stderr]    Compiling time-core v0.1.0
[INFO] [stderr]    Compiling futures-task v0.3.28
[INFO] [stderr]    Compiling time-macros v0.2.8
[INFO] [stderr]    Compiling getrandom v0.2.9
[INFO] [stderr]    Compiling cipher v0.2.5
[INFO] [stderr]    Compiling digest v0.9.0
[INFO] [stderr]    Compiling universal-hash v0.4.1
[INFO] [stderr]    Compiling socket2 v0.4.9
[INFO] [stderr]    Compiling aes-soft v0.6.4
[INFO] [stderr]    Compiling polyval v0.4.5
[INFO] [stderr]    Compiling rand_core v0.6.4
[INFO] [stderr]    Compiling crypto-mac v0.10.1
[INFO] [stderr]    Compiling getrandom v0.1.16
[INFO] [stderr]    Compiling signal-hook-registry v1.4.1
[INFO] [stderr]    Compiling ctr v0.6.0
[INFO] [stderr]    Compiling hmac v0.10.1
[INFO] [stderr]    Compiling aead v0.3.2
[INFO] [stderr]    Compiling ghash v0.3.1
[INFO] [stderr]    Compiling rand_chacha v0.3.1
[INFO] [stderr]    Compiling rand_core v0.5.1
[INFO] [stderr]    Compiling block-buffer v0.9.0
[INFO] [stderr]    Compiling aes v0.6.0
[INFO] [stderr]    Compiling hkdf v0.10.0
[INFO] [stderr]    Compiling sha2 v0.9.9
[INFO] [stderr]    Compiling httparse v1.8.0
[INFO] [stderr]    Compiling aes-gcm v0.8.0
[INFO] [stderr]    Compiling anstyle-parse v0.2.0
[INFO] [stderr]    Compiling rand_chacha v0.2.2
[INFO] [stderr]    Compiling rand v0.8.5
[INFO] [stderr]    Compiling tracing-core v0.1.30
[INFO] [stderr]    Compiling simple-mutex v1.1.5
[INFO] [stderr]    Compiling num-integer v0.1.45
[INFO] [stderr]    Compiling rand v0.7.3
[INFO] [stderr]    Compiling regex-syntax v0.6.29
[INFO] [stderr]    Compiling anstyle-query v1.0.0
[INFO] [stderr]    Compiling futures-util v0.3.28
[INFO] [stderr]    Compiling anstyle v1.0.0
[INFO] [stderr]    Compiling colorchoice v1.0.0
[INFO] [stderr]    Compiling mime_guess v2.0.4
[INFO] [stderr]    Compiling async-dup v1.2.2
[INFO] [stderr]    Compiling clap_lex v0.4.1
[INFO] [stderr]    Compiling heck v0.4.1
[INFO] [stderr]    Compiling regex-syntax v0.7.1
[INFO] [stderr]    Compiling overload v0.1.1
[INFO] [stderr]    Compiling pin-project-lite v0.1.12
[INFO] [stderr]    Compiling nu-ansi-term v0.46.0
[INFO] [stderr]    Compiling sharded-slab v0.1.4
[INFO] [stderr]    Compiling time v0.1.45
[INFO] [stderr]    Compiling thread_local v1.1.4
[INFO] [stderr]    Compiling route-recognizer v0.2.0
[INFO] [stderr]    Compiling no-std-compat v0.4.1
[INFO] [stderr]    Compiling smallvec v1.10.0
[INFO] [stderr]    Compiling mime v0.3.17
[INFO] [stderr]    Compiling iana-time-zone v0.1.56
[INFO] [stderr]    Compiling urlencoding v2.1.2
[INFO] [stderr]    Compiling path-clean v1.0.1
[INFO] [stderr]    Compiling time v0.3.20
[INFO] [stderr]    Compiling is-terminal v0.4.7
[INFO] [stderr]    Compiling anstream v0.3.1
[INFO] [stderr]    Compiling chrono v0.4.24
[INFO] [stderr]    Compiling clap_builder v4.2.4
[INFO] [stderr]    Compiling regex-automata v0.1.10
[INFO] [stderr]    Compiling regex v1.8.1
[INFO] [stderr]    Compiling ctor v0.1.26
[INFO] [stderr]    Compiling time-macros-impl v0.1.2
[INFO] [stderr]    Compiling pin-project-internal v1.0.12
[INFO] [stderr]    Compiling git-testament-derive v0.1.14
[INFO] [stderr]    Compiling matchers v0.1.0
[INFO] [stderr]    Compiling time-macros v0.1.1
[INFO] [stderr]    Compiling thiserror-impl v1.0.40
[INFO] [stderr]    Compiling tracing-attributes v0.1.24
[INFO] [stderr]    Compiling futures-macro v0.3.28
[INFO] [stderr]    Compiling clap_derive v4.2.0
[INFO] [stderr]    Compiling git-testament v0.2.4
[INFO] [stderr]    Compiling blocking v1.3.1
[INFO] [stderr]    Compiling kv-log-macro v1.0.7
[INFO] [stderr]    Compiling pin-project v1.0.12
[INFO] [stderr]    Compiling tracing-log v0.1.3
[INFO] [stderr]    Compiling async-global-executor v2.3.1
[INFO] [stderr]    Compiling async-std v1.12.0
[INFO] [stderr]    Compiling tracing v0.1.38
[INFO] [stderr]    Compiling tracing-subscriber v0.3.17
[INFO] [stderr]    Compiling clap v4.2.4
[INFO] [stderr]    Compiling serde_qs v0.8.5
[INFO] [stderr]    Compiling serde_urlencoded v0.7.1
[INFO] [stderr]    Compiling url v2.3.1
[INFO] [stderr]    Compiling http-client v6.5.3
[INFO] [stderr]    Compiling async-sse v4.1.0
[INFO] [stderr]    Compiling async-h1 v2.3.3
[INFO] [stderr]    Compiling tide v0.16.0
[INFO] [stderr]    Compiling simpler v0.0.0 (/opt/rustwide/workdir)
[INFO] [stdout] warning: unused variable: `config`
[INFO] [stdout]    --> src/disk.rs:130:49
[INFO] [stdout]     |
[INFO] [stdout] 130 | async fn write_put_stream(mut body: tide::Body, config: &config::DaemonConfig, mut output: afs::File, bytes: &mut u64) -> Result<()> {
[INFO] [stdout]     |                                                 ^^^^^^ help: if this is intentional, prefix it with an underscore: `_config`
[INFO] [stdout]     |
[INFO] [stdout]     = note: `#[warn(unused_variables)]` on by default
[INFO] [stdout] 
[INFO] [stdout] 
[INFO] [stdout] warning: unused variable: `request`
[INFO] [stdout]   --> src/config.rs:74:28
[INFO] [stdout]    |
[INFO] [stdout] 74 |     pub fn check<T>(&self, request: &tide::Request<T>) -> AuthResult {
[INFO] [stdout]    |                            ^^^^^^^ help: if this is intentional, prefix it with an underscore: `_request`
[INFO] [stdout] 
[INFO] [stdout] 
[INFO] [stdout] warning: fields `ro_user` and `rw_user` are never read
[INFO] [stdout]   --> src/config.rs:40:5
[INFO] [stdout]    |
[INFO] [stdout] 37 | pub struct AuthConfig {
[INFO] [stdout]    |            ---------- fields in this struct
[INFO] [stdout] ...
[INFO] [stdout] 40 |     ro_user: Option<UserInfo>,
[INFO] [stdout]    |     ^^^^^^^
[INFO] [stdout] 41 |     /// The read-write user, if any
[INFO] [stdout] 42 |     rw_user: Option<UserInfo>,
[INFO] [stdout]    |     ^^^^^^^
[INFO] [stdout]    |
[INFO] [stdout]    = note: `AuthConfig` has a derived impl for the trait `Clone`, but this is intentionally ignored during dead code analysis
[INFO] [stdout]    = note: `#[warn(dead_code)]` on by default
[INFO] [stdout] 
[INFO] [stdout] 
[INFO] [stdout] warning: fields `user` and `pass` are never read
[INFO] [stdout]   --> src/config.rs:86:5
[INFO] [stdout]    |
[INFO] [stdout] 84 | pub struct UserInfo {
[INFO] [stdout]    |            -------- fields in this struct
[INFO] [stdout] 85 |     _priv: (),
[INFO] [stdout] 86 |     user: String,
[INFO] [stdout]    |     ^^^^
[INFO] [stdout] 87 |     pass: String,
[INFO] [stdout]    |     ^^^^
[INFO] [stdout]    |
[INFO] [stdout]    = note: `UserInfo` has a derived impl for the trait `Clone`, but this is intentionally ignored during dead code analysis
[INFO] [stdout] 
[INFO] [stdout] 
[INFO] [stdout] warning: function `list_files` is never used
[INFO] [stdout]   --> src/disk.rs:27:8
[INFO] [stdout]    |
[INFO] [stdout] 27 | pub fn list_files(dir_path: &path::PathBuf) -> Result<Vec<FileInfo>> {
[INFO] [stdout]    |        ^^^^^^^^^^
[INFO] [stdout] 
[INFO] [stdout] 
[INFO] [stdout] warning: function `file_info` is never used
[INFO] [stdout]   --> src/disk.rs:41:4
[INFO] [stdout]    |
[INFO] [stdout] 41 | fn file_info(now: &time::SystemTime, path: fs::DirEntry) -> Result<FileInfo> {
[INFO] [stdout]    |    ^^^^^^^^^
[INFO] [stdout] 
[INFO] [stdout] 
[INFO] [stdout] warning: function `size_str` is never used
[INFO] [stdout]   --> src/disk.rs:53:4
[INFO] [stdout]    |
[INFO] [stdout] 53 | fn size_str(bytes: u64) -> String {
[INFO] [stdout]    |    ^^^^^^^^
[INFO] [stdout] 
[INFO] [stdout] 
[INFO] [stdout] warning: function `duration_str` is never used
[INFO] [stdout]   --> src/disk.rs:69:4
[INFO] [stdout]    |
[INFO] [stdout] 69 | fn duration_str(now: &time::SystemTime, modified: &time::SystemTime) -> String {
[INFO] [stdout]    |    ^^^^^^^^^^^^
[INFO] [stdout] 
[INFO] [stdout] 
[INFO] [stdout] warning: function `write_put_file` is never used
[INFO] [stdout]    --> src/disk.rs:104:14
[INFO] [stdout]     |
[INFO] [stdout] 104 | pub async fn write_put_file(body: tide::Body, config: &config::DaemonConfig, raw_filename: &String) -> Result<String> {
[INFO] [stdout]     |              ^^^^^^^^^^^^^^
[INFO] [stdout] 
[INFO] [stdout] 
[INFO] [stdout] warning: function `write_put_stream` is never used
[INFO] [stdout]    --> src/disk.rs:130:10
[INFO] [stdout]     |
[INFO] [stdout] 130 | async fn write_put_stream(mut body: tide::Body, config: &config::DaemonConfig, mut output: afs::File, bytes: &mut u64) -> Result<()> {
[INFO] [stdout]     |          ^^^^^^^^^^^^^^^^
[INFO] [stdout] 
[INFO] [stdout] 
[INFO] [stdout] warning: function `delete_file` is never used
[INFO] [stdout]    --> src/disk.rs:150:8
[INFO] [stdout]     |
[INFO] [stdout] 150 | pub fn delete_file(site_config: &config::DaemonConfig, raw_filename: &String) -> Result<()> {
[INFO] [stdout]     |        ^^^^^^^^^^^
[INFO] [stdout] 
[INFO] [stdout] 
[INFO] [stdout] warning: function `read_file` is never used
[INFO] [stdout]    --> src/disk.rs:156:14
[INFO] [stdout]     |
[INFO] [stdout] 156 | pub async fn read_file(site_config: &config::DaemonConfig, raw_filename: &String) -> Result<Option<ResponseBuilder>> {
[INFO] [stdout]     |              ^^^^^^^^^
[INFO] [stdout] 
[INFO] [stdout] 
[INFO] [stdout] warning: function `sanitize_filename` is never used
[INFO] [stdout]    --> src/disk.rs:171:4
[INFO] [stdout]     |
[INFO] [stdout] 171 | fn sanitize_filename<'a>(raw_filename: &'a str) -> Result<&'a str> {
[INFO] [stdout]     |    ^^^^^^^^^^^^^^^^^
[INFO] [stdout] 
[INFO] [stdout] 
[INFO] [stdout] warning: fields `action` and `file` are never read
[INFO] [stdout]    --> src/http.rs:131:5
[INFO] [stdout]     |
[INFO] [stdout] 130 | struct FormData {
[INFO] [stdout]     |        -------- fields in this struct
[INFO] [stdout] 131 |     action: String, // 'upload' or 'delete'
[INFO] [stdout]     |     ^^^^^^
[INFO] [stdout] 132 |     file: String, // the file name
[INFO] [stdout]     |     ^^^^
[INFO] [stdout]     |
[INFO] [stdout]     = note: `FormData` has a derived impl for the trait `Debug`, but this is intentionally ignored during dead code analysis
[INFO] [stdout] 
[INFO] [stdout] 
[INFO] [stdout] warning: function `handle_index_post_form` is never used
[INFO] [stdout]    --> src/http.rs:135:10
[INFO] [stdout]     |
[INFO] [stdout] 135 | async fn handle_index_post_form(state: &State, form: FormData) -> tide::Result {
[INFO] [stdout]     |          ^^^^^^^^^^^^^^^^^^^^^^
[INFO] [stdout] 
[INFO] [stdout] 
[INFO] [stdout] warning: function `handle_upload_put` is never used
[INFO] [stdout]    --> src/http.rs:154:10
[INFO] [stdout]     |
[INFO] [stdout] 154 | async fn handle_upload_put(mut req: Request<State>) -> tide::Result {
[INFO] [stdout]     |          ^^^^^^^^^^^^^^^^^
[INFO] [stdout] 
[INFO] [stdout] 
[INFO] [stdout] warning: function `handle_download` is never used
[INFO] [stdout]    --> src/http.rs:170:10
[INFO] [stdout]     |
[INFO] [stdout] 170 | async fn handle_download(req: Request<State>) -> tide::Result {
[INFO] [stdout]     |          ^^^^^^^^^^^^^^^
[INFO] [stdout] 
[INFO] [stdout] 
[INFO] [stdout] warning: function `not_found` is never used
[INFO] [stdout]    --> src/http.rs:194:4
[INFO] [stdout]     |
[INFO] [stdout] 194 | fn not_found() -> tide::Response {
[INFO] [stdout]     |    ^^^^^^^^^
[INFO] [stdout] 
[INFO] [stdout] 
[INFO] [stdout] warning: 18 warnings emitted
[INFO] [stdout] 
[INFO] [stdout] 
[INFO] [stderr]     Finished dev [unoptimized + debuginfo] target(s) in 14.65s
[INFO] running `Command { std: "docker" "inspect" "3290b055caad5543958c831ddd3ead2916768d1ae1bd14b9329f1c8571cec263", kill_on_drop: false }`
[INFO] running `Command { std: "docker" "rm" "-f" "3290b055caad5543958c831ddd3ead2916768d1ae1bd14b9329f1c8571cec263", kill_on_drop: false }`
[INFO] [stdout] 3290b055caad5543958c831ddd3ead2916768d1ae1bd14b9329f1c8571cec263
[INFO] running `Command { std: "docker" "create" "-v" "/var/lib/crater-agent-workspace/builds/worker-7-tc1/target:/opt/rustwide/target:rw,Z" "-v" "/var/lib/crater-agent-workspace/builds/worker-7-tc1/source:/opt/rustwide/workdir:ro,Z" "-v" "/var/lib/crater-agent-workspace/cargo-home:/opt/rustwide/cargo-home:ro,Z" "-v" "/var/lib/crater-agent-workspace/rustup-home:/opt/rustwide/rustup-home:ro,Z" "-e" "SOURCE_DIR=/opt/rustwide/workdir" "-e" "CARGO_TARGET_DIR=/opt/rustwide/target" "-e" "CARGO_INCREMENTAL=0" "-e" "RUST_BACKTRACE=full" "-e" "RUSTFLAGS=--cap-lints=warn" "-e" "RUSTDOCFLAGS=--cap-lints=warn" "-e" "CARGO_HOME=/opt/rustwide/cargo-home" "-e" "RUSTUP_HOME=/opt/rustwide/rustup-home" "-w" "/opt/rustwide/workdir" "-m" "1610612736" "--user" "0:0" "--network" "none" "ghcr.io/rust-lang/crates-build-env/linux@sha256:2788e3201cd34a07e3172128adcd8b3090168a8e3bcc40d7c032b9dda1df7d1c" "/opt/rustwide/cargo-home/bin/cargo" "+1.75.0" "test" "--frozen" "--no-run" "--message-format=json", kill_on_drop: false }`
[INFO] [stdout] 0beb814a81847ad6a03d703060f1ec5cd485a4afa9e57fd863397583280242c3
[INFO] running `Command { std: "docker" "start" "-a" "0beb814a81847ad6a03d703060f1ec5cd485a4afa9e57fd863397583280242c3", kill_on_drop: false }`
[INFO] [stderr]    Compiling simpler v0.0.0 (/opt/rustwide/workdir)
[INFO] [stdout] warning: unused variable: `config`
[INFO] [stdout]    --> src/disk.rs:130:49
[INFO] [stdout]     |
[INFO] [stdout] 130 | async fn write_put_stream(mut body: tide::Body, config: &config::DaemonConfig, mut output: afs::File, bytes: &mut u64) -> Result<()> {
[INFO] [stdout]     |                                                 ^^^^^^ help: if this is intentional, prefix it with an underscore: `_config`
[INFO] [stdout]     |
[INFO] [stdout]     = note: `#[warn(unused_variables)]` on by default
[INFO] [stdout] 
[INFO] [stdout] 
[INFO] [stdout] warning: unused variable: `request`
[INFO] [stdout]   --> src/config.rs:74:28
[INFO] [stdout]    |
[INFO] [stdout] 74 |     pub fn check<T>(&self, request: &tide::Request<T>) -> AuthResult {
[INFO] [stdout]    |                            ^^^^^^^ help: if this is intentional, prefix it with an underscore: `_request`
[INFO] [stdout] 
[INFO] [stdout] 
[INFO] [stdout] warning: fields `ro_user` and `rw_user` are never read
[INFO] [stdout]   --> src/config.rs:40:5
[INFO] [stdout]    |
[INFO] [stdout] 37 | pub struct AuthConfig {
[INFO] [stdout]    |            ---------- fields in this struct
[INFO] [stdout] ...
[INFO] [stdout] 40 |     ro_user: Option<UserInfo>,
[INFO] [stdout]    |     ^^^^^^^
[INFO] [stdout] 41 |     /// The read-write user, if any
[INFO] [stdout] 42 |     rw_user: Option<UserInfo>,
[INFO] [stdout]    |     ^^^^^^^
[INFO] [stdout]    |
[INFO] [stdout]    = note: `AuthConfig` has a derived impl for the trait `Clone`, but this is intentionally ignored during dead code analysis
[INFO] [stdout]    = note: `#[warn(dead_code)]` on by default
[INFO] [stdout] 
[INFO] [stdout] 
[INFO] [stdout] warning: fields `user` and `pass` are never read
[INFO] [stdout]   --> src/config.rs:86:5
[INFO] [stdout]    |
[INFO] [stdout] 84 | pub struct UserInfo {
[INFO] [stdout]    |            -------- fields in this struct
[INFO] [stdout] 85 |     _priv: (),
[INFO] [stdout] 86 |     user: String,
[INFO] [stdout]    |     ^^^^
[INFO] [stdout] 87 |     pass: String,
[INFO] [stdout]    |     ^^^^
[INFO] [stdout]    |
[INFO] [stdout]    = note: `UserInfo` has a derived impl for the trait `Clone`, but this is intentionally ignored during dead code analysis
[INFO] [stdout] 
[INFO] [stdout] 
[INFO] [stdout] warning: function `list_files` is never used
[INFO] [stdout]   --> src/disk.rs:27:8
[INFO] [stdout]    |
[INFO] [stdout] 27 | pub fn list_files(dir_path: &path::PathBuf) -> Result<Vec<FileInfo>> {
[INFO] [stdout]    |        ^^^^^^^^^^
[INFO] [stdout] 
[INFO] [stdout] 
[INFO] [stdout] warning: function `file_info` is never used
[INFO] [stdout]   --> src/disk.rs:41:4
[INFO] [stdout]    |
[INFO] [stdout] 41 | fn file_info(now: &time::SystemTime, path: fs::DirEntry) -> Result<FileInfo> {
[INFO] [stdout]    |    ^^^^^^^^^
[INFO] [stdout] 
[INFO] [stdout] 
[INFO] [stdout] warning: function `size_str` is never used
[INFO] [stdout]   --> src/disk.rs:53:4
[INFO] [stdout]    |
[INFO] [stdout] 53 | fn size_str(bytes: u64) -> String {
[INFO] [stdout]    |    ^^^^^^^^
[INFO] [stdout] 
[INFO] [stdout] 
[INFO] [stdout] warning: function `duration_str` is never used
[INFO] [stdout]   --> src/disk.rs:69:4
[INFO] [stdout]    |
[INFO] [stdout] 69 | fn duration_str(now: &time::SystemTime, modified: &time::SystemTime) -> String {
[INFO] [stdout]    |    ^^^^^^^^^^^^
[INFO] [stdout] 
[INFO] [stdout] 
[INFO] [stdout] warning: function `write_put_file` is never used
[INFO] [stdout]    --> src/disk.rs:104:14
[INFO] [stdout]     |
[INFO] [stdout] 104 | pub async fn write_put_file(body: tide::Body, config: &config::DaemonConfig, raw_filename: &String) -> Result<String> {
[INFO] [stdout]     |              ^^^^^^^^^^^^^^
[INFO] [stdout] 
[INFO] [stdout] 
[INFO] [stdout] warning: function `write_put_stream` is never used
[INFO] [stdout]    --> src/disk.rs:130:10
[INFO] [stdout]     |
[INFO] [stdout] 130 | async fn write_put_stream(mut body: tide::Body, config: &config::DaemonConfig, mut output: afs::File, bytes: &mut u64) -> Result<()> {
[INFO] [stdout]     |          ^^^^^^^^^^^^^^^^
[INFO] [stdout] 
[INFO] [stdout] 
[INFO] [stdout] warning: function `delete_file` is never used
[INFO] [stdout]    --> src/disk.rs:150:8
[INFO] [stdout]     |
[INFO] [stdout] 150 | pub fn delete_file(site_config: &config::DaemonConfig, raw_filename: &String) -> Result<()> {
[INFO] [stdout]     |        ^^^^^^^^^^^
[INFO] [stdout] 
[INFO] [stdout] 
[INFO] [stdout] warning: function `read_file` is never used
[INFO] [stdout]    --> src/disk.rs:156:14
[INFO] [stdout]     |
[INFO] [stdout] 156 | pub async fn read_file(site_config: &config::DaemonConfig, raw_filename: &String) -> Result<Option<ResponseBuilder>> {
[INFO] [stdout]     |              ^^^^^^^^^
[INFO] [stdout] 
[INFO] [stdout] 
[INFO] [stdout] warning: function `sanitize_filename` is never used
[INFO] [stdout]    --> src/disk.rs:171:4
[INFO] [stdout]     |
[INFO] [stdout] 171 | fn sanitize_filename<'a>(raw_filename: &'a str) -> Result<&'a str> {
[INFO] [stdout]     |    ^^^^^^^^^^^^^^^^^
[INFO] [stdout] 
[INFO] [stdout] 
[INFO] [stdout] warning: fields `action` and `file` are never read
[INFO] [stdout]    --> src/http.rs:131:5
[INFO] [stdout]     |
[INFO] [stdout] 130 | struct FormData {
[INFO] [stdout]     |        -------- fields in this struct
[INFO] [stdout] 131 |     action: String, // 'upload' or 'delete'
[INFO] [stdout]     |     ^^^^^^
[INFO] [stdout] 132 |     file: String, // the file name
[INFO] [stdout]     |     ^^^^
[INFO] [stdout]     |
[INFO] [stdout]     = note: `FormData` has a derived impl for the trait `Debug`, but this is intentionally ignored during dead code analysis
[INFO] [stdout] 
[INFO] [stdout] 
[INFO] [stdout] warning: function `handle_index_post_form` is never used
[INFO] [stdout]    --> src/http.rs:135:10
[INFO] [stdout]     |
[INFO] [stdout] 135 | async fn handle_index_post_form(state: &State, form: FormData) -> tide::Result {
[INFO] [stdout]     |          ^^^^^^^^^^^^^^^^^^^^^^
[INFO] [stdout] 
[INFO] [stdout] 
[INFO] [stdout] warning: function `handle_upload_put` is never used
[INFO] [stdout]    --> src/http.rs:154:10
[INFO] [stdout]     |
[INFO] [stdout] 154 | async fn handle_upload_put(mut req: Request<State>) -> tide::Result {
[INFO] [stdout]     |          ^^^^^^^^^^^^^^^^^
[INFO] [stdout] 
[INFO] [stdout] 
[INFO] [stdout] warning: function `handle_download` is never used
[INFO] [stdout]    --> src/http.rs:170:10
[INFO] [stdout]     |
[INFO] [stdout] 170 | async fn handle_download(req: Request<State>) -> tide::Result {
[INFO] [stdout]     |          ^^^^^^^^^^^^^^^
[INFO] [stdout] 
[INFO] [stdout] 
[INFO] [stdout] warning: function `not_found` is never used
[INFO] [stdout]    --> src/http.rs:194:4
[INFO] [stdout]     |
[INFO] [stdout] 194 | fn not_found() -> tide::Response {
[INFO] [stdout]     |    ^^^^^^^^^
[INFO] [stdout] 
[INFO] [stdout] 
[INFO] [stdout] warning: 18 warnings emitted
[INFO] [stdout] 
[INFO] [stdout] 
[INFO] [stderr]     Finished test [unoptimized + debuginfo] target(s) in 1.46s
[INFO] running `Command { std: "docker" "inspect" "0beb814a81847ad6a03d703060f1ec5cd485a4afa9e57fd863397583280242c3", kill_on_drop: false }`
[INFO] running `Command { std: "docker" "rm" "-f" "0beb814a81847ad6a03d703060f1ec5cd485a4afa9e57fd863397583280242c3", kill_on_drop: false }`
[INFO] [stdout] 0beb814a81847ad6a03d703060f1ec5cd485a4afa9e57fd863397583280242c3
[INFO] running `Command { std: "docker" "create" "-v" "/var/lib/crater-agent-workspace/builds/worker-7-tc1/target:/opt/rustwide/target:rw,Z" "-v" "/var/lib/crater-agent-workspace/builds/worker-7-tc1/source:/opt/rustwide/workdir:ro,Z" "-v" "/var/lib/crater-agent-workspace/cargo-home:/opt/rustwide/cargo-home:ro,Z" "-v" "/var/lib/crater-agent-workspace/rustup-home:/opt/rustwide/rustup-home:ro,Z" "-e" "SOURCE_DIR=/opt/rustwide/workdir" "-e" "CARGO_TARGET_DIR=/opt/rustwide/target" "-e" "CARGO_INCREMENTAL=0" "-e" "RUST_BACKTRACE=full" "-e" "RUSTFLAGS=--cap-lints=warn" "-e" "RUSTDOCFLAGS=--cap-lints=warn" "-e" "CARGO_HOME=/opt/rustwide/cargo-home" "-e" "RUSTUP_HOME=/opt/rustwide/rustup-home" "-w" "/opt/rustwide/workdir" "-m" "1610612736" "--user" "0:0" "--network" "none" "ghcr.io/rust-lang/crates-build-env/linux@sha256:2788e3201cd34a07e3172128adcd8b3090168a8e3bcc40d7c032b9dda1df7d1c" "/opt/rustwide/cargo-home/bin/cargo" "+1.75.0" "test" "--frozen", kill_on_drop: false }`
[INFO] [stdout] ce7ff2c59165747f77ecbac39ba2fa6d94a9dcee0e4e43aefb8326876ed9c04c
[INFO] running `Command { std: "docker" "start" "-a" "ce7ff2c59165747f77ecbac39ba2fa6d94a9dcee0e4e43aefb8326876ed9c04c", kill_on_drop: false }`
[INFO] [stderr] warning: unused variable: `config`
[INFO] [stderr]    --> src/disk.rs:130:49
[INFO] [stderr]     |
[INFO] [stderr] 130 | async fn write_put_stream(mut body: tide::Body, config: &config::DaemonConfig, mut output: afs::File, bytes: &mut u64) -> Result<()> {
[INFO] [stderr]     |                                                 ^^^^^^ help: if this is intentional, prefix it with an underscore: `_config`
[INFO] [stderr]     |
[INFO] [stderr]     = note: `#[warn(unused_variables)]` on by default
[INFO] [stderr] 
[INFO] [stderr] warning: unused variable: `request`
[INFO] [stderr]   --> src/config.rs:74:28
[INFO] [stderr]    |
[INFO] [stderr] 74 |     pub fn check<T>(&self, request: &tide::Request<T>) -> AuthResult {
[INFO] [stderr]    |                            ^^^^^^^ help: if this is intentional, prefix it with an underscore: `_request`
[INFO] [stderr] 
[INFO] [stderr] warning: fields `ro_user` and `rw_user` are never read
[INFO] [stderr]   --> src/config.rs:40:5
[INFO] [stderr]    |
[INFO] [stderr] 37 | pub struct AuthConfig {
[INFO] [stderr]    |            ---------- fields in this struct
[INFO] [stderr] ...
[INFO] [stderr] 40 |     ro_user: Option<UserInfo>,
[INFO] [stderr]    |     ^^^^^^^
[INFO] [stderr] 41 |     /// The read-write user, if any
[INFO] [stderr] 42 |     rw_user: Option<UserInfo>,
[INFO] [stderr]    |     ^^^^^^^
[INFO] [stderr]    |
[INFO] [stderr]    = note: `AuthConfig` has a derived impl for the trait `Clone`, but this is intentionally ignored during dead code analysis
[INFO] [stderr]    = note: `#[warn(dead_code)]` on by default
[INFO] [stderr] 
[INFO] [stderr] warning: fields `user` and `pass` are never read
[INFO] [stderr]   --> src/config.rs:86:5
[INFO] [stderr]    |
[INFO] [stderr] 84 | pub struct UserInfo {
[INFO] [stderr]    |            -------- fields in this struct
[INFO] [stderr] 85 |     _priv: (),
[INFO] [stderr] 86 |     user: String,
[INFO] [stderr]    |     ^^^^
[INFO] [stderr] 87 |     pass: String,
[INFO] [stderr]    |     ^^^^
[INFO] [stderr]    |
[INFO] [stderr]    = note: `UserInfo` has a derived impl for the trait `Clone`, but this is intentionally ignored during dead code analysis
[INFO] [stderr] 
[INFO] [stderr] warning: function `list_files` is never used
[INFO] [stderr]   --> src/disk.rs:27:8
[INFO] [stderr]    |
[INFO] [stderr] 27 | pub fn list_files(dir_path: &path::PathBuf) -> Result<Vec<FileInfo>> {
[INFO] [stderr]    |        ^^^^^^^^^^
[INFO] [stderr] 
[INFO] [stderr] warning: function `file_info` is never used
[INFO] [stderr]   --> src/disk.rs:41:4
[INFO] [stderr]    |
[INFO] [stderr] 41 | fn file_info(now: &time::SystemTime, path: fs::DirEntry) -> Result<FileInfo> {
[INFO] [stderr]    |    ^^^^^^^^^
[INFO] [stderr] 
[INFO] [stderr] warning: function `size_str` is never used
[INFO] [stderr]   --> src/disk.rs:53:4
[INFO] [stderr]    |
[INFO] [stderr] 53 | fn size_str(bytes: u64) -> String {
[INFO] [stderr]    |    ^^^^^^^^
[INFO] [stderr] 
[INFO] [stderr] warning: function `duration_str` is never used
[INFO] [stderr]   --> src/disk.rs:69:4
[INFO] [stderr]    |
[INFO] [stderr] 69 | fn duration_str(now: &time::SystemTime, modified: &time::SystemTime) -> String {
[INFO] [stderr]    |    ^^^^^^^^^^^^
[INFO] [stderr] 
[INFO] [stderr] warning: function `write_put_file` is never used
[INFO] [stderr]    --> src/disk.rs:104:14
[INFO] [stderr]     |
[INFO] [stderr] 104 | pub async fn write_put_file(body: tide::Body, config: &config::DaemonConfig, raw_filename: &String) -> Result<String> {
[INFO] [stderr]     |              ^^^^^^^^^^^^^^
[INFO] [stderr] 
[INFO] [stderr] warning: function `write_put_stream` is never used
[INFO] [stderr]    --> src/disk.rs:130:10
[INFO] [stderr]     |
[INFO] [stderr] 130 | async fn write_put_stream(mut body: tide::Body, config: &config::DaemonConfig, mut output: afs::File, bytes: &mut u64) -> Result<()> {
[INFO] [stderr]     |          ^^^^^^^^^^^^^^^^
[INFO] [stderr] 
[INFO] [stderr] warning: function `delete_file` is never used
[INFO] [stderr]    --> src/disk.rs:150:8
[INFO] [stderr]     |
[INFO] [stderr] 150 | pub fn delete_file(site_config: &config::DaemonConfig, raw_filename: &String) -> Result<()> {
[INFO] [stderr]     |        ^^^^^^^^^^^
[INFO] [stderr] 
[INFO] [stderr] warning: function `read_file` is never used
[INFO] [stderr]    --> src/disk.rs:156:14
[INFO] [stderr]     |
[INFO] [stderr] 156 | pub async fn read_file(site_config: &config::DaemonConfig, raw_filename: &String) -> Result<Option<ResponseBuilder>> {
[INFO] [stderr]     |              ^^^^^^^^^
[INFO] [stderr] 
[INFO] [stderr] warning: function `sanitize_filename` is never used
[INFO] [stderr]    --> src/disk.rs:171:4
[INFO] [stderr]     |
[INFO] [stderr] 171 | fn sanitize_filename<'a>(raw_filename: &'a str) -> Result<&'a str> {
[INFO] [stderr]     |    ^^^^^^^^^^^^^^^^^
[INFO] [stderr] 
[INFO] [stderr] warning: fields `action` and `file` are never read
[INFO] [stderr]    --> src/http.rs:131:5
[INFO] [stderr]     |
[INFO] [stderr] 130 | struct FormData {
[INFO] [stderr]     |        -------- fields in this struct
[INFO] [stderr] 131 |     action: String, // 'upload' or 'delete'
[INFO] [stderr]     |     ^^^^^^
[INFO] [stderr] 132 |     file: String, // the file name
[INFO] [stderr]     |     ^^^^
[INFO] [stderr]     |
[INFO] [stderr]     = note: `FormData` has a derived impl for the trait `Debug`, but this is intentionally ignored during dead code analysis
[INFO] [stderr] 
[INFO] [stderr] warning: function `handle_index_post_form` is never used
[INFO] [stderr]    --> src/http.rs:135:10
[INFO] [stderr]     |
[INFO] [stderr] 135 | async fn handle_index_post_form(state: &State, form: FormData) -> tide::Result {
[INFO] [stderr]     |          ^^^^^^^^^^^^^^^^^^^^^^
[INFO] [stderr] 
[INFO] [stderr] warning: function `handle_upload_put` is never used
[INFO] [stderr]    --> src/http.rs:154:10
[INFO] [stderr]     |
[INFO] [stderr] 154 | async fn handle_upload_put(mut req: Request<State>) -> tide::Result {
[INFO] [stderr]     |          ^^^^^^^^^^^^^^^^^
[INFO] [stderr] 
[INFO] [stderr] warning: function `handle_download` is never used
[INFO] [stderr]    --> src/http.rs:170:10
[INFO] [stderr]     |
[INFO] [stderr] 170 | async fn handle_download(req: Request<State>) -> tide::Result {
[INFO] [stderr]     |          ^^^^^^^^^^^^^^^
[INFO] [stderr] 
[INFO] [stderr] warning: function `not_found` is never used
[INFO] [stderr]    --> src/http.rs:194:4
[INFO] [stderr]     |
[INFO] [stderr] 194 | fn not_found() -> tide::Response {
[INFO] [stderr]     |    ^^^^^^^^^
[INFO] [stderr] 
[INFO] [stderr] warning: `simpler` (bin "simpler" test) generated 18 warnings (run `cargo fix --bin "simpler" --tests` to apply 2 suggestions)
[INFO] [stderr]     Finished test [unoptimized + debuginfo] target(s) in 0.09s
[INFO] [stderr]      Running unittests src/main.rs (/opt/rustwide/target/debug/deps/simpler-7517f82e979e9798)
[INFO] [stdout] 
[INFO] [stdout] running 3 tests
[INFO] [stdout] test http_middleware::tests::extract_from_host ... ok
[INFO] [stdout] test http_middleware::tests::extract_various_examples ... ok
[INFO] [stdout] test http_middleware::tests::extract_from_path ... FAILED
[INFO] [stdout] 
[INFO] [stdout] failures:
[INFO] [stdout] 
[INFO] [stdout] ---- http_middleware::tests::extract_from_path stdout ----
[INFO] [stdout] thread 'http_middleware::tests::extract_from_path' panicked at src/http_middleware.rs:305:9:
[INFO] [stdout] assertion `left == right` failed
[INFO] [stdout]   left: ("foo", "/path/to/file")
[INFO] [stdout]  right: ("foo", "path/to/file")
[INFO] [stdout] stack backtrace:
[INFO] [stdout]    0:     0x563af0aa701c - std::backtrace_rs::backtrace::libunwind::trace::ha637c64ce894333a
[INFO] [stdout]                                at /rustc/82e1608dfa6e0b5569232559e3d385fea5a93112/library/std/src/../../backtrace/src/backtrace/libunwind.rs:104:5
[INFO] [stdout]    1:     0x563af0aa701c - std::backtrace_rs::backtrace::trace_unsynchronized::h47f62dea28e0c88d
[INFO] [stdout]                                at /rustc/82e1608dfa6e0b5569232559e3d385fea5a93112/library/std/src/../../backtrace/src/backtrace/mod.rs:66:5
[INFO] [stdout]    2:     0x563af0aa701c - std::sys_common::backtrace::_print_fmt::h9eef0abe20ede486
[INFO] [stdout]                                at /rustc/82e1608dfa6e0b5569232559e3d385fea5a93112/library/std/src/sys_common/backtrace.rs:67:5
[INFO] [stdout]    3:     0x563af0aa701c - <std::sys_common::backtrace::_print::DisplayBacktrace as core::fmt::Display>::fmt::hed7f999df88cc644
[INFO] [stdout]                                at /rustc/82e1608dfa6e0b5569232559e3d385fea5a93112/library/std/src/sys_common/backtrace.rs:44:22
[INFO] [stdout]    4:     0x563af0ad1220 - core::fmt::rt::Argument::fmt::h1539a9308b8d058d
[INFO] [stdout]                                at /rustc/82e1608dfa6e0b5569232559e3d385fea5a93112/library/core/src/fmt/rt.rs:142:9
[INFO] [stdout]    5:     0x563af0ad1220 - core::fmt::write::h3a39390d8560d9c9
[INFO] [stdout]                                at /rustc/82e1608dfa6e0b5569232559e3d385fea5a93112/library/core/src/fmt/mod.rs:1120:17
[INFO] [stdout]    6:     0x563af0aa499f - std::io::Write::write_fmt::h040b369f3a0f9cbc
[INFO] [stdout]                                at /rustc/82e1608dfa6e0b5569232559e3d385fea5a93112/library/std/src/io/mod.rs:1762:15
[INFO] [stdout]    7:     0x563af0aa6e04 - std::sys_common::backtrace::_print::h894006fb5c6f3d45
[INFO] [stdout]                                at /rustc/82e1608dfa6e0b5569232559e3d385fea5a93112/library/std/src/sys_common/backtrace.rs:47:5
[INFO] [stdout]    8:     0x563af0aa6e04 - std::sys_common::backtrace::print::h23a2d212c6fff936
[INFO] [stdout]                                at /rustc/82e1608dfa6e0b5569232559e3d385fea5a93112/library/std/src/sys_common/backtrace.rs:34:9
[INFO] [stdout]    9:     0x563af0aa8ac7 - std::panicking::default_hook::{{closure}}::h8a1d2ee00185001a
[INFO] [stdout]   10:     0x563af0aa87b3 - std::panicking::default_hook::h6038f2eba384e475
[INFO] [stdout]                                at /rustc/82e1608dfa6e0b5569232559e3d385fea5a93112/library/std/src/panicking.rs:289:9
[INFO] [stdout]   11:     0x563af0a6a617 - <alloc::boxed::Box<F,A> as core::ops::function::Fn<Args>>::call::h0ad024c9bdc6d768
[INFO] [stdout]                                at /rustc/82e1608dfa6e0b5569232559e3d385fea5a93112/library/alloc/src/boxed.rs:2021:9
[INFO] [stdout]   12:     0x563af0a6a617 - test::test_main::{{closure}}::h7500b54257359db6
[INFO] [stdout]                                at /rustc/82e1608dfa6e0b5569232559e3d385fea5a93112/library/test/src/lib.rs:138:21
[INFO] [stdout]   13:     0x563af0aa90d8 - <alloc::boxed::Box<F,A> as core::ops::function::Fn<Args>>::call::h1f8f335eaa9cfaee
[INFO] [stdout]                                at /rustc/82e1608dfa6e0b5569232559e3d385fea5a93112/library/alloc/src/boxed.rs:2021:9
[INFO] [stdout]   14:     0x563af0aa90d8 - std::panicking::rust_panic_with_hook::h2b5517d590cab22e
[INFO] [stdout]                                at /rustc/82e1608dfa6e0b5569232559e3d385fea5a93112/library/std/src/panicking.rs:783:13
[INFO] [stdout]   15:     0x563af0aa8e2e - std::panicking::begin_panic_handler::{{closure}}::h233112c06e0ef43e
[INFO] [stdout]                                at /rustc/82e1608dfa6e0b5569232559e3d385fea5a93112/library/std/src/panicking.rs:657:13
[INFO] [stdout]   16:     0x563af0aa74e6 - std::sys_common::backtrace::__rust_end_short_backtrace::h6e893f24d7ebbff8
[INFO] [stdout]                                at /rustc/82e1608dfa6e0b5569232559e3d385fea5a93112/library/std/src/sys_common/backtrace.rs:170:18
[INFO] [stdout]   17:     0x563af0aa8b92 - rust_begin_unwind
[INFO] [stdout]                                at /rustc/82e1608dfa6e0b5569232559e3d385fea5a93112/library/std/src/panicking.rs:645:5
[INFO] [stdout]   18:     0x563af0a2acf5 - core::panicking::panic_fmt::hbf0e066aabfa482c
[INFO] [stdout]                                at /rustc/82e1608dfa6e0b5569232559e3d385fea5a93112/library/core/src/panicking.rs:72:14
[INFO] [stdout]   19:     0x563af0a2b10b - core::panicking::assert_failed_inner::h0bba8b7c26ee4492
[INFO] [stdout]   20:     0x563af0a2e08e - core::panicking::assert_failed::hacd875ccdac291bb
[INFO] [stdout]                                at /rustc/82e1608dfa6e0b5569232559e3d385fea5a93112/library/core/src/panicking.rs:279:5
[INFO] [stdout]   21:     0x563af0a322e3 - simpler::http_middleware::tests::extract_from_path::hb952e3489127d790
[INFO] [stdout]                                at /opt/rustwide/workdir/src/http_middleware.rs:305:9
[INFO] [stdout]   22:     0x563af0a320e7 - simpler::http_middleware::tests::extract_from_path::{{closure}}::hedb74a8bc2540487
[INFO] [stdout]                                at /opt/rustwide/workdir/src/http_middleware.rs:304:27
[INFO] [stdout]   23:     0x563af0a2d096 - core::ops::function::FnOnce::call_once::h374f2de06bd9b3b7
[INFO] [stdout]                                at /rustc/82e1608dfa6e0b5569232559e3d385fea5a93112/library/core/src/ops/function.rs:250:5
[INFO] [stdout]   24:     0x563af0a6fc6f - core::ops::function::FnOnce::call_once::h2b5d431d5046312d
[INFO] [stdout]                                at /rustc/82e1608dfa6e0b5569232559e3d385fea5a93112/library/core/src/ops/function.rs:250:5
[INFO] [stdout]   25:     0x563af0a6fc6f - test::__rust_begin_short_backtrace::h7714669af176e207
[INFO] [stdout]                                at /rustc/82e1608dfa6e0b5569232559e3d385fea5a93112/library/test/src/lib.rs:628:18
[INFO] [stdout]   26:     0x563af0a6ec85 - test::run_test_in_process::{{closure}}::h85218797dcbcec12
[INFO] [stdout]                                at /rustc/82e1608dfa6e0b5569232559e3d385fea5a93112/library/test/src/lib.rs:651:60
[INFO] [stdout]   27:     0x563af0a6ec85 - <core::panic::unwind_safe::AssertUnwindSafe<F> as core::ops::function::FnOnce<()>>::call_once::h76c106ea31c14d7b
[INFO] [stdout]                                at /rustc/82e1608dfa6e0b5569232559e3d385fea5a93112/library/core/src/panic/unwind_safe.rs:272:9
[INFO] [stdout]   28:     0x563af0a6ec85 - std::panicking::try::do_call::h3bd5d0f6620ee946
[INFO] [stdout]                                at /rustc/82e1608dfa6e0b5569232559e3d385fea5a93112/library/std/src/panicking.rs:552:40
[INFO] [stdout]   29:     0x563af0a6ec85 - std::panicking::try::h232e535e4744fe31
[INFO] [stdout]                                at /rustc/82e1608dfa6e0b5569232559e3d385fea5a93112/library/std/src/panicking.rs:516:19
[INFO] [stdout]   30:     0x563af0a6ec85 - std::panic::catch_unwind::h3ce3bd6ca8dbac68
[INFO] [stdout]                                at /rustc/82e1608dfa6e0b5569232559e3d385fea5a93112/library/std/src/panic.rs:142:14
[INFO] [stdout]   31:     0x563af0a6ec85 - test::run_test_in_process::hc97b257c9621286a
[INFO] [stdout]                                at /rustc/82e1608dfa6e0b5569232559e3d385fea5a93112/library/test/src/lib.rs:651:27
[INFO] [stdout]   32:     0x563af0a6ec85 - test::run_test::{{closure}}::h2aa798823a438d38
[INFO] [stdout]                                at /rustc/82e1608dfa6e0b5569232559e3d385fea5a93112/library/test/src/lib.rs:574:43
[INFO] [stdout]   33:     0x563af0a36f46 - test::run_test::{{closure}}::h87d231c78fb59832
[INFO] [stdout]                                at /rustc/82e1608dfa6e0b5569232559e3d385fea5a93112/library/test/src/lib.rs:602:41
[INFO] [stdout]   34:     0x563af0a36f46 - std::sys_common::backtrace::__rust_begin_short_backtrace::he6df152596625789
[INFO] [stdout]                                at /rustc/82e1608dfa6e0b5569232559e3d385fea5a93112/library/std/src/sys_common/backtrace.rs:154:18
[INFO] [stdout]   35:     0x563af0a3bff7 - std::thread::Builder::spawn_unchecked_::{{closure}}::{{closure}}::ha94be15d1e0acf36
[INFO] [stdout]                                at /rustc/82e1608dfa6e0b5569232559e3d385fea5a93112/library/std/src/thread/mod.rs:529:17
[INFO] [stdout]   36:     0x563af0a3bff7 - <core::panic::unwind_safe::AssertUnwindSafe<F> as core::ops::function::FnOnce<()>>::call_once::h9dc6bd6372f16606
[INFO] [stdout]                                at /rustc/82e1608dfa6e0b5569232559e3d385fea5a93112/library/core/src/panic/unwind_safe.rs:272:9
[INFO] [stdout]   37:     0x563af0a3bff7 - std::panicking::try::do_call::h9057517f80303cd4
[INFO] [stdout]                                at /rustc/82e1608dfa6e0b5569232559e3d385fea5a93112/library/std/src/panicking.rs:552:40
[INFO] [stdout]   38:     0x563af0a3bff7 - std::panicking::try::he3a30b11ee45340c
[INFO] [stdout]                                at /rustc/82e1608dfa6e0b5569232559e3d385fea5a93112/library/std/src/panicking.rs:516:19
[INFO] [stdout]   39:     0x563af0a3bff7 - std::panic::catch_unwind::h410458cfd3528b8b
[INFO] [stdout]                                at /rustc/82e1608dfa6e0b5569232559e3d385fea5a93112/library/std/src/panic.rs:142:14
[INFO] [stdout]   40:     0x563af0a3bff7 - std::thread::Builder::spawn_unchecked_::{{closure}}::h72ac3bdb567b737b
[INFO] [stdout]                                at /rustc/82e1608dfa6e0b5569232559e3d385fea5a93112/library/std/src/thread/mod.rs:528:30
[INFO] [stdout]   41:     0x563af0a3bff7 - core::ops::function::FnOnce::call_once{{vtable.shim}}::h38f34da3654a8344
[INFO] [stdout]                                at /rustc/82e1608dfa6e0b5569232559e3d385fea5a93112/library/core/src/ops/function.rs:250:5
[INFO] [stdout]   42:     0x563af0aadb75 - <alloc::boxed::Box<F,A> as core::ops::function::FnOnce<Args>>::call_once::hc7eafaff61e32df9
[INFO] [stdout]                                at /rustc/82e1608dfa6e0b5569232559e3d385fea5a93112/library/alloc/src/boxed.rs:2007:9
[INFO] [stdout]   43:     0x563af0aadb75 - <alloc::boxed::Box<F,A> as core::ops::function::FnOnce<Args>>::call_once::h6ba4a5de48dd2304
[INFO] [stdout]                                at /rustc/82e1608dfa6e0b5569232559e3d385fea5a93112/library/alloc/src/boxed.rs:2007:9
[INFO] [stdout]   44:     0x563af0aadb75 - std::sys::unix::thread::Thread::new::thread_start::he469335aef763e45
[INFO] [stdout]                                at /rustc/82e1608dfa6e0b5569232559e3d385fea5a93112/library/std/src/sys/unix/thread.rs:108:17
[INFO] [stdout]   45:     0x7fd3adcf4ac3 - <unknown>
[INFO] [stdout]   46:     0x7fd3add85bf4 - __clone
[INFO] [stdout]   47:                0x0 - <unknown>
[INFO] [stdout] 
[INFO] [stdout] 
[INFO] [stdout] failures:
[INFO] [stdout]     http_middleware::tests::extract_from_path
[INFO] [stdout] 
[INFO] [stdout] test result: FAILED. 2 passed; 1 failed; 0 ignored; 0 measured; 0 filtered out; finished in 0.05s
[INFO] [stdout] 
[INFO] [stderr] error: test failed, to rerun pass `--bin simpler`
[INFO] running `Command { std: "docker" "inspect" "ce7ff2c59165747f77ecbac39ba2fa6d94a9dcee0e4e43aefb8326876ed9c04c", kill_on_drop: false }`
[INFO] running `Command { std: "docker" "rm" "-f" "ce7ff2c59165747f77ecbac39ba2fa6d94a9dcee0e4e43aefb8326876ed9c04c", kill_on_drop: false }`
[INFO] [stdout] ce7ff2c59165747f77ecbac39ba2fa6d94a9dcee0e4e43aefb8326876ed9c04c
[INFO] testing simpler-0.0.0 against beta-2023-12-22 for beta-1.76-1
[INFO] extracting crate simpler 0.0.0 into /workspace/builds/worker-7-tc2/source
[INFO] validating manifest of crates.io crate simpler 0.0.0 on toolchain beta-2023-12-22
[INFO] running `Command { std: CARGO_HOME="/workspace/cargo-home" RUSTUP_HOME="/workspace/rustup-home" "/workspace/cargo-home/bin/cargo" "+beta-2023-12-22" "metadata" "--manifest-path" "Cargo.toml" "--no-deps", kill_on_drop: false }`
[INFO] started tweaking crates.io crate simpler 0.0.0
[INFO] finished tweaking crates.io crate simpler 0.0.0
[INFO] tweaked toml for crates.io crate simpler 0.0.0 written to /workspace/builds/worker-7-tc2/source/Cargo.toml
[INFO] crate crates.io crate simpler 0.0.0 already has a lockfile, it will not be regenerated
[INFO] running `Command { std: CARGO_HOME="/workspace/cargo-home" RUSTUP_HOME="/workspace/rustup-home" "/workspace/cargo-home/bin/cargo" "+beta-2023-12-22" "fetch" "--manifest-path" "Cargo.toml", kill_on_drop: false }`
[INFO] running `Command { std: "docker" "create" "-v" "/var/lib/crater-agent-workspace/builds/worker-7-tc2/target:/opt/rustwide/target:rw,Z" "-v" "/var/lib/crater-agent-workspace/builds/worker-7-tc2/source:/opt/rustwide/workdir:ro,Z" "-v" "/var/lib/crater-agent-workspace/cargo-home:/opt/rustwide/cargo-home:ro,Z" "-v" "/var/lib/crater-agent-workspace/rustup-home:/opt/rustwide/rustup-home:ro,Z" "-e" "SOURCE_DIR=/opt/rustwide/workdir" "-e" "CARGO_TARGET_DIR=/opt/rustwide/target" "-e" "CARGO_HOME=/opt/rustwide/cargo-home" "-e" "RUSTUP_HOME=/opt/rustwide/rustup-home" "-w" "/opt/rustwide/workdir" "-m" "1610612736" "--user" "0:0" "--network" "none" "ghcr.io/rust-lang/crates-build-env/linux@sha256:2788e3201cd34a07e3172128adcd8b3090168a8e3bcc40d7c032b9dda1df7d1c" "/opt/rustwide/cargo-home/bin/cargo" "+beta-2023-12-22" "metadata" "--no-deps" "--format-version=1", kill_on_drop: false }`
[INFO] [stdout] 172316ec70dcf08474c791b9a5e3affc0c1361824ed65319c91a1a2a6035f014
[INFO] running `Command { std: "docker" "start" "-a" "172316ec70dcf08474c791b9a5e3affc0c1361824ed65319c91a1a2a6035f014", kill_on_drop: false }`
[INFO] running `Command { std: "docker" "inspect" "172316ec70dcf08474c791b9a5e3affc0c1361824ed65319c91a1a2a6035f014", kill_on_drop: false }`
[INFO] running `Command { std: "docker" "rm" "-f" "172316ec70dcf08474c791b9a5e3affc0c1361824ed65319c91a1a2a6035f014", kill_on_drop: false }`
[INFO] [stdout] 172316ec70dcf08474c791b9a5e3affc0c1361824ed65319c91a1a2a6035f014
[INFO] running `Command { std: "docker" "create" "-v" "/var/lib/crater-agent-workspace/builds/worker-7-tc2/target:/opt/rustwide/target:rw,Z" "-v" "/var/lib/crater-agent-workspace/builds/worker-7-tc2/source:/opt/rustwide/workdir:ro,Z" "-v" "/var/lib/crater-agent-workspace/cargo-home:/opt/rustwide/cargo-home:ro,Z" "-v" "/var/lib/crater-agent-workspace/rustup-home:/opt/rustwide/rustup-home:ro,Z" "-e" "SOURCE_DIR=/opt/rustwide/workdir" "-e" "CARGO_TARGET_DIR=/opt/rustwide/target" "-e" "CARGO_INCREMENTAL=0" "-e" "RUST_BACKTRACE=full" "-e" "RUSTFLAGS=--cap-lints=warn" "-e" "RUSTDOCFLAGS=--cap-lints=warn" "-e" "CARGO_HOME=/opt/rustwide/cargo-home" "-e" "RUSTUP_HOME=/opt/rustwide/rustup-home" "-w" "/opt/rustwide/workdir" "-m" "1610612736" "--user" "0:0" "--network" "none" "ghcr.io/rust-lang/crates-build-env/linux@sha256:2788e3201cd34a07e3172128adcd8b3090168a8e3bcc40d7c032b9dda1df7d1c" "/opt/rustwide/cargo-home/bin/cargo" "+beta-2023-12-22" "build" "--frozen" "--message-format=json", kill_on_drop: false }`
[INFO] [stdout] 1ab99c0678b55bf04661590212d447e0bfe578277e81da39fe1fb9c03475c0b5
[INFO] running `Command { std: "docker" "start" "-a" "1ab99c0678b55bf04661590212d447e0bfe578277e81da39fe1fb9c03475c0b5", kill_on_drop: false }`
[INFO] [stderr]    Compiling proc-macro2 v1.0.56
[INFO] [stderr]    Compiling quote v1.0.26
[INFO] [stderr]    Compiling unicode-ident v1.0.8
[INFO] [stderr]    Compiling libc v0.2.142
[INFO] [stderr]    Compiling syn v1.0.109
[INFO] [stderr]    Compiling typenum v1.16.0
[INFO] [stderr]    Compiling generic-array v0.14.7
[INFO] [stderr]    Compiling value-bag v1.0.0-alpha.9
[INFO] [stderr]    Compiling sval v1.0.0-alpha.5
[INFO] [stderr]    Compiling log v0.4.17
[INFO] [stderr]    Compiling futures-core v0.3.28
[INFO] [stderr]    Compiling io-lifetimes v1.0.10
[INFO] [stderr]    Compiling rustix v0.37.14
[INFO] [stderr]    Compiling crossbeam-utils v0.8.15
[INFO] [stderr]    Compiling event-listener v2.5.3
[INFO] [stderr]    Compiling linux-raw-sys v0.3.4
[INFO] [stderr]    Compiling slab v0.4.8
[INFO] [stderr]    Compiling futures-io v0.3.28
[INFO] [stderr]    Compiling subtle v2.4.1
[INFO] [stderr]    Compiling once_cell v1.17.1
[INFO] [stderr]    Compiling opaque-debug v0.3.0
[INFO] [stderr]    Compiling fastrand v1.9.0
[INFO] [stderr]    Compiling serde_derive v1.0.160
[INFO] [stderr]    Compiling waker-fn v1.1.0
[INFO] [stderr]    Compiling parking v2.1.0
[INFO] [stderr]    Compiling async-lock v2.7.0
[INFO] [stderr]    Compiling polling v2.8.0
[INFO] [stderr]    Compiling standback v0.2.17
[INFO] [stderr]    Compiling futures-lite v1.13.0
[INFO] [stderr]    Compiling serde v1.0.160
[INFO] [stderr]    Compiling proc-macro-hack v0.5.20+deprecated
[INFO] [stderr]    Compiling async-io v1.13.0
[INFO] [stderr]    Compiling percent-encoding v2.2.0
[INFO] [stderr]    Compiling itoa v1.0.6
[INFO] [stderr]    Compiling concurrent-queue v2.2.0
[INFO] [stderr]    Compiling signal-hook v0.3.15
[INFO] [stderr]    Compiling const_fn v0.4.9
[INFO] [stderr]    Compiling async-task v4.4.0
[INFO] [stderr]    Compiling cpuid-bool v0.2.0
[INFO] [stderr]    Compiling async-channel v1.8.0
[INFO] [stderr]    Compiling async-process v1.7.0
[INFO] [stderr]    Compiling time v0.2.27
[INFO] [stderr]    Compiling thiserror v1.0.40
[INFO] [stderr]    Compiling atomic-waker v1.1.1
[INFO] [stderr]    Compiling unicode-normalization v0.1.22
[INFO] [stderr]    Compiling form_urlencoded v1.1.0
[INFO] [stderr]    Compiling cookie v0.14.4
[INFO] [stderr]    Compiling anyhow v1.0.70
[INFO] [stderr]    Compiling cpufeatures v0.2.7
[INFO] [stderr]    Compiling serde_json v1.0.96
[INFO] [stderr]    Compiling pin-utils v0.1.0
[INFO] [stderr]    Compiling syn v2.0.15
[INFO] [stderr]    Compiling unicode-bidi v0.3.13
[INFO] [stderr]    Compiling ryu v1.0.13
[INFO] [stderr]    Compiling http-types v2.12.0
[INFO] [stderr]    Compiling base64 v0.13.1
[INFO] [stderr]    Compiling unicase v2.6.0
[INFO] [stderr]    Compiling infer v0.2.3
[INFO] [stderr]    Compiling num-traits v0.2.15
[INFO] [stderr]    Compiling futures-task v0.3.28
[INFO] [stderr]    Compiling async-executor v1.5.1
[INFO] [stderr]    Compiling idna v0.3.0
[INFO] [stderr]    Compiling time-core v0.1.0
[INFO] [stderr]    Compiling utf8parse v0.2.1
[INFO] [stderr]    Compiling async-trait v0.1.68
[INFO] [stderr]    Compiling time-macros v0.2.8
[INFO] [stderr]    Compiling anstyle-parse v0.2.0
[INFO] [stderr]    Compiling httparse v1.8.0
[INFO] [stderr]    Compiling tracing-core v0.1.30
[INFO] [stderr]    Compiling simple-mutex v1.1.5
[INFO] [stderr]    Compiling num-integer v0.1.45
[INFO] [stderr]    Compiling regex-syntax v0.6.29
[INFO] [stderr]    Compiling colorchoice v1.0.0
[INFO] [stderr]    Compiling anstyle v1.0.0
[INFO] [stderr]    Compiling getrandom v0.2.9
[INFO] [stderr]    Compiling socket2 v0.4.9
[INFO] [stderr]    Compiling cipher v0.2.5
[INFO] [stderr]    Compiling universal-hash v0.4.1
[INFO] [stderr]    Compiling digest v0.9.0
[INFO] [stderr]    Compiling rand_core v0.6.4
[INFO] [stderr]    Compiling polyval v0.4.5
[INFO] [stderr]    Compiling aes-soft v0.6.4
[INFO] [stderr]    Compiling crypto-mac v0.10.1
[INFO] [stderr]    Compiling getrandom v0.1.16
[INFO] [stderr]    Compiling signal-hook-registry v1.4.1
[INFO] [stderr]    Compiling ctr v0.6.0
[INFO] [stderr]    Compiling hmac v0.10.1
[INFO] [stderr]    Compiling ghash v0.3.1
[INFO] [stderr]    Compiling rand_core v0.5.1
[INFO] [stderr]    Compiling rand_chacha v0.3.1
[INFO] [stderr]    Compiling aes v0.6.0
[INFO] [stderr]    Compiling aead v0.3.2
[INFO] [stderr]    Compiling block-buffer v0.9.0
[INFO] [stderr]    Compiling hkdf v0.10.0
[INFO] [stderr]    Compiling sha2 v0.9.9
[INFO] [stderr]    Compiling rand_chacha v0.2.2
[INFO] [stderr]    Compiling aes-gcm v0.8.0
[INFO] [stderr]    Compiling futures-util v0.3.28
[INFO] [stderr]    Compiling anstyle-query v1.0.0
[INFO] [stderr]    Compiling rand v0.8.5
[INFO] [stderr]    Compiling async-dup v1.2.2
[INFO] [stderr]    Compiling mime_guess v2.0.4
[INFO] [stderr]    Compiling rand v0.7.3
[INFO] [stderr]    Compiling pin-project-lite v0.1.12
[INFO] [stderr]    Compiling overload v0.1.1
[INFO] [stderr]    Compiling clap_lex v0.4.1
[INFO] [stderr]    Compiling heck v0.4.1
[INFO] [stderr]    Compiling regex-syntax v0.7.1
[INFO] [stderr]    Compiling nu-ansi-term v0.46.0
[INFO] [stderr]    Compiling time v0.1.45
[INFO] [stderr]    Compiling sharded-slab v0.1.4
[INFO] [stderr]    Compiling thread_local v1.1.4
[INFO] [stderr]    Compiling route-recognizer v0.2.0
[INFO] [stderr]    Compiling no-std-compat v0.4.1
[INFO] [stderr]    Compiling mime v0.3.17
[INFO] [stderr]    Compiling iana-time-zone v0.1.56
[INFO] [stderr]    Compiling smallvec v1.10.0
[INFO] [stderr]    Compiling path-clean v1.0.1
[INFO] [stderr]    Compiling urlencoding v2.1.2
[INFO] [stderr]    Compiling chrono v0.4.24
[INFO] [stderr]    Compiling regex-automata v0.1.10
[INFO] [stderr]    Compiling is-terminal v0.4.7
[INFO] [stderr]    Compiling time v0.3.20
[INFO] [stderr]    Compiling anstream v0.3.1
[INFO] [stderr]    Compiling clap_builder v4.2.4
[INFO] [stderr]    Compiling matchers v0.1.0
[INFO] [stderr]    Compiling regex v1.8.1
[INFO] [stderr]    Compiling ctor v0.1.26
[INFO] [stderr]    Compiling time-macros-impl v0.1.2
[INFO] [stderr]    Compiling pin-project-internal v1.0.12
[INFO] [stderr]    Compiling git-testament-derive v0.1.14
[INFO] [stderr]    Compiling time-macros v0.1.1
[INFO] [stderr]    Compiling git-testament v0.2.4
[INFO] [stderr]    Compiling thiserror-impl v1.0.40
[INFO] [stderr]    Compiling tracing-attributes v0.1.24
[INFO] [stderr]    Compiling futures-macro v0.3.28
[INFO] [stderr]    Compiling clap_derive v4.2.0
[INFO] [stderr]    Compiling blocking v1.3.1
[INFO] [stderr]    Compiling kv-log-macro v1.0.7
[INFO] [stderr]    Compiling tracing-log v0.1.3
[INFO] [stderr]    Compiling pin-project v1.0.12
[INFO] [stderr]    Compiling async-global-executor v2.3.1
[INFO] [stderr]    Compiling async-std v1.12.0
[INFO] [stderr]    Compiling tracing v0.1.38
[INFO] [stderr]    Compiling tracing-subscriber v0.3.17
[INFO] [stderr]    Compiling clap v4.2.4
[INFO] [stderr]    Compiling serde_urlencoded v0.7.1
[INFO] [stderr]    Compiling serde_qs v0.8.5
[INFO] [stderr]    Compiling url v2.3.1
[INFO] [stderr]    Compiling async-h1 v2.3.3
[INFO] [stderr]    Compiling async-sse v4.1.0
[INFO] [stderr]    Compiling http-client v6.5.3
[INFO] [stderr]    Compiling tide v0.16.0
[INFO] [stderr]    Compiling simpler v0.0.0 (/opt/rustwide/workdir)
[INFO] [stdout] warning: unused variable: `config`
[INFO] [stdout]    --> src/disk.rs:130:49
[INFO] [stdout]     |
[INFO] [stdout] 130 | async fn write_put_stream(mut body: tide::Body, config: &config::DaemonConfig, mut output: afs::File, bytes: &mut u64) -> Result<()> {
[INFO] [stdout]     |                                                 ^^^^^^ help: if this is intentional, prefix it with an underscore: `_config`
[INFO] [stdout]     |
[INFO] [stdout]     = note: `#[warn(unused_variables)]` on by default
[INFO] [stdout] 
[INFO] [stdout] 
[INFO] [stdout] warning: unused variable: `request`
[INFO] [stdout]   --> src/config.rs:74:28
[INFO] [stdout]    |
[INFO] [stdout] 74 |     pub fn check<T>(&self, request: &tide::Request<T>) -> AuthResult {
[INFO] [stdout]    |                            ^^^^^^^ help: if this is intentional, prefix it with an underscore: `_request`
[INFO] [stdout] 
[INFO] [stdout] 
[INFO] [stdout] warning: fields `ro_user` and `rw_user` are never read
[INFO] [stdout]   --> src/config.rs:40:5
[INFO] [stdout]    |
[INFO] [stdout] 37 | pub struct AuthConfig {
[INFO] [stdout]    |            ---------- fields in this struct
[INFO] [stdout] ...
[INFO] [stdout] 40 |     ro_user: Option<UserInfo>,
[INFO] [stdout]    |     ^^^^^^^
[INFO] [stdout] 41 |     /// The read-write user, if any
[INFO] [stdout] 42 |     rw_user: Option<UserInfo>,
[INFO] [stdout]    |     ^^^^^^^
[INFO] [stdout]    |
[INFO] [stdout]    = note: `AuthConfig` has a derived impl for the trait `Clone`, but this is intentionally ignored during dead code analysis
[INFO] [stdout]    = note: `#[warn(dead_code)]` on by default
[INFO] [stdout] 
[INFO] [stdout] 
[INFO] [stdout] warning: fields `user` and `pass` are never read
[INFO] [stdout]   --> src/config.rs:86:5
[INFO] [stdout]    |
[INFO] [stdout] 84 | pub struct UserInfo {
[INFO] [stdout]    |            -------- fields in this struct
[INFO] [stdout] 85 |     _priv: (),
[INFO] [stdout] 86 |     user: String,
[INFO] [stdout]    |     ^^^^
[INFO] [stdout] 87 |     pass: String,
[INFO] [stdout]    |     ^^^^
[INFO] [stdout]    |
[INFO] [stdout]    = note: `UserInfo` has a derived impl for the trait `Clone`, but this is intentionally ignored during dead code analysis
[INFO] [stdout] 
[INFO] [stdout] 
[INFO] [stdout] warning: function `list_files` is never used
[INFO] [stdout]   --> src/disk.rs:27:8
[INFO] [stdout]    |
[INFO] [stdout] 27 | pub fn list_files(dir_path: &path::PathBuf) -> Result<Vec<FileInfo>> {
[INFO] [stdout]    |        ^^^^^^^^^^
[INFO] [stdout] 
[INFO] [stdout] 
[INFO] [stdout] warning: function `file_info` is never used
[INFO] [stdout]   --> src/disk.rs:41:4
[INFO] [stdout]    |
[INFO] [stdout] 41 | fn file_info(now: &time::SystemTime, path: fs::DirEntry) -> Result<FileInfo> {
[INFO] [stdout]    |    ^^^^^^^^^
[INFO] [stdout] 
[INFO] [stdout] 
[INFO] [stdout] warning: function `size_str` is never used
[INFO] [stdout]   --> src/disk.rs:53:4
[INFO] [stdout]    |
[INFO] [stdout] 53 | fn size_str(bytes: u64) -> String {
[INFO] [stdout]    |    ^^^^^^^^
[INFO] [stdout] 
[INFO] [stdout] 
[INFO] [stdout] warning: function `duration_str` is never used
[INFO] [stdout]   --> src/disk.rs:69:4
[INFO] [stdout]    |
[INFO] [stdout] 69 | fn duration_str(now: &time::SystemTime, modified: &time::SystemTime) -> String {
[INFO] [stdout]    |    ^^^^^^^^^^^^
[INFO] [stdout] 
[INFO] [stdout] 
[INFO] [stdout] warning: function `write_put_file` is never used
[INFO] [stdout]    --> src/disk.rs:104:14
[INFO] [stdout]     |
[INFO] [stdout] 104 | pub async fn write_put_file(body: tide::Body, config: &config::DaemonConfig, raw_filename: &String) -> Result<String> {
[INFO] [stdout]     |              ^^^^^^^^^^^^^^
[INFO] [stdout] 
[INFO] [stdout] 
[INFO] [stdout] warning: function `write_put_stream` is never used
[INFO] [stdout]    --> src/disk.rs:130:10
[INFO] [stdout]     |
[INFO] [stdout] 130 | async fn write_put_stream(mut body: tide::Body, config: &config::DaemonConfig, mut output: afs::File, bytes: &mut u64) -> Result<()> {
[INFO] [stdout]     |          ^^^^^^^^^^^^^^^^
[INFO] [stdout] 
[INFO] [stdout] 
[INFO] [stdout] warning: function `delete_file` is never used
[INFO] [stdout]    --> src/disk.rs:150:8
[INFO] [stdout]     |
[INFO] [stdout] 150 | pub fn delete_file(site_config: &config::DaemonConfig, raw_filename: &String) -> Result<()> {
[INFO] [stdout]     |        ^^^^^^^^^^^
[INFO] [stdout] 
[INFO] [stdout] 
[INFO] [stdout] warning: function `read_file` is never used
[INFO] [stdout]    --> src/disk.rs:156:14
[INFO] [stdout]     |
[INFO] [stdout] 156 | pub async fn read_file(site_config: &config::DaemonConfig, raw_filename: &String) -> Result<Option<ResponseBuilder>> {
[INFO] [stdout]     |              ^^^^^^^^^
[INFO] [stdout] 
[INFO] [stdout] 
[INFO] [stdout] warning: function `sanitize_filename` is never used
[INFO] [stdout]    --> src/disk.rs:171:4
[INFO] [stdout]     |
[INFO] [stdout] 171 | fn sanitize_filename<'a>(raw_filename: &'a str) -> Result<&'a str> {
[INFO] [stdout]     |    ^^^^^^^^^^^^^^^^^
[INFO] [stdout] 
[INFO] [stdout] 
[INFO] [stdout] warning: fields `action` and `file` are never read
[INFO] [stdout]    --> src/http.rs:131:5
[INFO] [stdout]     |
[INFO] [stdout] 130 | struct FormData {
[INFO] [stdout]     |        -------- fields in this struct
[INFO] [stdout] 131 |     action: String, // 'upload' or 'delete'
[INFO] [stdout]     |     ^^^^^^
[INFO] [stdout] 132 |     file: String, // the file name
[INFO] [stdout]     |     ^^^^
[INFO] [stdout]     |
[INFO] [stdout]     = note: `FormData` has a derived impl for the trait `Debug`, but this is intentionally ignored during dead code analysis
[INFO] [stdout] 
[INFO] [stdout] 
[INFO] [stdout] warning: function `handle_index_post_form` is never used
[INFO] [stdout]    --> src/http.rs:135:10
[INFO] [stdout]     |
[INFO] [stdout] 135 | async fn handle_index_post_form(state: &State, form: FormData) -> tide::Result {
[INFO] [stdout]     |          ^^^^^^^^^^^^^^^^^^^^^^
[INFO] [stdout] 
[INFO] [stdout] 
[INFO] [stdout] warning: function `handle_upload_put` is never used
[INFO] [stdout]    --> src/http.rs:154:10
[INFO] [stdout]     |
[INFO] [stdout] 154 | async fn handle_upload_put(mut req: Request<State>) -> tide::Result {
[INFO] [stdout]     |          ^^^^^^^^^^^^^^^^^
[INFO] [stdout] 
[INFO] [stdout] 
[INFO] [stdout] warning: function `handle_download` is never used
[INFO] [stdout]    --> src/http.rs:170:10
[INFO] [stdout]     |
[INFO] [stdout] 170 | async fn handle_download(req: Request<State>) -> tide::Result {
[INFO] [stdout]     |          ^^^^^^^^^^^^^^^
[INFO] [stdout] 
[INFO] [stdout] 
[INFO] [stdout] warning: function `not_found` is never used
[INFO] [stdout]    --> src/http.rs:194:4
[INFO] [stdout]     |
[INFO] [stdout] 194 | fn not_found() -> tide::Response {
[INFO] [stdout]     |    ^^^^^^^^^
[INFO] [stdout] 
[INFO] [stdout] 
[INFO] [stdout] warning: 18 warnings emitted
[INFO] [stdout] 
[INFO] [stdout] 
[INFO] [stderr]     Finished dev [unoptimized + debuginfo] target(s) in 14.96s
[INFO] running `Command { std: "docker" "inspect" "1ab99c0678b55bf04661590212d447e0bfe578277e81da39fe1fb9c03475c0b5", kill_on_drop: false }`
[INFO] running `Command { std: "docker" "rm" "-f" "1ab99c0678b55bf04661590212d447e0bfe578277e81da39fe1fb9c03475c0b5", kill_on_drop: false }`
[INFO] [stdout] 1ab99c0678b55bf04661590212d447e0bfe578277e81da39fe1fb9c03475c0b5
[INFO] running `Command { std: "docker" "create" "-v" "/var/lib/crater-agent-workspace/builds/worker-7-tc2/target:/opt/rustwide/target:rw,Z" "-v" "/var/lib/crater-agent-workspace/builds/worker-7-tc2/source:/opt/rustwide/workdir:ro,Z" "-v" "/var/lib/crater-agent-workspace/cargo-home:/opt/rustwide/cargo-home:ro,Z" "-v" "/var/lib/crater-agent-workspace/rustup-home:/opt/rustwide/rustup-home:ro,Z" "-e" "SOURCE_DIR=/opt/rustwide/workdir" "-e" "CARGO_TARGET_DIR=/opt/rustwide/target" "-e" "CARGO_INCREMENTAL=0" "-e" "RUST_BACKTRACE=full" "-e" "RUSTFLAGS=--cap-lints=warn" "-e" "RUSTDOCFLAGS=--cap-lints=warn" "-e" "CARGO_HOME=/opt/rustwide/cargo-home" "-e" "RUSTUP_HOME=/opt/rustwide/rustup-home" "-w" "/opt/rustwide/workdir" "-m" "1610612736" "--user" "0:0" "--network" "none" "ghcr.io/rust-lang/crates-build-env/linux@sha256:2788e3201cd34a07e3172128adcd8b3090168a8e3bcc40d7c032b9dda1df7d1c" "/opt/rustwide/cargo-home/bin/cargo" "+beta-2023-12-22" "test" "--frozen" "--no-run" "--message-format=json", kill_on_drop: false }`
[INFO] [stdout] 1694ad9ff6af82fb9a8c085b154d626ece9384ab2167ad2041cca26ee748554d
[INFO] running `Command { std: "docker" "start" "-a" "1694ad9ff6af82fb9a8c085b154d626ece9384ab2167ad2041cca26ee748554d", kill_on_drop: false }`
[INFO] [stderr]    Compiling simpler v0.0.0 (/opt/rustwide/workdir)
[INFO] [stdout] warning: unused variable: `config`
[INFO] [stdout]    --> src/disk.rs:130:49
[INFO] [stdout]     |
[INFO] [stdout] 130 | async fn write_put_stream(mut body: tide::Body, config: &config::DaemonConfig, mut output: afs::File, bytes: &mut u64) -> Result<()> {
[INFO] [stdout]     |                                                 ^^^^^^ help: if this is intentional, prefix it with an underscore: `_config`
[INFO] [stdout]     |
[INFO] [stdout]     = note: `#[warn(unused_variables)]` on by default
[INFO] [stdout] 
[INFO] [stdout] 
[INFO] [stdout] warning: unused variable: `request`
[INFO] [stdout]   --> src/config.rs:74:28
[INFO] [stdout]    |
[INFO] [stdout] 74 |     pub fn check<T>(&self, request: &tide::Request<T>) -> AuthResult {
[INFO] [stdout]    |                            ^^^^^^^ help: if this is intentional, prefix it with an underscore: `_request`
[INFO] [stdout] 
[INFO] [stdout] 
[INFO] [stdout] warning: fields `ro_user` and `rw_user` are never read
[INFO] [stdout]   --> src/config.rs:40:5
[INFO] [stdout]    |
[INFO] [stdout] 37 | pub struct AuthConfig {
[INFO] [stdout]    |            ---------- fields in this struct
[INFO] [stdout] ...
[INFO] [stdout] 40 |     ro_user: Option<UserInfo>,
[INFO] [stdout]    |     ^^^^^^^
[INFO] [stdout] 41 |     /// The read-write user, if any
[INFO] [stdout] 42 |     rw_user: Option<UserInfo>,
[INFO] [stdout]    |     ^^^^^^^
[INFO] [stdout]    |
[INFO] [stdout]    = note: `AuthConfig` has a derived impl for the trait `Clone`, but this is intentionally ignored during dead code analysis
[INFO] [stdout]    = note: `#[warn(dead_code)]` on by default
[INFO] [stdout] 
[INFO] [stdout] 
[INFO] [stdout] warning: fields `user` and `pass` are never read
[INFO] [stdout]   --> src/config.rs:86:5
[INFO] [stdout]    |
[INFO] [stdout] 84 | pub struct UserInfo {
[INFO] [stdout]    |            -------- fields in this struct
[INFO] [stdout] 85 |     _priv: (),
[INFO] [stdout] 86 |     user: String,
[INFO] [stdout]    |     ^^^^
[INFO] [stdout] 87 |     pass: String,
[INFO] [stdout]    |     ^^^^
[INFO] [stdout]    |
[INFO] [stdout]    = note: `UserInfo` has a derived impl for the trait `Clone`, but this is intentionally ignored during dead code analysis
[INFO] [stdout] 
[INFO] [stdout] 
[INFO] [stdout] warning: function `list_files` is never used
[INFO] [stdout]   --> src/disk.rs:27:8
[INFO] [stdout]    |
[INFO] [stdout] 27 | pub fn list_files(dir_path: &path::PathBuf) -> Result<Vec<FileInfo>> {
[INFO] [stdout]    |        ^^^^^^^^^^
[INFO] [stdout] 
[INFO] [stdout] 
[INFO] [stdout] warning: function `file_info` is never used
[INFO] [stdout]   --> src/disk.rs:41:4
[INFO] [stdout]    |
[INFO] [stdout] 41 | fn file_info(now: &time::SystemTime, path: fs::DirEntry) -> Result<FileInfo> {
[INFO] [stdout]    |    ^^^^^^^^^
[INFO] [stdout] 
[INFO] [stdout] 
[INFO] [stdout] warning: function `size_str` is never used
[INFO] [stdout]   --> src/disk.rs:53:4
[INFO] [stdout]    |
[INFO] [stdout] 53 | fn size_str(bytes: u64) -> String {
[INFO] [stdout]    |    ^^^^^^^^
[INFO] [stdout] 
[INFO] [stdout] 
[INFO] [stdout] warning: function `duration_str` is never used
[INFO] [stdout]   --> src/disk.rs:69:4
[INFO] [stdout]    |
[INFO] [stdout] 69 | fn duration_str(now: &time::SystemTime, modified: &time::SystemTime) -> String {
[INFO] [stdout]    |    ^^^^^^^^^^^^
[INFO] [stdout] 
[INFO] [stdout] 
[INFO] [stdout] warning: function `write_put_file` is never used
[INFO] [stdout]    --> src/disk.rs:104:14
[INFO] [stdout]     |
[INFO] [stdout] 104 | pub async fn write_put_file(body: tide::Body, config: &config::DaemonConfig, raw_filename: &String) -> Result<String> {
[INFO] [stdout]     |              ^^^^^^^^^^^^^^
[INFO] [stdout] 
[INFO] [stdout] 
[INFO] [stdout] warning: function `write_put_stream` is never used
[INFO] [stdout]    --> src/disk.rs:130:10
[INFO] [stdout]     |
[INFO] [stdout] 130 | async fn write_put_stream(mut body: tide::Body, config: &config::DaemonConfig, mut output: afs::File, bytes: &mut u64) -> Result<()> {
[INFO] [stdout]     |          ^^^^^^^^^^^^^^^^
[INFO] [stdout] 
[INFO] [stdout] 
[INFO] [stdout] warning: function `delete_file` is never used
[INFO] [stdout]    --> src/disk.rs:150:8
[INFO] [stdout]     |
[INFO] [stdout] 150 | pub fn delete_file(site_config: &config::DaemonConfig, raw_filename: &String) -> Result<()> {
[INFO] [stdout]     |        ^^^^^^^^^^^
[INFO] [stdout] 
[INFO] [stdout] 
[INFO] [stdout] warning: function `read_file` is never used
[INFO] [stdout]    --> src/disk.rs:156:14
[INFO] [stdout]     |
[INFO] [stdout] 156 | pub async fn read_file(site_config: &config::DaemonConfig, raw_filename: &String) -> Result<Option<ResponseBuilder>> {
[INFO] [stdout]     |              ^^^^^^^^^
[INFO] [stdout] 
[INFO] [stdout] 
[INFO] [stdout] warning: function `sanitize_filename` is never used
[INFO] [stdout]    --> src/disk.rs:171:4
[INFO] [stdout]     |
[INFO] [stdout] 171 | fn sanitize_filename<'a>(raw_filename: &'a str) -> Result<&'a str> {
[INFO] [stdout]     |    ^^^^^^^^^^^^^^^^^
[INFO] [stdout] 
[INFO] [stdout] 
[INFO] [stdout] warning: fields `action` and `file` are never read
[INFO] [stdout]    --> src/http.rs:131:5
[INFO] [stdout]     |
[INFO] [stdout] 130 | struct FormData {
[INFO] [stdout]     |        -------- fields in this struct
[INFO] [stdout] 131 |     action: String, // 'upload' or 'delete'
[INFO] [stdout]     |     ^^^^^^
[INFO] [stdout] 132 |     file: String, // the file name
[INFO] [stdout]     |     ^^^^
[INFO] [stdout]     |
[INFO] [stdout]     = note: `FormData` has a derived impl for the trait `Debug`, but this is intentionally ignored during dead code analysis
[INFO] [stdout] 
[INFO] [stdout] 
[INFO] [stdout] warning: function `handle_index_post_form` is never used
[INFO] [stdout]    --> src/http.rs:135:10
[INFO] [stdout]     |
[INFO] [stdout] 135 | async fn handle_index_post_form(state: &State, form: FormData) -> tide::Result {
[INFO] [stdout]     |          ^^^^^^^^^^^^^^^^^^^^^^
[INFO] [stdout] 
[INFO] [stdout] 
[INFO] [stdout] warning: function `handle_upload_put` is never used
[INFO] [stdout]    --> src/http.rs:154:10
[INFO] [stdout]     |
[INFO] [stdout] 154 | async fn handle_upload_put(mut req: Request<State>) -> tide::Result {
[INFO] [stdout]     |          ^^^^^^^^^^^^^^^^^
[INFO] [stdout] 
[INFO] [stdout] 
[INFO] [stdout] warning: function `handle_download` is never used
[INFO] [stdout]    --> src/http.rs:170:10
[INFO] [stdout]     |
[INFO] [stdout] 170 | async fn handle_download(req: Request<State>) -> tide::Result {
[INFO] [stdout]     |          ^^^^^^^^^^^^^^^
[INFO] [stdout] 
[INFO] [stdout] 
[INFO] [stdout] warning: function `not_found` is never used
[INFO] [stdout]    --> src/http.rs:194:4
[INFO] [stdout]     |
[INFO] [stdout] 194 | fn not_found() -> tide::Response {
[INFO] [stdout]     |    ^^^^^^^^^
[INFO] [stdout] 
[INFO] [stdout] 
[INFO] [stdout] warning: 18 warnings emitted
[INFO] [stdout] 
[INFO] [stdout] 
[INFO] [stderr]     Finished test [unoptimized + debuginfo] target(s) in 1.46s
[INFO] running `Command { std: "docker" "inspect" "1694ad9ff6af82fb9a8c085b154d626ece9384ab2167ad2041cca26ee748554d", kill_on_drop: false }`
[INFO] running `Command { std: "docker" "rm" "-f" "1694ad9ff6af82fb9a8c085b154d626ece9384ab2167ad2041cca26ee748554d", kill_on_drop: false }`
[INFO] [stdout] 1694ad9ff6af82fb9a8c085b154d626ece9384ab2167ad2041cca26ee748554d
[INFO] running `Command { std: "docker" "create" "-v" "/var/lib/crater-agent-workspace/builds/worker-7-tc2/target:/opt/rustwide/target:rw,Z" "-v" "/var/lib/crater-agent-workspace/builds/worker-7-tc2/source:/opt/rustwide/workdir:ro,Z" "-v" "/var/lib/crater-agent-workspace/cargo-home:/opt/rustwide/cargo-home:ro,Z" "-v" "/var/lib/crater-agent-workspace/rustup-home:/opt/rustwide/rustup-home:ro,Z" "-e" "SOURCE_DIR=/opt/rustwide/workdir" "-e" "CARGO_TARGET_DIR=/opt/rustwide/target" "-e" "CARGO_INCREMENTAL=0" "-e" "RUST_BACKTRACE=full" "-e" "RUSTFLAGS=--cap-lints=warn" "-e" "RUSTDOCFLAGS=--cap-lints=warn" "-e" "CARGO_HOME=/opt/rustwide/cargo-home" "-e" "RUSTUP_HOME=/opt/rustwide/rustup-home" "-w" "/opt/rustwide/workdir" "-m" "1610612736" "--user" "0:0" "--network" "none" "ghcr.io/rust-lang/crates-build-env/linux@sha256:2788e3201cd34a07e3172128adcd8b3090168a8e3bcc40d7c032b9dda1df7d1c" "/opt/rustwide/cargo-home/bin/cargo" "+beta-2023-12-22" "test" "--frozen", kill_on_drop: false }`
[INFO] [stdout] 36f75d4d82e266aa9e507c38ca69589e28ae9a45b90ff9075909a11b24169ebc
[INFO] running `Command { std: "docker" "start" "-a" "36f75d4d82e266aa9e507c38ca69589e28ae9a45b90ff9075909a11b24169ebc", kill_on_drop: false }`
[INFO] [stderr] warning: unused variable: `config`
[INFO] [stderr]    --> src/disk.rs:130:49
[INFO] [stderr]     |
[INFO] [stderr] 130 | async fn write_put_stream(mut body: tide::Body, config: &config::DaemonConfig, mut output: afs::File, bytes: &mut u64) -> Result<()> {
[INFO] [stderr]     |                                                 ^^^^^^ help: if this is intentional, prefix it with an underscore: `_config`
[INFO] [stderr]     |
[INFO] [stderr]     = note: `#[warn(unused_variables)]` on by default
[INFO] [stderr] 
[INFO] [stderr] warning: unused variable: `request`
[INFO] [stderr]   --> src/config.rs:74:28
[INFO] [stderr]    |
[INFO] [stderr] 74 |     pub fn check<T>(&self, request: &tide::Request<T>) -> AuthResult {
[INFO] [stderr]    |                            ^^^^^^^ help: if this is intentional, prefix it with an underscore: `_request`
[INFO] [stderr] 
[INFO] [stderr] warning: fields `ro_user` and `rw_user` are never read
[INFO] [stderr]   --> src/config.rs:40:5
[INFO] [stderr]    |
[INFO] [stderr] 37 | pub struct AuthConfig {
[INFO] [stderr]    |            ---------- fields in this struct
[INFO] [stderr] ...
[INFO] [stderr] 40 |     ro_user: Option<UserInfo>,
[INFO] [stderr]    |     ^^^^^^^
[INFO] [stderr] 41 |     /// The read-write user, if any
[INFO] [stderr] 42 |     rw_user: Option<UserInfo>,
[INFO] [stderr]    |     ^^^^^^^
[INFO] [stderr]    |
[INFO] [stderr]    = note: `AuthConfig` has a derived impl for the trait `Clone`, but this is intentionally ignored during dead code analysis
[INFO] [stderr]    = note: `#[warn(dead_code)]` on by default
[INFO] [stderr] 
[INFO] [stderr] warning: fields `user` and `pass` are never read
[INFO] [stderr]   --> src/config.rs:86:5
[INFO] [stderr]    |
[INFO] [stderr] 84 | pub struct UserInfo {
[INFO] [stderr]    |            -------- fields in this struct
[INFO] [stderr] 85 |     _priv: (),
[INFO] [stderr] 86 |     user: String,
[INFO] [stderr]    |     ^^^^
[INFO] [stderr] 87 |     pass: String,
[INFO] [stderr]    |     ^^^^
[INFO] [stderr]    |
[INFO] [stderr]    = note: `UserInfo` has a derived impl for the trait `Clone`, but this is intentionally ignored during dead code analysis
[INFO] [stderr] 
[INFO] [stderr] warning: function `list_files` is never used
[INFO] [stderr]   --> src/disk.rs:27:8
[INFO] [stderr]    |
[INFO] [stderr] 27 | pub fn list_files(dir_path: &path::PathBuf) -> Result<Vec<FileInfo>> {
[INFO] [stderr]    |        ^^^^^^^^^^
[INFO] [stderr] 
[INFO] [stderr] warning: function `file_info` is never used
[INFO] [stderr]   --> src/disk.rs:41:4
[INFO] [stderr]    |
[INFO] [stderr] 41 | fn file_info(now: &time::SystemTime, path: fs::DirEntry) -> Result<FileInfo> {
[INFO] [stderr]    |    ^^^^^^^^^
[INFO] [stderr] 
[INFO] [stderr] warning: function `size_str` is never used
[INFO] [stderr]   --> src/disk.rs:53:4
[INFO] [stderr]    |
[INFO] [stderr] 53 | fn size_str(bytes: u64) -> String {
[INFO] [stderr]    |    ^^^^^^^^
[INFO] [stderr] 
[INFO] [stderr] warning: function `duration_str` is never used
[INFO] [stderr]   --> src/disk.rs:69:4
[INFO] [stderr]    |
[INFO] [stderr] 69 | fn duration_str(now: &time::SystemTime, modified: &time::SystemTime) -> String {
[INFO] [stderr]    |    ^^^^^^^^^^^^
[INFO] [stderr] 
[INFO] [stderr] warning: function `write_put_file` is never used
[INFO] [stderr]    --> src/disk.rs:104:14
[INFO] [stderr]     |
[INFO] [stderr] 104 | pub async fn write_put_file(body: tide::Body, config: &config::DaemonConfig, raw_filename: &String) -> Result<String> {
[INFO] [stderr]     |              ^^^^^^^^^^^^^^
[INFO] [stderr] 
[INFO] [stderr] warning: function `write_put_stream` is never used
[INFO] [stderr]    --> src/disk.rs:130:10
[INFO] [stderr]     |
[INFO] [stderr] 130 | async fn write_put_stream(mut body: tide::Body, config: &config::DaemonConfig, mut output: afs::File, bytes: &mut u64) -> Result<()> {
[INFO] [stderr]     |          ^^^^^^^^^^^^^^^^
[INFO] [stderr] 
[INFO] [stderr] warning: function `delete_file` is never used
[INFO] [stderr]    --> src/disk.rs:150:8
[INFO] [stderr]     |
[INFO] [stderr] 150 | pub fn delete_file(site_config: &config::DaemonConfig, raw_filename: &String) -> Result<()> {
[INFO] [stderr]     |        ^^^^^^^^^^^
[INFO] [stderr] 
[INFO] [stderr] warning: function `read_file` is never used
[INFO] [stderr]    --> src/disk.rs:156:14
[INFO] [stderr]     |
[INFO] [stderr] 156 | pub async fn read_file(site_config: &config::DaemonConfig, raw_filename: &String) -> Result<Option<ResponseBuilder>> {
[INFO] [stderr]     |              ^^^^^^^^^
[INFO] [stderr] 
[INFO] [stderr] warning: function `sanitize_filename` is never used
[INFO] [stderr]    --> src/disk.rs:171:4
[INFO] [stderr]     |
[INFO] [stderr] 171 | fn sanitize_filename<'a>(raw_filename: &'a str) -> Result<&'a str> {
[INFO] [stderr]     |    ^^^^^^^^^^^^^^^^^
[INFO] [stderr] 
[INFO] [stderr] warning: fields `action` and `file` are never read
[INFO] [stderr]    --> src/http.rs:131:5
[INFO] [stderr]     |
[INFO] [stderr] 130 | struct FormData {
[INFO] [stderr]     |        -------- fields in this struct
[INFO] [stderr] 131 |     action: String, // 'upload' or 'delete'
[INFO] [stderr]     |     ^^^^^^
[INFO] [stderr] 132 |     file: String, // the file name
[INFO] [stderr]     |     ^^^^
[INFO] [stderr]     |
[INFO] [stderr]     = note: `FormData` has a derived impl for the trait `Debug`, but this is intentionally ignored during dead code analysis
[INFO] [stderr] 
[INFO] [stderr] warning: function `handle_index_post_form` is never used
[INFO] [stderr]    --> src/http.rs:135:10
[INFO] [stderr]     |
[INFO] [stderr] 135 | async fn handle_index_post_form(state: &State, form: FormData) -> tide::Result {
[INFO] [stderr]     |          ^^^^^^^^^^^^^^^^^^^^^^
[INFO] [stderr] 
[INFO] [stderr] warning: function `handle_upload_put` is never used
[INFO] [stderr]    --> src/http.rs:154:10
[INFO] [stderr]     |
[INFO] [stderr] 154 | async fn handle_upload_put(mut req: Request<State>) -> tide::Result {
[INFO] [stderr]     |          ^^^^^^^^^^^^^^^^^
[INFO] [stderr] 
[INFO] [stderr] warning: function `handle_download` is never used
[INFO] [stderr]    --> src/http.rs:170:10
[INFO] [stderr]     |
[INFO] [stderr] 170 | async fn handle_download(req: Request<State>) -> tide::Result {
[INFO] [stderr]     |          ^^^^^^^^^^^^^^^
[INFO] [stderr] 
[INFO] [stderr] warning: function `not_found` is never used
[INFO] [stderr]    --> src/http.rs:194:4
[INFO] [stderr]     |
[INFO] [stderr] 194 | fn not_found() -> tide::Response {
[INFO] [stderr]     |    ^^^^^^^^^
[INFO] [stderr] 
[INFO] [stderr] warning: `simpler` (bin "simpler" test) generated 18 warnings (run `cargo fix --bin "simpler" --tests` to apply 2 suggestions)
[INFO] [stderr]     Finished test [unoptimized + debuginfo] target(s) in 0.11s
[INFO] [stderr]      Running unittests src/main.rs (/opt/rustwide/target/debug/deps/simpler-2af0d8920d213245)
[INFO] [stdout] 
[INFO] [stdout] running 3 tests
[INFO] [stdout] test http_middleware::tests::extract_various_examples ... ok
[INFO] [stdout] test http_middleware::tests::extract_from_host ... ok
[INFO] [stdout] test http_middleware::tests::extract_from_path ... FAILED
[INFO] [stdout] 
[INFO] [stdout] failures:
[INFO] [stdout] 
[INFO] [stdout] ---- http_middleware::tests::extract_from_path stdout ----
[INFO] [stdout] thread 'http_middleware::tests::extract_from_path' panicked at src/http_middleware.rs:305:9:
[INFO] [stdout] assertion `left == right` failed
[INFO] [stdout]   left: ("foo", "/path/to/file")
[INFO] [stdout]  right: ("foo", "path/to/file")
[INFO] [stdout] stack backtrace:
[INFO] [stdout]    0:     0x556fb95d3916 - std::backtrace_rs::backtrace::libunwind::trace::h261606ad26a499c1
[INFO] [stdout]                                at /rustc/0e09125c6c3c2fd70d7de961bcf0e51575235fad/library/std/src/../../backtrace/src/backtrace/libunwind.rs:104:5
[INFO] [stdout]    1:     0x556fb95d3916 - std::backtrace_rs::backtrace::trace_unsynchronized::hd183f0625477fb28
[INFO] [stdout]                                at /rustc/0e09125c6c3c2fd70d7de961bcf0e51575235fad/library/std/src/../../backtrace/src/backtrace/mod.rs:66:5
[INFO] [stdout]    2:     0x556fb95d3916 - std::sys_common::backtrace::_print_fmt::hd7f8fef21b4eda67
[INFO] [stdout]                                at /rustc/0e09125c6c3c2fd70d7de961bcf0e51575235fad/library/std/src/sys_common/backtrace.rs:68:5
[INFO] [stdout]    3:     0x556fb95d3916 - <std::sys_common::backtrace::_print::DisplayBacktrace as core::fmt::Display>::fmt::h623d9b51f2f453f1
[INFO] [stdout]                                at /rustc/0e09125c6c3c2fd70d7de961bcf0e51575235fad/library/std/src/sys_common/backtrace.rs:44:22
[INFO] [stdout]    4:     0x556fb95fce20 - core::fmt::rt::Argument::fmt::h9f417ac76a86f368
[INFO] [stdout]                                at /rustc/0e09125c6c3c2fd70d7de961bcf0e51575235fad/library/core/src/fmt/rt.rs:142:9
[INFO] [stdout]    5:     0x556fb95fce20 - core::fmt::write::hc9b6faf4ac2aeff7
[INFO] [stdout]                                at /rustc/0e09125c6c3c2fd70d7de961bcf0e51575235fad/library/core/src/fmt/mod.rs:1120:17
[INFO] [stdout]    6:     0x556fb95d134f - std::io::Write::write_fmt::he04625a3a989fec3
[INFO] [stdout]                                at /rustc/0e09125c6c3c2fd70d7de961bcf0e51575235fad/library/std/src/io/mod.rs:1810:15
[INFO] [stdout]    7:     0x556fb95d36f4 - std::sys_common::backtrace::_print::hd5d66399c7df88a2
[INFO] [stdout]                                at /rustc/0e09125c6c3c2fd70d7de961bcf0e51575235fad/library/std/src/sys_common/backtrace.rs:47:5
[INFO] [stdout]    8:     0x556fb95d36f4 - std::sys_common::backtrace::print::he81ed2da642d37e5
[INFO] [stdout]                                at /rustc/0e09125c6c3c2fd70d7de961bcf0e51575235fad/library/std/src/sys_common/backtrace.rs:34:9
[INFO] [stdout]    9:     0x556fb95d5467 - std::panicking::default_hook::{{closure}}::h85773f4fa117163d
[INFO] [stdout]   10:     0x556fb95d514d - std::panicking::default_hook::h6a1694a91d09b278
[INFO] [stdout]                                at /rustc/0e09125c6c3c2fd70d7de961bcf0e51575235fad/library/std/src/panicking.rs:289:9
[INFO] [stdout]   11:     0x556fb95931d7 - <alloc::boxed::Box<F,A> as core::ops::function::Fn<Args>>::call::h616ac37fa3cd6c8f
[INFO] [stdout]                                at /rustc/0e09125c6c3c2fd70d7de961bcf0e51575235fad/library/alloc/src/boxed.rs:2029:9
[INFO] [stdout]   12:     0x556fb95931d7 - test::test_main::{{closure}}::h00d84697cefdcbb6
[INFO] [stdout]                                at /rustc/0e09125c6c3c2fd70d7de961bcf0e51575235fad/library/test/src/lib.rs:138:21
[INFO] [stdout]   13:     0x556fb95d5a86 - <alloc::boxed::Box<F,A> as core::ops::function::Fn<Args>>::call::hcb3fe3b9bb537ba8
[INFO] [stdout]                                at /rustc/0e09125c6c3c2fd70d7de961bcf0e51575235fad/library/alloc/src/boxed.rs:2029:9
[INFO] [stdout]   14:     0x556fb95d5a86 - std::panicking::rust_panic_with_hook::h0a7ad96e90f7145b
[INFO] [stdout]                                at /rustc/0e09125c6c3c2fd70d7de961bcf0e51575235fad/library/std/src/panicking.rs:783:13
[INFO] [stdout]   15:     0x556fb95d57d2 - std::panicking::begin_panic_handler::{{closure}}::h7919090525c6485e
[INFO] [stdout]                                at /rustc/0e09125c6c3c2fd70d7de961bcf0e51575235fad/library/std/src/panicking.rs:657:13
[INFO] [stdout]   16:     0x556fb95d3e16 - std::sys_common::backtrace::__rust_end_short_backtrace::hf3289479464f7dfe
[INFO] [stdout]                                at /rustc/0e09125c6c3c2fd70d7de961bcf0e51575235fad/library/std/src/sys_common/backtrace.rs:171:18
[INFO] [stdout]   17:     0x556fb95d5530 - rust_begin_unwind
[INFO] [stdout]                                at /rustc/0e09125c6c3c2fd70d7de961bcf0e51575235fad/library/std/src/panicking.rs:645:5
[INFO] [stdout]   18:     0x556fb9552cd5 - core::panicking::panic_fmt::hcc9f77c5c132af55
[INFO] [stdout]                                at /rustc/0e09125c6c3c2fd70d7de961bcf0e51575235fad/library/core/src/panicking.rs:72:14
[INFO] [stdout]   19:     0x556fb955310b - core::panicking::assert_failed_inner::h9f13e27dd63c3a08
[INFO] [stdout]                                at /rustc/0e09125c6c3c2fd70d7de961bcf0e51575235fad/library/core/src/panicking.rs:342:17
[INFO] [stdout]   20:     0x556fb955601e - core::panicking::assert_failed::h74ac0a603b3a97ee
[INFO] [stdout]                                at /rustc/0e09125c6c3c2fd70d7de961bcf0e51575235fad/library/core/src/panicking.rs:297:5
[INFO] [stdout]   21:     0x556fb955a393 - simpler::http_middleware::tests::extract_from_path::h336c1a7a78402ab3
[INFO] [stdout]                                at /opt/rustwide/workdir/src/http_middleware.rs:305:9
[INFO] [stdout]   22:     0x556fb955a197 - simpler::http_middleware::tests::extract_from_path::{{closure}}::h22264fa55d539fed
[INFO] [stdout]                                at /opt/rustwide/workdir/src/http_middleware.rs:304:27
[INFO] [stdout]   23:     0x556fb95550d6 - core::ops::function::FnOnce::call_once::h4dd6d70600d4e76c
[INFO] [stdout]                                at /rustc/0e09125c6c3c2fd70d7de961bcf0e51575235fad/library/core/src/ops/function.rs:250:5
[INFO] [stdout]   24:     0x556fb9598aaf - core::ops::function::FnOnce::call_once::hd64d26f405258157
[INFO] [stdout]                                at /rustc/0e09125c6c3c2fd70d7de961bcf0e51575235fad/library/core/src/ops/function.rs:250:5
[INFO] [stdout]   25:     0x556fb9598aaf - test::__rust_begin_short_backtrace::he21b0b7a6d731bf9
[INFO] [stdout]                                at /rustc/0e09125c6c3c2fd70d7de961bcf0e51575235fad/library/test/src/lib.rs:627:18
[INFO] [stdout]   26:     0x556fb9597831 - test::run_test_in_process::{{closure}}::hf5c73986d7bdfde2
[INFO] [stdout]                                at /rustc/0e09125c6c3c2fd70d7de961bcf0e51575235fad/library/test/src/lib.rs:650:60
[INFO] [stdout]   27:     0x556fb9597831 - <core::panic::unwind_safe::AssertUnwindSafe<F> as core::ops::function::FnOnce<()>>::call_once::h330011ad032aadc0
[INFO] [stdout]                                at /rustc/0e09125c6c3c2fd70d7de961bcf0e51575235fad/library/core/src/panic/unwind_safe.rs:272:9
[INFO] [stdout]   28:     0x556fb9597831 - std::panicking::try::do_call::he61b0a958b795a41
[INFO] [stdout]                                at /rustc/0e09125c6c3c2fd70d7de961bcf0e51575235fad/library/std/src/panicking.rs:552:40
[INFO] [stdout]   29:     0x556fb9597831 - std::panicking::try::h7309da130f906eb7
[INFO] [stdout]                                at /rustc/0e09125c6c3c2fd70d7de961bcf0e51575235fad/library/std/src/panicking.rs:516:19
[INFO] [stdout]   30:     0x556fb9597831 - std::panic::catch_unwind::hc5c3a06fdaf0a92a
[INFO] [stdout]                                at /rustc/0e09125c6c3c2fd70d7de961bcf0e51575235fad/library/std/src/panic.rs:142:14
[INFO] [stdout]   31:     0x556fb9597831 - test::run_test_in_process::h7e7b7c71c3324e0f
[INFO] [stdout]                                at /rustc/0e09125c6c3c2fd70d7de961bcf0e51575235fad/library/test/src/lib.rs:650:27
[INFO] [stdout]   32:     0x556fb9597831 - test::run_test::{{closure}}::h1f509f28f5cf20b1
[INFO] [stdout]                                at /rustc/0e09125c6c3c2fd70d7de961bcf0e51575235fad/library/test/src/lib.rs:573:43
[INFO] [stdout]   33:     0x556fb955eb66 - test::run_test::{{closure}}::h1754218abf443f6d
[INFO] [stdout]                                at /rustc/0e09125c6c3c2fd70d7de961bcf0e51575235fad/library/test/src/lib.rs:601:41
[INFO] [stdout]   34:     0x556fb955eb66 - std::sys_common::backtrace::__rust_begin_short_backtrace::h2ee174b9d5954948
[INFO] [stdout]                                at /rustc/0e09125c6c3c2fd70d7de961bcf0e51575235fad/library/std/src/sys_common/backtrace.rs:155:18
[INFO] [stdout]   35:     0x556fb9563bc7 - std::thread::Builder::spawn_unchecked_::{{closure}}::{{closure}}::hf60bee9c1a17ef09
[INFO] [stdout]                                at /rustc/0e09125c6c3c2fd70d7de961bcf0e51575235fad/library/std/src/thread/mod.rs:529:17
[INFO] [stdout]   36:     0x556fb9563bc7 - <core::panic::unwind_safe::AssertUnwindSafe<F> as core::ops::function::FnOnce<()>>::call_once::h33d0dddec5216160
[INFO] [stdout]                                at /rustc/0e09125c6c3c2fd70d7de961bcf0e51575235fad/library/core/src/panic/unwind_safe.rs:272:9
[INFO] [stdout]   37:     0x556fb9563bc7 - std::panicking::try::do_call::h144b3048b546f835
[INFO] [stdout]                                at /rustc/0e09125c6c3c2fd70d7de961bcf0e51575235fad/library/std/src/panicking.rs:552:40
[INFO] [stdout]   38:     0x556fb9563bc7 - std::panicking::try::h978244d04646189f
[INFO] [stdout]                                at /rustc/0e09125c6c3c2fd70d7de961bcf0e51575235fad/library/std/src/panicking.rs:516:19
[INFO] [stdout]   39:     0x556fb9563bc7 - std::panic::catch_unwind::hdf436369d188fe86
[INFO] [stdout]                                at /rustc/0e09125c6c3c2fd70d7de961bcf0e51575235fad/library/std/src/panic.rs:142:14
[INFO] [stdout]   40:     0x556fb9563bc7 - std::thread::Builder::spawn_unchecked_::{{closure}}::h87329cbdd33c79ec
[INFO] [stdout]                                at /rustc/0e09125c6c3c2fd70d7de961bcf0e51575235fad/library/std/src/thread/mod.rs:528:30
[INFO] [stdout]   41:     0x556fb9563bc7 - core::ops::function::FnOnce::call_once{{vtable.shim}}::h401abbe67897d450
[INFO] [stdout]                                at /rustc/0e09125c6c3c2fd70d7de961bcf0e51575235fad/library/core/src/ops/function.rs:250:5
[INFO] [stdout]   42:     0x556fb95da545 - <alloc::boxed::Box<F,A> as core::ops::function::FnOnce<Args>>::call_once::h5d7c8f150ab9c84c
[INFO] [stdout]                                at /rustc/0e09125c6c3c2fd70d7de961bcf0e51575235fad/library/alloc/src/boxed.rs:2015:9
[INFO] [stdout]   43:     0x556fb95da545 - <alloc::boxed::Box<F,A> as core::ops::function::FnOnce<Args>>::call_once::h570d5b005c242c15
[INFO] [stdout]                                at /rustc/0e09125c6c3c2fd70d7de961bcf0e51575235fad/library/alloc/src/boxed.rs:2015:9
[INFO] [stdout]   44:     0x556fb95da545 - std::sys::unix::thread::Thread::new::thread_start::h36b0a20c0b2361ad
[INFO] [stdout]                                at /rustc/0e09125c6c3c2fd70d7de961bcf0e51575235fad/library/std/src/sys/unix/thread.rs:108:17
[INFO] [stdout]   45:     0x7f3c542e2ac3 - <unknown>
[INFO] [stdout]   46:     0x7f3c54373bf4 - __clone
[INFO] [stdout]   47:                0x0 - <unknown>
[INFO] [stdout] 
[INFO] [stdout] 
[INFO] [stdout] failures:
[INFO] [stdout]     http_middleware::tests::extract_from_path
[INFO] [stdout] 
[INFO] [stdout] test result: FAILED. 2 passed; 1 failed; 0 ignored; 0 measured; 0 filtered out; finished in 0.05s
[INFO] [stdout] 
[INFO] [stderr] error: test failed, to rerun pass `--bin simpler`
[INFO] running `Command { std: "docker" "inspect" "36f75d4d82e266aa9e507c38ca69589e28ae9a45b90ff9075909a11b24169ebc", kill_on_drop: false }`
[INFO] running `Command { std: "docker" "rm" "-f" "36f75d4d82e266aa9e507c38ca69589e28ae9a45b90ff9075909a11b24169ebc", kill_on_drop: false }`
[INFO] [stdout] 36f75d4d82e266aa9e507c38ca69589e28ae9a45b90ff9075909a11b24169ebc
