[INFO] fetching crate simple_tables-derive 0.3.0...
[INFO] testing simple_tables-derive-0.3.0 against 1.75.0 for beta-1.76-1
[INFO] extracting crate simple_tables-derive 0.3.0 into /workspace/builds/worker-0-tc1/source
[INFO] validating manifest of crates.io crate simple_tables-derive 0.3.0 on toolchain 1.75.0
[INFO] running `Command { std: CARGO_HOME="/workspace/cargo-home" RUSTUP_HOME="/workspace/rustup-home" "/workspace/cargo-home/bin/cargo" "+1.75.0" "metadata" "--manifest-path" "Cargo.toml" "--no-deps", kill_on_drop: false }`
[INFO] started tweaking crates.io crate simple_tables-derive 0.3.0
[INFO] finished tweaking crates.io crate simple_tables-derive 0.3.0
[INFO] tweaked toml for crates.io crate simple_tables-derive 0.3.0 written to /workspace/builds/worker-0-tc1/source/Cargo.toml
[INFO] running `Command { std: CARGO_HOME="/workspace/cargo-home" RUSTUP_HOME="/workspace/rustup-home" "/workspace/cargo-home/bin/cargo" "+1.75.0" "generate-lockfile" "--manifest-path" "Cargo.toml", kill_on_drop: false }`
[INFO] [stderr]     Blocking waiting for file lock on package cache
[INFO] [stderr]     Updating crates.io index
[INFO] running `Command { std: CARGO_HOME="/workspace/cargo-home" RUSTUP_HOME="/workspace/rustup-home" "/workspace/cargo-home/bin/cargo" "+1.75.0" "fetch" "--manifest-path" "Cargo.toml", kill_on_drop: false }`
[INFO] running `Command { std: "docker" "create" "-v" "/var/lib/crater-agent-workspace/builds/worker-0-tc1/target:/opt/rustwide/target:rw,Z" "-v" "/var/lib/crater-agent-workspace/builds/worker-0-tc1/source:/opt/rustwide/workdir:ro,Z" "-v" "/var/lib/crater-agent-workspace/cargo-home:/opt/rustwide/cargo-home:ro,Z" "-v" "/var/lib/crater-agent-workspace/rustup-home:/opt/rustwide/rustup-home:ro,Z" "-e" "SOURCE_DIR=/opt/rustwide/workdir" "-e" "CARGO_TARGET_DIR=/opt/rustwide/target" "-e" "CARGO_HOME=/opt/rustwide/cargo-home" "-e" "RUSTUP_HOME=/opt/rustwide/rustup-home" "-w" "/opt/rustwide/workdir" "-m" "1610612736" "--user" "0:0" "--network" "none" "ghcr.io/rust-lang/crates-build-env/linux@sha256:2788e3201cd34a07e3172128adcd8b3090168a8e3bcc40d7c032b9dda1df7d1c" "/opt/rustwide/cargo-home/bin/cargo" "+1.75.0" "metadata" "--no-deps" "--format-version=1", kill_on_drop: false }`
[INFO] [stdout] 6889f082c76370c0beebd60e44e2d590e37c78652acad1d6316692d516f97cea
[INFO] running `Command { std: "docker" "start" "-a" "6889f082c76370c0beebd60e44e2d590e37c78652acad1d6316692d516f97cea", kill_on_drop: false }`
[INFO] running `Command { std: "docker" "inspect" "6889f082c76370c0beebd60e44e2d590e37c78652acad1d6316692d516f97cea", kill_on_drop: false }`
[INFO] running `Command { std: "docker" "rm" "-f" "6889f082c76370c0beebd60e44e2d590e37c78652acad1d6316692d516f97cea", kill_on_drop: false }`
[INFO] [stdout] 6889f082c76370c0beebd60e44e2d590e37c78652acad1d6316692d516f97cea
[INFO] running `Command { std: "docker" "create" "-v" "/var/lib/crater-agent-workspace/builds/worker-0-tc1/target:/opt/rustwide/target:rw,Z" "-v" "/var/lib/crater-agent-workspace/builds/worker-0-tc1/source:/opt/rustwide/workdir:ro,Z" "-v" "/var/lib/crater-agent-workspace/cargo-home:/opt/rustwide/cargo-home:ro,Z" "-v" "/var/lib/crater-agent-workspace/rustup-home:/opt/rustwide/rustup-home:ro,Z" "-e" "SOURCE_DIR=/opt/rustwide/workdir" "-e" "CARGO_TARGET_DIR=/opt/rustwide/target" "-e" "CARGO_INCREMENTAL=0" "-e" "RUST_BACKTRACE=full" "-e" "RUSTFLAGS=--cap-lints=warn" "-e" "RUSTDOCFLAGS=--cap-lints=warn" "-e" "CARGO_HOME=/opt/rustwide/cargo-home" "-e" "RUSTUP_HOME=/opt/rustwide/rustup-home" "-w" "/opt/rustwide/workdir" "-m" "1610612736" "--user" "0:0" "--network" "none" "ghcr.io/rust-lang/crates-build-env/linux@sha256:2788e3201cd34a07e3172128adcd8b3090168a8e3bcc40d7c032b9dda1df7d1c" "/opt/rustwide/cargo-home/bin/cargo" "+1.75.0" "build" "--frozen" "--message-format=json", kill_on_drop: false }`
[INFO] [stdout] 5c93da4d2cbc80da874dbb0fdbbab2e7b3d86527fb65475d2d97fa1448c00fe9
[INFO] running `Command { std: "docker" "start" "-a" "5c93da4d2cbc80da874dbb0fdbbab2e7b3d86527fb65475d2d97fa1448c00fe9", kill_on_drop: false }`
[INFO] [stderr]    Compiling syn v1.0.109
[INFO] [stderr]    Compiling simple_tables-core v0.3.0
[INFO] [stderr]    Compiling simple_tables-derive v0.3.0 (/opt/rustwide/workdir)
[INFO] [stderr]     Finished dev [unoptimized + debuginfo] target(s) in 2.57s
[INFO] running `Command { std: "docker" "inspect" "5c93da4d2cbc80da874dbb0fdbbab2e7b3d86527fb65475d2d97fa1448c00fe9", kill_on_drop: false }`
[INFO] running `Command { std: "docker" "rm" "-f" "5c93da4d2cbc80da874dbb0fdbbab2e7b3d86527fb65475d2d97fa1448c00fe9", kill_on_drop: false }`
[INFO] [stdout] 5c93da4d2cbc80da874dbb0fdbbab2e7b3d86527fb65475d2d97fa1448c00fe9
[INFO] running `Command { std: "docker" "create" "-v" "/var/lib/crater-agent-workspace/builds/worker-0-tc1/target:/opt/rustwide/target:rw,Z" "-v" "/var/lib/crater-agent-workspace/builds/worker-0-tc1/source:/opt/rustwide/workdir:ro,Z" "-v" "/var/lib/crater-agent-workspace/cargo-home:/opt/rustwide/cargo-home:ro,Z" "-v" "/var/lib/crater-agent-workspace/rustup-home:/opt/rustwide/rustup-home:ro,Z" "-e" "SOURCE_DIR=/opt/rustwide/workdir" "-e" "CARGO_TARGET_DIR=/opt/rustwide/target" "-e" "CARGO_INCREMENTAL=0" "-e" "RUST_BACKTRACE=full" "-e" "RUSTFLAGS=--cap-lints=warn" "-e" "RUSTDOCFLAGS=--cap-lints=warn" "-e" "CARGO_HOME=/opt/rustwide/cargo-home" "-e" "RUSTUP_HOME=/opt/rustwide/rustup-home" "-w" "/opt/rustwide/workdir" "-m" "1610612736" "--user" "0:0" "--network" "none" "ghcr.io/rust-lang/crates-build-env/linux@sha256:2788e3201cd34a07e3172128adcd8b3090168a8e3bcc40d7c032b9dda1df7d1c" "/opt/rustwide/cargo-home/bin/cargo" "+1.75.0" "test" "--frozen" "--no-run" "--message-format=json", kill_on_drop: false }`
[INFO] [stdout] a7ec064c09c7576f086effdfba42bc7e141d77e397a29cf8c27b8b73be5137e0
[INFO] running `Command { std: "docker" "start" "-a" "a7ec064c09c7576f086effdfba42bc7e141d77e397a29cf8c27b8b73be5137e0", kill_on_drop: false }`
[INFO] [stderr]    Compiling simple_tables-derive v0.3.0 (/opt/rustwide/workdir)
[INFO] [stderr]     Finished test [unoptimized + debuginfo] target(s) in 0.57s
[INFO] running `Command { std: "docker" "inspect" "a7ec064c09c7576f086effdfba42bc7e141d77e397a29cf8c27b8b73be5137e0", kill_on_drop: false }`
[INFO] running `Command { std: "docker" "rm" "-f" "a7ec064c09c7576f086effdfba42bc7e141d77e397a29cf8c27b8b73be5137e0", kill_on_drop: false }`
[INFO] [stdout] a7ec064c09c7576f086effdfba42bc7e141d77e397a29cf8c27b8b73be5137e0
[INFO] running `Command { std: "docker" "create" "-v" "/var/lib/crater-agent-workspace/builds/worker-0-tc1/target:/opt/rustwide/target:rw,Z" "-v" "/var/lib/crater-agent-workspace/builds/worker-0-tc1/source:/opt/rustwide/workdir:ro,Z" "-v" "/var/lib/crater-agent-workspace/cargo-home:/opt/rustwide/cargo-home:ro,Z" "-v" "/var/lib/crater-agent-workspace/rustup-home:/opt/rustwide/rustup-home:ro,Z" "-e" "SOURCE_DIR=/opt/rustwide/workdir" "-e" "CARGO_TARGET_DIR=/opt/rustwide/target" "-e" "CARGO_INCREMENTAL=0" "-e" "RUST_BACKTRACE=full" "-e" "RUSTFLAGS=--cap-lints=warn" "-e" "RUSTDOCFLAGS=--cap-lints=warn" "-e" "CARGO_HOME=/opt/rustwide/cargo-home" "-e" "RUSTUP_HOME=/opt/rustwide/rustup-home" "-w" "/opt/rustwide/workdir" "-m" "1610612736" "--user" "0:0" "--network" "none" "ghcr.io/rust-lang/crates-build-env/linux@sha256:2788e3201cd34a07e3172128adcd8b3090168a8e3bcc40d7c032b9dda1df7d1c" "/opt/rustwide/cargo-home/bin/cargo" "+1.75.0" "test" "--frozen", kill_on_drop: false }`
[INFO] [stdout] d5f287fd550c97391071e952e5449a9328b155715740311f0d70be84d2fe50d4
[INFO] running `Command { std: "docker" "start" "-a" "d5f287fd550c97391071e952e5449a9328b155715740311f0d70be84d2fe50d4", kill_on_drop: false }`
[INFO] [stderr]     Finished test [unoptimized + debuginfo] target(s) in 0.01s
[INFO] [stderr]      Running unittests src/lib.rs (/opt/rustwide/target/debug/deps/simple_tables_derive-6e9d5dca0b192d2d)
[INFO] [stdout] 
[INFO] [stdout] running 0 tests
[INFO] [stdout] 
[INFO] [stdout] test result: ok. 0 passed; 0 failed; 0 ignored; 0 measured; 0 filtered out; finished in 0.00s
[INFO] [stdout] 
[INFO] [stderr]    Doc-tests simple_tables-derive
[INFO] [stdout] 
[INFO] [stdout] running 1 test
[INFO] [stdout] test src/lib.rs - table (line 102) ... FAILED
[INFO] [stdout] 
[INFO] [stdout] failures:
[INFO] [stdout] 
[INFO] [stdout] ---- src/lib.rs - table (line 102) stdout ----
[INFO] [stdout] error: cannot find attribute `table` in this scope
[INFO] [stdout]   --> src/lib.rs:110:3
[INFO] [stdout]    |
[INFO] [stdout] 10 | #[table(rows = TableRow)]
[INFO] [stdout]    |   ^^^^^
[INFO] [stdout]    |
[INFO] [stdout] help: a built-in attribute with a similar name exists
[INFO] [stdout]    |
[INFO] [stdout] 10 | #[stable(rows = TableRow)]
[INFO] [stdout]    |   ~~~~~~
[INFO] [stdout] help: consider importing this attribute macro
[INFO] [stdout]    |
[INFO] [stdout] 2  + use simple_tables_derive::table;
[INFO] [stdout]    |
[INFO] [stdout] 
[INFO] [stdout] error: cannot find attribute `table_row` in this scope
[INFO] [stdout]  --> src/lib.rs:103:3
[INFO] [stdout]   |
[INFO] [stdout] 3 | #[table_row]
[INFO] [stdout]   |   ^^^^^^^^^
[INFO] [stdout]   |
[INFO] [stdout] help: consider importing this attribute macro
[INFO] [stdout]   |
[INFO] [stdout] 2 + use simple_tables_derive::table_row;
[INFO] [stdout]   |
[INFO] [stdout] 
[INFO] [stdout] error: aborting due to 2 previous errors
[INFO] [stdout] 
[INFO] [stdout] Couldn't compile the test.
[INFO] [stdout] 
[INFO] [stdout] failures:
[INFO] [stdout]     src/lib.rs - table (line 102)
[INFO] [stdout] 
[INFO] [stdout] test result: FAILED. 0 passed; 1 failed; 0 ignored; 0 measured; 0 filtered out; finished in 0.05s
[INFO] [stdout] 
[INFO] [stderr] error: doctest failed, to rerun pass `--doc`
[INFO] running `Command { std: "docker" "inspect" "d5f287fd550c97391071e952e5449a9328b155715740311f0d70be84d2fe50d4", kill_on_drop: false }`
[INFO] running `Command { std: "docker" "rm" "-f" "d5f287fd550c97391071e952e5449a9328b155715740311f0d70be84d2fe50d4", kill_on_drop: false }`
[INFO] [stdout] d5f287fd550c97391071e952e5449a9328b155715740311f0d70be84d2fe50d4
[INFO] testing simple_tables-derive-0.3.0 against beta-2023-12-22 for beta-1.76-1
[INFO] extracting crate simple_tables-derive 0.3.0 into /workspace/builds/worker-0-tc2/source
[INFO] validating manifest of crates.io crate simple_tables-derive 0.3.0 on toolchain beta-2023-12-22
[INFO] running `Command { std: CARGO_HOME="/workspace/cargo-home" RUSTUP_HOME="/workspace/rustup-home" "/workspace/cargo-home/bin/cargo" "+beta-2023-12-22" "metadata" "--manifest-path" "Cargo.toml" "--no-deps", kill_on_drop: false }`
[INFO] started tweaking crates.io crate simple_tables-derive 0.3.0
[INFO] finished tweaking crates.io crate simple_tables-derive 0.3.0
[INFO] tweaked toml for crates.io crate simple_tables-derive 0.3.0 written to /workspace/builds/worker-0-tc2/source/Cargo.toml
[INFO] running `Command { std: CARGO_HOME="/workspace/cargo-home" RUSTUP_HOME="/workspace/rustup-home" "/workspace/cargo-home/bin/cargo" "+beta-2023-12-22" "generate-lockfile" "--manifest-path" "Cargo.toml", kill_on_drop: false }`
[INFO] [stderr]     Updating crates.io index
[INFO] running `Command { std: CARGO_HOME="/workspace/cargo-home" RUSTUP_HOME="/workspace/rustup-home" "/workspace/cargo-home/bin/cargo" "+beta-2023-12-22" "fetch" "--manifest-path" "Cargo.toml", kill_on_drop: false }`
[INFO] running `Command { std: "docker" "create" "-v" "/var/lib/crater-agent-workspace/builds/worker-0-tc2/target:/opt/rustwide/target:rw,Z" "-v" "/var/lib/crater-agent-workspace/builds/worker-0-tc2/source:/opt/rustwide/workdir:ro,Z" "-v" "/var/lib/crater-agent-workspace/cargo-home:/opt/rustwide/cargo-home:ro,Z" "-v" "/var/lib/crater-agent-workspace/rustup-home:/opt/rustwide/rustup-home:ro,Z" "-e" "SOURCE_DIR=/opt/rustwide/workdir" "-e" "CARGO_TARGET_DIR=/opt/rustwide/target" "-e" "CARGO_HOME=/opt/rustwide/cargo-home" "-e" "RUSTUP_HOME=/opt/rustwide/rustup-home" "-w" "/opt/rustwide/workdir" "-m" "1610612736" "--user" "0:0" "--network" "none" "ghcr.io/rust-lang/crates-build-env/linux@sha256:2788e3201cd34a07e3172128adcd8b3090168a8e3bcc40d7c032b9dda1df7d1c" "/opt/rustwide/cargo-home/bin/cargo" "+beta-2023-12-22" "metadata" "--no-deps" "--format-version=1", kill_on_drop: false }`
[INFO] [stdout] 313d963aa44606c46f30374ff0ea2e69d4021e7e4a03c7784acd31d8cff4cb0c
[INFO] running `Command { std: "docker" "start" "-a" "313d963aa44606c46f30374ff0ea2e69d4021e7e4a03c7784acd31d8cff4cb0c", kill_on_drop: false }`
[INFO] running `Command { std: "docker" "inspect" "313d963aa44606c46f30374ff0ea2e69d4021e7e4a03c7784acd31d8cff4cb0c", kill_on_drop: false }`
[INFO] running `Command { std: "docker" "rm" "-f" "313d963aa44606c46f30374ff0ea2e69d4021e7e4a03c7784acd31d8cff4cb0c", kill_on_drop: false }`
[INFO] [stdout] 313d963aa44606c46f30374ff0ea2e69d4021e7e4a03c7784acd31d8cff4cb0c
[INFO] running `Command { std: "docker" "create" "-v" "/var/lib/crater-agent-workspace/builds/worker-0-tc2/target:/opt/rustwide/target:rw,Z" "-v" "/var/lib/crater-agent-workspace/builds/worker-0-tc2/source:/opt/rustwide/workdir:ro,Z" "-v" "/var/lib/crater-agent-workspace/cargo-home:/opt/rustwide/cargo-home:ro,Z" "-v" "/var/lib/crater-agent-workspace/rustup-home:/opt/rustwide/rustup-home:ro,Z" "-e" "SOURCE_DIR=/opt/rustwide/workdir" "-e" "CARGO_TARGET_DIR=/opt/rustwide/target" "-e" "CARGO_INCREMENTAL=0" "-e" "RUST_BACKTRACE=full" "-e" "RUSTFLAGS=--cap-lints=warn" "-e" "RUSTDOCFLAGS=--cap-lints=warn" "-e" "CARGO_HOME=/opt/rustwide/cargo-home" "-e" "RUSTUP_HOME=/opt/rustwide/rustup-home" "-w" "/opt/rustwide/workdir" "-m" "1610612736" "--user" "0:0" "--network" "none" "ghcr.io/rust-lang/crates-build-env/linux@sha256:2788e3201cd34a07e3172128adcd8b3090168a8e3bcc40d7c032b9dda1df7d1c" "/opt/rustwide/cargo-home/bin/cargo" "+beta-2023-12-22" "build" "--frozen" "--message-format=json", kill_on_drop: false }`
[INFO] [stdout] 5e0c64076baada0e023c33f2175fd61dadef06312a3b5de827fae879365c5cd0
[INFO] running `Command { std: "docker" "start" "-a" "5e0c64076baada0e023c33f2175fd61dadef06312a3b5de827fae879365c5cd0", kill_on_drop: false }`
[INFO] [stderr]    Compiling syn v1.0.109
[INFO] [stderr]    Compiling simple_tables-core v0.3.0
[INFO] [stderr]    Compiling simple_tables-derive v0.3.0 (/opt/rustwide/workdir)
[INFO] [stderr]     Finished dev [unoptimized + debuginfo] target(s) in 2.57s
[INFO] running `Command { std: "docker" "inspect" "5e0c64076baada0e023c33f2175fd61dadef06312a3b5de827fae879365c5cd0", kill_on_drop: false }`
[INFO] running `Command { std: "docker" "rm" "-f" "5e0c64076baada0e023c33f2175fd61dadef06312a3b5de827fae879365c5cd0", kill_on_drop: false }`
[INFO] [stdout] 5e0c64076baada0e023c33f2175fd61dadef06312a3b5de827fae879365c5cd0
[INFO] running `Command { std: "docker" "create" "-v" "/var/lib/crater-agent-workspace/builds/worker-0-tc2/target:/opt/rustwide/target:rw,Z" "-v" "/var/lib/crater-agent-workspace/builds/worker-0-tc2/source:/opt/rustwide/workdir:ro,Z" "-v" "/var/lib/crater-agent-workspace/cargo-home:/opt/rustwide/cargo-home:ro,Z" "-v" "/var/lib/crater-agent-workspace/rustup-home:/opt/rustwide/rustup-home:ro,Z" "-e" "SOURCE_DIR=/opt/rustwide/workdir" "-e" "CARGO_TARGET_DIR=/opt/rustwide/target" "-e" "CARGO_INCREMENTAL=0" "-e" "RUST_BACKTRACE=full" "-e" "RUSTFLAGS=--cap-lints=warn" "-e" "RUSTDOCFLAGS=--cap-lints=warn" "-e" "CARGO_HOME=/opt/rustwide/cargo-home" "-e" "RUSTUP_HOME=/opt/rustwide/rustup-home" "-w" "/opt/rustwide/workdir" "-m" "1610612736" "--user" "0:0" "--network" "none" "ghcr.io/rust-lang/crates-build-env/linux@sha256:2788e3201cd34a07e3172128adcd8b3090168a8e3bcc40d7c032b9dda1df7d1c" "/opt/rustwide/cargo-home/bin/cargo" "+beta-2023-12-22" "test" "--frozen" "--no-run" "--message-format=json", kill_on_drop: false }`
[INFO] [stdout] 5efb4733fbdaa952c80e087eeecf01eba689c8e31934d87c111ba63849d02562
[INFO] running `Command { std: "docker" "start" "-a" "5efb4733fbdaa952c80e087eeecf01eba689c8e31934d87c111ba63849d02562", kill_on_drop: false }`
[INFO] [stderr]    Compiling simple_tables-derive v0.3.0 (/opt/rustwide/workdir)
[INFO] [stderr]     Finished test [unoptimized + debuginfo] target(s) in 0.54s
[INFO] running `Command { std: "docker" "inspect" "5efb4733fbdaa952c80e087eeecf01eba689c8e31934d87c111ba63849d02562", kill_on_drop: false }`
[INFO] running `Command { std: "docker" "rm" "-f" "5efb4733fbdaa952c80e087eeecf01eba689c8e31934d87c111ba63849d02562", kill_on_drop: false }`
[INFO] [stdout] 5efb4733fbdaa952c80e087eeecf01eba689c8e31934d87c111ba63849d02562
[INFO] running `Command { std: "docker" "create" "-v" "/var/lib/crater-agent-workspace/builds/worker-0-tc2/target:/opt/rustwide/target:rw,Z" "-v" "/var/lib/crater-agent-workspace/builds/worker-0-tc2/source:/opt/rustwide/workdir:ro,Z" "-v" "/var/lib/crater-agent-workspace/cargo-home:/opt/rustwide/cargo-home:ro,Z" "-v" "/var/lib/crater-agent-workspace/rustup-home:/opt/rustwide/rustup-home:ro,Z" "-e" "SOURCE_DIR=/opt/rustwide/workdir" "-e" "CARGO_TARGET_DIR=/opt/rustwide/target" "-e" "CARGO_INCREMENTAL=0" "-e" "RUST_BACKTRACE=full" "-e" "RUSTFLAGS=--cap-lints=warn" "-e" "RUSTDOCFLAGS=--cap-lints=warn" "-e" "CARGO_HOME=/opt/rustwide/cargo-home" "-e" "RUSTUP_HOME=/opt/rustwide/rustup-home" "-w" "/opt/rustwide/workdir" "-m" "1610612736" "--user" "0:0" "--network" "none" "ghcr.io/rust-lang/crates-build-env/linux@sha256:2788e3201cd34a07e3172128adcd8b3090168a8e3bcc40d7c032b9dda1df7d1c" "/opt/rustwide/cargo-home/bin/cargo" "+beta-2023-12-22" "test" "--frozen", kill_on_drop: false }`
[INFO] [stdout] bb320fe2cc13f1866fcd1367b75fe7051ac8bbf7fb5f5f01cd9f5dab734f5c1f
[INFO] running `Command { std: "docker" "start" "-a" "bb320fe2cc13f1866fcd1367b75fe7051ac8bbf7fb5f5f01cd9f5dab734f5c1f", kill_on_drop: false }`
[INFO] [stderr]     Finished test [unoptimized + debuginfo] target(s) in 0.00s
[INFO] [stderr]      Running unittests src/lib.rs (/opt/rustwide/target/debug/deps/simple_tables_derive-840c57287449ff30)
[INFO] [stdout] 
[INFO] [stdout] running 0 tests
[INFO] [stdout] 
[INFO] [stdout] test result: ok. 0 passed; 0 failed; 0 ignored; 0 measured; 0 filtered out; finished in 0.00s
[INFO] [stdout] 
[INFO] [stderr]    Doc-tests simple_tables-derive
[INFO] [stdout] 
[INFO] [stdout] running 1 test
[INFO] [stdout] test src/lib.rs - table (line 102) ... FAILED
[INFO] [stdout] 
[INFO] [stdout] failures:
[INFO] [stdout] 
[INFO] [stdout] ---- src/lib.rs - table (line 102) stdout ----
[INFO] [stdout] error: cannot find attribute `table` in this scope
[INFO] [stdout]   --> src/lib.rs:110:3
[INFO] [stdout]    |
[INFO] [stdout] 10 | #[table(rows = TableRow)]
[INFO] [stdout]    |   ^^^^^
[INFO] [stdout]    |
[INFO] [stdout] help: a built-in attribute with a similar name exists
[INFO] [stdout]    |
[INFO] [stdout] 10 | #[stable(rows = TableRow)]
[INFO] [stdout]    |   ~~~~~~
[INFO] [stdout] help: consider importing this attribute macro
[INFO] [stdout]    |
[INFO] [stdout] 2  + use simple_tables_derive::table;
[INFO] [stdout]    |
[INFO] [stdout] 
[INFO] [stdout] error: cannot find attribute `table_row` in this scope
[INFO] [stdout]  --> src/lib.rs:103:3
[INFO] [stdout]   |
[INFO] [stdout] 3 | #[table_row]
[INFO] [stdout]   |   ^^^^^^^^^
[INFO] [stdout]   |
[INFO] [stdout] help: consider importing this attribute macro
[INFO] [stdout]   |
[INFO] [stdout] 2 + use simple_tables_derive::table_row;
[INFO] [stdout]   |
[INFO] [stdout] 
[INFO] [stdout] error: aborting due to 2 previous errors
[INFO] [stdout] 
[INFO] [stdout] Couldn't compile the test.
[INFO] [stdout] 
[INFO] [stdout] failures:
[INFO] [stdout]     src/lib.rs - table (line 102)
[INFO] [stdout] 
[INFO] [stdout] test result: FAILED. 0 passed; 1 failed; 0 ignored; 0 measured; 0 filtered out; finished in 0.04s
[INFO] [stdout] 
[INFO] [stderr] error: doctest failed, to rerun pass `--doc`
[INFO] running `Command { std: "docker" "inspect" "bb320fe2cc13f1866fcd1367b75fe7051ac8bbf7fb5f5f01cd9f5dab734f5c1f", kill_on_drop: false }`
[INFO] running `Command { std: "docker" "rm" "-f" "bb320fe2cc13f1866fcd1367b75fe7051ac8bbf7fb5f5f01cd9f5dab734f5c1f", kill_on_drop: false }`
[INFO] [stdout] bb320fe2cc13f1866fcd1367b75fe7051ac8bbf7fb5f5f01cd9f5dab734f5c1f
