[INFO] fetching crate simple_tables-core 0.3.0...
[INFO] testing simple_tables-core-0.3.0 against 1.75.0 for beta-1.76-1
[INFO] extracting crate simple_tables-core 0.3.0 into /workspace/builds/worker-2-tc1/source
[INFO] validating manifest of crates.io crate simple_tables-core 0.3.0 on toolchain 1.75.0
[INFO] running `Command { std: CARGO_HOME="/workspace/cargo-home" RUSTUP_HOME="/workspace/rustup-home" "/workspace/cargo-home/bin/cargo" "+1.75.0" "metadata" "--manifest-path" "Cargo.toml" "--no-deps", kill_on_drop: false }`
[INFO] started tweaking crates.io crate simple_tables-core 0.3.0
[INFO] finished tweaking crates.io crate simple_tables-core 0.3.0
[INFO] tweaked toml for crates.io crate simple_tables-core 0.3.0 written to /workspace/builds/worker-2-tc1/source/Cargo.toml
[INFO] running `Command { std: CARGO_HOME="/workspace/cargo-home" RUSTUP_HOME="/workspace/rustup-home" "/workspace/cargo-home/bin/cargo" "+1.75.0" "generate-lockfile" "--manifest-path" "Cargo.toml", kill_on_drop: false }`
[INFO] running `Command { std: CARGO_HOME="/workspace/cargo-home" RUSTUP_HOME="/workspace/rustup-home" "/workspace/cargo-home/bin/cargo" "+1.75.0" "fetch" "--manifest-path" "Cargo.toml", kill_on_drop: false }`
[INFO] running `Command { std: "docker" "create" "-v" "/var/lib/crater-agent-workspace/builds/worker-2-tc1/target:/opt/rustwide/target:rw,Z" "-v" "/var/lib/crater-agent-workspace/builds/worker-2-tc1/source:/opt/rustwide/workdir:ro,Z" "-v" "/var/lib/crater-agent-workspace/cargo-home:/opt/rustwide/cargo-home:ro,Z" "-v" "/var/lib/crater-agent-workspace/rustup-home:/opt/rustwide/rustup-home:ro,Z" "-e" "SOURCE_DIR=/opt/rustwide/workdir" "-e" "CARGO_TARGET_DIR=/opt/rustwide/target" "-e" "CARGO_HOME=/opt/rustwide/cargo-home" "-e" "RUSTUP_HOME=/opt/rustwide/rustup-home" "-w" "/opt/rustwide/workdir" "-m" "1610612736" "--user" "0:0" "--network" "none" "ghcr.io/rust-lang/crates-build-env/linux@sha256:2788e3201cd34a07e3172128adcd8b3090168a8e3bcc40d7c032b9dda1df7d1c" "/opt/rustwide/cargo-home/bin/cargo" "+1.75.0" "metadata" "--no-deps" "--format-version=1", kill_on_drop: false }`
[INFO] [stdout] 02765d34caf802bf46a81330dd6c0bcba5a412b9de50a6e4625b6b6403159bc1
[INFO] running `Command { std: "docker" "start" "-a" "02765d34caf802bf46a81330dd6c0bcba5a412b9de50a6e4625b6b6403159bc1", kill_on_drop: false }`
[INFO] running `Command { std: "docker" "inspect" "02765d34caf802bf46a81330dd6c0bcba5a412b9de50a6e4625b6b6403159bc1", kill_on_drop: false }`
[INFO] running `Command { std: "docker" "rm" "-f" "02765d34caf802bf46a81330dd6c0bcba5a412b9de50a6e4625b6b6403159bc1", kill_on_drop: false }`
[INFO] [stdout] 02765d34caf802bf46a81330dd6c0bcba5a412b9de50a6e4625b6b6403159bc1
[INFO] running `Command { std: "docker" "create" "-v" "/var/lib/crater-agent-workspace/builds/worker-2-tc1/target:/opt/rustwide/target:rw,Z" "-v" "/var/lib/crater-agent-workspace/builds/worker-2-tc1/source:/opt/rustwide/workdir:ro,Z" "-v" "/var/lib/crater-agent-workspace/cargo-home:/opt/rustwide/cargo-home:ro,Z" "-v" "/var/lib/crater-agent-workspace/rustup-home:/opt/rustwide/rustup-home:ro,Z" "-e" "SOURCE_DIR=/opt/rustwide/workdir" "-e" "CARGO_TARGET_DIR=/opt/rustwide/target" "-e" "CARGO_INCREMENTAL=0" "-e" "RUST_BACKTRACE=full" "-e" "RUSTFLAGS=--cap-lints=warn" "-e" "RUSTDOCFLAGS=--cap-lints=warn" "-e" "CARGO_HOME=/opt/rustwide/cargo-home" "-e" "RUSTUP_HOME=/opt/rustwide/rustup-home" "-w" "/opt/rustwide/workdir" "-m" "1610612736" "--user" "0:0" "--network" "none" "ghcr.io/rust-lang/crates-build-env/linux@sha256:2788e3201cd34a07e3172128adcd8b3090168a8e3bcc40d7c032b9dda1df7d1c" "/opt/rustwide/cargo-home/bin/cargo" "+1.75.0" "build" "--frozen" "--message-format=json", kill_on_drop: false }`
[INFO] [stdout] 7fbbdbbd819738e0462d8ab314b4efcd09b4ce0f783b1d4f54650adf67986de8
[INFO] running `Command { std: "docker" "start" "-a" "7fbbdbbd819738e0462d8ab314b4efcd09b4ce0f783b1d4f54650adf67986de8", kill_on_drop: false }`
[INFO] [stderr]    Compiling simple_tables-core v0.3.0 (/opt/rustwide/workdir)
[INFO] [stderr]     Finished dev [unoptimized + debuginfo] target(s) in 0.05s
[INFO] running `Command { std: "docker" "inspect" "7fbbdbbd819738e0462d8ab314b4efcd09b4ce0f783b1d4f54650adf67986de8", kill_on_drop: false }`
[INFO] running `Command { std: "docker" "rm" "-f" "7fbbdbbd819738e0462d8ab314b4efcd09b4ce0f783b1d4f54650adf67986de8", kill_on_drop: false }`
[INFO] [stdout] 7fbbdbbd819738e0462d8ab314b4efcd09b4ce0f783b1d4f54650adf67986de8
[INFO] running `Command { std: "docker" "create" "-v" "/var/lib/crater-agent-workspace/builds/worker-2-tc1/target:/opt/rustwide/target:rw,Z" "-v" "/var/lib/crater-agent-workspace/builds/worker-2-tc1/source:/opt/rustwide/workdir:ro,Z" "-v" "/var/lib/crater-agent-workspace/cargo-home:/opt/rustwide/cargo-home:ro,Z" "-v" "/var/lib/crater-agent-workspace/rustup-home:/opt/rustwide/rustup-home:ro,Z" "-e" "SOURCE_DIR=/opt/rustwide/workdir" "-e" "CARGO_TARGET_DIR=/opt/rustwide/target" "-e" "CARGO_INCREMENTAL=0" "-e" "RUST_BACKTRACE=full" "-e" "RUSTFLAGS=--cap-lints=warn" "-e" "RUSTDOCFLAGS=--cap-lints=warn" "-e" "CARGO_HOME=/opt/rustwide/cargo-home" "-e" "RUSTUP_HOME=/opt/rustwide/rustup-home" "-w" "/opt/rustwide/workdir" "-m" "1610612736" "--user" "0:0" "--network" "none" "ghcr.io/rust-lang/crates-build-env/linux@sha256:2788e3201cd34a07e3172128adcd8b3090168a8e3bcc40d7c032b9dda1df7d1c" "/opt/rustwide/cargo-home/bin/cargo" "+1.75.0" "test" "--frozen" "--no-run" "--message-format=json", kill_on_drop: false }`
[INFO] [stdout] 5eb4107e3338cf4c369fd2e39199e8275f5a18196e2bfe52e632b5859b79b61a
[INFO] running `Command { std: "docker" "start" "-a" "5eb4107e3338cf4c369fd2e39199e8275f5a18196e2bfe52e632b5859b79b61a", kill_on_drop: false }`
[INFO] [stderr]    Compiling simple_tables-core v0.3.0 (/opt/rustwide/workdir)
[INFO] [stderr]     Finished test [unoptimized + debuginfo] target(s) in 0.19s
[INFO] running `Command { std: "docker" "inspect" "5eb4107e3338cf4c369fd2e39199e8275f5a18196e2bfe52e632b5859b79b61a", kill_on_drop: false }`
[INFO] running `Command { std: "docker" "rm" "-f" "5eb4107e3338cf4c369fd2e39199e8275f5a18196e2bfe52e632b5859b79b61a", kill_on_drop: false }`
[INFO] [stdout] 5eb4107e3338cf4c369fd2e39199e8275f5a18196e2bfe52e632b5859b79b61a
[INFO] running `Command { std: "docker" "create" "-v" "/var/lib/crater-agent-workspace/builds/worker-2-tc1/target:/opt/rustwide/target:rw,Z" "-v" "/var/lib/crater-agent-workspace/builds/worker-2-tc1/source:/opt/rustwide/workdir:ro,Z" "-v" "/var/lib/crater-agent-workspace/cargo-home:/opt/rustwide/cargo-home:ro,Z" "-v" "/var/lib/crater-agent-workspace/rustup-home:/opt/rustwide/rustup-home:ro,Z" "-e" "SOURCE_DIR=/opt/rustwide/workdir" "-e" "CARGO_TARGET_DIR=/opt/rustwide/target" "-e" "CARGO_INCREMENTAL=0" "-e" "RUST_BACKTRACE=full" "-e" "RUSTFLAGS=--cap-lints=warn" "-e" "RUSTDOCFLAGS=--cap-lints=warn" "-e" "CARGO_HOME=/opt/rustwide/cargo-home" "-e" "RUSTUP_HOME=/opt/rustwide/rustup-home" "-w" "/opt/rustwide/workdir" "-m" "1610612736" "--user" "0:0" "--network" "none" "ghcr.io/rust-lang/crates-build-env/linux@sha256:2788e3201cd34a07e3172128adcd8b3090168a8e3bcc40d7c032b9dda1df7d1c" "/opt/rustwide/cargo-home/bin/cargo" "+1.75.0" "test" "--frozen", kill_on_drop: false }`
[INFO] [stdout] 05eb0093837ed8e109a300a38ebd88c3c6b591c3380588b0948320e9d38727ce
[INFO] running `Command { std: "docker" "start" "-a" "05eb0093837ed8e109a300a38ebd88c3c6b591c3380588b0948320e9d38727ce", kill_on_drop: false }`
[INFO] [stderr]     Finished test [unoptimized + debuginfo] target(s) in 0.00s
[INFO] [stderr]      Running unittests src/lib.rs (/opt/rustwide/target/debug/deps/simple_tables_core-1c0d91f60c5f93ef)
[INFO] [stdout] 
[INFO] [stdout] running 0 tests
[INFO] [stdout] 
[INFO] [stdout] test result: ok. 0 passed; 0 failed; 0 ignored; 0 measured; 0 filtered out; finished in 0.00s
[INFO] [stdout] 
[INFO] [stderr]    Doc-tests simple_tables-core
[INFO] [stdout] 
[INFO] [stdout] running 3 tests
[INFO] [stdout] test src/lib.rs - IdTable::get_id_from_row (line 151) ... FAILED
[INFO] [stdout] test src/lib.rs - Table::get_column_size (line 26) ... FAILED
[INFO] [stdout] test src/lib.rs - Table::get_column (line 80) ... FAILED
[INFO] [stdout] 
[INFO] [stdout] failures:
[INFO] [stdout] 
[INFO] [stdout] ---- src/lib.rs - IdTable::get_id_from_row (line 151) stdout ----
[INFO] [stdout] error[E0433]: failed to resolve: use of undeclared crate or module `simple_tables`
[INFO] [stdout]  --> src/lib.rs:152:5
[INFO] [stdout]   |
[INFO] [stdout] 2 | use simple_tables::macros::{table_row, table};
[INFO] [stdout]   |     ^^^^^^^^^^^^^ use of undeclared crate or module `simple_tables`
[INFO] [stdout] 
[INFO] [stdout] error: cannot determine resolution for the attribute macro `table`
[INFO] [stdout]   --> src/lib.rs:160:3
[INFO] [stdout]    |
[INFO] [stdout] 10 | #[table(rows = MyTableRow)]
[INFO] [stdout]    |   ^^^^^
[INFO] [stdout]    |
[INFO] [stdout]    = note: import resolution is stuck, try simplifying macro imports
[INFO] [stdout] 
[INFO] [stdout] error: cannot determine resolution for the attribute macro `table_row`
[INFO] [stdout]  --> src/lib.rs:154:3
[INFO] [stdout]   |
[INFO] [stdout] 4 | #[table_row]
[INFO] [stdout]   |   ^^^^^^^^^
[INFO] [stdout]   |
[INFO] [stdout]   = note: import resolution is stuck, try simplifying macro imports
[INFO] [stdout] 
[INFO] [stdout] error[E0433]: failed to resolve: use of undeclared crate or module `simple_tables`
[INFO] [stdout]   --> src/lib.rs:163:6
[INFO] [stdout]    |
[INFO] [stdout] 13 | impl simple_tables::IdTable<i32, MyTableRow> for MyTable {
[INFO] [stdout]    |      ^^^^^^^^^^^^^ use of undeclared crate or module `simple_tables`
[INFO] [stdout] 
[INFO] [stdout] error: aborting due to 4 previous errors
[INFO] [stdout] 
[INFO] [stdout] For more information about this error, try `rustc --explain E0433`.
[INFO] [stdout] Couldn't compile the test.
[INFO] [stdout] ---- src/lib.rs - Table::get_column_size (line 26) stdout ----
[INFO] [stdout] error[E0433]: failed to resolve: use of undeclared crate or module `simple_tables`
[INFO] [stdout]  --> src/lib.rs:27:5
[INFO] [stdout]   |
[INFO] [stdout] 3 | use simple_tables::macros::{table_row, table};
[INFO] [stdout]   |     ^^^^^^^^^^^^^ use of undeclared crate or module `simple_tables`
[INFO] [stdout] 
[INFO] [stdout] error: cannot determine resolution for the attribute macro `table_row`
[INFO] [stdout]  --> src/lib.rs:28:3
[INFO] [stdout]   |
[INFO] [stdout] 4 | #[table_row]
[INFO] [stdout]   |   ^^^^^^^^^
[INFO] [stdout]   |
[INFO] [stdout]   = note: import resolution is stuck, try simplifying macro imports
[INFO] [stdout] 
[INFO] [stdout] error: cannot determine resolution for the attribute macro `table`
[INFO] [stdout]   --> src/lib.rs:34:3
[INFO] [stdout]    |
[INFO] [stdout] 10 | #[table(rows = TableRow)]
[INFO] [stdout]    |   ^^^^^
[INFO] [stdout]    |
[INFO] [stdout]    = note: import resolution is stuck, try simplifying macro imports
[INFO] [stdout] 
[INFO] [stdout] error[E0599]: no function or associated item named `from_vec` found for struct `MyTable` in the current scope
[INFO] [stdout]   --> src/lib.rs:38:22
[INFO] [stdout]    |
[INFO] [stdout] 11 | struct MyTable {}
[INFO] [stdout]    | -------------- function or associated item `from_vec` not found for this struct
[INFO] [stdout] ...
[INFO] [stdout] 14 | let table = MyTable::from_vec(&vec);
[INFO] [stdout]    |                      ^^^^^^^^ function or associated item not found in `MyTable`
[INFO] [stdout]    |
[INFO] [stdout]    = help: items from traits can only be used if the trait is implemented and in scope
[INFO] [stdout]    = note: the following trait defines an item `from_vec`, perhaps you need to implement it:
[INFO] [stdout]            candidate #1: `OsStringExt`
[INFO] [stdout] 
[INFO] [stdout] error: aborting due to 4 previous errors
[INFO] [stdout] 
[INFO] [stdout] Some errors have detailed explanations: E0433, E0599.
[INFO] [stdout] For more information about an error, try `rustc --explain E0433`.
[INFO] [stdout] Couldn't compile the test.
[INFO] [stdout] ---- src/lib.rs - Table::get_column (line 80) stdout ----
[INFO] [stdout] error[E0433]: failed to resolve: use of undeclared crate or module `simple_tables`
[INFO] [stdout]  --> src/lib.rs:81:5
[INFO] [stdout]   |
[INFO] [stdout] 3 | use simple_tables::macros::{table_row, table};
[INFO] [stdout]   |     ^^^^^^^^^^^^^ use of undeclared crate or module `simple_tables`
[INFO] [stdout] 
[INFO] [stdout] error: cannot determine resolution for the attribute macro `table_row`
[INFO] [stdout]  --> src/lib.rs:82:3
[INFO] [stdout]   |
[INFO] [stdout] 4 | #[table_row]
[INFO] [stdout]   |   ^^^^^^^^^
[INFO] [stdout]   |
[INFO] [stdout]   = note: import resolution is stuck, try simplifying macro imports
[INFO] [stdout] 
[INFO] [stdout] error: cannot determine resolution for the attribute macro `table`
[INFO] [stdout]   --> src/lib.rs:88:3
[INFO] [stdout]    |
[INFO] [stdout] 10 | #[table(rows = TableRow)]
[INFO] [stdout]    |   ^^^^^
[INFO] [stdout]    |
[INFO] [stdout]    = note: import resolution is stuck, try simplifying macro imports
[INFO] [stdout] 
[INFO] [stdout] error[E0599]: no function or associated item named `from_vec` found for struct `MyTable` in the current scope
[INFO] [stdout]   --> src/lib.rs:92:22
[INFO] [stdout]    |
[INFO] [stdout] 11 | struct MyTable {}
[INFO] [stdout]    | -------------- function or associated item `from_vec` not found for this struct
[INFO] [stdout] ...
[INFO] [stdout] 14 | let table = MyTable::from_vec(&vec);
[INFO] [stdout]    |                      ^^^^^^^^ function or associated item not found in `MyTable`
[INFO] [stdout]    |
[INFO] [stdout]    = help: items from traits can only be used if the trait is implemented and in scope
[INFO] [stdout]    = note: the following trait defines an item `from_vec`, perhaps you need to implement it:
[INFO] [stdout]            candidate #1: `OsStringExt`
[INFO] [stdout] 
[INFO] [stdout] error: aborting due to 4 previous errors
[INFO] [stdout] 
[INFO] [stdout] Some errors have detailed explanations: E0433, E0599.
[INFO] [stdout] For more information about an error, try `rustc --explain E0433`.
[INFO] [stdout] Couldn't compile the test.
[INFO] [stdout] 
[INFO] [stdout] failures:
[INFO] [stdout]     src/lib.rs - IdTable::get_id_from_row (line 151)
[INFO] [stdout]     src/lib.rs - Table::get_column (line 80)
[INFO] [stdout]     src/lib.rs - Table::get_column_size (line 26)
[INFO] [stdout] 
[INFO] [stdout] test result: FAILED. 0 passed; 3 failed; 0 ignored; 0 measured; 0 filtered out; finished in 0.08s
[INFO] [stdout] 
[INFO] [stderr] error: doctest failed, to rerun pass `--doc`
[INFO] running `Command { std: "docker" "inspect" "05eb0093837ed8e109a300a38ebd88c3c6b591c3380588b0948320e9d38727ce", kill_on_drop: false }`
[INFO] running `Command { std: "docker" "rm" "-f" "05eb0093837ed8e109a300a38ebd88c3c6b591c3380588b0948320e9d38727ce", kill_on_drop: false }`
[INFO] [stdout] 05eb0093837ed8e109a300a38ebd88c3c6b591c3380588b0948320e9d38727ce
