[INFO] fetching crate simple_search 0.2.1...
[INFO] testing simple_search-0.2.1 against 1.75.0 for beta-1.76-1
[INFO] extracting crate simple_search 0.2.1 into /workspace/builds/worker-3-tc1/source
[INFO] validating manifest of crates.io crate simple_search 0.2.1 on toolchain 1.75.0
[INFO] running `Command { std: CARGO_HOME="/workspace/cargo-home" RUSTUP_HOME="/workspace/rustup-home" "/workspace/cargo-home/bin/cargo" "+1.75.0" "metadata" "--manifest-path" "Cargo.toml" "--no-deps", kill_on_drop: false }`
[INFO] started tweaking crates.io crate simple_search 0.2.1
[INFO] finished tweaking crates.io crate simple_search 0.2.1
[INFO] tweaked toml for crates.io crate simple_search 0.2.1 written to /workspace/builds/worker-3-tc1/source/Cargo.toml
[INFO] running `Command { std: CARGO_HOME="/workspace/cargo-home" RUSTUP_HOME="/workspace/rustup-home" "/workspace/cargo-home/bin/cargo" "+1.75.0" "generate-lockfile" "--manifest-path" "Cargo.toml", kill_on_drop: false }`
[INFO] [stderr]     Updating crates.io index
[INFO] running `Command { std: CARGO_HOME="/workspace/cargo-home" RUSTUP_HOME="/workspace/rustup-home" "/workspace/cargo-home/bin/cargo" "+1.75.0" "fetch" "--manifest-path" "Cargo.toml", kill_on_drop: false }`
[INFO] running `Command { std: "docker" "create" "-v" "/var/lib/crater-agent-workspace/builds/worker-3-tc1/target:/opt/rustwide/target:rw,Z" "-v" "/var/lib/crater-agent-workspace/builds/worker-3-tc1/source:/opt/rustwide/workdir:ro,Z" "-v" "/var/lib/crater-agent-workspace/cargo-home:/opt/rustwide/cargo-home:ro,Z" "-v" "/var/lib/crater-agent-workspace/rustup-home:/opt/rustwide/rustup-home:ro,Z" "-e" "SOURCE_DIR=/opt/rustwide/workdir" "-e" "CARGO_TARGET_DIR=/opt/rustwide/target" "-e" "CARGO_HOME=/opt/rustwide/cargo-home" "-e" "RUSTUP_HOME=/opt/rustwide/rustup-home" "-w" "/opt/rustwide/workdir" "-m" "1610612736" "--user" "0:0" "--network" "none" "ghcr.io/rust-lang/crates-build-env/linux@sha256:2788e3201cd34a07e3172128adcd8b3090168a8e3bcc40d7c032b9dda1df7d1c" "/opt/rustwide/cargo-home/bin/cargo" "+1.75.0" "metadata" "--no-deps" "--format-version=1", kill_on_drop: false }`
[INFO] [stdout] dca98d875866039f670ec50060eed02d94bed629d0f1a1480fda135841757570
[INFO] running `Command { std: "docker" "start" "-a" "dca98d875866039f670ec50060eed02d94bed629d0f1a1480fda135841757570", kill_on_drop: false }`
[INFO] running `Command { std: "docker" "inspect" "dca98d875866039f670ec50060eed02d94bed629d0f1a1480fda135841757570", kill_on_drop: false }`
[INFO] running `Command { std: "docker" "rm" "-f" "dca98d875866039f670ec50060eed02d94bed629d0f1a1480fda135841757570", kill_on_drop: false }`
[INFO] [stdout] dca98d875866039f670ec50060eed02d94bed629d0f1a1480fda135841757570
[INFO] running `Command { std: "docker" "create" "-v" "/var/lib/crater-agent-workspace/builds/worker-3-tc1/target:/opt/rustwide/target:rw,Z" "-v" "/var/lib/crater-agent-workspace/builds/worker-3-tc1/source:/opt/rustwide/workdir:ro,Z" "-v" "/var/lib/crater-agent-workspace/cargo-home:/opt/rustwide/cargo-home:ro,Z" "-v" "/var/lib/crater-agent-workspace/rustup-home:/opt/rustwide/rustup-home:ro,Z" "-e" "SOURCE_DIR=/opt/rustwide/workdir" "-e" "CARGO_TARGET_DIR=/opt/rustwide/target" "-e" "CARGO_INCREMENTAL=0" "-e" "RUST_BACKTRACE=full" "-e" "RUSTFLAGS=--cap-lints=warn" "-e" "RUSTDOCFLAGS=--cap-lints=warn" "-e" "CARGO_HOME=/opt/rustwide/cargo-home" "-e" "RUSTUP_HOME=/opt/rustwide/rustup-home" "-w" "/opt/rustwide/workdir" "-m" "1610612736" "--user" "0:0" "--network" "none" "ghcr.io/rust-lang/crates-build-env/linux@sha256:2788e3201cd34a07e3172128adcd8b3090168a8e3bcc40d7c032b9dda1df7d1c" "/opt/rustwide/cargo-home/bin/cargo" "+1.75.0" "build" "--frozen" "--message-format=json", kill_on_drop: false }`
[INFO] [stdout] 02662b7c9ff53f956975b685db7c4672263e5dc1d1614195fcb8d764ef0b747b
[INFO] running `Command { std: "docker" "start" "-a" "02662b7c9ff53f956975b685db7c4672263e5dc1d1614195fcb8d764ef0b747b", kill_on_drop: false }`
[INFO] [stderr]    Compiling difflib v0.4.0
[INFO] [stderr]    Compiling simple_search v0.2.1 (/opt/rustwide/workdir)
[INFO] [stderr]     Finished dev [unoptimized + debuginfo] target(s) in 0.34s
[INFO] running `Command { std: "docker" "inspect" "02662b7c9ff53f956975b685db7c4672263e5dc1d1614195fcb8d764ef0b747b", kill_on_drop: false }`
[INFO] running `Command { std: "docker" "rm" "-f" "02662b7c9ff53f956975b685db7c4672263e5dc1d1614195fcb8d764ef0b747b", kill_on_drop: false }`
[INFO] [stdout] 02662b7c9ff53f956975b685db7c4672263e5dc1d1614195fcb8d764ef0b747b
[INFO] running `Command { std: "docker" "create" "-v" "/var/lib/crater-agent-workspace/builds/worker-3-tc1/target:/opt/rustwide/target:rw,Z" "-v" "/var/lib/crater-agent-workspace/builds/worker-3-tc1/source:/opt/rustwide/workdir:ro,Z" "-v" "/var/lib/crater-agent-workspace/cargo-home:/opt/rustwide/cargo-home:ro,Z" "-v" "/var/lib/crater-agent-workspace/rustup-home:/opt/rustwide/rustup-home:ro,Z" "-e" "SOURCE_DIR=/opt/rustwide/workdir" "-e" "CARGO_TARGET_DIR=/opt/rustwide/target" "-e" "CARGO_INCREMENTAL=0" "-e" "RUST_BACKTRACE=full" "-e" "RUSTFLAGS=--cap-lints=warn" "-e" "RUSTDOCFLAGS=--cap-lints=warn" "-e" "CARGO_HOME=/opt/rustwide/cargo-home" "-e" "RUSTUP_HOME=/opt/rustwide/rustup-home" "-w" "/opt/rustwide/workdir" "-m" "1610612736" "--user" "0:0" "--network" "none" "ghcr.io/rust-lang/crates-build-env/linux@sha256:2788e3201cd34a07e3172128adcd8b3090168a8e3bcc40d7c032b9dda1df7d1c" "/opt/rustwide/cargo-home/bin/cargo" "+1.75.0" "test" "--frozen" "--no-run" "--message-format=json", kill_on_drop: false }`
[INFO] [stdout] efa71d2b2ec62490a799097869be8d544d3f0bd33e7077b6213652411a725c53
[INFO] running `Command { std: "docker" "start" "-a" "efa71d2b2ec62490a799097869be8d544d3f0bd33e7077b6213652411a725c53", kill_on_drop: false }`
[INFO] [stderr]    Compiling proc-macro2 v1.0.75
[INFO] [stderr]    Compiling unicode-ident v1.0.12
[INFO] [stderr]    Compiling crossbeam-utils v0.8.18
[INFO] [stderr]    Compiling libc v0.2.151
[INFO] [stderr]    Compiling serde v1.0.194
[INFO] [stderr]    Compiling rustix v0.38.28
[INFO] [stderr]    Compiling rayon-core v1.12.0
[INFO] [stderr]    Compiling serde_json v1.0.111
[INFO] [stderr]    Compiling either v1.9.0
[INFO] [stderr]    Compiling ryu v1.0.16
[INFO] [stderr]    Compiling half v1.8.2
[INFO] [stderr]    Compiling ciborium-io v0.2.1
[INFO] [stderr]    Compiling anstyle v1.0.4
[INFO] [stderr]    Compiling plotters-backend v0.3.5
[INFO] [stderr]    Compiling num-traits v0.2.17
[INFO] [stderr]    Compiling regex-syntax v0.8.2
[INFO] [stderr]    Compiling clap_lex v0.6.0
[INFO] [stderr]    Compiling bitflags v2.4.1
[INFO] [stderr]    Compiling linux-raw-sys v0.4.12
[INFO] [stderr]    Compiling itoa v1.0.10
[INFO] [stderr]    Compiling ciborium-ll v0.2.1
[INFO] [stderr]    Compiling plotters-svg v0.3.5
[INFO] [stderr]    Compiling clap_builder v4.4.12
[INFO] [stderr]    Compiling itertools v0.10.5
[INFO] [stderr]    Compiling cast v0.3.0
[INFO] [stderr]    Compiling ppv-lite86 v0.2.17
[INFO] [stderr]    Compiling same-file v1.0.6
[INFO] [stderr]    Compiling anes v0.1.6
[INFO] [stderr]    Compiling oorandom v11.1.3
[INFO] [stderr]    Compiling walkdir v2.4.0
[INFO] [stderr]    Compiling once_cell v1.19.0
[INFO] [stderr]    Compiling crossbeam-epoch v0.9.17
[INFO] [stderr]    Compiling quote v1.0.35
[INFO] [stderr]    Compiling syn v2.0.48
[INFO] [stderr]    Compiling crossbeam-deque v0.8.4
[INFO] [stderr]    Compiling getrandom v0.2.11
[INFO] [stderr]    Compiling regex-automata v0.4.3
[INFO] [stderr]    Compiling rand_core v0.6.4
[INFO] [stderr]    Compiling is-terminal v0.4.10
[INFO] [stderr]    Compiling rand_chacha v0.3.1
[INFO] [stderr]    Compiling rayon v1.8.0
[INFO] [stderr]    Compiling rand v0.8.5
[INFO] [stderr]    Compiling plotters v0.3.5
[INFO] [stderr]    Compiling criterion-plot v0.5.0
[INFO] [stderr]    Compiling clap v4.4.13
[INFO] [stderr]    Compiling regex v1.10.2
[INFO] [stderr]    Compiling serde_derive v1.0.194
[INFO] [stderr]    Compiling ciborium v0.2.1
[INFO] [stderr]    Compiling tinytemplate v1.2.1
[INFO] [stderr]    Compiling criterion v0.5.1
[INFO] [stderr]    Compiling simple_search v0.2.1 (/opt/rustwide/workdir)
[INFO] [stderr]     Finished test [unoptimized + debuginfo] target(s) in 9.96s
[INFO] running `Command { std: "docker" "inspect" "efa71d2b2ec62490a799097869be8d544d3f0bd33e7077b6213652411a725c53", kill_on_drop: false }`
[INFO] running `Command { std: "docker" "rm" "-f" "efa71d2b2ec62490a799097869be8d544d3f0bd33e7077b6213652411a725c53", kill_on_drop: false }`
[INFO] [stdout] efa71d2b2ec62490a799097869be8d544d3f0bd33e7077b6213652411a725c53
[INFO] running `Command { std: "docker" "create" "-v" "/var/lib/crater-agent-workspace/builds/worker-3-tc1/target:/opt/rustwide/target:rw,Z" "-v" "/var/lib/crater-agent-workspace/builds/worker-3-tc1/source:/opt/rustwide/workdir:ro,Z" "-v" "/var/lib/crater-agent-workspace/cargo-home:/opt/rustwide/cargo-home:ro,Z" "-v" "/var/lib/crater-agent-workspace/rustup-home:/opt/rustwide/rustup-home:ro,Z" "-e" "SOURCE_DIR=/opt/rustwide/workdir" "-e" "CARGO_TARGET_DIR=/opt/rustwide/target" "-e" "CARGO_INCREMENTAL=0" "-e" "RUST_BACKTRACE=full" "-e" "RUSTFLAGS=--cap-lints=warn" "-e" "RUSTDOCFLAGS=--cap-lints=warn" "-e" "CARGO_HOME=/opt/rustwide/cargo-home" "-e" "RUSTUP_HOME=/opt/rustwide/rustup-home" "-w" "/opt/rustwide/workdir" "-m" "1610612736" "--user" "0:0" "--network" "none" "ghcr.io/rust-lang/crates-build-env/linux@sha256:2788e3201cd34a07e3172128adcd8b3090168a8e3bcc40d7c032b9dda1df7d1c" "/opt/rustwide/cargo-home/bin/cargo" "+1.75.0" "test" "--frozen", kill_on_drop: false }`
[INFO] [stdout] 669a4fc8e616da36db30d6070c5312a5cd7a980c0d834a1d7d9a4e0ca1f89528
[INFO] running `Command { std: "docker" "start" "-a" "669a4fc8e616da36db30d6070c5312a5cd7a980c0d834a1d7d9a4e0ca1f89528", kill_on_drop: false }`
[INFO] [stderr]     Finished test [unoptimized + debuginfo] target(s) in 0.04s
[INFO] [stderr]      Running unittests src/lib.rs (/opt/rustwide/target/debug/deps/simple_search-41fae934aa496d99)
[INFO] [stdout] 
[INFO] [stdout] running 0 tests
[INFO] [stdout] 
[INFO] [stdout] test result: ok. 0 passed; 0 failed; 0 ignored; 0 measured; 0 filtered out; finished in 0.00s
[INFO] [stdout] 
[INFO] [stderr]      Running tests/test_incremental.rs (/opt/rustwide/target/debug/deps/test_incremental-7147b4254341e407)
[INFO] [stdout] 
[INFO] [stdout] running 1 test
[INFO] [stdout] test tests::test_incremental ... ok
[INFO] [stdout] 
[INFO] [stdout] test result: ok. 1 passed; 0 failed; 0 ignored; 0 measured; 0 filtered out; finished in 6.47s
[INFO] [stdout] 
[INFO] [stderr]    Doc-tests simple_search
[INFO] [stdout] 
[INFO] [stdout] running 6 tests
[INFO] [stdout] test src/lib.rs - (line 132) ... FAILED
[INFO] [stdout] test src/search_engine.rs - search_engine::SearchEngine (line 34) ... ok
[INFO] [stdout] test src/search_engine.rs - search_engine::SearchEngine (line 39) ... ok
[INFO] [stdout] test src/lib.rs - (line 4) ... ok
[INFO] [stdout] test src/lib.rs - (line 105) ... ok
[INFO] [stdout] test src/lib.rs - (line 24) ... ok
[INFO] [stdout] 
[INFO] [stdout] failures:
[INFO] [stdout] 
[INFO] [stdout] ---- src/lib.rs - (line 132) stdout ----
[INFO] [stdout] error[E0599]: no method named `par_search` found for struct `SearchEngine` in the current scope
[INFO] [stdout]   --> src/lib.rs:142:26
[INFO] [stdout]    |
[INFO] [stdout] 12 |     let results = engine.par_search("hallo");
[INFO] [stdout]    |                          ^^^^^^^^^^ help: there is a method with a similar name: `search`
[INFO] [stdout] 
[INFO] [stdout] error: aborting due to previous error
[INFO] [stdout] 
[INFO] [stdout] For more information about this error, try `rustc --explain E0599`.
[INFO] [stdout] Couldn't compile the test.
[INFO] [stdout] 
[INFO] [stdout] failures:
[INFO] [stdout]     src/lib.rs - (line 132)
[INFO] [stdout] 
[INFO] [stdout] test result: FAILED. 5 passed; 1 failed; 0 ignored; 0 measured; 0 filtered out; finished in 0.28s
[INFO] [stdout] 
[INFO] [stderr] error: doctest failed, to rerun pass `--doc`
[INFO] running `Command { std: "docker" "inspect" "669a4fc8e616da36db30d6070c5312a5cd7a980c0d834a1d7d9a4e0ca1f89528", kill_on_drop: false }`
[INFO] running `Command { std: "docker" "rm" "-f" "669a4fc8e616da36db30d6070c5312a5cd7a980c0d834a1d7d9a4e0ca1f89528", kill_on_drop: false }`
[INFO] [stdout] 669a4fc8e616da36db30d6070c5312a5cd7a980c0d834a1d7d9a4e0ca1f89528
[INFO] testing simple_search-0.2.1 against beta-2023-12-22 for beta-1.76-1
[INFO] extracting crate simple_search 0.2.1 into /workspace/builds/worker-3-tc2/source
[INFO] validating manifest of crates.io crate simple_search 0.2.1 on toolchain beta-2023-12-22
[INFO] running `Command { std: CARGO_HOME="/workspace/cargo-home" RUSTUP_HOME="/workspace/rustup-home" "/workspace/cargo-home/bin/cargo" "+beta-2023-12-22" "metadata" "--manifest-path" "Cargo.toml" "--no-deps", kill_on_drop: false }`
[INFO] started tweaking crates.io crate simple_search 0.2.1
[INFO] finished tweaking crates.io crate simple_search 0.2.1
[INFO] tweaked toml for crates.io crate simple_search 0.2.1 written to /workspace/builds/worker-3-tc2/source/Cargo.toml
[INFO] running `Command { std: CARGO_HOME="/workspace/cargo-home" RUSTUP_HOME="/workspace/rustup-home" "/workspace/cargo-home/bin/cargo" "+beta-2023-12-22" "generate-lockfile" "--manifest-path" "Cargo.toml", kill_on_drop: false }`
[INFO] [stderr]     Updating crates.io index
[INFO] running `Command { std: CARGO_HOME="/workspace/cargo-home" RUSTUP_HOME="/workspace/rustup-home" "/workspace/cargo-home/bin/cargo" "+beta-2023-12-22" "fetch" "--manifest-path" "Cargo.toml", kill_on_drop: false }`
[INFO] running `Command { std: "docker" "create" "-v" "/var/lib/crater-agent-workspace/builds/worker-3-tc2/target:/opt/rustwide/target:rw,Z" "-v" "/var/lib/crater-agent-workspace/builds/worker-3-tc2/source:/opt/rustwide/workdir:ro,Z" "-v" "/var/lib/crater-agent-workspace/cargo-home:/opt/rustwide/cargo-home:ro,Z" "-v" "/var/lib/crater-agent-workspace/rustup-home:/opt/rustwide/rustup-home:ro,Z" "-e" "SOURCE_DIR=/opt/rustwide/workdir" "-e" "CARGO_TARGET_DIR=/opt/rustwide/target" "-e" "CARGO_HOME=/opt/rustwide/cargo-home" "-e" "RUSTUP_HOME=/opt/rustwide/rustup-home" "-w" "/opt/rustwide/workdir" "-m" "1610612736" "--user" "0:0" "--network" "none" "ghcr.io/rust-lang/crates-build-env/linux@sha256:2788e3201cd34a07e3172128adcd8b3090168a8e3bcc40d7c032b9dda1df7d1c" "/opt/rustwide/cargo-home/bin/cargo" "+beta-2023-12-22" "metadata" "--no-deps" "--format-version=1", kill_on_drop: false }`
[INFO] [stdout] 2b36759f0eded4c43fafce27b6f066f0e4d7d97b53c0f9d92b5833fd691b363f
[INFO] running `Command { std: "docker" "start" "-a" "2b36759f0eded4c43fafce27b6f066f0e4d7d97b53c0f9d92b5833fd691b363f", kill_on_drop: false }`
[INFO] running `Command { std: "docker" "inspect" "2b36759f0eded4c43fafce27b6f066f0e4d7d97b53c0f9d92b5833fd691b363f", kill_on_drop: false }`
[INFO] running `Command { std: "docker" "rm" "-f" "2b36759f0eded4c43fafce27b6f066f0e4d7d97b53c0f9d92b5833fd691b363f", kill_on_drop: false }`
[INFO] [stdout] 2b36759f0eded4c43fafce27b6f066f0e4d7d97b53c0f9d92b5833fd691b363f
[INFO] running `Command { std: "docker" "create" "-v" "/var/lib/crater-agent-workspace/builds/worker-3-tc2/target:/opt/rustwide/target:rw,Z" "-v" "/var/lib/crater-agent-workspace/builds/worker-3-tc2/source:/opt/rustwide/workdir:ro,Z" "-v" "/var/lib/crater-agent-workspace/cargo-home:/opt/rustwide/cargo-home:ro,Z" "-v" "/var/lib/crater-agent-workspace/rustup-home:/opt/rustwide/rustup-home:ro,Z" "-e" "SOURCE_DIR=/opt/rustwide/workdir" "-e" "CARGO_TARGET_DIR=/opt/rustwide/target" "-e" "CARGO_INCREMENTAL=0" "-e" "RUST_BACKTRACE=full" "-e" "RUSTFLAGS=--cap-lints=warn" "-e" "RUSTDOCFLAGS=--cap-lints=warn" "-e" "CARGO_HOME=/opt/rustwide/cargo-home" "-e" "RUSTUP_HOME=/opt/rustwide/rustup-home" "-w" "/opt/rustwide/workdir" "-m" "1610612736" "--user" "0:0" "--network" "none" "ghcr.io/rust-lang/crates-build-env/linux@sha256:2788e3201cd34a07e3172128adcd8b3090168a8e3bcc40d7c032b9dda1df7d1c" "/opt/rustwide/cargo-home/bin/cargo" "+beta-2023-12-22" "build" "--frozen" "--message-format=json", kill_on_drop: false }`
[INFO] [stdout] c256fa0bf6efde3b8905d966a1f7ec8ea20f86a6cd66310a2cc224b9ffa0e958
[INFO] running `Command { std: "docker" "start" "-a" "c256fa0bf6efde3b8905d966a1f7ec8ea20f86a6cd66310a2cc224b9ffa0e958", kill_on_drop: false }`
[INFO] [stderr]    Compiling difflib v0.4.0
[INFO] [stderr]    Compiling simple_search v0.2.1 (/opt/rustwide/workdir)
[INFO] [stderr]     Finished dev [unoptimized + debuginfo] target(s) in 0.39s
[INFO] running `Command { std: "docker" "inspect" "c256fa0bf6efde3b8905d966a1f7ec8ea20f86a6cd66310a2cc224b9ffa0e958", kill_on_drop: false }`
[INFO] running `Command { std: "docker" "rm" "-f" "c256fa0bf6efde3b8905d966a1f7ec8ea20f86a6cd66310a2cc224b9ffa0e958", kill_on_drop: false }`
[INFO] [stdout] c256fa0bf6efde3b8905d966a1f7ec8ea20f86a6cd66310a2cc224b9ffa0e958
[INFO] running `Command { std: "docker" "create" "-v" "/var/lib/crater-agent-workspace/builds/worker-3-tc2/target:/opt/rustwide/target:rw,Z" "-v" "/var/lib/crater-agent-workspace/builds/worker-3-tc2/source:/opt/rustwide/workdir:ro,Z" "-v" "/var/lib/crater-agent-workspace/cargo-home:/opt/rustwide/cargo-home:ro,Z" "-v" "/var/lib/crater-agent-workspace/rustup-home:/opt/rustwide/rustup-home:ro,Z" "-e" "SOURCE_DIR=/opt/rustwide/workdir" "-e" "CARGO_TARGET_DIR=/opt/rustwide/target" "-e" "CARGO_INCREMENTAL=0" "-e" "RUST_BACKTRACE=full" "-e" "RUSTFLAGS=--cap-lints=warn" "-e" "RUSTDOCFLAGS=--cap-lints=warn" "-e" "CARGO_HOME=/opt/rustwide/cargo-home" "-e" "RUSTUP_HOME=/opt/rustwide/rustup-home" "-w" "/opt/rustwide/workdir" "-m" "1610612736" "--user" "0:0" "--network" "none" "ghcr.io/rust-lang/crates-build-env/linux@sha256:2788e3201cd34a07e3172128adcd8b3090168a8e3bcc40d7c032b9dda1df7d1c" "/opt/rustwide/cargo-home/bin/cargo" "+beta-2023-12-22" "test" "--frozen" "--no-run" "--message-format=json", kill_on_drop: false }`
[INFO] [stdout] a4ce3fe00e825b22eff5cfc2782fede20e9dabb6691f970b56208d3706323d80
[INFO] running `Command { std: "docker" "start" "-a" "a4ce3fe00e825b22eff5cfc2782fede20e9dabb6691f970b56208d3706323d80", kill_on_drop: false }`
[INFO] [stderr]    Compiling proc-macro2 v1.0.75
[INFO] [stderr]    Compiling unicode-ident v1.0.12
[INFO] [stderr]    Compiling crossbeam-utils v0.8.18
[INFO] [stderr]    Compiling serde v1.0.194
[INFO] [stderr]    Compiling libc v0.2.151
[INFO] [stderr]    Compiling rayon-core v1.12.0
[INFO] [stderr]    Compiling either v1.9.0
[INFO] [stderr]    Compiling num-traits v0.2.17
[INFO] [stderr]    Compiling rustix v0.38.28
[INFO] [stderr]    Compiling serde_json v1.0.111
[INFO] [stderr]    Compiling ciborium-io v0.2.1
[INFO] [stderr]    Compiling ryu v1.0.16
[INFO] [stderr]    Compiling regex-syntax v0.8.2
[INFO] [stderr]    Compiling half v1.8.2
[INFO] [stderr]    Compiling clap_lex v0.6.0
[INFO] [stderr]    Compiling itoa v1.0.10
[INFO] [stderr]    Compiling bitflags v2.4.1
[INFO] [stderr]    Compiling linux-raw-sys v0.4.12
[INFO] [stderr]    Compiling plotters-backend v0.3.5
[INFO] [stderr]    Compiling anstyle v1.0.4
[INFO] [stderr]    Compiling itertools v0.10.5
[INFO] [stderr]    Compiling cast v0.3.0
[INFO] [stderr]    Compiling ciborium-ll v0.2.1
[INFO] [stderr]    Compiling clap_builder v4.4.12
[INFO] [stderr]    Compiling ppv-lite86 v0.2.17
[INFO] [stderr]    Compiling plotters-svg v0.3.5
[INFO] [stderr]    Compiling same-file v1.0.6
[INFO] [stderr]    Compiling anes v0.1.6
[INFO] [stderr]    Compiling once_cell v1.19.0
[INFO] [stderr]    Compiling walkdir v2.4.0
[INFO] [stderr]    Compiling oorandom v11.1.3
[INFO] [stderr]    Compiling crossbeam-epoch v0.9.17
[INFO] [stderr]    Compiling quote v1.0.35
[INFO] [stderr]    Compiling crossbeam-deque v0.8.4
[INFO] [stderr]    Compiling syn v2.0.48
[INFO] [stderr]    Compiling getrandom v0.2.11
[INFO] [stderr]    Compiling rand_core v0.6.4
[INFO] [stderr]    Compiling is-terminal v0.4.10
[INFO] [stderr]    Compiling rand_chacha v0.3.1
[INFO] [stderr]    Compiling plotters v0.3.5
[INFO] [stderr]    Compiling rayon v1.8.0
[INFO] [stderr]    Compiling regex-automata v0.4.3
[INFO] [stderr]    Compiling rand v0.8.5
[INFO] [stderr]    Compiling criterion-plot v0.5.0
[INFO] [stderr]    Compiling clap v4.4.13
[INFO] [stderr]    Compiling serde_derive v1.0.194
[INFO] [stderr]    Compiling regex v1.10.2
[INFO] [stderr]    Compiling ciborium v0.2.1
[INFO] [stderr]    Compiling tinytemplate v1.2.1
[INFO] [stderr]    Compiling criterion v0.5.1
[INFO] [stderr]    Compiling simple_search v0.2.1 (/opt/rustwide/workdir)
[INFO] [stderr]     Finished test [unoptimized + debuginfo] target(s) in 9.99s
[INFO] running `Command { std: "docker" "inspect" "a4ce3fe00e825b22eff5cfc2782fede20e9dabb6691f970b56208d3706323d80", kill_on_drop: false }`
[INFO] running `Command { std: "docker" "rm" "-f" "a4ce3fe00e825b22eff5cfc2782fede20e9dabb6691f970b56208d3706323d80", kill_on_drop: false }`
[INFO] [stdout] a4ce3fe00e825b22eff5cfc2782fede20e9dabb6691f970b56208d3706323d80
[INFO] running `Command { std: "docker" "create" "-v" "/var/lib/crater-agent-workspace/builds/worker-3-tc2/target:/opt/rustwide/target:rw,Z" "-v" "/var/lib/crater-agent-workspace/builds/worker-3-tc2/source:/opt/rustwide/workdir:ro,Z" "-v" "/var/lib/crater-agent-workspace/cargo-home:/opt/rustwide/cargo-home:ro,Z" "-v" "/var/lib/crater-agent-workspace/rustup-home:/opt/rustwide/rustup-home:ro,Z" "-e" "SOURCE_DIR=/opt/rustwide/workdir" "-e" "CARGO_TARGET_DIR=/opt/rustwide/target" "-e" "CARGO_INCREMENTAL=0" "-e" "RUST_BACKTRACE=full" "-e" "RUSTFLAGS=--cap-lints=warn" "-e" "RUSTDOCFLAGS=--cap-lints=warn" "-e" "CARGO_HOME=/opt/rustwide/cargo-home" "-e" "RUSTUP_HOME=/opt/rustwide/rustup-home" "-w" "/opt/rustwide/workdir" "-m" "1610612736" "--user" "0:0" "--network" "none" "ghcr.io/rust-lang/crates-build-env/linux@sha256:2788e3201cd34a07e3172128adcd8b3090168a8e3bcc40d7c032b9dda1df7d1c" "/opt/rustwide/cargo-home/bin/cargo" "+beta-2023-12-22" "test" "--frozen", kill_on_drop: false }`
[INFO] [stdout] 7ad91bae164fa81214afa1af210ce69ccff568552b04d7e1cf85d8cf0b405f63
[INFO] running `Command { std: "docker" "start" "-a" "7ad91bae164fa81214afa1af210ce69ccff568552b04d7e1cf85d8cf0b405f63", kill_on_drop: false }`
[INFO] [stderr]     Finished test [unoptimized + debuginfo] target(s) in 0.04s
[INFO] [stderr]      Running unittests src/lib.rs (/opt/rustwide/target/debug/deps/simple_search-53396a40e31fb980)
[INFO] [stdout] 
[INFO] [stdout] running 0 tests
[INFO] [stdout] 
[INFO] [stdout] test result: ok. 0 passed; 0 failed; 0 ignored; 0 measured; 0 filtered out; finished in 0.00s
[INFO] [stdout] 
[INFO] [stderr]      Running tests/test_incremental.rs (/opt/rustwide/target/debug/deps/test_incremental-6c61e10fb4f874a6)
[INFO] [stdout] 
[INFO] [stdout] running 1 test
[INFO] [stdout] test tests::test_incremental ... ok
[INFO] [stdout] 
[INFO] [stdout] test result: ok. 1 passed; 0 failed; 0 ignored; 0 measured; 0 filtered out; finished in 6.55s
[INFO] [stdout] 
[INFO] [stderr]    Doc-tests simple_search
[INFO] [stdout] 
[INFO] [stdout] running 6 tests
[INFO] [stdout] test src/lib.rs - (line 132) ... FAILED
[INFO] [stdout] test src/search_engine.rs - search_engine::SearchEngine (line 34) ... ok
[INFO] [stdout] test src/search_engine.rs - search_engine::SearchEngine (line 39) ... ok
[INFO] [stdout] test src/lib.rs - (line 4) ... ok
[INFO] [stdout] test src/lib.rs - (line 105) ... ok
[INFO] [stdout] test src/lib.rs - (line 24) ... ok
[INFO] [stdout] 
[INFO] [stdout] failures:
[INFO] [stdout] 
[INFO] [stdout] ---- src/lib.rs - (line 132) stdout ----
[INFO] [stdout] error[E0599]: no method named `par_search` found for struct `SearchEngine` in the current scope
[INFO] [stdout]   --> src/lib.rs:142:26
[INFO] [stdout]    |
[INFO] [stdout] 12 |     let results = engine.par_search("hallo");
[INFO] [stdout]    |                          ^^^^^^^^^^ help: there is a method with a similar name: `search`
[INFO] [stdout] 
[INFO] [stdout] error: aborting due to 1 previous error
[INFO] [stdout] 
[INFO] [stdout] For more information about this error, try `rustc --explain E0599`.
[INFO] [stdout] Couldn't compile the test.
[INFO] [stdout] 
[INFO] [stdout] failures:
[INFO] [stdout]     src/lib.rs - (line 132)
[INFO] [stdout] 
[INFO] [stdout] test result: FAILED. 5 passed; 1 failed; 0 ignored; 0 measured; 0 filtered out; finished in 0.29s
[INFO] [stdout] 
[INFO] [stderr] error: doctest failed, to rerun pass `--doc`
[INFO] running `Command { std: "docker" "inspect" "7ad91bae164fa81214afa1af210ce69ccff568552b04d7e1cf85d8cf0b405f63", kill_on_drop: false }`
[INFO] running `Command { std: "docker" "rm" "-f" "7ad91bae164fa81214afa1af210ce69ccff568552b04d7e1cf85d8cf0b405f63", kill_on_drop: false }`
[INFO] [stdout] 7ad91bae164fa81214afa1af210ce69ccff568552b04d7e1cf85d8cf0b405f63
