[INFO] fetching crate simple_hider 0.1.0...
[INFO] testing simple_hider-0.1.0 against 1.75.0 for beta-1.76-1
[INFO] extracting crate simple_hider 0.1.0 into /workspace/builds/worker-1-tc1/source
[INFO] validating manifest of crates.io crate simple_hider 0.1.0 on toolchain 1.75.0
[INFO] running `Command { std: CARGO_HOME="/workspace/cargo-home" RUSTUP_HOME="/workspace/rustup-home" "/workspace/cargo-home/bin/cargo" "+1.75.0" "metadata" "--manifest-path" "Cargo.toml" "--no-deps", kill_on_drop: false }`
[INFO] started tweaking crates.io crate simple_hider 0.1.0
[INFO] finished tweaking crates.io crate simple_hider 0.1.0
[INFO] tweaked toml for crates.io crate simple_hider 0.1.0 written to /workspace/builds/worker-1-tc1/source/Cargo.toml
[INFO] running `Command { std: CARGO_HOME="/workspace/cargo-home" RUSTUP_HOME="/workspace/rustup-home" "/workspace/cargo-home/bin/cargo" "+1.75.0" "generate-lockfile" "--manifest-path" "Cargo.toml", kill_on_drop: false }`
[INFO] running `Command { std: CARGO_HOME="/workspace/cargo-home" RUSTUP_HOME="/workspace/rustup-home" "/workspace/cargo-home/bin/cargo" "+1.75.0" "fetch" "--manifest-path" "Cargo.toml", kill_on_drop: false }`
[INFO] running `Command { std: "docker" "create" "-v" "/var/lib/crater-agent-workspace/builds/worker-1-tc1/target:/opt/rustwide/target:rw,Z" "-v" "/var/lib/crater-agent-workspace/builds/worker-1-tc1/source:/opt/rustwide/workdir:ro,Z" "-v" "/var/lib/crater-agent-workspace/cargo-home:/opt/rustwide/cargo-home:ro,Z" "-v" "/var/lib/crater-agent-workspace/rustup-home:/opt/rustwide/rustup-home:ro,Z" "-e" "SOURCE_DIR=/opt/rustwide/workdir" "-e" "CARGO_TARGET_DIR=/opt/rustwide/target" "-e" "CARGO_HOME=/opt/rustwide/cargo-home" "-e" "RUSTUP_HOME=/opt/rustwide/rustup-home" "-w" "/opt/rustwide/workdir" "-m" "1610612736" "--user" "0:0" "--network" "none" "ghcr.io/rust-lang/crates-build-env/linux@sha256:2788e3201cd34a07e3172128adcd8b3090168a8e3bcc40d7c032b9dda1df7d1c" "/opt/rustwide/cargo-home/bin/cargo" "+1.75.0" "metadata" "--no-deps" "--format-version=1", kill_on_drop: false }`
[INFO] [stdout] a65ea5cddfd54c781d719f24bfe0ad1d8fe3be6988aff20c126563d2a693439c
[INFO] running `Command { std: "docker" "start" "-a" "a65ea5cddfd54c781d719f24bfe0ad1d8fe3be6988aff20c126563d2a693439c", kill_on_drop: false }`
[INFO] running `Command { std: "docker" "inspect" "a65ea5cddfd54c781d719f24bfe0ad1d8fe3be6988aff20c126563d2a693439c", kill_on_drop: false }`
[INFO] running `Command { std: "docker" "rm" "-f" "a65ea5cddfd54c781d719f24bfe0ad1d8fe3be6988aff20c126563d2a693439c", kill_on_drop: false }`
[INFO] [stdout] a65ea5cddfd54c781d719f24bfe0ad1d8fe3be6988aff20c126563d2a693439c
[INFO] running `Command { std: "docker" "create" "-v" "/var/lib/crater-agent-workspace/builds/worker-1-tc1/target:/opt/rustwide/target:rw,Z" "-v" "/var/lib/crater-agent-workspace/builds/worker-1-tc1/source:/opt/rustwide/workdir:ro,Z" "-v" "/var/lib/crater-agent-workspace/cargo-home:/opt/rustwide/cargo-home:ro,Z" "-v" "/var/lib/crater-agent-workspace/rustup-home:/opt/rustwide/rustup-home:ro,Z" "-e" "SOURCE_DIR=/opt/rustwide/workdir" "-e" "CARGO_TARGET_DIR=/opt/rustwide/target" "-e" "CARGO_INCREMENTAL=0" "-e" "RUST_BACKTRACE=full" "-e" "RUSTFLAGS=--cap-lints=warn" "-e" "RUSTDOCFLAGS=--cap-lints=warn" "-e" "CARGO_HOME=/opt/rustwide/cargo-home" "-e" "RUSTUP_HOME=/opt/rustwide/rustup-home" "-w" "/opt/rustwide/workdir" "-m" "1610612736" "--user" "0:0" "--network" "none" "ghcr.io/rust-lang/crates-build-env/linux@sha256:2788e3201cd34a07e3172128adcd8b3090168a8e3bcc40d7c032b9dda1df7d1c" "/opt/rustwide/cargo-home/bin/cargo" "+1.75.0" "build" "--frozen" "--message-format=json", kill_on_drop: false }`
[INFO] [stdout] 21aa9bd27db7c00adce7efe35c6140756bf2980ffc9117a242856d893f02c8aa
[INFO] running `Command { std: "docker" "start" "-a" "21aa9bd27db7c00adce7efe35c6140756bf2980ffc9117a242856d893f02c8aa", kill_on_drop: false }`
[INFO] [stderr]    Compiling simple_hider v0.1.0 (/opt/rustwide/workdir)
[INFO] [stderr]     Finished dev [unoptimized + debuginfo] target(s) in 0.09s
[INFO] running `Command { std: "docker" "inspect" "21aa9bd27db7c00adce7efe35c6140756bf2980ffc9117a242856d893f02c8aa", kill_on_drop: false }`
[INFO] running `Command { std: "docker" "rm" "-f" "21aa9bd27db7c00adce7efe35c6140756bf2980ffc9117a242856d893f02c8aa", kill_on_drop: false }`
[INFO] [stdout] 21aa9bd27db7c00adce7efe35c6140756bf2980ffc9117a242856d893f02c8aa
[INFO] running `Command { std: "docker" "create" "-v" "/var/lib/crater-agent-workspace/builds/worker-1-tc1/target:/opt/rustwide/target:rw,Z" "-v" "/var/lib/crater-agent-workspace/builds/worker-1-tc1/source:/opt/rustwide/workdir:ro,Z" "-v" "/var/lib/crater-agent-workspace/cargo-home:/opt/rustwide/cargo-home:ro,Z" "-v" "/var/lib/crater-agent-workspace/rustup-home:/opt/rustwide/rustup-home:ro,Z" "-e" "SOURCE_DIR=/opt/rustwide/workdir" "-e" "CARGO_TARGET_DIR=/opt/rustwide/target" "-e" "CARGO_INCREMENTAL=0" "-e" "RUST_BACKTRACE=full" "-e" "RUSTFLAGS=--cap-lints=warn" "-e" "RUSTDOCFLAGS=--cap-lints=warn" "-e" "CARGO_HOME=/opt/rustwide/cargo-home" "-e" "RUSTUP_HOME=/opt/rustwide/rustup-home" "-w" "/opt/rustwide/workdir" "-m" "1610612736" "--user" "0:0" "--network" "none" "ghcr.io/rust-lang/crates-build-env/linux@sha256:2788e3201cd34a07e3172128adcd8b3090168a8e3bcc40d7c032b9dda1df7d1c" "/opt/rustwide/cargo-home/bin/cargo" "+1.75.0" "test" "--frozen" "--no-run" "--message-format=json", kill_on_drop: false }`
[INFO] [stdout] da94842a98384341c64d2848732478b7eb107efb45e470d4fcf353dd9045b323
[INFO] running `Command { std: "docker" "start" "-a" "da94842a98384341c64d2848732478b7eb107efb45e470d4fcf353dd9045b323", kill_on_drop: false }`
[INFO] [stderr]    Compiling simple_hider v0.1.0 (/opt/rustwide/workdir)
[INFO] [stderr]     Finished test [unoptimized + debuginfo] target(s) in 0.15s
[INFO] running `Command { std: "docker" "inspect" "da94842a98384341c64d2848732478b7eb107efb45e470d4fcf353dd9045b323", kill_on_drop: false }`
[INFO] running `Command { std: "docker" "rm" "-f" "da94842a98384341c64d2848732478b7eb107efb45e470d4fcf353dd9045b323", kill_on_drop: false }`
[INFO] [stdout] da94842a98384341c64d2848732478b7eb107efb45e470d4fcf353dd9045b323
[INFO] running `Command { std: "docker" "create" "-v" "/var/lib/crater-agent-workspace/builds/worker-1-tc1/target:/opt/rustwide/target:rw,Z" "-v" "/var/lib/crater-agent-workspace/builds/worker-1-tc1/source:/opt/rustwide/workdir:ro,Z" "-v" "/var/lib/crater-agent-workspace/cargo-home:/opt/rustwide/cargo-home:ro,Z" "-v" "/var/lib/crater-agent-workspace/rustup-home:/opt/rustwide/rustup-home:ro,Z" "-e" "SOURCE_DIR=/opt/rustwide/workdir" "-e" "CARGO_TARGET_DIR=/opt/rustwide/target" "-e" "CARGO_INCREMENTAL=0" "-e" "RUST_BACKTRACE=full" "-e" "RUSTFLAGS=--cap-lints=warn" "-e" "RUSTDOCFLAGS=--cap-lints=warn" "-e" "CARGO_HOME=/opt/rustwide/cargo-home" "-e" "RUSTUP_HOME=/opt/rustwide/rustup-home" "-w" "/opt/rustwide/workdir" "-m" "1610612736" "--user" "0:0" "--network" "none" "ghcr.io/rust-lang/crates-build-env/linux@sha256:2788e3201cd34a07e3172128adcd8b3090168a8e3bcc40d7c032b9dda1df7d1c" "/opt/rustwide/cargo-home/bin/cargo" "+1.75.0" "test" "--frozen", kill_on_drop: false }`
[INFO] [stdout] c3f0e067e3fbc9d58c9f4a484602e2c2f4ae30f89688279b98e6a546a066bf20
[INFO] running `Command { std: "docker" "start" "-a" "c3f0e067e3fbc9d58c9f4a484602e2c2f4ae30f89688279b98e6a546a066bf20", kill_on_drop: false }`
[INFO] [stderr]     Finished test [unoptimized + debuginfo] target(s) in 0.00s
[INFO] [stderr]      Running unittests src/lib.rs (/opt/rustwide/target/debug/deps/simple_hider-a030029a09093a09)
[INFO] [stdout] 
[INFO] [stdout] running 0 tests
[INFO] [stdout] 
[INFO] [stdout] test result: ok. 0 passed; 0 failed; 0 ignored; 0 measured; 0 filtered out; finished in 0.00s
[INFO] [stdout] 
[INFO] [stderr]    Doc-tests simple_hider
[INFO] [stdout] 
[INFO] [stdout] running 1 test
[INFO] [stdout] test src/lib.rs - (line 5) ... FAILED
[INFO] [stdout] 
[INFO] [stdout] failures:
[INFO] [stdout] 
[INFO] [stdout] ---- src/lib.rs - (line 5) stdout ----
[INFO] [stdout] error[E0308]: mismatched types
[INFO] [stdout]   --> src/lib.rs:12:30
[INFO] [stdout]    |
[INFO] [stdout] 10 | let decrypted = unhide(salt, encrypted);
[INFO] [stdout]    |                 ------       ^^^^^^^^^ expected `&str`, found `String`
[INFO] [stdout]    |                 |
[INFO] [stdout]    |                 arguments to this function are incorrect
[INFO] [stdout]    |
[INFO] [stdout] note: function defined here
[INFO] [stdout]   --> /opt/rustwide/workdir/src/lib.rs:46:8
[INFO] [stdout]    |
[INFO] [stdout] 46 | pub fn unhide(salt: &str, encoded: &str) -> String {
[INFO] [stdout]    |        ^^^^^^
[INFO] [stdout] help: consider borrowing here
[INFO] [stdout]    |
[INFO] [stdout] 10 | let decrypted = unhide(salt, &encrypted);
[INFO] [stdout]    |                              +
[INFO] [stdout] 
[INFO] [stdout] error: aborting due to previous error
[INFO] [stdout] 
[INFO] [stdout] For more information about this error, try `rustc --explain E0308`.
[INFO] [stdout] Couldn't compile the test.
[INFO] [stdout] 
[INFO] [stdout] failures:
[INFO] [stdout]     src/lib.rs - (line 5)
[INFO] [stdout] 
[INFO] [stdout] test result: FAILED. 0 passed; 1 failed; 0 ignored; 0 measured; 0 filtered out; finished in 0.04s
[INFO] [stdout] 
[INFO] [stderr] error: doctest failed, to rerun pass `--doc`
[INFO] running `Command { std: "docker" "inspect" "c3f0e067e3fbc9d58c9f4a484602e2c2f4ae30f89688279b98e6a546a066bf20", kill_on_drop: false }`
[INFO] running `Command { std: "docker" "rm" "-f" "c3f0e067e3fbc9d58c9f4a484602e2c2f4ae30f89688279b98e6a546a066bf20", kill_on_drop: false }`
[INFO] [stdout] c3f0e067e3fbc9d58c9f4a484602e2c2f4ae30f89688279b98e6a546a066bf20
[INFO] testing simple_hider-0.1.0 against beta-2023-12-22 for beta-1.76-1
[INFO] extracting crate simple_hider 0.1.0 into /workspace/builds/worker-1-tc2/source
[INFO] validating manifest of crates.io crate simple_hider 0.1.0 on toolchain beta-2023-12-22
[INFO] running `Command { std: CARGO_HOME="/workspace/cargo-home" RUSTUP_HOME="/workspace/rustup-home" "/workspace/cargo-home/bin/cargo" "+beta-2023-12-22" "metadata" "--manifest-path" "Cargo.toml" "--no-deps", kill_on_drop: false }`
[INFO] started tweaking crates.io crate simple_hider 0.1.0
[INFO] finished tweaking crates.io crate simple_hider 0.1.0
[INFO] tweaked toml for crates.io crate simple_hider 0.1.0 written to /workspace/builds/worker-1-tc2/source/Cargo.toml
[INFO] running `Command { std: CARGO_HOME="/workspace/cargo-home" RUSTUP_HOME="/workspace/rustup-home" "/workspace/cargo-home/bin/cargo" "+beta-2023-12-22" "generate-lockfile" "--manifest-path" "Cargo.toml", kill_on_drop: false }`
[INFO] running `Command { std: CARGO_HOME="/workspace/cargo-home" RUSTUP_HOME="/workspace/rustup-home" "/workspace/cargo-home/bin/cargo" "+beta-2023-12-22" "fetch" "--manifest-path" "Cargo.toml", kill_on_drop: false }`
[INFO] running `Command { std: "docker" "create" "-v" "/var/lib/crater-agent-workspace/builds/worker-1-tc2/target:/opt/rustwide/target:rw,Z" "-v" "/var/lib/crater-agent-workspace/builds/worker-1-tc2/source:/opt/rustwide/workdir:ro,Z" "-v" "/var/lib/crater-agent-workspace/cargo-home:/opt/rustwide/cargo-home:ro,Z" "-v" "/var/lib/crater-agent-workspace/rustup-home:/opt/rustwide/rustup-home:ro,Z" "-e" "SOURCE_DIR=/opt/rustwide/workdir" "-e" "CARGO_TARGET_DIR=/opt/rustwide/target" "-e" "CARGO_HOME=/opt/rustwide/cargo-home" "-e" "RUSTUP_HOME=/opt/rustwide/rustup-home" "-w" "/opt/rustwide/workdir" "-m" "1610612736" "--user" "0:0" "--network" "none" "ghcr.io/rust-lang/crates-build-env/linux@sha256:2788e3201cd34a07e3172128adcd8b3090168a8e3bcc40d7c032b9dda1df7d1c" "/opt/rustwide/cargo-home/bin/cargo" "+beta-2023-12-22" "metadata" "--no-deps" "--format-version=1", kill_on_drop: false }`
[INFO] [stdout] 52c3e5491967b038b147999d3e6393f0e305da153bb9e9ed18cd8ddbf3ae0501
[INFO] running `Command { std: "docker" "start" "-a" "52c3e5491967b038b147999d3e6393f0e305da153bb9e9ed18cd8ddbf3ae0501", kill_on_drop: false }`
[INFO] running `Command { std: "docker" "inspect" "52c3e5491967b038b147999d3e6393f0e305da153bb9e9ed18cd8ddbf3ae0501", kill_on_drop: false }`
[INFO] running `Command { std: "docker" "rm" "-f" "52c3e5491967b038b147999d3e6393f0e305da153bb9e9ed18cd8ddbf3ae0501", kill_on_drop: false }`
[INFO] [stdout] 52c3e5491967b038b147999d3e6393f0e305da153bb9e9ed18cd8ddbf3ae0501
[INFO] running `Command { std: "docker" "create" "-v" "/var/lib/crater-agent-workspace/builds/worker-1-tc2/target:/opt/rustwide/target:rw,Z" "-v" "/var/lib/crater-agent-workspace/builds/worker-1-tc2/source:/opt/rustwide/workdir:ro,Z" "-v" "/var/lib/crater-agent-workspace/cargo-home:/opt/rustwide/cargo-home:ro,Z" "-v" "/var/lib/crater-agent-workspace/rustup-home:/opt/rustwide/rustup-home:ro,Z" "-e" "SOURCE_DIR=/opt/rustwide/workdir" "-e" "CARGO_TARGET_DIR=/opt/rustwide/target" "-e" "CARGO_INCREMENTAL=0" "-e" "RUST_BACKTRACE=full" "-e" "RUSTFLAGS=--cap-lints=warn" "-e" "RUSTDOCFLAGS=--cap-lints=warn" "-e" "CARGO_HOME=/opt/rustwide/cargo-home" "-e" "RUSTUP_HOME=/opt/rustwide/rustup-home" "-w" "/opt/rustwide/workdir" "-m" "1610612736" "--user" "0:0" "--network" "none" "ghcr.io/rust-lang/crates-build-env/linux@sha256:2788e3201cd34a07e3172128adcd8b3090168a8e3bcc40d7c032b9dda1df7d1c" "/opt/rustwide/cargo-home/bin/cargo" "+beta-2023-12-22" "build" "--frozen" "--message-format=json", kill_on_drop: false }`
[INFO] [stdout] 43a015f8a8c23f89fff7006f60466326f2828950c708cbe1098228fad28ce21b
[INFO] running `Command { std: "docker" "start" "-a" "43a015f8a8c23f89fff7006f60466326f2828950c708cbe1098228fad28ce21b", kill_on_drop: false }`
[INFO] [stderr]    Compiling simple_hider v0.1.0 (/opt/rustwide/workdir)
[INFO] [stderr]     Finished dev [unoptimized + debuginfo] target(s) in 0.07s
[INFO] running `Command { std: "docker" "inspect" "43a015f8a8c23f89fff7006f60466326f2828950c708cbe1098228fad28ce21b", kill_on_drop: false }`
[INFO] running `Command { std: "docker" "rm" "-f" "43a015f8a8c23f89fff7006f60466326f2828950c708cbe1098228fad28ce21b", kill_on_drop: false }`
[INFO] [stdout] 43a015f8a8c23f89fff7006f60466326f2828950c708cbe1098228fad28ce21b
[INFO] running `Command { std: "docker" "create" "-v" "/var/lib/crater-agent-workspace/builds/worker-1-tc2/target:/opt/rustwide/target:rw,Z" "-v" "/var/lib/crater-agent-workspace/builds/worker-1-tc2/source:/opt/rustwide/workdir:ro,Z" "-v" "/var/lib/crater-agent-workspace/cargo-home:/opt/rustwide/cargo-home:ro,Z" "-v" "/var/lib/crater-agent-workspace/rustup-home:/opt/rustwide/rustup-home:ro,Z" "-e" "SOURCE_DIR=/opt/rustwide/workdir" "-e" "CARGO_TARGET_DIR=/opt/rustwide/target" "-e" "CARGO_INCREMENTAL=0" "-e" "RUST_BACKTRACE=full" "-e" "RUSTFLAGS=--cap-lints=warn" "-e" "RUSTDOCFLAGS=--cap-lints=warn" "-e" "CARGO_HOME=/opt/rustwide/cargo-home" "-e" "RUSTUP_HOME=/opt/rustwide/rustup-home" "-w" "/opt/rustwide/workdir" "-m" "1610612736" "--user" "0:0" "--network" "none" "ghcr.io/rust-lang/crates-build-env/linux@sha256:2788e3201cd34a07e3172128adcd8b3090168a8e3bcc40d7c032b9dda1df7d1c" "/opt/rustwide/cargo-home/bin/cargo" "+beta-2023-12-22" "test" "--frozen" "--no-run" "--message-format=json", kill_on_drop: false }`
[INFO] [stdout] 2e374803b7a9060703e03dd9bf0f127f8805a053050abd5f2f421c317e6298bf
[INFO] running `Command { std: "docker" "start" "-a" "2e374803b7a9060703e03dd9bf0f127f8805a053050abd5f2f421c317e6298bf", kill_on_drop: false }`
[INFO] [stderr]    Compiling simple_hider v0.1.0 (/opt/rustwide/workdir)
[INFO] [stderr]     Finished test [unoptimized + debuginfo] target(s) in 0.16s
[INFO] running `Command { std: "docker" "inspect" "2e374803b7a9060703e03dd9bf0f127f8805a053050abd5f2f421c317e6298bf", kill_on_drop: false }`
[INFO] running `Command { std: "docker" "rm" "-f" "2e374803b7a9060703e03dd9bf0f127f8805a053050abd5f2f421c317e6298bf", kill_on_drop: false }`
[INFO] [stdout] 2e374803b7a9060703e03dd9bf0f127f8805a053050abd5f2f421c317e6298bf
[INFO] running `Command { std: "docker" "create" "-v" "/var/lib/crater-agent-workspace/builds/worker-1-tc2/target:/opt/rustwide/target:rw,Z" "-v" "/var/lib/crater-agent-workspace/builds/worker-1-tc2/source:/opt/rustwide/workdir:ro,Z" "-v" "/var/lib/crater-agent-workspace/cargo-home:/opt/rustwide/cargo-home:ro,Z" "-v" "/var/lib/crater-agent-workspace/rustup-home:/opt/rustwide/rustup-home:ro,Z" "-e" "SOURCE_DIR=/opt/rustwide/workdir" "-e" "CARGO_TARGET_DIR=/opt/rustwide/target" "-e" "CARGO_INCREMENTAL=0" "-e" "RUST_BACKTRACE=full" "-e" "RUSTFLAGS=--cap-lints=warn" "-e" "RUSTDOCFLAGS=--cap-lints=warn" "-e" "CARGO_HOME=/opt/rustwide/cargo-home" "-e" "RUSTUP_HOME=/opt/rustwide/rustup-home" "-w" "/opt/rustwide/workdir" "-m" "1610612736" "--user" "0:0" "--network" "none" "ghcr.io/rust-lang/crates-build-env/linux@sha256:2788e3201cd34a07e3172128adcd8b3090168a8e3bcc40d7c032b9dda1df7d1c" "/opt/rustwide/cargo-home/bin/cargo" "+beta-2023-12-22" "test" "--frozen", kill_on_drop: false }`
[INFO] [stdout] d87272eee9366651fd3b0315d4622fa8072c7094407781142eaa1b19c4c2b037
[INFO] running `Command { std: "docker" "start" "-a" "d87272eee9366651fd3b0315d4622fa8072c7094407781142eaa1b19c4c2b037", kill_on_drop: false }`
[INFO] [stderr]     Finished test [unoptimized + debuginfo] target(s) in 0.00s
[INFO] [stderr]      Running unittests src/lib.rs (/opt/rustwide/target/debug/deps/simple_hider-011df858ff0e1dd5)
[INFO] [stdout] 
[INFO] [stdout] running 0 tests
[INFO] [stdout] 
[INFO] [stdout] test result: ok. 0 passed; 0 failed; 0 ignored; 0 measured; 0 filtered out; finished in 0.00s
[INFO] [stdout] 
[INFO] [stderr]    Doc-tests simple_hider
[INFO] [stdout] 
[INFO] [stdout] running 1 test
[INFO] [stdout] test src/lib.rs - (line 5) ... FAILED
[INFO] [stdout] 
[INFO] [stdout] failures:
[INFO] [stdout] 
[INFO] [stdout] ---- src/lib.rs - (line 5) stdout ----
[INFO] [stdout] error[E0308]: mismatched types
[INFO] [stdout]   --> src/lib.rs:12:30
[INFO] [stdout]    |
[INFO] [stdout] 10 | let decrypted = unhide(salt, encrypted);
[INFO] [stdout]    |                 ------       ^^^^^^^^^ expected `&str`, found `String`
[INFO] [stdout]    |                 |
[INFO] [stdout]    |                 arguments to this function are incorrect
[INFO] [stdout]    |
[INFO] [stdout] note: function defined here
[INFO] [stdout]   --> /opt/rustwide/workdir/src/lib.rs:46:8
[INFO] [stdout]    |
[INFO] [stdout] 46 | pub fn unhide(salt: &str, encoded: &str) -> String {
[INFO] [stdout]    |        ^^^^^^
[INFO] [stdout] help: consider borrowing here
[INFO] [stdout]    |
[INFO] [stdout] 10 | let decrypted = unhide(salt, &encrypted);
[INFO] [stdout]    |                              +
[INFO] [stdout] 
[INFO] [stdout] error: aborting due to 1 previous error
[INFO] [stdout] 
[INFO] [stdout] For more information about this error, try `rustc --explain E0308`.
[INFO] [stdout] Couldn't compile the test.
[INFO] [stdout] 
[INFO] [stdout] failures:
[INFO] [stdout]     src/lib.rs - (line 5)
[INFO] [stdout] 
[INFO] [stdout] test result: FAILED. 0 passed; 1 failed; 0 ignored; 0 measured; 0 filtered out; finished in 0.04s
[INFO] [stdout] 
[INFO] [stderr] error: doctest failed, to rerun pass `--doc`
[INFO] running `Command { std: "docker" "inspect" "d87272eee9366651fd3b0315d4622fa8072c7094407781142eaa1b19c4c2b037", kill_on_drop: false }`
[INFO] running `Command { std: "docker" "rm" "-f" "d87272eee9366651fd3b0315d4622fa8072c7094407781142eaa1b19c4c2b037", kill_on_drop: false }`
[INFO] [stdout] d87272eee9366651fd3b0315d4622fa8072c7094407781142eaa1b19c4c2b037
