[INFO] fetching crate simple-easing2 1.0.2...
[INFO] testing simple-easing2-1.0.2 against 1.75.0 for beta-1.76-1
[INFO] extracting crate simple-easing2 1.0.2 into /workspace/builds/worker-7-tc1/source
[INFO] validating manifest of crates.io crate simple-easing2 1.0.2 on toolchain 1.75.0
[INFO] running `Command { std: CARGO_HOME="/workspace/cargo-home" RUSTUP_HOME="/workspace/rustup-home" "/workspace/cargo-home/bin/cargo" "+1.75.0" "metadata" "--manifest-path" "Cargo.toml" "--no-deps", kill_on_drop: false }`
[INFO] started tweaking crates.io crate simple-easing2 1.0.2
[INFO] finished tweaking crates.io crate simple-easing2 1.0.2
[INFO] tweaked toml for crates.io crate simple-easing2 1.0.2 written to /workspace/builds/worker-7-tc1/source/Cargo.toml
[INFO] running `Command { std: CARGO_HOME="/workspace/cargo-home" RUSTUP_HOME="/workspace/rustup-home" "/workspace/cargo-home/bin/cargo" "+1.75.0" "generate-lockfile" "--manifest-path" "Cargo.toml", kill_on_drop: false }`
[INFO] running `Command { std: CARGO_HOME="/workspace/cargo-home" RUSTUP_HOME="/workspace/rustup-home" "/workspace/cargo-home/bin/cargo" "+1.75.0" "fetch" "--manifest-path" "Cargo.toml", kill_on_drop: false }`
[INFO] running `Command { std: "docker" "create" "-v" "/var/lib/crater-agent-workspace/builds/worker-7-tc1/target:/opt/rustwide/target:rw,Z" "-v" "/var/lib/crater-agent-workspace/builds/worker-7-tc1/source:/opt/rustwide/workdir:ro,Z" "-v" "/var/lib/crater-agent-workspace/cargo-home:/opt/rustwide/cargo-home:ro,Z" "-v" "/var/lib/crater-agent-workspace/rustup-home:/opt/rustwide/rustup-home:ro,Z" "-e" "SOURCE_DIR=/opt/rustwide/workdir" "-e" "CARGO_TARGET_DIR=/opt/rustwide/target" "-e" "CARGO_HOME=/opt/rustwide/cargo-home" "-e" "RUSTUP_HOME=/opt/rustwide/rustup-home" "-w" "/opt/rustwide/workdir" "-m" "1610612736" "--user" "0:0" "--network" "none" "ghcr.io/rust-lang/crates-build-env/linux@sha256:2788e3201cd34a07e3172128adcd8b3090168a8e3bcc40d7c032b9dda1df7d1c" "/opt/rustwide/cargo-home/bin/cargo" "+1.75.0" "metadata" "--no-deps" "--format-version=1", kill_on_drop: false }`
[INFO] [stdout] b8ed3a791999e114b28036ef2eb43a4dc9a9e1f19164bba3df24c3647b6f22f0
[INFO] running `Command { std: "docker" "start" "-a" "b8ed3a791999e114b28036ef2eb43a4dc9a9e1f19164bba3df24c3647b6f22f0", kill_on_drop: false }`
[INFO] running `Command { std: "docker" "inspect" "b8ed3a791999e114b28036ef2eb43a4dc9a9e1f19164bba3df24c3647b6f22f0", kill_on_drop: false }`
[INFO] running `Command { std: "docker" "rm" "-f" "b8ed3a791999e114b28036ef2eb43a4dc9a9e1f19164bba3df24c3647b6f22f0", kill_on_drop: false }`
[INFO] [stdout] b8ed3a791999e114b28036ef2eb43a4dc9a9e1f19164bba3df24c3647b6f22f0
[INFO] running `Command { std: "docker" "create" "-v" "/var/lib/crater-agent-workspace/builds/worker-7-tc1/target:/opt/rustwide/target:rw,Z" "-v" "/var/lib/crater-agent-workspace/builds/worker-7-tc1/source:/opt/rustwide/workdir:ro,Z" "-v" "/var/lib/crater-agent-workspace/cargo-home:/opt/rustwide/cargo-home:ro,Z" "-v" "/var/lib/crater-agent-workspace/rustup-home:/opt/rustwide/rustup-home:ro,Z" "-e" "SOURCE_DIR=/opt/rustwide/workdir" "-e" "CARGO_TARGET_DIR=/opt/rustwide/target" "-e" "CARGO_INCREMENTAL=0" "-e" "RUST_BACKTRACE=full" "-e" "RUSTFLAGS=--cap-lints=warn" "-e" "RUSTDOCFLAGS=--cap-lints=warn" "-e" "CARGO_HOME=/opt/rustwide/cargo-home" "-e" "RUSTUP_HOME=/opt/rustwide/rustup-home" "-w" "/opt/rustwide/workdir" "-m" "1610612736" "--user" "0:0" "--network" "none" "ghcr.io/rust-lang/crates-build-env/linux@sha256:2788e3201cd34a07e3172128adcd8b3090168a8e3bcc40d7c032b9dda1df7d1c" "/opt/rustwide/cargo-home/bin/cargo" "+1.75.0" "build" "--frozen" "--message-format=json", kill_on_drop: false }`
[INFO] [stdout] a74658335a272fa749a700df3f8b29bbc005e3ca80eff20a002dea832923e2cf
[INFO] running `Command { std: "docker" "start" "-a" "a74658335a272fa749a700df3f8b29bbc005e3ca80eff20a002dea832923e2cf", kill_on_drop: false }`
[INFO] [stderr]    Compiling simple-easing2 v1.0.2 (/opt/rustwide/workdir)
[INFO] [stderr]     Finished dev [unoptimized + debuginfo] target(s) in 0.10s
[INFO] running `Command { std: "docker" "inspect" "a74658335a272fa749a700df3f8b29bbc005e3ca80eff20a002dea832923e2cf", kill_on_drop: false }`
[INFO] running `Command { std: "docker" "rm" "-f" "a74658335a272fa749a700df3f8b29bbc005e3ca80eff20a002dea832923e2cf", kill_on_drop: false }`
[INFO] [stdout] a74658335a272fa749a700df3f8b29bbc005e3ca80eff20a002dea832923e2cf
[INFO] running `Command { std: "docker" "create" "-v" "/var/lib/crater-agent-workspace/builds/worker-7-tc1/target:/opt/rustwide/target:rw,Z" "-v" "/var/lib/crater-agent-workspace/builds/worker-7-tc1/source:/opt/rustwide/workdir:ro,Z" "-v" "/var/lib/crater-agent-workspace/cargo-home:/opt/rustwide/cargo-home:ro,Z" "-v" "/var/lib/crater-agent-workspace/rustup-home:/opt/rustwide/rustup-home:ro,Z" "-e" "SOURCE_DIR=/opt/rustwide/workdir" "-e" "CARGO_TARGET_DIR=/opt/rustwide/target" "-e" "CARGO_INCREMENTAL=0" "-e" "RUST_BACKTRACE=full" "-e" "RUSTFLAGS=--cap-lints=warn" "-e" "RUSTDOCFLAGS=--cap-lints=warn" "-e" "CARGO_HOME=/opt/rustwide/cargo-home" "-e" "RUSTUP_HOME=/opt/rustwide/rustup-home" "-w" "/opt/rustwide/workdir" "-m" "1610612736" "--user" "0:0" "--network" "none" "ghcr.io/rust-lang/crates-build-env/linux@sha256:2788e3201cd34a07e3172128adcd8b3090168a8e3bcc40d7c032b9dda1df7d1c" "/opt/rustwide/cargo-home/bin/cargo" "+1.75.0" "test" "--frozen" "--no-run" "--message-format=json", kill_on_drop: false }`
[INFO] [stdout] 4d7c22794450279c06878e9b9f102e8e879f16cfcb6ede2ca9feb40bb03be8c3
[INFO] running `Command { std: "docker" "start" "-a" "4d7c22794450279c06878e9b9f102e8e879f16cfcb6ede2ca9feb40bb03be8c3", kill_on_drop: false }`
[INFO] [stderr]    Compiling simple-easing2 v1.0.2 (/opt/rustwide/workdir)
[INFO] [stderr]     Finished test [unoptimized + debuginfo] target(s) in 0.31s
[INFO] running `Command { std: "docker" "inspect" "4d7c22794450279c06878e9b9f102e8e879f16cfcb6ede2ca9feb40bb03be8c3", kill_on_drop: false }`
[INFO] running `Command { std: "docker" "rm" "-f" "4d7c22794450279c06878e9b9f102e8e879f16cfcb6ede2ca9feb40bb03be8c3", kill_on_drop: false }`
[INFO] [stdout] 4d7c22794450279c06878e9b9f102e8e879f16cfcb6ede2ca9feb40bb03be8c3
[INFO] running `Command { std: "docker" "create" "-v" "/var/lib/crater-agent-workspace/builds/worker-7-tc1/target:/opt/rustwide/target:rw,Z" "-v" "/var/lib/crater-agent-workspace/builds/worker-7-tc1/source:/opt/rustwide/workdir:ro,Z" "-v" "/var/lib/crater-agent-workspace/cargo-home:/opt/rustwide/cargo-home:ro,Z" "-v" "/var/lib/crater-agent-workspace/rustup-home:/opt/rustwide/rustup-home:ro,Z" "-e" "SOURCE_DIR=/opt/rustwide/workdir" "-e" "CARGO_TARGET_DIR=/opt/rustwide/target" "-e" "CARGO_INCREMENTAL=0" "-e" "RUST_BACKTRACE=full" "-e" "RUSTFLAGS=--cap-lints=warn" "-e" "RUSTDOCFLAGS=--cap-lints=warn" "-e" "CARGO_HOME=/opt/rustwide/cargo-home" "-e" "RUSTUP_HOME=/opt/rustwide/rustup-home" "-w" "/opt/rustwide/workdir" "-m" "1610612736" "--user" "0:0" "--network" "none" "ghcr.io/rust-lang/crates-build-env/linux@sha256:2788e3201cd34a07e3172128adcd8b3090168a8e3bcc40d7c032b9dda1df7d1c" "/opt/rustwide/cargo-home/bin/cargo" "+1.75.0" "test" "--frozen", kill_on_drop: false }`
[INFO] [stdout] c4e437a8521e5a94e07f3d1844dd448d03e9c28fcba81034299baf214bd930f6
[INFO] running `Command { std: "docker" "start" "-a" "c4e437a8521e5a94e07f3d1844dd448d03e9c28fcba81034299baf214bd930f6", kill_on_drop: false }`
[INFO] [stdout] 
[INFO] [stderr]     Finished test [unoptimized + debuginfo] target(s) in 0.01s
[INFO] [stdout] running 0 tests
[INFO] [stderr]      Running unittests src/lib.rs (/opt/rustwide/target/debug/deps/simple_easing2-bcb5ee2ad1b88cb9)
[INFO] [stdout] 
[INFO] [stderr]    Doc-tests simple-easing2
[INFO] [stdout] test result: ok. 0 passed; 0 failed; 0 ignored; 0 measured; 0 filtered out; finished in 0.00s
[INFO] [stdout] 
[INFO] [stdout] 
[INFO] [stdout] running 2 tests
[INFO] [stdout] test src/lib.rs - (line 17) ... FAILED
[INFO] [stdout] test src/lib.rs - roundtrip (line 63) ... FAILED
[INFO] [stdout] 
[INFO] [stdout] failures:
[INFO] [stdout] 
[INFO] [stdout] ---- src/lib.rs - (line 17) stdout ----
[INFO] [stdout] error[E0432]: unresolved import `simple_easing`
[INFO] [stdout]  --> src/lib.rs:18:5
[INFO] [stdout]   |
[INFO] [stdout] 3 | use simple_easing::linear;
[INFO] [stdout]   |     ^^^^^^^^^^^^^ use of undeclared crate or module `simple_easing`
[INFO] [stdout]   |
[INFO] [stdout] help: there is a crate or module with a similar name
[INFO] [stdout]   |
[INFO] [stdout] 3 | use simple_easing2::linear;
[INFO] [stdout]   |     ~~~~~~~~~~~~~~
[INFO] [stdout] 
[INFO] [stdout] error: aborting due to previous error
[INFO] [stdout] 
[INFO] [stdout] For more information about this error, try `rustc --explain E0432`.
[INFO] [stdout] Couldn't compile the test.
[INFO] [stdout] ---- src/lib.rs - roundtrip (line 63) stdout ----
[INFO] [stdout] error[E0432]: unresolved import `simple_easing`
[INFO] [stdout]  --> src/lib.rs:64:5
[INFO] [stdout]   |
[INFO] [stdout] 3 | use simple_easing::{cubic_in, roundtrip};
[INFO] [stdout]   |     ^^^^^^^^^^^^^ use of undeclared crate or module `simple_easing`
[INFO] [stdout]   |
[INFO] [stdout] help: there is a crate or module with a similar name
[INFO] [stdout]   |
[INFO] [stdout] 3 | use simple_easing2::{cubic_in, roundtrip};
[INFO] [stdout]   |     ~~~~~~~~~~~~~~
[INFO] [stdout] 
[INFO] [stdout] error: aborting due to previous error
[INFO] [stdout] 
[INFO] [stdout] For more information about this error, try `rustc --explain E0432`.
[INFO] [stdout] Couldn't compile the test.
[INFO] [stdout] 
[INFO] [stdout] failures:
[INFO] [stdout]     src/lib.rs - (line 17)
[INFO] [stdout]     src/lib.rs - roundtrip (line 63)
[INFO] [stdout] 
[INFO] [stdout] test result: FAILED. 0 passed; 2 failed; 0 ignored; 0 measured; 0 filtered out; finished in 0.10s
[INFO] [stdout] 
[INFO] [stderr] error: doctest failed, to rerun pass `--doc`
[INFO] running `Command { std: "docker" "inspect" "c4e437a8521e5a94e07f3d1844dd448d03e9c28fcba81034299baf214bd930f6", kill_on_drop: false }`
[INFO] running `Command { std: "docker" "rm" "-f" "c4e437a8521e5a94e07f3d1844dd448d03e9c28fcba81034299baf214bd930f6", kill_on_drop: false }`
[INFO] [stdout] c4e437a8521e5a94e07f3d1844dd448d03e9c28fcba81034299baf214bd930f6
[INFO] testing simple-easing2-1.0.2 against beta-2023-12-22 for beta-1.76-1
[INFO] extracting crate simple-easing2 1.0.2 into /workspace/builds/worker-7-tc2/source
[INFO] validating manifest of crates.io crate simple-easing2 1.0.2 on toolchain beta-2023-12-22
[INFO] running `Command { std: CARGO_HOME="/workspace/cargo-home" RUSTUP_HOME="/workspace/rustup-home" "/workspace/cargo-home/bin/cargo" "+beta-2023-12-22" "metadata" "--manifest-path" "Cargo.toml" "--no-deps", kill_on_drop: false }`
[INFO] started tweaking crates.io crate simple-easing2 1.0.2
[INFO] finished tweaking crates.io crate simple-easing2 1.0.2
[INFO] tweaked toml for crates.io crate simple-easing2 1.0.2 written to /workspace/builds/worker-7-tc2/source/Cargo.toml
[INFO] running `Command { std: CARGO_HOME="/workspace/cargo-home" RUSTUP_HOME="/workspace/rustup-home" "/workspace/cargo-home/bin/cargo" "+beta-2023-12-22" "generate-lockfile" "--manifest-path" "Cargo.toml", kill_on_drop: false }`
[INFO] [stderr]     Blocking waiting for file lock on package cache
[INFO] running `Command { std: CARGO_HOME="/workspace/cargo-home" RUSTUP_HOME="/workspace/rustup-home" "/workspace/cargo-home/bin/cargo" "+beta-2023-12-22" "fetch" "--manifest-path" "Cargo.toml", kill_on_drop: false }`
[INFO] running `Command { std: "docker" "create" "-v" "/var/lib/crater-agent-workspace/builds/worker-7-tc2/target:/opt/rustwide/target:rw,Z" "-v" "/var/lib/crater-agent-workspace/builds/worker-7-tc2/source:/opt/rustwide/workdir:ro,Z" "-v" "/var/lib/crater-agent-workspace/cargo-home:/opt/rustwide/cargo-home:ro,Z" "-v" "/var/lib/crater-agent-workspace/rustup-home:/opt/rustwide/rustup-home:ro,Z" "-e" "SOURCE_DIR=/opt/rustwide/workdir" "-e" "CARGO_TARGET_DIR=/opt/rustwide/target" "-e" "CARGO_HOME=/opt/rustwide/cargo-home" "-e" "RUSTUP_HOME=/opt/rustwide/rustup-home" "-w" "/opt/rustwide/workdir" "-m" "1610612736" "--user" "0:0" "--network" "none" "ghcr.io/rust-lang/crates-build-env/linux@sha256:2788e3201cd34a07e3172128adcd8b3090168a8e3bcc40d7c032b9dda1df7d1c" "/opt/rustwide/cargo-home/bin/cargo" "+beta-2023-12-22" "metadata" "--no-deps" "--format-version=1", kill_on_drop: false }`
[INFO] [stdout] 4742055d9936d2c45b3d6cafa00b8bed1a78113532ed59a01d619d30a95c4c44
[INFO] running `Command { std: "docker" "start" "-a" "4742055d9936d2c45b3d6cafa00b8bed1a78113532ed59a01d619d30a95c4c44", kill_on_drop: false }`
[INFO] running `Command { std: "docker" "inspect" "4742055d9936d2c45b3d6cafa00b8bed1a78113532ed59a01d619d30a95c4c44", kill_on_drop: false }`
[INFO] running `Command { std: "docker" "rm" "-f" "4742055d9936d2c45b3d6cafa00b8bed1a78113532ed59a01d619d30a95c4c44", kill_on_drop: false }`
[INFO] [stdout] 4742055d9936d2c45b3d6cafa00b8bed1a78113532ed59a01d619d30a95c4c44
[INFO] running `Command { std: "docker" "create" "-v" "/var/lib/crater-agent-workspace/builds/worker-7-tc2/target:/opt/rustwide/target:rw,Z" "-v" "/var/lib/crater-agent-workspace/builds/worker-7-tc2/source:/opt/rustwide/workdir:ro,Z" "-v" "/var/lib/crater-agent-workspace/cargo-home:/opt/rustwide/cargo-home:ro,Z" "-v" "/var/lib/crater-agent-workspace/rustup-home:/opt/rustwide/rustup-home:ro,Z" "-e" "SOURCE_DIR=/opt/rustwide/workdir" "-e" "CARGO_TARGET_DIR=/opt/rustwide/target" "-e" "CARGO_INCREMENTAL=0" "-e" "RUST_BACKTRACE=full" "-e" "RUSTFLAGS=--cap-lints=warn" "-e" "RUSTDOCFLAGS=--cap-lints=warn" "-e" "CARGO_HOME=/opt/rustwide/cargo-home" "-e" "RUSTUP_HOME=/opt/rustwide/rustup-home" "-w" "/opt/rustwide/workdir" "-m" "1610612736" "--user" "0:0" "--network" "none" "ghcr.io/rust-lang/crates-build-env/linux@sha256:2788e3201cd34a07e3172128adcd8b3090168a8e3bcc40d7c032b9dda1df7d1c" "/opt/rustwide/cargo-home/bin/cargo" "+beta-2023-12-22" "build" "--frozen" "--message-format=json", kill_on_drop: false }`
[INFO] [stdout] 77ea156fb22cd5a964b93439c9cb3c6cbb4e0162232cae452632d87e4b3bdf2d
[INFO] running `Command { std: "docker" "start" "-a" "77ea156fb22cd5a964b93439c9cb3c6cbb4e0162232cae452632d87e4b3bdf2d", kill_on_drop: false }`
[INFO] [stderr]    Compiling simple-easing2 v1.0.2 (/opt/rustwide/workdir)
[INFO] [stderr]     Finished dev [unoptimized + debuginfo] target(s) in 0.12s
[INFO] running `Command { std: "docker" "inspect" "77ea156fb22cd5a964b93439c9cb3c6cbb4e0162232cae452632d87e4b3bdf2d", kill_on_drop: false }`
[INFO] running `Command { std: "docker" "rm" "-f" "77ea156fb22cd5a964b93439c9cb3c6cbb4e0162232cae452632d87e4b3bdf2d", kill_on_drop: false }`
[INFO] [stdout] 77ea156fb22cd5a964b93439c9cb3c6cbb4e0162232cae452632d87e4b3bdf2d
[INFO] running `Command { std: "docker" "create" "-v" "/var/lib/crater-agent-workspace/builds/worker-7-tc2/target:/opt/rustwide/target:rw,Z" "-v" "/var/lib/crater-agent-workspace/builds/worker-7-tc2/source:/opt/rustwide/workdir:ro,Z" "-v" "/var/lib/crater-agent-workspace/cargo-home:/opt/rustwide/cargo-home:ro,Z" "-v" "/var/lib/crater-agent-workspace/rustup-home:/opt/rustwide/rustup-home:ro,Z" "-e" "SOURCE_DIR=/opt/rustwide/workdir" "-e" "CARGO_TARGET_DIR=/opt/rustwide/target" "-e" "CARGO_INCREMENTAL=0" "-e" "RUST_BACKTRACE=full" "-e" "RUSTFLAGS=--cap-lints=warn" "-e" "RUSTDOCFLAGS=--cap-lints=warn" "-e" "CARGO_HOME=/opt/rustwide/cargo-home" "-e" "RUSTUP_HOME=/opt/rustwide/rustup-home" "-w" "/opt/rustwide/workdir" "-m" "1610612736" "--user" "0:0" "--network" "none" "ghcr.io/rust-lang/crates-build-env/linux@sha256:2788e3201cd34a07e3172128adcd8b3090168a8e3bcc40d7c032b9dda1df7d1c" "/opt/rustwide/cargo-home/bin/cargo" "+beta-2023-12-22" "test" "--frozen" "--no-run" "--message-format=json", kill_on_drop: false }`
[INFO] [stdout] 951f91e0e542198a2fb9f80cd0e9946c526b09c72a8acbc12723ae0576d18ecb
[INFO] running `Command { std: "docker" "start" "-a" "951f91e0e542198a2fb9f80cd0e9946c526b09c72a8acbc12723ae0576d18ecb", kill_on_drop: false }`
[INFO] [stderr]    Compiling simple-easing2 v1.0.2 (/opt/rustwide/workdir)
[INFO] [stderr]     Finished test [unoptimized + debuginfo] target(s) in 0.38s
[INFO] running `Command { std: "docker" "inspect" "951f91e0e542198a2fb9f80cd0e9946c526b09c72a8acbc12723ae0576d18ecb", kill_on_drop: false }`
[INFO] running `Command { std: "docker" "rm" "-f" "951f91e0e542198a2fb9f80cd0e9946c526b09c72a8acbc12723ae0576d18ecb", kill_on_drop: false }`
[INFO] [stdout] 951f91e0e542198a2fb9f80cd0e9946c526b09c72a8acbc12723ae0576d18ecb
[INFO] running `Command { std: "docker" "create" "-v" "/var/lib/crater-agent-workspace/builds/worker-7-tc2/target:/opt/rustwide/target:rw,Z" "-v" "/var/lib/crater-agent-workspace/builds/worker-7-tc2/source:/opt/rustwide/workdir:ro,Z" "-v" "/var/lib/crater-agent-workspace/cargo-home:/opt/rustwide/cargo-home:ro,Z" "-v" "/var/lib/crater-agent-workspace/rustup-home:/opt/rustwide/rustup-home:ro,Z" "-e" "SOURCE_DIR=/opt/rustwide/workdir" "-e" "CARGO_TARGET_DIR=/opt/rustwide/target" "-e" "CARGO_INCREMENTAL=0" "-e" "RUST_BACKTRACE=full" "-e" "RUSTFLAGS=--cap-lints=warn" "-e" "RUSTDOCFLAGS=--cap-lints=warn" "-e" "CARGO_HOME=/opt/rustwide/cargo-home" "-e" "RUSTUP_HOME=/opt/rustwide/rustup-home" "-w" "/opt/rustwide/workdir" "-m" "1610612736" "--user" "0:0" "--network" "none" "ghcr.io/rust-lang/crates-build-env/linux@sha256:2788e3201cd34a07e3172128adcd8b3090168a8e3bcc40d7c032b9dda1df7d1c" "/opt/rustwide/cargo-home/bin/cargo" "+beta-2023-12-22" "test" "--frozen", kill_on_drop: false }`
[INFO] [stdout] c4f20a8d6e091904bf39678ef8d36f060e9a96d967166a683b14169602ddc2c0
[INFO] running `Command { std: "docker" "start" "-a" "c4f20a8d6e091904bf39678ef8d36f060e9a96d967166a683b14169602ddc2c0", kill_on_drop: false }`
[INFO] [stderr]     Finished test [unoptimized + debuginfo] target(s) in 0.01s
[INFO] [stdout] 
[INFO] [stderr]      Running unittests src/lib.rs (/opt/rustwide/target/debug/deps/simple_easing2-d16afa6945cdc4bf)
[INFO] [stdout] running 0 tests
[INFO] [stderr]    Doc-tests simple-easing2
[INFO] [stdout] 
[INFO] [stdout] test result: ok. 0 passed; 0 failed; 0 ignored; 0 measured; 0 filtered out; finished in 0.00s
[INFO] [stdout] 
[INFO] [stdout] 
[INFO] [stdout] running 2 tests
[INFO] [stdout] test src/lib.rs - roundtrip (line 63) ... FAILED
[INFO] [stdout] test src/lib.rs - (line 17) ... FAILED
[INFO] [stdout] 
[INFO] [stdout] failures:
[INFO] [stdout] 
[INFO] [stdout] ---- src/lib.rs - roundtrip (line 63) stdout ----
[INFO] [stdout] error[E0432]: unresolved import `simple_easing`
[INFO] [stdout]  --> src/lib.rs:64:5
[INFO] [stdout]   |
[INFO] [stdout] 3 | use simple_easing::{cubic_in, roundtrip};
[INFO] [stdout]   |     ^^^^^^^^^^^^^ use of undeclared crate or module `simple_easing`
[INFO] [stdout]   |
[INFO] [stdout] help: there is a crate or module with a similar name
[INFO] [stdout]   |
[INFO] [stdout] 3 | use simple_easing2::{cubic_in, roundtrip};
[INFO] [stdout]   |     ~~~~~~~~~~~~~~
[INFO] [stdout] 
[INFO] [stdout] error: aborting due to 1 previous error
[INFO] [stdout] 
[INFO] [stdout] For more information about this error, try `rustc --explain E0432`.
[INFO] [stdout] Couldn't compile the test.
[INFO] [stdout] ---- src/lib.rs - (line 17) stdout ----
[INFO] [stdout] error[E0432]: unresolved import `simple_easing`
[INFO] [stdout]  --> src/lib.rs:18:5
[INFO] [stdout]   |
[INFO] [stdout] 3 | use simple_easing::linear;
[INFO] [stdout]   |     ^^^^^^^^^^^^^ use of undeclared crate or module `simple_easing`
[INFO] [stdout]   |
[INFO] [stdout] help: there is a crate or module with a similar name
[INFO] [stdout]   |
[INFO] [stdout] 3 | use simple_easing2::linear;
[INFO] [stdout]   |     ~~~~~~~~~~~~~~
[INFO] [stdout] 
[INFO] [stdout] error: aborting due to 1 previous error
[INFO] [stdout] 
[INFO] [stdout] For more information about this error, try `rustc --explain E0432`.
[INFO] [stdout] Couldn't compile the test.
[INFO] [stdout] 
[INFO] [stdout] failures:
[INFO] [stdout]     src/lib.rs - (line 17)
[INFO] [stdout]     src/lib.rs - roundtrip (line 63)
[INFO] [stdout] 
[INFO] [stdout] test result: FAILED. 0 passed; 2 failed; 0 ignored; 0 measured; 0 filtered out; finished in 0.07s
[INFO] [stdout] 
[INFO] [stderr] error: doctest failed, to rerun pass `--doc`
[INFO] running `Command { std: "docker" "inspect" "c4f20a8d6e091904bf39678ef8d36f060e9a96d967166a683b14169602ddc2c0", kill_on_drop: false }`
[INFO] running `Command { std: "docker" "rm" "-f" "c4f20a8d6e091904bf39678ef8d36f060e9a96d967166a683b14169602ddc2c0", kill_on_drop: false }`
[INFO] [stdout] c4f20a8d6e091904bf39678ef8d36f060e9a96d967166a683b14169602ddc2c0
