[INFO] fetching crate si70xx 0.1.0...
[INFO] testing si70xx-0.1.0 against 1.75.0 for beta-1.76-1
[INFO] extracting crate si70xx 0.1.0 into /workspace/builds/worker-1-tc1/source
[INFO] validating manifest of crates.io crate si70xx 0.1.0 on toolchain 1.75.0
[INFO] running `Command { std: CARGO_HOME="/workspace/cargo-home" RUSTUP_HOME="/workspace/rustup-home" "/workspace/cargo-home/bin/cargo" "+1.75.0" "metadata" "--manifest-path" "Cargo.toml" "--no-deps", kill_on_drop: false }`
[INFO] started tweaking crates.io crate si70xx 0.1.0
[INFO] finished tweaking crates.io crate si70xx 0.1.0
[INFO] tweaked toml for crates.io crate si70xx 0.1.0 written to /workspace/builds/worker-1-tc1/source/Cargo.toml
[INFO] running `Command { std: CARGO_HOME="/workspace/cargo-home" RUSTUP_HOME="/workspace/rustup-home" "/workspace/cargo-home/bin/cargo" "+1.75.0" "generate-lockfile" "--manifest-path" "Cargo.toml", kill_on_drop: false }`
[INFO] [stderr]     Updating crates.io index
[INFO] running `Command { std: CARGO_HOME="/workspace/cargo-home" RUSTUP_HOME="/workspace/rustup-home" "/workspace/cargo-home/bin/cargo" "+1.75.0" "fetch" "--manifest-path" "Cargo.toml", kill_on_drop: false }`
[INFO] [stderr]  Downloading crates ...
[INFO] [stderr]   Downloaded embedded-hal-async v1.0.0-rc.1
[INFO] running `Command { std: "docker" "create" "-v" "/var/lib/crater-agent-workspace/builds/worker-1-tc1/target:/opt/rustwide/target:rw,Z" "-v" "/var/lib/crater-agent-workspace/builds/worker-1-tc1/source:/opt/rustwide/workdir:ro,Z" "-v" "/var/lib/crater-agent-workspace/cargo-home:/opt/rustwide/cargo-home:ro,Z" "-v" "/var/lib/crater-agent-workspace/rustup-home:/opt/rustwide/rustup-home:ro,Z" "-e" "SOURCE_DIR=/opt/rustwide/workdir" "-e" "CARGO_TARGET_DIR=/opt/rustwide/target" "-e" "CARGO_HOME=/opt/rustwide/cargo-home" "-e" "RUSTUP_HOME=/opt/rustwide/rustup-home" "-w" "/opt/rustwide/workdir" "-m" "1610612736" "--user" "0:0" "--network" "none" "ghcr.io/rust-lang/crates-build-env/linux@sha256:2788e3201cd34a07e3172128adcd8b3090168a8e3bcc40d7c032b9dda1df7d1c" "/opt/rustwide/cargo-home/bin/cargo" "+1.75.0" "metadata" "--no-deps" "--format-version=1", kill_on_drop: false }`
[INFO] [stdout] e188667369e8fde128ff11880ce14c5dff0316b6e7dacb09eaeea3f239b82ecf
[INFO] running `Command { std: "docker" "start" "-a" "e188667369e8fde128ff11880ce14c5dff0316b6e7dacb09eaeea3f239b82ecf", kill_on_drop: false }`
[INFO] running `Command { std: "docker" "inspect" "e188667369e8fde128ff11880ce14c5dff0316b6e7dacb09eaeea3f239b82ecf", kill_on_drop: false }`
[INFO] running `Command { std: "docker" "rm" "-f" "e188667369e8fde128ff11880ce14c5dff0316b6e7dacb09eaeea3f239b82ecf", kill_on_drop: false }`
[INFO] [stdout] e188667369e8fde128ff11880ce14c5dff0316b6e7dacb09eaeea3f239b82ecf
[INFO] running `Command { std: "docker" "create" "-v" "/var/lib/crater-agent-workspace/builds/worker-1-tc1/target:/opt/rustwide/target:rw,Z" "-v" "/var/lib/crater-agent-workspace/builds/worker-1-tc1/source:/opt/rustwide/workdir:ro,Z" "-v" "/var/lib/crater-agent-workspace/cargo-home:/opt/rustwide/cargo-home:ro,Z" "-v" "/var/lib/crater-agent-workspace/rustup-home:/opt/rustwide/rustup-home:ro,Z" "-e" "SOURCE_DIR=/opt/rustwide/workdir" "-e" "CARGO_TARGET_DIR=/opt/rustwide/target" "-e" "CARGO_INCREMENTAL=0" "-e" "RUST_BACKTRACE=full" "-e" "RUSTFLAGS=--cap-lints=warn" "-e" "RUSTDOCFLAGS=--cap-lints=warn" "-e" "CARGO_HOME=/opt/rustwide/cargo-home" "-e" "RUSTUP_HOME=/opt/rustwide/rustup-home" "-w" "/opt/rustwide/workdir" "-m" "1610612736" "--user" "0:0" "--network" "none" "ghcr.io/rust-lang/crates-build-env/linux@sha256:2788e3201cd34a07e3172128adcd8b3090168a8e3bcc40d7c032b9dda1df7d1c" "/opt/rustwide/cargo-home/bin/cargo" "+1.75.0" "build" "--frozen" "--message-format=json", kill_on_drop: false }`
[INFO] [stdout] 0b58a81481991a63984da654b5c355aa38e4e81b50d0395e64b77a3c17321f28
[INFO] running `Command { std: "docker" "start" "-a" "0b58a81481991a63984da654b5c355aa38e4e81b50d0395e64b77a3c17321f28", kill_on_drop: false }`
[INFO] [stderr]    Compiling embedded-hal v1.0.0-rc.1
[INFO] [stderr]    Compiling si70xx v0.1.0 (/opt/rustwide/workdir)
[INFO] [stderr]     Finished dev [unoptimized + debuginfo] target(s) in 0.16s
[INFO] running `Command { std: "docker" "inspect" "0b58a81481991a63984da654b5c355aa38e4e81b50d0395e64b77a3c17321f28", kill_on_drop: false }`
[INFO] running `Command { std: "docker" "rm" "-f" "0b58a81481991a63984da654b5c355aa38e4e81b50d0395e64b77a3c17321f28", kill_on_drop: false }`
[INFO] [stdout] 0b58a81481991a63984da654b5c355aa38e4e81b50d0395e64b77a3c17321f28
[INFO] running `Command { std: "docker" "create" "-v" "/var/lib/crater-agent-workspace/builds/worker-1-tc1/target:/opt/rustwide/target:rw,Z" "-v" "/var/lib/crater-agent-workspace/builds/worker-1-tc1/source:/opt/rustwide/workdir:ro,Z" "-v" "/var/lib/crater-agent-workspace/cargo-home:/opt/rustwide/cargo-home:ro,Z" "-v" "/var/lib/crater-agent-workspace/rustup-home:/opt/rustwide/rustup-home:ro,Z" "-e" "SOURCE_DIR=/opt/rustwide/workdir" "-e" "CARGO_TARGET_DIR=/opt/rustwide/target" "-e" "CARGO_INCREMENTAL=0" "-e" "RUST_BACKTRACE=full" "-e" "RUSTFLAGS=--cap-lints=warn" "-e" "RUSTDOCFLAGS=--cap-lints=warn" "-e" "CARGO_HOME=/opt/rustwide/cargo-home" "-e" "RUSTUP_HOME=/opt/rustwide/rustup-home" "-w" "/opt/rustwide/workdir" "-m" "1610612736" "--user" "0:0" "--network" "none" "ghcr.io/rust-lang/crates-build-env/linux@sha256:2788e3201cd34a07e3172128adcd8b3090168a8e3bcc40d7c032b9dda1df7d1c" "/opt/rustwide/cargo-home/bin/cargo" "+1.75.0" "test" "--frozen" "--no-run" "--message-format=json", kill_on_drop: false }`
[INFO] [stdout] e30a0b3de20d87cf1947319e3cec5d3d0943692e0ef887fc4f6f0fa6e88debd2
[INFO] running `Command { std: "docker" "start" "-a" "e30a0b3de20d87cf1947319e3cec5d3d0943692e0ef887fc4f6f0fa6e88debd2", kill_on_drop: false }`
[INFO] [stderr]    Compiling si70xx v0.1.0 (/opt/rustwide/workdir)
[INFO] [stderr]     Finished test [unoptimized + debuginfo] target(s) in 0.27s
[INFO] running `Command { std: "docker" "inspect" "e30a0b3de20d87cf1947319e3cec5d3d0943692e0ef887fc4f6f0fa6e88debd2", kill_on_drop: false }`
[INFO] running `Command { std: "docker" "rm" "-f" "e30a0b3de20d87cf1947319e3cec5d3d0943692e0ef887fc4f6f0fa6e88debd2", kill_on_drop: false }`
[INFO] [stdout] e30a0b3de20d87cf1947319e3cec5d3d0943692e0ef887fc4f6f0fa6e88debd2
[INFO] running `Command { std: "docker" "create" "-v" "/var/lib/crater-agent-workspace/builds/worker-1-tc1/target:/opt/rustwide/target:rw,Z" "-v" "/var/lib/crater-agent-workspace/builds/worker-1-tc1/source:/opt/rustwide/workdir:ro,Z" "-v" "/var/lib/crater-agent-workspace/cargo-home:/opt/rustwide/cargo-home:ro,Z" "-v" "/var/lib/crater-agent-workspace/rustup-home:/opt/rustwide/rustup-home:ro,Z" "-e" "SOURCE_DIR=/opt/rustwide/workdir" "-e" "CARGO_TARGET_DIR=/opt/rustwide/target" "-e" "CARGO_INCREMENTAL=0" "-e" "RUST_BACKTRACE=full" "-e" "RUSTFLAGS=--cap-lints=warn" "-e" "RUSTDOCFLAGS=--cap-lints=warn" "-e" "CARGO_HOME=/opt/rustwide/cargo-home" "-e" "RUSTUP_HOME=/opt/rustwide/rustup-home" "-w" "/opt/rustwide/workdir" "-m" "1610612736" "--user" "0:0" "--network" "none" "ghcr.io/rust-lang/crates-build-env/linux@sha256:2788e3201cd34a07e3172128adcd8b3090168a8e3bcc40d7c032b9dda1df7d1c" "/opt/rustwide/cargo-home/bin/cargo" "+1.75.0" "test" "--frozen", kill_on_drop: false }`
[INFO] [stdout] 3bdb4d5a2bffc5954616bc3429aad1621eba7c2a16b88719c207e0db8454fd0a
[INFO] running `Command { std: "docker" "start" "-a" "3bdb4d5a2bffc5954616bc3429aad1621eba7c2a16b88719c207e0db8454fd0a", kill_on_drop: false }`
[INFO] [stderr]     Finished test [unoptimized + debuginfo] target(s) in 0.00s
[INFO] [stderr]      Running unittests src/lib.rs (/opt/rustwide/target/debug/deps/si70xx-dd0dc5fce2b1f483)
[INFO] [stdout] 
[INFO] [stdout] running 0 tests
[INFO] [stdout] 
[INFO] [stdout] test result: ok. 0 passed; 0 failed; 0 ignored; 0 measured; 0 filtered out; finished in 0.00s
[INFO] [stdout] 
[INFO] [stderr]    Doc-tests si70xx
[INFO] [stdout] 
[INFO] [stdout] running 3 tests
[INFO] [stdout] test src/lib.rs - (line 35) - compile ... FAILED
[INFO] [stdout] test src/lib.rs - (line 13) - compile ... FAILED
[INFO] [stdout] test src/lib.rs - (line 58) - compile ... FAILED
[INFO] [stdout] 
[INFO] [stdout] failures:
[INFO] [stdout] 
[INFO] [stdout] ---- src/lib.rs - (line 35) stdout ----
[INFO] [stdout] error[E0432]: unresolved import `linux_embedded_hal`
[INFO] [stdout]  --> src/lib.rs:37:5
[INFO] [stdout]   |
[INFO] [stdout] 5 | use linux_embedded_hal::I2cdev;
[INFO] [stdout]   |     ^^^^^^^^^^^^^^^^^^ use of undeclared crate or module `linux_embedded_hal`
[INFO] [stdout]   |
[INFO] [stdout] help: there is a crate or module with a similar name
[INFO] [stdout]   |
[INFO] [stdout] 5 | use embedded_hal::I2cdev;
[INFO] [stdout]   |     ~~~~~~~~~~~~
[INFO] [stdout] 
[INFO] [stdout] error[E0728]: `await` is only allowed inside `async` functions and blocks
[INFO] [stdout]   --> src/lib.rs:43:18
[INFO] [stdout]    |
[INFO] [stdout] 4  | fn main() { #[allow(non_snake_case)] fn _doctest_main_src_lib_rs_35_0() {
[INFO] [stdout]    |                                         ----------------------------- this is not `async`
[INFO] [stdout] ...
[INFO] [stdout] 11 | sensor.measure().await.unwrap();
[INFO] [stdout]    |                  ^^^^^ only allowed inside `async` functions and blocks
[INFO] [stdout] 
[INFO] [stdout] error[E0728]: `await` is only allowed inside `async` functions and blocks
[INFO] [stdout]   --> src/lib.rs:45:34
[INFO] [stdout]    |
[INFO] [stdout] 4  | fn main() { #[allow(non_snake_case)] fn _doctest_main_src_lib_rs_35_0() {
[INFO] [stdout]    |                                         ----------------------------- this is not `async`
[INFO] [stdout] ...
[INFO] [stdout] 13 | let hum = sensor.read_humidity().await.unwrap();
[INFO] [stdout]    |                                  ^^^^^ only allowed inside `async` functions and blocks
[INFO] [stdout] 
[INFO] [stdout] error[E0728]: `await` is only allowed inside `async` functions and blocks
[INFO] [stdout]   --> src/lib.rs:46:38
[INFO] [stdout]    |
[INFO] [stdout] 4  | fn main() { #[allow(non_snake_case)] fn _doctest_main_src_lib_rs_35_0() {
[INFO] [stdout]    |                                         ----------------------------- this is not `async`
[INFO] [stdout] ...
[INFO] [stdout] 14 | let temp = sensor.read_temperature().await.unwrap();
[INFO] [stdout]    |                                      ^^^^^ only allowed inside `async` functions and blocks
[INFO] [stdout] 
[INFO] [stdout] error[E0425]: cannot find function `some_i2c_from_hal` in this scope
[INFO] [stdout]  --> src/lib.rs:40:17
[INFO] [stdout]   |
[INFO] [stdout] 8 | let async_i2c = some_i2c_from_hal();
[INFO] [stdout]   |                 ^^^^^^^^^^^^^^^^^ not found in this scope
[INFO] [stdout] 
[INFO] [stdout] error: aborting due to 5 previous errors
[INFO] [stdout] 
[INFO] [stdout] Some errors have detailed explanations: E0425, E0432, E0728.
[INFO] [stdout] For more information about an error, try `rustc --explain E0425`.
[INFO] [stdout] Couldn't compile the test.
[INFO] [stdout] ---- src/lib.rs - (line 13) stdout ----
[INFO] [stdout] error[E0432]: unresolved import `linux_embedded_hal`
[INFO] [stdout]  --> src/lib.rs:15:5
[INFO] [stdout]   |
[INFO] [stdout] 5 | use linux_embedded_hal::I2cdev;
[INFO] [stdout]   |     ^^^^^^^^^^^^^^^^^^ use of undeclared crate or module `linux_embedded_hal`
[INFO] [stdout]   |
[INFO] [stdout] help: there is a crate or module with a similar name
[INFO] [stdout]   |
[INFO] [stdout] 5 | use embedded_hal::I2cdev;
[INFO] [stdout]   |     ~~~~~~~~~~~~
[INFO] [stdout] 
[INFO] [stdout] error[E0425]: cannot find function `some_i2c_from_hal` in this scope
[INFO] [stdout]  --> src/lib.rs:18:11
[INFO] [stdout]   |
[INFO] [stdout] 8 | let i2c = some_i2c_from_hal();
[INFO] [stdout]   |           ^^^^^^^^^^^^^^^^^ not found in this scope
[INFO] [stdout] 
[INFO] [stdout] error: aborting due to 2 previous errors
[INFO] [stdout] 
[INFO] [stdout] Some errors have detailed explanations: E0425, E0432.
[INFO] [stdout] For more information about an error, try `rustc --explain E0425`.
[INFO] [stdout] Couldn't compile the test.
[INFO] [stdout] ---- src/lib.rs - (line 58) stdout ----
[INFO] [stdout] error[E0432]: unresolved import `linux_embedded_hal`
[INFO] [stdout]  --> src/lib.rs:60:5
[INFO] [stdout]   |
[INFO] [stdout] 5 | use linux_embedded_hal::I2cdev;
[INFO] [stdout]   |     ^^^^^^^^^^^^^^^^^^ use of undeclared crate or module `linux_embedded_hal`
[INFO] [stdout]   |
[INFO] [stdout] help: there is a crate or module with a similar name
[INFO] [stdout]   |
[INFO] [stdout] 5 | use embedded_hal::I2cdev;
[INFO] [stdout]   |     ~~~~~~~~~~~~
[INFO] [stdout] 
[INFO] [stdout] error[E0432]: unresolved import `si70xx::Address`
[INFO] [stdout]   --> src/lib.rs:61:22
[INFO] [stdout]    |
[INFO] [stdout] 6  | use si70xx::{Si70xx, Address};
[INFO] [stdout]    |                      ^^^^^^^ no `Address` in the root
[INFO] [stdout]    |
[INFO] [stdout]    = help: consider importing this variant instead:
[INFO] [stdout]            embedded_hal::i2c::NoAcknowledgeSource::Address
[INFO] [stdout] note: found an item that was configured out
[INFO] [stdout]   --> /opt/rustwide/workdir/src/lib.rs:80:10
[INFO] [stdout]    |
[INFO] [stdout] 80 | pub enum Address {
[INFO] [stdout]    |          ^^^^^^^
[INFO] [stdout]    = note: the item is gated behind the `si7013` feature
[INFO] [stdout] 
[INFO] [stdout] error[E0425]: cannot find function `some_i2c_from_hal` in this scope
[INFO] [stdout]  --> src/lib.rs:63:11
[INFO] [stdout]   |
[INFO] [stdout] 8 | let i2c = some_i2c_from_hal();
[INFO] [stdout]   |           ^^^^^^^^^^^^^^^^^ not found in this scope
[INFO] [stdout] 
[INFO] [stdout] error[E0061]: this function takes 1 argument but 2 arguments were supplied
[INFO] [stdout]    --> src/lib.rs:64:18
[INFO] [stdout]     |
[INFO] [stdout] 9   | let mut sensor = Si70xx::new(i2c, Address::H41);
[INFO] [stdout]     |                  ^^^^^^^^^^^    --------------
[INFO] [stdout]     |                                 | |
[INFO] [stdout]     |                                 | unexpected argument
[INFO] [stdout]     |                                 help: remove the extra argument
[INFO] [stdout]     |
[INFO] [stdout] note: associated function defined here
[INFO] [stdout]    --> /opt/rustwide/workdir/src/lib.rs:112:12
[INFO] [stdout]     |
[INFO] [stdout] 112 |     pub fn new(i2c: I2C) -> Self {
[INFO] [stdout]     |            ^^^
[INFO] [stdout] 
[INFO] [stdout] error: aborting due to 4 previous errors
[INFO] [stdout] 
[INFO] [stdout] Some errors have detailed explanations: E0061, E0425, E0432.
[INFO] [stdout] For more information about an error, try `rustc --explain E0061`.
[INFO] [stdout] Couldn't compile the test.
[INFO] [stdout] 
[INFO] [stdout] failures:
[INFO] [stdout]     src/lib.rs - (line 13)
[INFO] [stdout]     src/lib.rs - (line 35)
[INFO] [stdout]     src/lib.rs - (line 58)
[INFO] [stdout] 
[INFO] [stdout] test result: FAILED. 0 passed; 3 failed; 0 ignored; 0 measured; 0 filtered out; finished in 0.06s
[INFO] [stdout] 
[INFO] [stderr] error: doctest failed, to rerun pass `--doc`
[INFO] running `Command { std: "docker" "inspect" "3bdb4d5a2bffc5954616bc3429aad1621eba7c2a16b88719c207e0db8454fd0a", kill_on_drop: false }`
[INFO] running `Command { std: "docker" "rm" "-f" "3bdb4d5a2bffc5954616bc3429aad1621eba7c2a16b88719c207e0db8454fd0a", kill_on_drop: false }`
[INFO] [stdout] 3bdb4d5a2bffc5954616bc3429aad1621eba7c2a16b88719c207e0db8454fd0a
