[INFO] fetching crate shrs_cd_tools 0.0.2...
[INFO] testing shrs_cd_tools-0.0.2 against 1.75.0 for beta-1.76-1
[INFO] extracting crate shrs_cd_tools 0.0.2 into /workspace/builds/worker-1-tc1/source
[INFO] validating manifest of crates.io crate shrs_cd_tools 0.0.2 on toolchain 1.75.0
[INFO] running `Command { std: CARGO_HOME="/workspace/cargo-home" RUSTUP_HOME="/workspace/rustup-home" "/workspace/cargo-home/bin/cargo" "+1.75.0" "metadata" "--manifest-path" "Cargo.toml" "--no-deps", kill_on_drop: false }`
[INFO] started tweaking crates.io crate shrs_cd_tools 0.0.2
[INFO] finished tweaking crates.io crate shrs_cd_tools 0.0.2
[INFO] tweaked toml for crates.io crate shrs_cd_tools 0.0.2 written to /workspace/builds/worker-1-tc1/source/Cargo.toml
[INFO] crate crates.io crate shrs_cd_tools 0.0.2 already has a lockfile, it will not be regenerated
[INFO] running `Command { std: CARGO_HOME="/workspace/cargo-home" RUSTUP_HOME="/workspace/rustup-home" "/workspace/cargo-home/bin/cargo" "+1.75.0" "fetch" "--manifest-path" "Cargo.toml", kill_on_drop: false }`
[INFO] [stderr]     Updating crates.io index
[INFO] [stderr]  Downloading crates ...
[INFO] [stderr]   Downloaded multimap v0.9.0
[INFO] [stderr]   Downloaded pino_deref v0.1.1
[INFO] [stderr]   Downloaded str_indices v0.4.1
[INFO] [stderr]   Downloaded shrs v0.0.2
[INFO] [stderr]   Downloaded ropey v1.6.0
[INFO] [stderr]   Downloaded fid-rs v0.1.1
[INFO] [stderr]   Downloaded louds-rs v0.4.0
[INFO] [stderr]   Downloaded trie-rs v0.1.1
[INFO] [stderr]   Downloaded shrs_core v0.0.2
[INFO] [stderr]   Downloaded shrs_utils v0.0.2
[INFO] [stderr]   Downloaded shrs_vi v0.0.2
[INFO] [stderr]   Downloaded shrs_job v0.0.2
[INFO] [stderr]   Downloaded shrs_lang v0.0.2
[INFO] [stderr]   Downloaded shrs_line v0.0.2
[INFO] running `Command { std: "docker" "create" "-v" "/var/lib/crater-agent-workspace/builds/worker-1-tc1/target:/opt/rustwide/target:rw,Z" "-v" "/var/lib/crater-agent-workspace/builds/worker-1-tc1/source:/opt/rustwide/workdir:ro,Z" "-v" "/var/lib/crater-agent-workspace/cargo-home:/opt/rustwide/cargo-home:ro,Z" "-v" "/var/lib/crater-agent-workspace/rustup-home:/opt/rustwide/rustup-home:ro,Z" "-e" "SOURCE_DIR=/opt/rustwide/workdir" "-e" "CARGO_TARGET_DIR=/opt/rustwide/target" "-e" "CARGO_HOME=/opt/rustwide/cargo-home" "-e" "RUSTUP_HOME=/opt/rustwide/rustup-home" "-w" "/opt/rustwide/workdir" "-m" "1610612736" "--user" "0:0" "--network" "none" "ghcr.io/rust-lang/crates-build-env/linux@sha256:2788e3201cd34a07e3172128adcd8b3090168a8e3bcc40d7c032b9dda1df7d1c" "/opt/rustwide/cargo-home/bin/cargo" "+1.75.0" "metadata" "--no-deps" "--format-version=1", kill_on_drop: false }`
[INFO] [stdout] 2a9094023ef4e56a5a0b153140be33b754697844c51540eae46c40ae41b36bf6
[INFO] running `Command { std: "docker" "start" "-a" "2a9094023ef4e56a5a0b153140be33b754697844c51540eae46c40ae41b36bf6", kill_on_drop: false }`
[INFO] running `Command { std: "docker" "inspect" "2a9094023ef4e56a5a0b153140be33b754697844c51540eae46c40ae41b36bf6", kill_on_drop: false }`
[INFO] running `Command { std: "docker" "rm" "-f" "2a9094023ef4e56a5a0b153140be33b754697844c51540eae46c40ae41b36bf6", kill_on_drop: false }`
[INFO] [stdout] 2a9094023ef4e56a5a0b153140be33b754697844c51540eae46c40ae41b36bf6
[INFO] running `Command { std: "docker" "create" "-v" "/var/lib/crater-agent-workspace/builds/worker-1-tc1/target:/opt/rustwide/target:rw,Z" "-v" "/var/lib/crater-agent-workspace/builds/worker-1-tc1/source:/opt/rustwide/workdir:ro,Z" "-v" "/var/lib/crater-agent-workspace/cargo-home:/opt/rustwide/cargo-home:ro,Z" "-v" "/var/lib/crater-agent-workspace/rustup-home:/opt/rustwide/rustup-home:ro,Z" "-e" "SOURCE_DIR=/opt/rustwide/workdir" "-e" "CARGO_TARGET_DIR=/opt/rustwide/target" "-e" "CARGO_INCREMENTAL=0" "-e" "RUST_BACKTRACE=full" "-e" "RUSTFLAGS=--cap-lints=warn" "-e" "RUSTDOCFLAGS=--cap-lints=warn" "-e" "CARGO_HOME=/opt/rustwide/cargo-home" "-e" "RUSTUP_HOME=/opt/rustwide/rustup-home" "-w" "/opt/rustwide/workdir" "-m" "1610612736" "--user" "0:0" "--network" "none" "ghcr.io/rust-lang/crates-build-env/linux@sha256:2788e3201cd34a07e3172128adcd8b3090168a8e3bcc40d7c032b9dda1df7d1c" "/opt/rustwide/cargo-home/bin/cargo" "+1.75.0" "build" "--frozen" "--message-format=json", kill_on_drop: false }`
[INFO] [stdout] d4e08c58d77af8edb468f386e26169a7cd1c7e284f5b120e9aac656b89e5834f
[INFO] running `Command { std: "docker" "start" "-a" "d4e08c58d77af8edb468f386e26169a7cd1c7e284f5b120e9aac656b89e5834f", kill_on_drop: false }`
[INFO] [stderr]    Compiling libc v0.2.146
[INFO] [stderr]    Compiling proc-macro2 v1.0.59
[INFO] [stderr]    Compiling quote v1.0.28
[INFO] [stderr]    Compiling unicode-ident v1.0.9
[INFO] [stderr]    Compiling scopeguard v1.1.0
[INFO] [stderr]    Compiling log v0.4.18
[INFO] [stderr]    Compiling lock_api v0.4.10
[INFO] [stderr]    Compiling smallvec v1.10.0
[INFO] [stderr]    Compiling parking_lot_core v0.9.8
[INFO] [stderr]    Compiling io-lifetimes v1.0.11
[INFO] [stderr]    Compiling rustix v0.37.19
[INFO] [stderr]    Compiling memchr v2.5.0
[INFO] [stderr]    Compiling indexmap v1.9.3
[INFO] [stderr]    Compiling syn v1.0.109
[INFO] [stderr]    Compiling crossbeam-utils v0.8.15
[INFO] [stderr]    Compiling regex-syntax v0.7.2
[INFO] [stderr]    Compiling once_cell v1.18.0
[INFO] [stderr]    Compiling crunchy v0.2.2
[INFO] [stderr]    Compiling serde v1.0.163
[INFO] [stderr]    Compiling syn v2.0.18
[INFO] [stderr]    Compiling aho-corasick v1.0.2
[INFO] [stderr]    Compiling memoffset v0.8.0
[INFO] [stderr]    Compiling tiny-keccak v2.0.2
[INFO] [stderr]    Compiling ident_case v1.0.1
[INFO] [stderr]    Compiling siphasher v0.3.10
[INFO] [stderr]    Compiling fnv v1.0.7
[INFO] [stderr]    Compiling crossbeam-epoch v0.9.14
[INFO] [stderr]    Compiling phf_shared v0.10.0
[INFO] [stderr]    Compiling dirs-sys-next v0.1.2
[INFO] [stderr]    Compiling parking_lot v0.12.1
[INFO] [stderr]    Compiling dirs-next v2.0.0
[INFO] [stderr]    Compiling thiserror v1.0.40
[INFO] [stderr]    Compiling term v0.7.0
[INFO] [stderr]    Compiling regex v1.8.4
[INFO] [stderr]    Compiling precomputed-hash v0.1.1
[INFO] [stderr]    Compiling new_debug_unreachable v1.0.4
[INFO] [stderr]    Compiling bit-vec v0.6.3
[INFO] [stderr]    Compiling fixedbitset v0.4.2
[INFO] [stderr]    Compiling is-terminal v0.4.7
[INFO] [stderr]    Compiling either v1.8.1
[INFO] [stderr]    Compiling petgraph v0.6.3
[INFO] [stderr]    Compiling bit-set v0.5.3
[INFO] [stderr]    Compiling itertools v0.10.5
[INFO] [stderr]    Compiling string_cache v0.8.7
[INFO] [stderr]    Compiling lalrpop-util v0.19.12
[INFO] [stderr]    Compiling darling_core v0.14.4
[INFO] [stderr]    Compiling ascii-canvas v3.0.0
[INFO] [stderr]    Compiling ena v0.14.2
[INFO] [stderr]    Compiling diff v0.1.13
[INFO] [stderr]    Compiling signal-hook v0.3.15
[INFO] [stderr]    Compiling unicode-xid v0.2.4
[INFO] [stderr]    Compiling regex-syntax v0.6.29
[INFO] [stderr]    Compiling anyhow v1.0.71
[INFO] [stderr]    Compiling signal-hook-registry v1.4.1
[INFO] [stderr]    Compiling num-traits v0.2.15
[INFO] [stderr]    Compiling memoffset v0.6.5
[INFO] [stderr]    Compiling simd-adler32 v0.3.5
[INFO] [stderr]    Compiling utf8parse v0.2.1
[INFO] [stderr]    Compiling rayon-core v1.11.0
[INFO] [stderr]    Compiling crc32fast v1.3.2
[INFO] [stderr]    Compiling serde_derive v1.0.163
[INFO] [stderr]    Compiling thiserror-impl v1.0.40
[INFO] [stderr]    Compiling anstyle-parse v0.2.0
[INFO] [stderr]    Compiling crossbeam-deque v0.8.3
[INFO] [stderr]    Compiling lalrpop v0.19.12
[INFO] [stderr]    Compiling crossbeam-channel v0.5.8
[INFO] [stderr]    Compiling num_cpus v1.15.0
[INFO] [stderr]    Compiling darling_macro v0.14.4
[INFO] [stderr]    Compiling mio v0.8.8
[INFO] [stderr]    Compiling num-integer v0.1.45
[INFO] [stderr]    Compiling anstyle-query v1.0.0
[INFO] [stderr]    Compiling anstyle v1.0.0
[INFO] [stderr]    Compiling colorchoice v1.0.0
[INFO] [stderr]    Compiling miniz_oxide v0.7.1
[INFO] [stderr]    Compiling signal-hook-mio v0.2.3
[INFO] [stderr]    Compiling anstream v0.3.2
[INFO] [stderr]    Compiling darling v0.14.4
[INFO] [stderr]    Compiling derive_builder_core v0.12.0
[INFO] [stderr]    Compiling num-rational v0.4.1
[INFO] [stderr]    Compiling str_indices v0.4.1
[INFO] [stderr]    Compiling clap_lex v0.5.0
[INFO] [stderr]    Compiling heck v0.4.1
[INFO] [stderr]    Compiling option-ext v0.2.0
[INFO] [stderr]    Compiling dirs-sys v0.4.1
[INFO] [stderr]    Compiling clap_builder v4.3.1
[INFO] [stderr]    Compiling clap_derive v4.3.2
[INFO] [stderr]    Compiling rayon v1.7.0
[INFO] [stderr]    Compiling derive_builder_macro v0.12.0
[INFO] [stderr]    Compiling ropey v1.6.0
[INFO] [stderr]    Compiling nix v0.26.2
[INFO] [stderr]    Compiling derive_builder v0.12.0
[INFO] [stderr]    Compiling flate2 v1.0.26
[INFO] [stderr]    Compiling nix v0.24.3
[INFO] [stderr]    Compiling crossterm v0.26.1
[INFO] [stderr]    Compiling fdeflate v0.3.0
[INFO] [stderr]    Compiling shrs_job v0.0.2
[INFO] [stderr]    Compiling clap v4.3.2
[INFO] [stderr]    Compiling fid-rs v0.1.1
[INFO] [stderr]    Compiling png v0.17.8
[INFO] [stderr]    Compiling shrs_utils v0.0.2
[INFO] [stderr]    Compiling dirs v5.0.1
[INFO] [stderr]    Compiling pino_deref v0.1.1
[INFO] [stderr]    Compiling gethostname v0.2.3
[INFO] [stderr]    Compiling byteorder v1.4.3
[INFO] [stderr]    Compiling bytemuck v1.13.1
[INFO] [stderr]    Compiling anymap v1.0.0-beta.2
[INFO] [stderr]    Compiling image v0.24.6
[INFO] [stderr]    Compiling louds-rs v0.4.0
[INFO] [stderr]    Compiling serde_json v1.0.96
[INFO] [stderr]    Compiling trie-rs v0.1.1
[INFO] [stderr]    Compiling unicode-width v0.1.10
[INFO] [stderr]    Compiling winnow v0.4.6
[INFO] [stderr]    Compiling anymap v0.12.1
[INFO] [stderr]    Compiling multimap v0.9.0
[INFO] [stderr]    Compiling serde_spanned v0.6.2
[INFO] [stderr]    Compiling shrs_core v0.0.2
[INFO] [stderr]    Compiling toml_datetime v0.6.2
[INFO] [stderr]    Compiling x11rb-protocol v0.10.0
[INFO] [stderr]    Compiling toml_edit v0.19.10
[INFO] [stderr]    Compiling shrs_vi v0.0.2
[INFO] [stderr]    Compiling shrs_lang v0.0.2
[INFO] [stderr]    Compiling toml v0.7.4
[INFO] [stderr]    Compiling x11rb v0.10.1
[INFO] [stderr]    Compiling arboard v3.2.0
[INFO] [stderr]    Compiling shrs_line v0.0.2
[INFO] [stderr]    Compiling shrs v0.0.2
[INFO] [stderr]    Compiling shrs_cd_tools v0.0.2 (/opt/rustwide/workdir)
[INFO] [stdout] warning: unused import: `MetadataParser`
[INFO] [stdout]  --> src/git.rs:8:20
[INFO] [stdout]   |
[INFO] [stdout] 8 | use crate::query::{MetadataParser, Query, QueryBuilder, QueryBuilderError, QueryResult};
[INFO] [stdout]   |                    ^^^^^^^^^^^^^^
[INFO] [stdout]   |
[INFO] [stdout]   = note: `#[warn(unused_imports)]` on by default
[INFO] [stdout] 
[INFO] [stdout] 
[INFO] [stdout] warning: unused imports: `Any`, `TypeId`, `marker::PhantomData`
[INFO] [stdout]  --> src/query.rs:4:11
[INFO] [stdout]   |
[INFO] [stdout] 4 |     any::{Any, TypeId},
[INFO] [stdout]   |           ^^^  ^^^^^^
[INFO] [stdout] ...
[INFO] [stdout] 8 |     marker::PhantomData,
[INFO] [stdout]   |     ^^^^^^^^^^^^^^^^^^^
[INFO] [stdout] 
[INFO] [stdout] 
[INFO] [stdout] warning: unused import: `multimap::MultiMap`
[INFO] [stdout]   --> src/query.rs:13:5
[INFO] [stdout]    |
[INFO] [stdout] 13 | use multimap::MultiMap;
[INFO] [stdout]    |     ^^^^^^^^^^^^^^^^^^
[INFO] [stdout] 
[INFO] [stdout] 
[INFO] [stdout] warning: unused imports: `Deserialize`, `Serialize`, `de::DeserializeOwned`
[INFO] [stdout]   --> src/query.rs:14:13
[INFO] [stdout]    |
[INFO] [stdout] 14 | use serde::{de::DeserializeOwned, Deserialize, Serialize};
[INFO] [stdout]    |             ^^^^^^^^^^^^^^^^^^^^  ^^^^^^^^^^^  ^^^^^^^^^
[INFO] [stdout] 
[INFO] [stdout] 
[INFO] [stdout] warning: unused import: `serde_json::Value`
[INFO] [stdout]   --> src/query.rs:15:5
[INFO] [stdout]    |
[INFO] [stdout] 15 | use serde_json::Value;
[INFO] [stdout]    |     ^^^^^^^^^^^^^^^^^
[INFO] [stdout] 
[INFO] [stdout] 
[INFO] [stdout] warning: unused import: `anymap::AnyMap`
[INFO] [stdout]   --> src/lib.rs:15:5
[INFO] [stdout]    |
[INFO] [stdout] 15 | use anymap::AnyMap;
[INFO] [stdout]    |     ^^^^^^^^^^^^^^
[INFO] [stdout] 
[INFO] [stdout] 
[INFO] [stdout] warning: unused variable: `query_res`
[INFO] [stdout]   --> src/node.rs:23:24
[INFO] [stdout]    |
[INFO] [stdout] 23 | fn package_json_parser(query_res: &mut QueryResult, content: &String) -> anyhow::Result<()> {
[INFO] [stdout]    |                        ^^^^^^^^^ help: if this is intentional, prefix it with an underscore: `_query_res`
[INFO] [stdout]    |
[INFO] [stdout]    = note: `#[warn(unused_variables)]` on by default
[INFO] [stdout] 
[INFO] [stdout] 
[INFO] [stdout] warning: unused variable: `content`
[INFO] [stdout]   --> src/node.rs:23:53
[INFO] [stdout]    |
[INFO] [stdout] 23 | fn package_json_parser(query_res: &mut QueryResult, content: &String) -> anyhow::Result<()> {
[INFO] [stdout]    |                                                     ^^^^^^^ help: if this is intentional, prefix it with an underscore: `_content`
[INFO] [stdout] 
[INFO] [stdout] 
[INFO] [stdout] warning: fields `extensions`, `dirs`, and `recursive` are never read
[INFO] [stdout]   --> src/query.rs:26:5
[INFO] [stdout]    |
[INFO] [stdout] 20 | pub struct Query {
[INFO] [stdout]    |            ----- fields in this struct
[INFO] [stdout] ...
[INFO] [stdout] 26 |     extensions: Vec<String>,
[INFO] [stdout]    |     ^^^^^^^^^^
[INFO] [stdout] ...
[INFO] [stdout] 29 |     dirs: Vec<String>,
[INFO] [stdout]    |     ^^^^
[INFO] [stdout] ...
[INFO] [stdout] 39 |     recursive: bool,
[INFO] [stdout]    |     ^^^^^^^^^
[INFO] [stdout]    |
[INFO] [stdout]    = note: `#[warn(dead_code)]` on by default
[INFO] [stdout] 
[INFO] [stdout] 
[INFO] [stdout] warning: unused `Result` that must be used
[INFO] [stdout]   --> src/lib.rs:88:17
[INFO] [stdout]    |
[INFO] [stdout] 88 |                 module.metadata_fn(&mut query_res);
[INFO] [stdout]    |                 ^^^^^^^^^^^^^^^^^^^^^^^^^^^^^^^^^^
[INFO] [stdout]    |
[INFO] [stdout]    = note: this `Result` may be an `Err` variant, which should be handled
[INFO] [stdout]    = note: `#[warn(unused_must_use)]` on by default
[INFO] [stdout] help: use `let _ = ...` to ignore the resulting value
[INFO] [stdout]    |
[INFO] [stdout] 88 |                 let _ = module.metadata_fn(&mut query_res);
[INFO] [stdout]    |                 +++++++
[INFO] [stdout] 
[INFO] [stdout] 
[INFO] [stdout] warning: 10 warnings emitted
[INFO] [stdout] 
[INFO] [stdout] 
[INFO] [stderr]     Finished dev [unoptimized + debuginfo] target(s) in 42.14s
[INFO] running `Command { std: "docker" "inspect" "d4e08c58d77af8edb468f386e26169a7cd1c7e284f5b120e9aac656b89e5834f", kill_on_drop: false }`
[INFO] running `Command { std: "docker" "rm" "-f" "d4e08c58d77af8edb468f386e26169a7cd1c7e284f5b120e9aac656b89e5834f", kill_on_drop: false }`
[INFO] [stdout] d4e08c58d77af8edb468f386e26169a7cd1c7e284f5b120e9aac656b89e5834f
[INFO] running `Command { std: "docker" "create" "-v" "/var/lib/crater-agent-workspace/builds/worker-1-tc1/target:/opt/rustwide/target:rw,Z" "-v" "/var/lib/crater-agent-workspace/builds/worker-1-tc1/source:/opt/rustwide/workdir:ro,Z" "-v" "/var/lib/crater-agent-workspace/cargo-home:/opt/rustwide/cargo-home:ro,Z" "-v" "/var/lib/crater-agent-workspace/rustup-home:/opt/rustwide/rustup-home:ro,Z" "-e" "SOURCE_DIR=/opt/rustwide/workdir" "-e" "CARGO_TARGET_DIR=/opt/rustwide/target" "-e" "CARGO_INCREMENTAL=0" "-e" "RUST_BACKTRACE=full" "-e" "RUSTFLAGS=--cap-lints=warn" "-e" "RUSTDOCFLAGS=--cap-lints=warn" "-e" "CARGO_HOME=/opt/rustwide/cargo-home" "-e" "RUSTUP_HOME=/opt/rustwide/rustup-home" "-w" "/opt/rustwide/workdir" "-m" "1610612736" "--user" "0:0" "--network" "none" "ghcr.io/rust-lang/crates-build-env/linux@sha256:2788e3201cd34a07e3172128adcd8b3090168a8e3bcc40d7c032b9dda1df7d1c" "/opt/rustwide/cargo-home/bin/cargo" "+1.75.0" "test" "--frozen" "--no-run" "--message-format=json", kill_on_drop: false }`
[INFO] [stdout] 9ca5710c8ebc6a44ae83a3cf2d70113e577a05d4a958183e9f7bc73e68ec5cd8
[INFO] running `Command { std: "docker" "start" "-a" "9ca5710c8ebc6a44ae83a3cf2d70113e577a05d4a958183e9f7bc73e68ec5cd8", kill_on_drop: false }`
[INFO] [stderr]    Compiling shrs_cd_tools v0.0.2 (/opt/rustwide/workdir)
[INFO] [stdout] warning: unused import: `MetadataParser`
[INFO] [stdout]  --> src/git.rs:8:20
[INFO] [stdout]   |
[INFO] [stdout] 8 | use crate::query::{MetadataParser, Query, QueryBuilder, QueryBuilderError, QueryResult};
[INFO] [stdout]   |                    ^^^^^^^^^^^^^^
[INFO] [stdout]   |
[INFO] [stdout]   = note: `#[warn(unused_imports)]` on by default
[INFO] [stdout] 
[INFO] [stdout] 
[INFO] [stdout] warning: unused imports: `Any`, `TypeId`, `marker::PhantomData`
[INFO] [stdout]  --> src/query.rs:4:11
[INFO] [stdout]   |
[INFO] [stdout] 4 |     any::{Any, TypeId},
[INFO] [stdout]   |           ^^^  ^^^^^^
[INFO] [stdout] ...
[INFO] [stdout] 8 |     marker::PhantomData,
[INFO] [stdout]   |     ^^^^^^^^^^^^^^^^^^^
[INFO] [stdout] 
[INFO] [stdout] 
[INFO] [stdout] warning: unused import: `multimap::MultiMap`
[INFO] [stdout]   --> src/query.rs:13:5
[INFO] [stdout]    |
[INFO] [stdout] 13 | use multimap::MultiMap;
[INFO] [stdout]    |     ^^^^^^^^^^^^^^^^^^
[INFO] [stdout] 
[INFO] [stdout] 
[INFO] [stdout] warning: unused imports: `Deserialize`, `Serialize`, `de::DeserializeOwned`
[INFO] [stdout]   --> src/query.rs:14:13
[INFO] [stdout]    |
[INFO] [stdout] 14 | use serde::{de::DeserializeOwned, Deserialize, Serialize};
[INFO] [stdout]    |             ^^^^^^^^^^^^^^^^^^^^  ^^^^^^^^^^^  ^^^^^^^^^
[INFO] [stdout] 
[INFO] [stdout] 
[INFO] [stdout] warning: unused import: `serde_json::Value`
[INFO] [stdout]   --> src/query.rs:15:5
[INFO] [stdout]    |
[INFO] [stdout] 15 | use serde_json::Value;
[INFO] [stdout]    |     ^^^^^^^^^^^^^^^^^
[INFO] [stdout] 
[INFO] [stdout] 
[INFO] [stdout] warning: unused import: `anymap::AnyMap`
[INFO] [stdout]   --> src/lib.rs:15:5
[INFO] [stdout]    |
[INFO] [stdout] 15 | use anymap::AnyMap;
[INFO] [stdout]    |     ^^^^^^^^^^^^^^
[INFO] [stdout] 
[INFO] [stdout] 
[INFO] [stdout] warning: unused variable: `query_res`
[INFO] [stdout]   --> src/node.rs:23:24
[INFO] [stdout]    |
[INFO] [stdout] 23 | fn package_json_parser(query_res: &mut QueryResult, content: &String) -> anyhow::Result<()> {
[INFO] [stdout]    |                        ^^^^^^^^^ help: if this is intentional, prefix it with an underscore: `_query_res`
[INFO] [stdout]    |
[INFO] [stdout]    = note: `#[warn(unused_variables)]` on by default
[INFO] [stdout] 
[INFO] [stdout] 
[INFO] [stdout] warning: unused variable: `content`
[INFO] [stdout]   --> src/node.rs:23:53
[INFO] [stdout]    |
[INFO] [stdout] 23 | fn package_json_parser(query_res: &mut QueryResult, content: &String) -> anyhow::Result<()> {
[INFO] [stdout]    |                                                     ^^^^^^^ help: if this is intentional, prefix it with an underscore: `_content`
[INFO] [stdout] 
[INFO] [stdout] 
[INFO] [stdout] warning: fields `extensions`, `dirs`, and `recursive` are never read
[INFO] [stdout]   --> src/query.rs:26:5
[INFO] [stdout]    |
[INFO] [stdout] 20 | pub struct Query {
[INFO] [stdout]    |            ----- fields in this struct
[INFO] [stdout] ...
[INFO] [stdout] 26 |     extensions: Vec<String>,
[INFO] [stdout]    |     ^^^^^^^^^^
[INFO] [stdout] ...
[INFO] [stdout] 29 |     dirs: Vec<String>,
[INFO] [stdout]    |     ^^^^
[INFO] [stdout] ...
[INFO] [stdout] 39 |     recursive: bool,
[INFO] [stdout]    |     ^^^^^^^^^
[INFO] [stdout]    |
[INFO] [stdout]    = note: `#[warn(dead_code)]` on by default
[INFO] [stdout] 
[INFO] [stdout] 
[INFO] [stdout] warning: unused `Result` that must be used
[INFO] [stdout]   --> src/lib.rs:88:17
[INFO] [stdout]    |
[INFO] [stdout] 88 |                 module.metadata_fn(&mut query_res);
[INFO] [stdout]    |                 ^^^^^^^^^^^^^^^^^^^^^^^^^^^^^^^^^^
[INFO] [stdout]    |
[INFO] [stdout]    = note: this `Result` may be an `Err` variant, which should be handled
[INFO] [stdout]    = note: `#[warn(unused_must_use)]` on by default
[INFO] [stdout] help: use `let _ = ...` to ignore the resulting value
[INFO] [stdout]    |
[INFO] [stdout] 88 |                 let _ = module.metadata_fn(&mut query_res);
[INFO] [stdout]    |                 +++++++
[INFO] [stdout] 
[INFO] [stdout] 
[INFO] [stdout] warning: 10 warnings emitted
[INFO] [stdout] 
[INFO] [stdout] 
[INFO] [stdout] warning: unused imports: `node::NodeJs`, `rust::CargoToml`
[INFO] [stdout]  --> examples/basic.rs:3:31
[INFO] [stdout]   |
[INFO] [stdout] 3 |     default_prompt, git::Git, node::NodeJs, rust::CargoToml, DirParsePlugin, DirParseState,
[INFO] [stdout]   |                               ^^^^^^^^^^^^  ^^^^^^^^^^^^^^^
[INFO] [stdout]   |
[INFO] [stdout]   = note: `#[warn(unused_imports)]` on by default
[INFO] [stdout] 
[INFO] [stdout] 
[INFO] [stdout] warning: unused import: `MetadataParser`
[INFO] [stdout]  --> src/git.rs:8:20
[INFO] [stdout]   |
[INFO] [stdout] 8 | use crate::query::{MetadataParser, Query, QueryBuilder, QueryBuilderError, QueryResult};
[INFO] [stdout]   |                    ^^^^^^^^^^^^^^
[INFO] [stdout]   |
[INFO] [stdout]   = note: `#[warn(unused_imports)]` on by default
[INFO] [stdout] 
[INFO] [stdout] 
[INFO] [stdout] warning: unused import: `std::path::PathBuf`
[INFO] [stdout]   --> src/node.rs:52:9
[INFO] [stdout]    |
[INFO] [stdout] 52 |     use std::path::PathBuf;
[INFO] [stdout]    |         ^^^^^^^^^^^^^^^^^^
[INFO] [stdout] 
[INFO] [stdout] 
[INFO] [stdout] warning: unused imports: `Any`, `TypeId`, `marker::PhantomData`
[INFO] [stdout]  --> src/query.rs:4:11
[INFO] [stdout]   |
[INFO] [stdout] 4 |     any::{Any, TypeId},
[INFO] [stdout]   |           ^^^  ^^^^^^
[INFO] [stdout] ...
[INFO] [stdout] 8 |     marker::PhantomData,
[INFO] [stdout]   |     ^^^^^^^^^^^^^^^^^^^
[INFO] [stdout] 
[INFO] [stdout] 
[INFO] [stdout] warning: unused import: `multimap::MultiMap`
[INFO] [stdout]   --> src/query.rs:13:5
[INFO] [stdout]    |
[INFO] [stdout] 13 | use multimap::MultiMap;
[INFO] [stdout]    |     ^^^^^^^^^^^^^^^^^^
[INFO] [stdout] 
[INFO] [stdout] 
[INFO] [stdout] warning: unused imports: `Deserialize`, `Serialize`, `de::DeserializeOwned`
[INFO] [stdout]   --> src/query.rs:14:13
[INFO] [stdout]    |
[INFO] [stdout] 14 | use serde::{de::DeserializeOwned, Deserialize, Serialize};
[INFO] [stdout]    |             ^^^^^^^^^^^^^^^^^^^^  ^^^^^^^^^^^  ^^^^^^^^^
[INFO] [stdout] 
[INFO] [stdout] 
[INFO] [stdout] warning: unused import: `serde_json::Value`
[INFO] [stdout]   --> src/query.rs:15:5
[INFO] [stdout]    |
[INFO] [stdout] 15 | use serde_json::Value;
[INFO] [stdout]    |     ^^^^^^^^^^^^^^^^^
[INFO] [stdout] 
[INFO] [stdout] 
[INFO] [stdout] warning: unused import: `collections::HashMap`
[INFO] [stdout]    --> src/query.rs:135:15
[INFO] [stdout]     |
[INFO] [stdout] 135 |     use std::{collections::HashMap, path::PathBuf};
[INFO] [stdout]     |               ^^^^^^^^^^^^^^^^^^^^
[INFO] [stdout] 
[INFO] [stdout] 
[INFO] [stdout] warning: unused import: `MetadataParser`
[INFO] [stdout]    --> src/query.rs:140:17
[INFO] [stdout]     |
[INFO] [stdout] 140 |     use super::{MetadataParser, QueryBuilder, QueryResult};
[INFO] [stdout]     |                 ^^^^^^^^^^^^^^
[INFO] [stdout] 
[INFO] [stdout] 
[INFO] [stdout] warning: unused import: `std::path::PathBuf`
[INFO] [stdout]   --> src/rust.rs:43:9
[INFO] [stdout]    |
[INFO] [stdout] 43 |     use std::path::PathBuf;
[INFO] [stdout]    |         ^^^^^^^^^^^^^^^^^^
[INFO] [stdout] 
[INFO] [stdout] 
[INFO] [stdout] warning: unused import: `anymap::AnyMap`
[INFO] [stdout]   --> src/lib.rs:15:5
[INFO] [stdout]    |
[INFO] [stdout] 15 | use anymap::AnyMap;
[INFO] [stdout]    |     ^^^^^^^^^^^^^^
[INFO] [stdout] 
[INFO] [stdout] 
[INFO] [stdout] warning: unused `Result` that must be used
[INFO] [stdout]   --> examples/basic.rs:44:5
[INFO] [stdout]    |
[INFO] [stdout] 44 |     myshell.run();
[INFO] [stdout]    |     ^^^^^^^^^^^^^
[INFO] [stdout]    |
[INFO] [stdout]    = note: this `Result` may be an `Err` variant, which should be handled
[INFO] [stdout]    = note: `#[warn(unused_must_use)]` on by default
[INFO] [stdout] help: use `let _ = ...` to ignore the resulting value
[INFO] [stdout]    |
[INFO] [stdout] 44 |     let _ = myshell.run();
[INFO] [stdout]    |     +++++++
[INFO] [stdout] 
[INFO] [stdout] 
[INFO] [stdout] warning: unused variable: `query_res`
[INFO] [stdout]   --> src/node.rs:23:24
[INFO] [stdout]    |
[INFO] [stdout] 23 | fn package_json_parser(query_res: &mut QueryResult, content: &String) -> anyhow::Result<()> {
[INFO] [stdout]    |                        ^^^^^^^^^ help: if this is intentional, prefix it with an underscore: `_query_res`
[INFO] [stdout]    |
[INFO] [stdout]    = note: `#[warn(unused_variables)]` on by default
[INFO] [stdout] 
[INFO] [stdout] 
[INFO] [stdout] warning: unused variable: `content`
[INFO] [stdout]   --> src/node.rs:23:53
[INFO] [stdout]    |
[INFO] [stdout] 23 | fn package_json_parser(query_res: &mut QueryResult, content: &String) -> anyhow::Result<()> {
[INFO] [stdout]    |                                                     ^^^^^^^ help: if this is intentional, prefix it with an underscore: `_content`
[INFO] [stdout] 
[INFO] [stdout] 
[INFO] [stdout] warning: fields `extensions`, `dirs`, and `recursive` are never read
[INFO] [stdout]   --> src/query.rs:26:5
[INFO] [stdout]    |
[INFO] [stdout] 20 | pub struct Query {
[INFO] [stdout]    |            ----- fields in this struct
[INFO] [stdout] ...
[INFO] [stdout] 26 |     extensions: Vec<String>,
[INFO] [stdout]    |     ^^^^^^^^^^
[INFO] [stdout] ...
[INFO] [stdout] 29 |     dirs: Vec<String>,
[INFO] [stdout]    |     ^^^^
[INFO] [stdout] ...
[INFO] [stdout] 39 |     recursive: bool,
[INFO] [stdout]    |     ^^^^^^^^^
[INFO] [stdout]    |
[INFO] [stdout]    = note: `#[warn(dead_code)]` on by default
[INFO] [stdout] 
[INFO] [stdout] 
[INFO] [stdout] warning: unused `Result` that must be used
[INFO] [stdout]   --> src/lib.rs:88:17
[INFO] [stdout]    |
[INFO] [stdout] 88 |                 module.metadata_fn(&mut query_res);
[INFO] [stdout]    |                 ^^^^^^^^^^^^^^^^^^^^^^^^^^^^^^^^^^
[INFO] [stdout]    |
[INFO] [stdout]    = note: this `Result` may be an `Err` variant, which should be handled
[INFO] [stdout]    = note: `#[warn(unused_must_use)]` on by default
[INFO] [stdout] help: use `let _ = ...` to ignore the resulting value
[INFO] [stdout]    |
[INFO] [stdout] 88 |                 let _ = module.metadata_fn(&mut query_res);
[INFO] [stdout]    |                 +++++++
[INFO] [stdout] 
[INFO] [stdout] 
[INFO] [stdout] warning: 14 warnings emitted
[INFO] [stdout] 
[INFO] [stdout] 
[INFO] [stdout] warning: 2 warnings emitted
[INFO] [stdout] 
[INFO] [stdout] 
[INFO] [stderr]     Finished test [unoptimized + debuginfo] target(s) in 4.47s
[INFO] running `Command { std: "docker" "inspect" "9ca5710c8ebc6a44ae83a3cf2d70113e577a05d4a958183e9f7bc73e68ec5cd8", kill_on_drop: false }`
[INFO] running `Command { std: "docker" "rm" "-f" "9ca5710c8ebc6a44ae83a3cf2d70113e577a05d4a958183e9f7bc73e68ec5cd8", kill_on_drop: false }`
[INFO] [stdout] 9ca5710c8ebc6a44ae83a3cf2d70113e577a05d4a958183e9f7bc73e68ec5cd8
[INFO] running `Command { std: "docker" "create" "-v" "/var/lib/crater-agent-workspace/builds/worker-1-tc1/target:/opt/rustwide/target:rw,Z" "-v" "/var/lib/crater-agent-workspace/builds/worker-1-tc1/source:/opt/rustwide/workdir:ro,Z" "-v" "/var/lib/crater-agent-workspace/cargo-home:/opt/rustwide/cargo-home:ro,Z" "-v" "/var/lib/crater-agent-workspace/rustup-home:/opt/rustwide/rustup-home:ro,Z" "-e" "SOURCE_DIR=/opt/rustwide/workdir" "-e" "CARGO_TARGET_DIR=/opt/rustwide/target" "-e" "CARGO_INCREMENTAL=0" "-e" "RUST_BACKTRACE=full" "-e" "RUSTFLAGS=--cap-lints=warn" "-e" "RUSTDOCFLAGS=--cap-lints=warn" "-e" "CARGO_HOME=/opt/rustwide/cargo-home" "-e" "RUSTUP_HOME=/opt/rustwide/rustup-home" "-w" "/opt/rustwide/workdir" "-m" "1610612736" "--user" "0:0" "--network" "none" "ghcr.io/rust-lang/crates-build-env/linux@sha256:2788e3201cd34a07e3172128adcd8b3090168a8e3bcc40d7c032b9dda1df7d1c" "/opt/rustwide/cargo-home/bin/cargo" "+1.75.0" "test" "--frozen", kill_on_drop: false }`
[INFO] [stdout] a8cb73a35b50bb7f6ba71f234132a30f5ca4fe813984275508e611382db26953
[INFO] running `Command { std: "docker" "start" "-a" "a8cb73a35b50bb7f6ba71f234132a30f5ca4fe813984275508e611382db26953", kill_on_drop: false }`
[INFO] [stderr] warning: unused import: `MetadataParser`
[INFO] [stderr]  --> src/git.rs:8:20
[INFO] [stderr]   |
[INFO] [stderr] 8 | use crate::query::{MetadataParser, Query, QueryBuilder, QueryBuilderError, QueryResult};
[INFO] [stderr]   |                    ^^^^^^^^^^^^^^
[INFO] [stderr]   |
[INFO] [stderr]   = note: `#[warn(unused_imports)]` on by default
[INFO] [stderr] 
[INFO] [stderr] warning: unused imports: `Any`, `TypeId`, `marker::PhantomData`
[INFO] [stderr]  --> src/query.rs:4:11
[INFO] [stderr]   |
[INFO] [stderr] 4 |     any::{Any, TypeId},
[INFO] [stderr]   |           ^^^  ^^^^^^
[INFO] [stderr] ...
[INFO] [stderr] 8 |     marker::PhantomData,
[INFO] [stderr]   |     ^^^^^^^^^^^^^^^^^^^
[INFO] [stderr] 
[INFO] [stderr] warning: unused import: `multimap::MultiMap`
[INFO] [stderr]   --> src/query.rs:13:5
[INFO] [stderr]    |
[INFO] [stderr] 13 | use multimap::MultiMap;
[INFO] [stderr]    |     ^^^^^^^^^^^^^^^^^^
[INFO] [stderr] 
[INFO] [stderr] warning: unused imports: `Deserialize`, `Serialize`, `de::DeserializeOwned`
[INFO] [stderr]   --> src/query.rs:14:13
[INFO] [stderr]    |
[INFO] [stderr] 14 | use serde::{de::DeserializeOwned, Deserialize, Serialize};
[INFO] [stderr]    |             ^^^^^^^^^^^^^^^^^^^^  ^^^^^^^^^^^  ^^^^^^^^^
[INFO] [stderr] 
[INFO] [stderr] warning: unused import: `serde_json::Value`
[INFO] [stderr]   --> src/query.rs:15:5
[INFO] [stderr]    |
[INFO] [stderr] 15 | use serde_json::Value;
[INFO] [stderr]    |     ^^^^^^^^^^^^^^^^^
[INFO] [stderr] 
[INFO] [stderr] warning: unused import: `anymap::AnyMap`
[INFO] [stderr]   --> src/lib.rs:15:5
[INFO] [stderr]    |
[INFO] [stderr] 15 | use anymap::AnyMap;
[INFO] [stderr]    |     ^^^^^^^^^^^^^^
[INFO] [stderr] 
[INFO] [stderr] warning: unused variable: `query_res`
[INFO] [stderr]   --> src/node.rs:23:24
[INFO] [stderr]    |
[INFO] [stderr] 23 | fn package_json_parser(query_res: &mut QueryResult, content: &String) -> anyhow::Result<()> {
[INFO] [stderr]    |                        ^^^^^^^^^ help: if this is intentional, prefix it with an underscore: `_query_res`
[INFO] [stderr]    |
[INFO] [stderr]    = note: `#[warn(unused_variables)]` on by default
[INFO] [stderr] 
[INFO] [stderr] warning: unused variable: `content`
[INFO] [stderr]   --> src/node.rs:23:53
[INFO] [stderr]    |
[INFO] [stderr] 23 | fn package_json_parser(query_res: &mut QueryResult, content: &String) -> anyhow::Result<()> {
[INFO] [stderr]    |                                                     ^^^^^^^ help: if this is intentional, prefix it with an underscore: `_content`
[INFO] [stderr] 
[INFO] [stderr] warning: fields `extensions`, `dirs`, and `recursive` are never read
[INFO] [stderr]   --> src/query.rs:26:5
[INFO] [stderr]    |
[INFO] [stderr] 20 | pub struct Query {
[INFO] [stderr]    |            ----- fields in this struct
[INFO] [stderr] ...
[INFO] [stderr] 26 |     extensions: Vec<String>,
[INFO] [stderr]    |     ^^^^^^^^^^
[INFO] [stderr] ...
[INFO] [stderr] 29 |     dirs: Vec<String>,
[INFO] [stderr]    |     ^^^^
[INFO] [stderr] ...
[INFO] [stderr] 39 |     recursive: bool,
[INFO] [stderr]    |     ^^^^^^^^^
[INFO] [stderr]    |
[INFO] [stderr]    = note: `#[warn(dead_code)]` on by default
[INFO] [stderr] 
[INFO] [stderr] warning: unused `Result` that must be used
[INFO] [stderr]   --> src/lib.rs:88:17
[INFO] [stderr]    |
[INFO] [stderr] 88 |                 module.metadata_fn(&mut query_res);
[INFO] [stderr]    |                 ^^^^^^^^^^^^^^^^^^^^^^^^^^^^^^^^^^
[INFO] [stderr]    |
[INFO] [stderr]    = note: this `Result` may be an `Err` variant, which should be handled
[INFO] [stderr]    = note: `#[warn(unused_must_use)]` on by default
[INFO] [stderr] help: use `let _ = ...` to ignore the resulting value
[INFO] [stderr]    |
[INFO] [stderr] 88 |                 let _ = module.metadata_fn(&mut query_res);
[INFO] [stderr]    |                 +++++++
[INFO] [stderr] 
[INFO] [stderr] warning: unused import: `std::path::PathBuf`
[INFO] [stderr]   --> src/node.rs:52:9
[INFO] [stderr]    |
[INFO] [stderr] 52 |     use std::path::PathBuf;
[INFO] [stderr]    |         ^^^^^^^^^^^^^^^^^^
[INFO] [stderr] 
[INFO] [stderr] warning: unused import: `collections::HashMap`
[INFO] [stderr]    --> src/query.rs:135:15
[INFO] [stderr]     |
[INFO] [stderr] 135 |     use std::{collections::HashMap, path::PathBuf};
[INFO] [stderr]     |               ^^^^^^^^^^^^^^^^^^^^
[INFO] [stderr] 
[INFO] [stderr] warning: unused import: `MetadataParser`
[INFO] [stderr]    --> src/query.rs:140:17
[INFO] [stderr]     |
[INFO] [stderr] 140 |     use super::{MetadataParser, QueryBuilder, QueryResult};
[INFO] [stderr]     |                 ^^^^^^^^^^^^^^
[INFO] [stderr] 
[INFO] [stderr] warning: unused import: `std::path::PathBuf`
[INFO] [stderr]   --> src/rust.rs:43:9
[INFO] [stderr]    |
[INFO] [stderr] 43 |     use std::path::PathBuf;
[INFO] [stderr]    |         ^^^^^^^^^^^^^^^^^^
[INFO] [stderr] 
[INFO] [stderr] warning: `shrs_cd_tools` (lib) generated 10 warnings (run `cargo fix --lib -p shrs_cd_tools` to apply 8 suggestions)
[INFO] [stderr] warning: `shrs_cd_tools` (lib test) generated 14 warnings (10 duplicates) (run `cargo fix --lib -p shrs_cd_tools --tests` to apply 4 suggestions)
[INFO] [stderr] warning: unused imports: `node::NodeJs`, `rust::CargoToml`
[INFO] [stderr]  --> examples/basic.rs:3:31
[INFO] [stderr]   |
[INFO] [stderr] 3 |     default_prompt, git::Git, node::NodeJs, rust::CargoToml, DirParsePlugin, DirParseState,
[INFO] [stderr]   |                               ^^^^^^^^^^^^  ^^^^^^^^^^^^^^^
[INFO] [stderr]   |
[INFO] [stderr]   = note: `#[warn(unused_imports)]` on by default
[INFO] [stderr] 
[INFO] [stderr] warning: unused `Result` that must be used
[INFO] [stderr]   --> examples/basic.rs:44:5
[INFO] [stderr]    |
[INFO] [stderr] 44 |     myshell.run();
[INFO] [stderr]    |     ^^^^^^^^^^^^^
[INFO] [stderr]    |
[INFO] [stderr]    = note: this `Result` may be an `Err` variant, which should be handled
[INFO] [stderr]    = note: `#[warn(unused_must_use)]` on by default
[INFO] [stderr] help: use `let _ = ...` to ignore the resulting value
[INFO] [stderr]    |
[INFO] [stderr] 44 |     let _ = myshell.run();
[INFO] [stderr]    |     +++++++
[INFO] [stderr] 
[INFO] [stderr] warning: `shrs_cd_tools` (example "basic") generated 2 warnings (run `cargo fix --example "basic"` to apply 1 suggestion)
[INFO] [stderr]     Finished test [unoptimized + debuginfo] target(s) in 0.19s
[INFO] [stderr]      Running unittests src/lib.rs (/opt/rustwide/target/debug/deps/shrs_cd_tools-33e69934002b2efa)
[INFO] [stdout] 
[INFO] [stdout] running 4 tests
[INFO] [stdout] test node::tests::scan_node_project ... ok
[INFO] [stdout] test query::tests::metadata_parse ... ok
[INFO] [stdout] test rust::tests::scan_rust_project ... ok
[INFO] [stdout] test query::tests::basic ... FAILED
[INFO] [stdout] 
[INFO] [stdout] failures:
[INFO] [stdout] 
[INFO] [stdout] ---- query::tests::basic stdout ----
[INFO] [stdout] thread 'query::tests::basic' panicked at src/query.rs:97:54:
[INFO] [stdout] called `Result::unwrap()` on an `Err` value: Os { code: 2, kind: NotFound, message: "No such file or directory" }
[INFO] [stdout] stack backtrace:
[INFO] [stdout]    0:     0x5569a99d6b7c - std::backtrace_rs::backtrace::libunwind::trace::ha637c64ce894333a
[INFO] [stdout]                                at /rustc/82e1608dfa6e0b5569232559e3d385fea5a93112/library/std/src/../../backtrace/src/backtrace/libunwind.rs:104:5
[INFO] [stdout]    1:     0x5569a99d6b7c - std::backtrace_rs::backtrace::trace_unsynchronized::h47f62dea28e0c88d
[INFO] [stdout]                                at /rustc/82e1608dfa6e0b5569232559e3d385fea5a93112/library/std/src/../../backtrace/src/backtrace/mod.rs:66:5
[INFO] [stdout]    2:     0x5569a99d6b7c - std::sys_common::backtrace::_print_fmt::h9eef0abe20ede486
[INFO] [stdout]                                at /rustc/82e1608dfa6e0b5569232559e3d385fea5a93112/library/std/src/sys_common/backtrace.rs:67:5
[INFO] [stdout]    3:     0x5569a99d6b7c - <std::sys_common::backtrace::_print::DisplayBacktrace as core::fmt::Display>::fmt::hed7f999df88cc644
[INFO] [stdout]                                at /rustc/82e1608dfa6e0b5569232559e3d385fea5a93112/library/std/src/sys_common/backtrace.rs:44:22
[INFO] [stdout]    4:     0x5569a9a01fb0 - core::fmt::rt::Argument::fmt::h1539a9308b8d058d
[INFO] [stdout]                                at /rustc/82e1608dfa6e0b5569232559e3d385fea5a93112/library/core/src/fmt/rt.rs:142:9
[INFO] [stdout]    5:     0x5569a9a01fb0 - core::fmt::write::h3a39390d8560d9c9
[INFO] [stdout]                                at /rustc/82e1608dfa6e0b5569232559e3d385fea5a93112/library/core/src/fmt/mod.rs:1120:17
[INFO] [stdout]    6:     0x5569a99d43af - std::io::Write::write_fmt::h040b369f3a0f9cbc
[INFO] [stdout]                                at /rustc/82e1608dfa6e0b5569232559e3d385fea5a93112/library/std/src/io/mod.rs:1762:15
[INFO] [stdout]    7:     0x5569a99d6964 - std::sys_common::backtrace::_print::h894006fb5c6f3d45
[INFO] [stdout]                                at /rustc/82e1608dfa6e0b5569232559e3d385fea5a93112/library/std/src/sys_common/backtrace.rs:47:5
[INFO] [stdout]    8:     0x5569a99d6964 - std::sys_common::backtrace::print::h23a2d212c6fff936
[INFO] [stdout]                                at /rustc/82e1608dfa6e0b5569232559e3d385fea5a93112/library/std/src/sys_common/backtrace.rs:34:9
[INFO] [stdout]    9:     0x5569a99d8627 - std::panicking::default_hook::{{closure}}::h8a1d2ee00185001a
[INFO] [stdout]   10:     0x5569a99d8313 - std::panicking::default_hook::h6038f2eba384e475
[INFO] [stdout]                                at /rustc/82e1608dfa6e0b5569232559e3d385fea5a93112/library/std/src/panicking.rs:289:9
[INFO] [stdout]   11:     0x5569a99964d7 - <alloc::boxed::Box<F,A> as core::ops::function::Fn<Args>>::call::h0ad024c9bdc6d768
[INFO] [stdout]                                at /rustc/82e1608dfa6e0b5569232559e3d385fea5a93112/library/alloc/src/boxed.rs:2021:9
[INFO] [stdout]   12:     0x5569a99964d7 - test::test_main::{{closure}}::h7500b54257359db6
[INFO] [stdout]                                at /rustc/82e1608dfa6e0b5569232559e3d385fea5a93112/library/test/src/lib.rs:138:21
[INFO] [stdout]   13:     0x5569a99d8c38 - <alloc::boxed::Box<F,A> as core::ops::function::Fn<Args>>::call::h1f8f335eaa9cfaee
[INFO] [stdout]                                at /rustc/82e1608dfa6e0b5569232559e3d385fea5a93112/library/alloc/src/boxed.rs:2021:9
[INFO] [stdout]   14:     0x5569a99d8c38 - std::panicking::rust_panic_with_hook::h2b5517d590cab22e
[INFO] [stdout]                                at /rustc/82e1608dfa6e0b5569232559e3d385fea5a93112/library/std/src/panicking.rs:783:13
[INFO] [stdout]   15:     0x5569a99d898e - std::panicking::begin_panic_handler::{{closure}}::h233112c06e0ef43e
[INFO] [stdout]                                at /rustc/82e1608dfa6e0b5569232559e3d385fea5a93112/library/std/src/panicking.rs:657:13
[INFO] [stdout]   16:     0x5569a99d7046 - std::sys_common::backtrace::__rust_end_short_backtrace::h6e893f24d7ebbff8
[INFO] [stdout]                                at /rustc/82e1608dfa6e0b5569232559e3d385fea5a93112/library/std/src/sys_common/backtrace.rs:170:18
[INFO] [stdout]   17:     0x5569a99d86f2 - rust_begin_unwind
[INFO] [stdout]                                at /rustc/82e1608dfa6e0b5569232559e3d385fea5a93112/library/std/src/panicking.rs:645:5
[INFO] [stdout]   18:     0x5569a9837e05 - core::panicking::panic_fmt::hbf0e066aabfa482c
[INFO] [stdout]                                at /rustc/82e1608dfa6e0b5569232559e3d385fea5a93112/library/core/src/panicking.rs:72:14
[INFO] [stdout]   19:     0x5569a9838393 - core::result::unwrap_failed::hddb4fea594200c52
[INFO] [stdout]                                at /rustc/82e1608dfa6e0b5569232559e3d385fea5a93112/library/core/src/result.rs:1653:5
[INFO] [stdout]   20:     0x5569a983956c - core::result::Result<T,E>::unwrap::h31d5b8bc5c1c2c7c
[INFO] [stdout]                                at /rustc/82e1608dfa6e0b5569232559e3d385fea5a93112/library/core/src/result.rs:1077:23
[INFO] [stdout]   21:     0x5569a9861e3a - shrs_cd_tools::query::Query::scan::{{closure}}::h5dfec9f499c2cdb9
[INFO] [stdout]                                at /opt/rustwide/workdir/src/query.rs:97:36
[INFO] [stdout]   22:     0x5569a9857ea6 - <core::slice::iter::Iter<T> as core::iter::traits::iterator::Iterator>::all::hc11ce6ac19e115f7
[INFO] [stdout]                                at /rustc/82e1608dfa6e0b5569232559e3d385fea5a93112/library/core/src/slice/iter/macros.rs:268:25
[INFO] [stdout]   23:     0x5569a9861761 - shrs_cd_tools::query::Query::scan::h7513b844184bb1d2
[INFO] [stdout]                                at /opt/rustwide/workdir/src/query.rs:96:27
[INFO] [stdout]   24:     0x5569a985907c - shrs_cd_tools::query::tests::basic::ha8eb8d952c403faa
[INFO] [stdout]                                at /opt/rustwide/workdir/src/query.rs:151:17
[INFO] [stdout]   25:     0x5569a9858e37 - shrs_cd_tools::query::tests::basic::{{closure}}::h24d51801f776133b
[INFO] [stdout]                                at /opt/rustwide/workdir/src/query.rs:143:15
[INFO] [stdout]   26:     0x5569a985bd06 - core::ops::function::FnOnce::call_once::h0338e792698037a5
[INFO] [stdout]                                at /rustc/82e1608dfa6e0b5569232559e3d385fea5a93112/library/core/src/ops/function.rs:250:5
[INFO] [stdout]   27:     0x5569a999bb2f - core::ops::function::FnOnce::call_once::h2b5d431d5046312d
[INFO] [stdout]                                at /rustc/82e1608dfa6e0b5569232559e3d385fea5a93112/library/core/src/ops/function.rs:250:5
[INFO] [stdout]   28:     0x5569a999bb2f - test::__rust_begin_short_backtrace::h7714669af176e207
[INFO] [stdout]                                at /rustc/82e1608dfa6e0b5569232559e3d385fea5a93112/library/test/src/lib.rs:628:18
[INFO] [stdout]   29:     0x5569a999ab45 - test::run_test_in_process::{{closure}}::h85218797dcbcec12
[INFO] [stdout]                                at /rustc/82e1608dfa6e0b5569232559e3d385fea5a93112/library/test/src/lib.rs:651:60
[INFO] [stdout]   30:     0x5569a999ab45 - <core::panic::unwind_safe::AssertUnwindSafe<F> as core::ops::function::FnOnce<()>>::call_once::h76c106ea31c14d7b
[INFO] [stdout]                                at /rustc/82e1608dfa6e0b5569232559e3d385fea5a93112/library/core/src/panic/unwind_safe.rs:272:9
[INFO] [stdout]   31:     0x5569a999ab45 - std::panicking::try::do_call::h3bd5d0f6620ee946
[INFO] [stdout]                                at /rustc/82e1608dfa6e0b5569232559e3d385fea5a93112/library/std/src/panicking.rs:552:40
[INFO] [stdout]   32:     0x5569a999ab45 - std::panicking::try::h232e535e4744fe31
[INFO] [stdout]                                at /rustc/82e1608dfa6e0b5569232559e3d385fea5a93112/library/std/src/panicking.rs:516:19
[INFO] [stdout]   33:     0x5569a999ab45 - std::panic::catch_unwind::h3ce3bd6ca8dbac68
[INFO] [stdout]                                at /rustc/82e1608dfa6e0b5569232559e3d385fea5a93112/library/std/src/panic.rs:142:14
[INFO] [stdout]   34:     0x5569a999ab45 - test::run_test_in_process::hc97b257c9621286a
[INFO] [stdout]                                at /rustc/82e1608dfa6e0b5569232559e3d385fea5a93112/library/test/src/lib.rs:651:27
[INFO] [stdout]   35:     0x5569a999ab45 - test::run_test::{{closure}}::h2aa798823a438d38
[INFO] [stdout]                                at /rustc/82e1608dfa6e0b5569232559e3d385fea5a93112/library/test/src/lib.rs:574:43
[INFO] [stdout]   36:     0x5569a9962e06 - test::run_test::{{closure}}::h87d231c78fb59832
[INFO] [stdout]                                at /rustc/82e1608dfa6e0b5569232559e3d385fea5a93112/library/test/src/lib.rs:602:41
[INFO] [stdout]   37:     0x5569a9962e06 - std::sys_common::backtrace::__rust_begin_short_backtrace::he6df152596625789
[INFO] [stdout]                                at /rustc/82e1608dfa6e0b5569232559e3d385fea5a93112/library/std/src/sys_common/backtrace.rs:154:18
[INFO] [stdout]   38:     0x5569a9967eb7 - std::thread::Builder::spawn_unchecked_::{{closure}}::{{closure}}::ha94be15d1e0acf36
[INFO] [stdout]                                at /rustc/82e1608dfa6e0b5569232559e3d385fea5a93112/library/std/src/thread/mod.rs:529:17
[INFO] [stdout]   39:     0x5569a9967eb7 - <core::panic::unwind_safe::AssertUnwindSafe<F> as core::ops::function::FnOnce<()>>::call_once::h9dc6bd6372f16606
[INFO] [stdout]                                at /rustc/82e1608dfa6e0b5569232559e3d385fea5a93112/library/core/src/panic/unwind_safe.rs:272:9
[INFO] [stdout]   40:     0x5569a9967eb7 - std::panicking::try::do_call::h9057517f80303cd4
[INFO] [stdout]                                at /rustc/82e1608dfa6e0b5569232559e3d385fea5a93112/library/std/src/panicking.rs:552:40
[INFO] [stdout]   41:     0x5569a9967eb7 - std::panicking::try::he3a30b11ee45340c
[INFO] [stdout]                                at /rustc/82e1608dfa6e0b5569232559e3d385fea5a93112/library/std/src/panicking.rs:516:19
[INFO] [stdout]   42:     0x5569a9967eb7 - std::panic::catch_unwind::h410458cfd3528b8b
[INFO] [stdout]                                at /rustc/82e1608dfa6e0b5569232559e3d385fea5a93112/library/std/src/panic.rs:142:14
[INFO] [stdout]   43:     0x5569a9967eb7 - std::thread::Builder::spawn_unchecked_::{{closure}}::h72ac3bdb567b737b
[INFO] [stdout]                                at /rustc/82e1608dfa6e0b5569232559e3d385fea5a93112/library/std/src/thread/mod.rs:528:30
[INFO] [stdout]   44:     0x5569a9967eb7 - core::ops::function::FnOnce::call_once{{vtable.shim}}::h38f34da3654a8344
[INFO] [stdout]                                at /rustc/82e1608dfa6e0b5569232559e3d385fea5a93112/library/core/src/ops/function.rs:250:5
[INFO] [stdout]   45:     0x5569a99ddd35 - <alloc::boxed::Box<F,A> as core::ops::function::FnOnce<Args>>::call_once::hc7eafaff61e32df9
[INFO] [stdout]                                at /rustc/82e1608dfa6e0b5569232559e3d385fea5a93112/library/alloc/src/boxed.rs:2007:9
[INFO] [stdout]   46:     0x5569a99ddd35 - <alloc::boxed::Box<F,A> as core::ops::function::FnOnce<Args>>::call_once::h6ba4a5de48dd2304
[INFO] [stdout]                                at /rustc/82e1608dfa6e0b5569232559e3d385fea5a93112/library/alloc/src/boxed.rs:2007:9
[INFO] [stdout]   47:     0x5569a99ddd35 - std::sys::unix::thread::Thread::new::thread_start::he469335aef763e45
[INFO] [stdout]                                at /rustc/82e1608dfa6e0b5569232559e3d385fea5a93112/library/std/src/sys/unix/thread.rs:108:17
[INFO] [stdout]   48:     0x7f2d33a74ac3 - <unknown>
[INFO] [stdout]   49:     0x7f2d33b05bf4 - __clone
[INFO] [stdout]   50:                0x0 - <unknown>
[INFO] [stdout] 
[INFO] [stdout] 
[INFO] [stdout] failures:
[INFO] [stdout]     query::tests::basic
[INFO] [stdout] 
[INFO] [stdout] test result: FAILED. 3 passed; 1 failed; 0 ignored; 0 measured; 0 filtered out; finished in 0.10s
[INFO] [stdout] 
[INFO] [stderr] error: test failed, to rerun pass `--lib`
[INFO] running `Command { std: "docker" "inspect" "a8cb73a35b50bb7f6ba71f234132a30f5ca4fe813984275508e611382db26953", kill_on_drop: false }`
[INFO] running `Command { std: "docker" "rm" "-f" "a8cb73a35b50bb7f6ba71f234132a30f5ca4fe813984275508e611382db26953", kill_on_drop: false }`
[INFO] [stdout] a8cb73a35b50bb7f6ba71f234132a30f5ca4fe813984275508e611382db26953
