[INFO] fetching crate shrine 0.1.0...
[INFO] testing shrine-0.1.0 against 1.75.0 for beta-1.76-1
[INFO] extracting crate shrine 0.1.0 into /workspace/builds/worker-2-tc1/source
[INFO] validating manifest of crates.io crate shrine 0.1.0 on toolchain 1.75.0
[INFO] running `Command { std: CARGO_HOME="/workspace/cargo-home" RUSTUP_HOME="/workspace/rustup-home" "/workspace/cargo-home/bin/cargo" "+1.75.0" "metadata" "--manifest-path" "Cargo.toml" "--no-deps", kill_on_drop: false }`
[INFO] started tweaking crates.io crate shrine 0.1.0
[INFO] finished tweaking crates.io crate shrine 0.1.0
[INFO] tweaked toml for crates.io crate shrine 0.1.0 written to /workspace/builds/worker-2-tc1/source/Cargo.toml
[INFO] crate crates.io crate shrine 0.1.0 already has a lockfile, it will not be regenerated
[INFO] running `Command { std: CARGO_HOME="/workspace/cargo-home" RUSTUP_HOME="/workspace/rustup-home" "/workspace/cargo-home/bin/cargo" "+1.75.0" "fetch" "--manifest-path" "Cargo.toml", kill_on_drop: false }`
[INFO] [stderr]  Downloading crates ...
[INFO] [stderr]   Downloaded whoami v1.4.0
[INFO] [stderr]   Downloaded aes-gcm-siv v0.11.1
[INFO] [stderr]   Downloaded polyval v0.6.0
[INFO] running `Command { std: "docker" "create" "-v" "/var/lib/crater-agent-workspace/builds/worker-2-tc1/target:/opt/rustwide/target:rw,Z" "-v" "/var/lib/crater-agent-workspace/builds/worker-2-tc1/source:/opt/rustwide/workdir:ro,Z" "-v" "/var/lib/crater-agent-workspace/cargo-home:/opt/rustwide/cargo-home:ro,Z" "-v" "/var/lib/crater-agent-workspace/rustup-home:/opt/rustwide/rustup-home:ro,Z" "-e" "SOURCE_DIR=/opt/rustwide/workdir" "-e" "CARGO_TARGET_DIR=/opt/rustwide/target" "-e" "CARGO_HOME=/opt/rustwide/cargo-home" "-e" "RUSTUP_HOME=/opt/rustwide/rustup-home" "-w" "/opt/rustwide/workdir" "-m" "1610612736" "--user" "0:0" "--network" "none" "ghcr.io/rust-lang/crates-build-env/linux@sha256:2788e3201cd34a07e3172128adcd8b3090168a8e3bcc40d7c032b9dda1df7d1c" "/opt/rustwide/cargo-home/bin/cargo" "+1.75.0" "metadata" "--no-deps" "--format-version=1", kill_on_drop: false }`
[INFO] [stdout] aafdbaa6fa1aa64da7c51d4b337467da31c6f91609116c4531f0152a5fd90405
[INFO] running `Command { std: "docker" "start" "-a" "aafdbaa6fa1aa64da7c51d4b337467da31c6f91609116c4531f0152a5fd90405", kill_on_drop: false }`
[INFO] running `Command { std: "docker" "inspect" "aafdbaa6fa1aa64da7c51d4b337467da31c6f91609116c4531f0152a5fd90405", kill_on_drop: false }`
[INFO] running `Command { std: "docker" "rm" "-f" "aafdbaa6fa1aa64da7c51d4b337467da31c6f91609116c4531f0152a5fd90405", kill_on_drop: false }`
[INFO] [stdout] aafdbaa6fa1aa64da7c51d4b337467da31c6f91609116c4531f0152a5fd90405
[INFO] running `Command { std: "docker" "create" "-v" "/var/lib/crater-agent-workspace/builds/worker-2-tc1/target:/opt/rustwide/target:rw,Z" "-v" "/var/lib/crater-agent-workspace/builds/worker-2-tc1/source:/opt/rustwide/workdir:ro,Z" "-v" "/var/lib/crater-agent-workspace/cargo-home:/opt/rustwide/cargo-home:ro,Z" "-v" "/var/lib/crater-agent-workspace/rustup-home:/opt/rustwide/rustup-home:ro,Z" "-e" "SOURCE_DIR=/opt/rustwide/workdir" "-e" "CARGO_TARGET_DIR=/opt/rustwide/target" "-e" "CARGO_INCREMENTAL=0" "-e" "RUST_BACKTRACE=full" "-e" "RUSTFLAGS=--cap-lints=warn" "-e" "RUSTDOCFLAGS=--cap-lints=warn" "-e" "CARGO_HOME=/opt/rustwide/cargo-home" "-e" "RUSTUP_HOME=/opt/rustwide/rustup-home" "-w" "/opt/rustwide/workdir" "-m" "1610612736" "--user" "0:0" "--network" "none" "ghcr.io/rust-lang/crates-build-env/linux@sha256:2788e3201cd34a07e3172128adcd8b3090168a8e3bcc40d7c032b9dda1df7d1c" "/opt/rustwide/cargo-home/bin/cargo" "+1.75.0" "build" "--frozen" "--message-format=json", kill_on_drop: false }`
[INFO] [stdout] 64d4db10d62849537b9feaac28dfcccf65edc58f2ef6698f9b0e17d61cfd3921
[INFO] running `Command { std: "docker" "start" "-a" "64d4db10d62849537b9feaac28dfcccf65edc58f2ef6698f9b0e17d61cfd3921", kill_on_drop: false }`
[INFO] [stderr]    Compiling libc v0.2.144
[INFO] [stderr]    Compiling proc-macro2 v1.0.59
[INFO] [stderr]    Compiling unicode-ident v1.0.9
[INFO] [stderr]    Compiling quote v1.0.28
[INFO] [stderr]    Compiling typenum v1.16.0
[INFO] [stderr]    Compiling pkg-config v0.3.27
[INFO] [stderr]    Compiling serde v1.0.163
[INFO] [stderr]    Compiling thiserror v1.0.40
[INFO] [stderr]    Compiling io-lifetimes v1.0.11
[INFO] [stderr]    Compiling subtle v2.5.0
[INFO] [stderr]    Compiling syn v1.0.109
[INFO] [stderr]    Compiling once_cell v1.17.2
[INFO] [stderr]    Compiling rustix v0.37.19
[INFO] [stderr]    Compiling num-traits v0.2.15
[INFO] [stderr]    Compiling syn v2.0.18
[INFO] [stderr]    Compiling ucd-trie v0.1.5
[INFO] [stderr]    Compiling linux-raw-sys v0.3.8
[INFO] [stderr]    Compiling jobserver v0.1.26
[INFO] [stderr]    Compiling generic-array v0.14.7
[INFO] [stderr]    Compiling cc v1.0.79
[INFO] [stderr]    Compiling ahash v0.8.3
[INFO] [stderr]    Compiling getrandom v0.2.9
[INFO] [stderr]    Compiling paste v1.0.12
[INFO] [stderr]    Compiling rand_core v0.6.4
[INFO] [stderr]    Compiling inout v0.1.3
[INFO] [stderr]    Compiling crypto-common v0.1.6
[INFO] [stderr]    Compiling block-buffer v0.10.4
[INFO] [stderr]    Compiling itoa v1.0.6
[INFO] [stderr]    Compiling cpufeatures v0.2.7
[INFO] [stderr]    Compiling radium v0.7.0
[INFO] [stderr]    Compiling anstyle-parse v0.2.0
[INFO] [stderr]    Compiling digest v0.10.7
[INFO] [stderr]    Compiling cipher v0.4.4
[INFO] [stderr]    Compiling unicode-normalization v0.1.22
[INFO] [stderr]    Compiling ahash v0.7.6
[INFO] [stderr]    Compiling libz-sys v1.1.9
[INFO] [stderr]    Compiling openssl-sys v0.9.88
[INFO] [stderr]    Compiling libssh2-sys v0.3.0
[INFO] [stderr]    Compiling is-terminal v0.4.7
[INFO] [stderr]    Compiling libgit2-sys v0.15.2+1.6.4
[INFO] [stderr]    Compiling time-core v0.1.1
[INFO] [stderr]    Compiling anstyle v1.0.0
[INFO] [stderr]    Compiling percent-encoding v2.2.0
[INFO] [stderr]    Compiling unicode-bidi v0.3.13
[INFO] [stderr]    Compiling serde_json v1.0.96
[INFO] [stderr]    Compiling log v0.4.18
[INFO] [stderr]    Compiling ryu v1.0.13
[INFO] [stderr]    Compiling tap v1.0.1
[INFO] [stderr]    Compiling rand_chacha v0.3.1
[INFO] [stderr]    Compiling toml v0.5.11
[INFO] [stderr]    Compiling wyz v0.5.1
[INFO] [stderr]    Compiling borsh-schema-derive-internal v0.10.3
[INFO] [stderr]    Compiling borsh-derive-internal v0.10.3
[INFO] [stderr]    Compiling anstream v0.3.2
[INFO] [stderr]    Compiling idna v0.3.0
[INFO] [stderr]    Compiling form_urlencoded v1.1.0
[INFO] [stderr]    Compiling time-macros v0.2.9
[INFO] [stderr]    Compiling serde_derive v1.0.163
[INFO] [stderr]    Compiling thiserror-impl v1.0.40
[INFO] [stderr]    Compiling proc-macro-crate v0.1.5
[INFO] [stderr]    Compiling universal-hash v0.5.1
[INFO] [stderr]    Compiling byteorder v1.4.3
[INFO] [stderr]    Compiling opaque-debug v0.3.0
[INFO] [stderr]    Compiling zeroize v1.6.0
[INFO] [stderr]    Compiling clap_lex v0.5.0
[INFO] [stderr]    Compiling funty v2.0.0
[INFO] [stderr]    Compiling rmp v0.8.11
[INFO] [stderr]    Compiling clap_builder v4.3.1
[INFO] [stderr]    Compiling polyval v0.6.0
[INFO] [stderr]    Compiling clap_derive v4.3.2
[INFO] [stderr]    Compiling url v2.3.1
[INFO] [stderr]    Compiling pest v2.6.0
[INFO] [stderr]    Compiling time v0.3.21
[INFO] [stderr]    Compiling bitvec v1.0.1
[INFO] [stderr]    Compiling borsh-derive v0.10.3
[INFO] [stderr]    Compiling hashbrown v0.13.2
[INFO] [stderr]    Compiling rand v0.8.5
[INFO] [stderr]    Compiling pest_meta v2.6.0
[INFO] [stderr]    Compiling aes v0.8.2
[INFO] [stderr]    Compiling pest_generator v2.6.0
[INFO] [stderr]    Compiling ctr v0.9.2
[INFO] [stderr]    Compiling hmac v0.12.1
[INFO] [stderr]    Compiling aead v0.5.2
[INFO] [stderr]    Compiling rtoolbox v0.0.1
[INFO] [stderr]    Compiling time v0.1.45
[INFO] [stderr]    Compiling csv-core v0.1.10
[INFO] [stderr]    Compiling aho-corasick v1.0.1
[INFO] [stderr]    Compiling iana-time-zone v0.1.56
[INFO] [stderr]    Compiling hex v0.4.3
[INFO] [stderr]    Compiling regex-syntax v0.7.2
[INFO] [stderr]    Compiling chrono v0.4.26
[INFO] [stderr]    Compiling rpassword v7.2.0
[INFO] [stderr]    Compiling aes-gcm-siv v0.11.1
[INFO] [stderr]    Compiling pbkdf2 v0.12.1
[INFO] [stderr]    Compiling clap v4.3.2
[INFO] [stderr]    Compiling borsh v0.10.3
[INFO] [stderr]    Compiling pest_derive v2.6.0
[INFO] [stderr]    Compiling sha2 v0.10.6
[INFO] [stderr]    Compiling whoami v1.4.0
[INFO] [stderr]    Compiling dotenv-parser v0.1.3
[INFO] [stderr]    Compiling regex v1.8.3
[INFO] [stderr]    Compiling uuid v1.3.3
[INFO] [stderr]    Compiling serde_bytes v0.11.9
[INFO] [stderr]    Compiling rmp-serde v1.1.1
[INFO] [stderr]    Compiling csv v1.2.2
[INFO] [stderr]    Compiling bytes v1.4.0
[INFO] [stderr]    Compiling secrecy v0.8.0
[INFO] [stderr]    Compiling bson v2.6.1
[INFO] [stderr]    Compiling git2 v0.17.2
[INFO] [stderr]    Compiling shrine v0.1.0 (/opt/rustwide/workdir)
[INFO] [stderr]     Finished dev [unoptimized + debuginfo] target(s) in 32.57s
[INFO] running `Command { std: "docker" "inspect" "64d4db10d62849537b9feaac28dfcccf65edc58f2ef6698f9b0e17d61cfd3921", kill_on_drop: false }`
[INFO] running `Command { std: "docker" "rm" "-f" "64d4db10d62849537b9feaac28dfcccf65edc58f2ef6698f9b0e17d61cfd3921", kill_on_drop: false }`
[INFO] [stdout] 64d4db10d62849537b9feaac28dfcccf65edc58f2ef6698f9b0e17d61cfd3921
[INFO] running `Command { std: "docker" "create" "-v" "/var/lib/crater-agent-workspace/builds/worker-2-tc1/target:/opt/rustwide/target:rw,Z" "-v" "/var/lib/crater-agent-workspace/builds/worker-2-tc1/source:/opt/rustwide/workdir:ro,Z" "-v" "/var/lib/crater-agent-workspace/cargo-home:/opt/rustwide/cargo-home:ro,Z" "-v" "/var/lib/crater-agent-workspace/rustup-home:/opt/rustwide/rustup-home:ro,Z" "-e" "SOURCE_DIR=/opt/rustwide/workdir" "-e" "CARGO_TARGET_DIR=/opt/rustwide/target" "-e" "CARGO_INCREMENTAL=0" "-e" "RUST_BACKTRACE=full" "-e" "RUSTFLAGS=--cap-lints=warn" "-e" "RUSTDOCFLAGS=--cap-lints=warn" "-e" "CARGO_HOME=/opt/rustwide/cargo-home" "-e" "RUSTUP_HOME=/opt/rustwide/rustup-home" "-w" "/opt/rustwide/workdir" "-m" "1610612736" "--user" "0:0" "--network" "none" "ghcr.io/rust-lang/crates-build-env/linux@sha256:2788e3201cd34a07e3172128adcd8b3090168a8e3bcc40d7c032b9dda1df7d1c" "/opt/rustwide/cargo-home/bin/cargo" "+1.75.0" "test" "--frozen" "--no-run" "--message-format=json", kill_on_drop: false }`
[INFO] [stdout] 4a4b9697516cf57ceeeb224c3bfef350457a42ae38cd23b1f6fa758b69298517
[INFO] running `Command { std: "docker" "start" "-a" "4a4b9697516cf57ceeeb224c3bfef350457a42ae38cd23b1f6fa758b69298517", kill_on_drop: false }`
[INFO] [stderr]    Compiling shrine v0.1.0 (/opt/rustwide/workdir)
[INFO] [stderr]     Finished test [unoptimized + debuginfo] target(s) in 3.66s
[INFO] running `Command { std: "docker" "inspect" "4a4b9697516cf57ceeeb224c3bfef350457a42ae38cd23b1f6fa758b69298517", kill_on_drop: false }`
[INFO] running `Command { std: "docker" "rm" "-f" "4a4b9697516cf57ceeeb224c3bfef350457a42ae38cd23b1f6fa758b69298517", kill_on_drop: false }`
[INFO] [stdout] 4a4b9697516cf57ceeeb224c3bfef350457a42ae38cd23b1f6fa758b69298517
[INFO] running `Command { std: "docker" "create" "-v" "/var/lib/crater-agent-workspace/builds/worker-2-tc1/target:/opt/rustwide/target:rw,Z" "-v" "/var/lib/crater-agent-workspace/builds/worker-2-tc1/source:/opt/rustwide/workdir:ro,Z" "-v" "/var/lib/crater-agent-workspace/cargo-home:/opt/rustwide/cargo-home:ro,Z" "-v" "/var/lib/crater-agent-workspace/rustup-home:/opt/rustwide/rustup-home:ro,Z" "-e" "SOURCE_DIR=/opt/rustwide/workdir" "-e" "CARGO_TARGET_DIR=/opt/rustwide/target" "-e" "CARGO_INCREMENTAL=0" "-e" "RUST_BACKTRACE=full" "-e" "RUSTFLAGS=--cap-lints=warn" "-e" "RUSTDOCFLAGS=--cap-lints=warn" "-e" "CARGO_HOME=/opt/rustwide/cargo-home" "-e" "RUSTUP_HOME=/opt/rustwide/rustup-home" "-w" "/opt/rustwide/workdir" "-m" "1610612736" "--user" "0:0" "--network" "none" "ghcr.io/rust-lang/crates-build-env/linux@sha256:2788e3201cd34a07e3172128adcd8b3090168a8e3bcc40d7c032b9dda1df7d1c" "/opt/rustwide/cargo-home/bin/cargo" "+1.75.0" "test" "--frozen", kill_on_drop: false }`
[INFO] [stdout] 1d967cf9db7ed9425d5855f03cdd8bdbbf5281b27b0eac39c606e1a3883006ce
[INFO] running `Command { std: "docker" "start" "-a" "1d967cf9db7ed9425d5855f03cdd8bdbbf5281b27b0eac39c606e1a3883006ce", kill_on_drop: false }`
[INFO] [stderr]     Finished test [unoptimized + debuginfo] target(s) in 0.13s
[INFO] [stderr]      Running unittests src/lib.rs (/opt/rustwide/target/debug/deps/shrine-a3f0bdd616046e56)
[INFO] [stdout] 
[INFO] [stdout] running 10 tests
[INFO] [stdout] test shrine::holder::tests::is_empty ... ok
[INFO] [stdout] test shrine::holder::tests::bson::serde ... ok
[INFO] [stdout] test shrine::tests::unsupported_version ... ok
[INFO] [stdout] test shrine::tests::invalid_magic_number ... ok
[INFO] [stdout] test shrine::holder::tests::json::serde ... ok
[INFO] [stdout] test shrine::holder::tests::set_get_len ... ok
[INFO] [stdout] test shrine::holder::tests::keys ... ok
[INFO] [stdout] test shrine::holder::tests::remove ... ok
[INFO] [stdout] test shrine::tests::close_open ... ok
[INFO] [stdout] test shrine::holder::tests::message_page::serde ... ok
[INFO] [stdout] 
[INFO] [stdout] test result: ok. 10 passed; 0 failed; 0 ignored; 0 measured; 0 filtered out; finished in 0.03s
[INFO] [stdout] 
[INFO] [stderr]      Running unittests src/cli.rs (/opt/rustwide/target/debug/deps/shrine-16207ffe27aa9ef4)
[INFO] [stdout] 
[INFO] [stdout] running 0 tests
[INFO] [stdout] 
[INFO] [stdout] test result: ok. 0 passed; 0 failed; 0 ignored; 0 measured; 0 filtered out; finished in 0.00s
[INFO] [stdout] 
[INFO] [stderr]    Doc-tests shrine
[INFO] [stdout] 
[INFO] [stdout] running 12 tests
[INFO] [stdout] test src/shrine.rs - shrine::Shrine<Open>::close (line 187) ... FAILED
[INFO] [stdout] test src/shrine.rs - shrine::Shrine<Closed>::open (line 134) ... FAILED
[INFO] [stdout] test src/shrine.rs - shrine::Shrine<Open>::keys (line 259) ... FAILED
[INFO] [stdout] test src/bytes.rs - bytes::SecretBytes::expose_secret_as_bytes (line 19) ... FAILED
[INFO] [stdout] test src/bytes.rs - bytes::SecretBytes (line 7) ... FAILED
[INFO] [stdout] test src/shrine.rs - shrine::Shrine<Open>::is_empty (line 316) ... FAILED
[INFO] [stdout] test src/shrine.rs - shrine::Shrine (line 361) ... ok
[INFO] [stdout] test src/shrine.rs - shrine::Shrine<Open>::get (line 240) ... ok
[INFO] [stdout] test src/shrine.rs - shrine::Shrine<Open>::len (line 298) ... ok
[INFO] [stdout] test src/shrine.rs - shrine::Shrine<Open>::move_to (line 170) ... ok
[INFO] [stdout] test src/shrine.rs - shrine::Shrine<Open>::set (line 221) ... ok
[INFO] [stdout] test src/shrine.rs - shrine::Shrine<Open>::remove (line 278) ... ok
[INFO] [stdout] 
[INFO] [stdout] failures:
[INFO] [stdout] 
[INFO] [stdout] ---- src/shrine.rs - shrine::Shrine<Open>::close (line 187) stdout ----
[INFO] [stdout] error: linking with `cc` failed: exit status: 1
[INFO] [stdout]   |
[INFO] [stdout]   = note: LC_ALL="C" PATH="/opt/rustwide/rustup-home/toolchains/1.75.0-x86_64-unknown-linux-gnu/lib/rustlib/x86_64-unknown-linux-gnu/bin:/opt/rustwide/cargo-home/bin:/usr/local/sbin:/usr/local/bin:/usr/sbin:/usr/bin:/sbin:/bin" VSLANG="1033" "cc" "-m64" "/tmp/rustcNxLgPC/symbols.o" "/tmp/rustdoctestLBHx09/rust_out.rust_out.263fb70ac1c95110-cgu.0.rcgu.o" "/tmp/rustdoctestLBHx09/rust_out.2uel00cfmdh5ufit.rcgu.o" "-Wl,--as-needed" "-L" "/opt/rustwide/target/debug/deps" "-L" "/opt/rustwide/target/debug/deps" "-L" "/opt/rustwide/target/debug/build/libgit2-sys-d505bd0919522d0f/out/build" "-L" "/opt/rustwide/target/debug/build/libssh2-sys-2efd19579778e2ae/out/build" "-L" "/opt/rustwide/rustup-home/toolchains/1.75.0-x86_64-unknown-linux-gnu/lib/rustlib/x86_64-unknown-linux-gnu/lib" "-Wl,-Bstatic" "/opt/rustwide/target/debug/deps/libshrine-1e52e6babba82e7c.rlib" "/opt/rustwide/target/debug/deps/librmp_serde-7ab859f9f03c114f.rlib" "/opt/rustwide/target/debug/deps/librmp-560a27be4559052a.rlib" "/opt/rustwide/target/debug/deps/libbyteorder-b7588b59c1d17615.rlib" "/opt/rustwide/target/debug/deps/libwhoami-09cf42b3cc2e3793.rlib" "/opt/rustwide/target/debug/deps/libbytes-64f79fa9f59e81d7.rlib" "/opt/rustwide/target/debug/deps/libcsv-d59386656d58f1c0.rlib" "/opt/rustwide/target/debug/deps/libcsv_core-d46ae02d5eddca46.rlib" "/opt/rustwide/target/debug/deps/libborsh-5da6e8afd973cacf.rlib" "/opt/rustwide/target/debug/deps/libbson-1d8a61de871b618f.rlib" "/opt/rustwide/target/debug/deps/libuuid-45b1dcc31e54cc31.rlib" "/opt/rustwide/target/debug/deps/libbase64-b09bba5046b087ce.rlib" "/opt/rustwide/target/debug/deps/liblazy_static-591486ebcb9a7ead.rlib" "/opt/rustwide/target/debug/deps/librand-f1896a0b533d7fb3.rlib" "/opt/rustwide/target/debug/deps/librand_chacha-54fa8024fd3afbec.rlib" "/opt/rustwide/target/debug/deps/libppv_lite86-9f808eb911999ef2.rlib" "/opt/rustwide/target/debug/deps/libhex-05644b5497b79c5b.rlib" "/opt/rustwide/target/debug/deps/libahash-3dac34d6d53574ee.rlib" "/opt/rustwide/target/debug/deps/libonce_cell-83e228ff5b878dab.rlib" "/opt/rustwide/target/debug/deps/libbitvec-0d493410bbb2a207.rlib" "/opt/rustwide/target/debug/deps/libwyz-3ab1106e6ae81bcb.rlib" "/opt/rustwide/target/debug/deps/libtap-2cc3bcce42dac99c.rlib" "/opt/rustwide/target/debug/deps/libradium-ebe0fb313fa4c01d.rlib" "/opt/rustwide/target/debug/deps/libfunty-b14902e4c1957add.rlib" "/opt/rustwide/target/debug/deps/libserde_bytes-0f97518b05fd808b.rlib" "/opt/rustwide/target/debug/deps/libtime-ab02eaf50e55f154.rlib" "/opt/rustwide/target/debug/deps/libtime_core-8975f5c3c8091bbd.rlib" "/opt/rustwide/target/debug/deps/libserde_json-26daa6f0ef2ae958.rlib" "/opt/rustwide/target/debug/deps/libryu-07c77bcabf6ee02b.rlib" "/opt/rustwide/target/debug/deps/libitoa-807e41d963466eb2.rlib" "/opt/rustwide/target/debug/deps/libindexmap-93f72862478380d0.rlib" "/opt/rustwide/target/debug/deps/libhashbrown-567986452cb9bc94.rlib" "/opt/rustwide/target/debug/deps/libgit2-4deaeebd3525f981.rlib" "/opt/rustwide/target/debug/deps/libopenssl_probe-d850575132083d7c.rlib" "/opt/rustwide/target/debug/deps/liburl-835209bb06fa4b66.rlib" "/opt/rustwide/target/debug/deps/libidna-b88b16256f94c1f5.rlib" "/opt/rustwide/target/debug/deps/libunicode_normalization-e1c1be84a555e587.rlib" "/opt/rustwide/target/debug/deps/libtinyvec-cf6c9f6b792a5507.rlib" "/opt/rustwide/target/debug/deps/libtinyvec_macros-b1cb7f53f58c9f87.rlib" "/opt/rustwide/target/debug/deps/libunicode_bidi-282ea4eeb343ff18.rlib" "/opt/rustwide/target/debug/deps/libform_urlencoded-e8c43e838ad28fa4.rlib" "/opt/rustwide/target/debug/deps/libpercent_encoding-c39f6500503dd269.rlib" "/opt/rustwide/target/debug/deps/liblog-e5a08d2c20c29976.rlib" "/opt/rustwide/target/debug/deps/liblibgit2_sys-a45d3d60786676ef.rlib" "/opt/rustwide/target/debug/deps/liblibssh2_sys-1e77e00f05a434c5.rlib" "/opt/rustwide/target/debug/deps/libopenssl_sys-2474759090555813.rlib" "/opt/rustwide/target/debug/deps/liblibz_sys-05c63a9f9ba2563c.rlib" "/opt/rustwide/target/debug/deps/libbitflags-b7cee2ca4fb438d0.rlib" "/opt/rustwide/target/debug/deps/libchrono-adc5fce35e88f411.rlib" "/opt/rustwide/target/debug/deps/libnum_traits-7895f20e37a56120.rlib" "/opt/rustwide/target/debug/deps/libiana_time_zone-8ebc83a3b0a47d8c.rlib" "/opt/rustwide/target/debug/deps/libtime-7e16eccfb40cebfd.rlib" "/opt/rustwide/target/debug/deps/libsha2-6ef75ef6d21ee7ff.rlib" "/opt/rustwide/target/debug/deps/libpbkdf2-afd5bd26faec3311.rlib" "/opt/rustwide/target/debug/deps/libhmac-2ebbfa5859d722ef.rlib" "/opt/rustwide/target/debug/deps/libdigest-2dac267cffa62d6a.rlib" "/opt/rustwide/target/debug/deps/libblock_buffer-7a086d5b55644c90.rlib" "/opt/rustwide/target/debug/deps/libaes_gcm_siv-40f0d882acc2878e.rlib" "/opt/rustwide/target/debug/deps/libctr-45db237ec4751757.rlib" "/opt/rustwide/target/debug/deps/libaes-cb6290add282c8c0.rlib" "/opt/rustwide/target/debug/deps/libpolyval-b8e6ec6ea4caba02.rlib" "/opt/rustwide/target/debug/deps/libopaque_debug-15273823c1ba1453.rlib" "/opt/rustwide/target/debug/deps/libcpufeatures-e086ad10d333e19a.rlib" "/opt/rustwide/target/debug/deps/libuniversal_hash-fca0d0799cf398d7.rlib" "/opt/rustwide/target/debug/deps/libsubtle-32983fc17c133a89.rlib" "/opt/rustwide/target/debug/deps/libcipher-191a4b6d49b8a239.rlib" "/opt/rustwide/target/debug/deps/libinout-2ab110ad1a925e9b.rlib" "/opt/rustwide/target/debug/deps/libaead-05e92e99973e9bca.rlib" "/opt/rustwide/target/debug/deps/libcrypto_common-fc7f76921a4c10db.rlib" "/opt/rustwide/target/debug/deps/libgeneric_array-7afb762a7200395f.rlib" "/opt/rustwide/target/debug/deps/libtypenum-10066d62666e55cd.rlib" "/opt/rustwide/target/debug/deps/librand_core-bbd95587fbbe49a4.rlib" "/opt/rustwide/target/debug/deps/libgetrandom-a68fe0bfcd563529.rlib" "/opt/rustwide/target/debug/deps/libcfg_if-61dc7a6799e72b18.rlib" "/opt/rustwide/target/debug/deps/libdotenv_parser-6ac099d4f5e2fbca.rlib" "/opt/rustwide/target/debug/deps/libpest-dc40605240ea7be8.rlib" "/opt/rustwide/target/debug/deps/libucd_trie-c4b1d9f7f01fdf7f.rlib" "/opt/rustwide/target/debug/deps/libthiserror-3418184de181e7bb.rlib" "/opt/rustwide/target/debug/deps/libregex-31e41685d3246335.rlib" "/opt/rustwide/target/debug/deps/libaho_corasick-07444be8bb34ef9e.rlib" "/opt/rustwide/target/debug/deps/libmemchr-4fdcfd9ddfba30cb.rlib" "/opt/rustwide/target/debug/deps/libregex_syntax-9bf174677eb3a180.rlib" "/opt/rustwide/target/debug/deps/librpassword-8677a5925d93e0d9.rlib" "/opt/rustwide/target/debug/deps/librtoolbox-0bbe4ef8a9d383aa.rlib" "/opt/rustwide/target/debug/deps/liblibc-78b1c78285414f87.rlib" "/opt/rustwide/target/debug/deps/libsecrecy-f7157d61c3d49c97.rlib" "/opt/rustwide/target/debug/deps/libserde-ac5077bb0a15dc6f.rlib" "/opt/rustwide/target/debug/deps/libzeroize-1624af26aa4bc825.rlib" "/opt/rustwide/rustup-home/toolchains/1.75.0-x86_64-unknown-linux-gnu/lib/rustlib/x86_64-unknown-linux-gnu/lib/libstd-90f6ddbf82de36ec.rlib" "/opt/rustwide/rustup-home/toolchains/1.75.0-x86_64-unknown-linux-gnu/lib/rustlib/x86_64-unknown-linux-gnu/lib/libpanic_unwind-480c41e9d4e1f677.rlib" "/opt/rustwide/rustup-home/toolchains/1.75.0-x86_64-unknown-linux-gnu/lib/rustlib/x86_64-unknown-linux-gnu/lib/libobject-db744c0ca03eed1d.rlib" "/opt/rustwide/rustup-home/toolchains/1.75.0-x86_64-unknown-linux-gnu/lib/rustlib/x86_64-unknown-linux-gnu/lib/libmemchr-8ba652dc7d4b285a.rlib" "/opt/rustwide/rustup-home/toolchains/1.75.0-x86_64-unknown-linux-gnu/lib/rustlib/x86_64-unknown-linux-gnu/lib/libaddr2line-d5f4520a9ebc0d58.rlib" "/opt/rustwide/rustup-home/toolchains/1.75.0-x86_64-unknown-linux-gnu/lib/rustlib/x86_64-unknown-linux-gnu/lib/libgimli-4ad84de58f0cb463.rlib" "/opt/rustwide/rustup-home/toolchains/1.75.0-x86_64-unknown-linux-gnu/lib/rustlib/x86_64-unknown-linux-gnu/lib/librustc_demangle-0d10aae2e0f38735.rlib" "/opt/rustwide/rustup-home/toolchains/1.75.0-x86_64-unknown-linux-gnu/lib/rustlib/x86_64-unknown-linux-gnu/lib/libstd_detect-0c17cff739e6745b.rlib" "/opt/rustwide/rustup-home/toolchains/1.75.0-x86_64-unknown-linux-gnu/lib/rustlib/x86_64-unknown-linux-gnu/lib/libhashbrown-b29e17139dde1aa8.rlib" "/opt/rustwide/rustup-home/toolchains/1.75.0-x86_64-unknown-linux-gnu/lib/rustlib/x86_64-unknown-linux-gnu/lib/librustc_std_workspace_alloc-1f975299829cc7bd.rlib" "/opt/rustwide/rustup-home/toolchains/1.75.0-x86_64-unknown-linux-gnu/lib/rustlib/x86_64-unknown-linux-gnu/lib/libminiz_oxide-86bae3bc3079f89b.rlib" "/opt/rustwide/rustup-home/toolchains/1.75.0-x86_64-unknown-linux-gnu/lib/rustlib/x86_64-unknown-linux-gnu/lib/libadler-321b82c30dffdf5f.rlib" "/opt/rustwide/rustup-home/toolchains/1.75.0-x86_64-unknown-linux-gnu/lib/rustlib/x86_64-unknown-linux-gnu/lib/libunwind-3dd8a6810a0bdfef.rlib" "/opt/rustwide/rustup-home/toolchains/1.75.0-x86_64-unknown-linux-gnu/lib/rustlib/x86_64-unknown-linux-gnu/lib/libcfg_if-eb39a61c0c879984.rlib" "/opt/rustwide/rustup-home/toolchains/1.75.0-x86_64-unknown-linux-gnu/lib/rustlib/x86_64-unknown-linux-gnu/lib/liblibc-aa769569f91c3548.rlib" "/opt/rustwide/rustup-home/toolchains/1.75.0-x86_64-unknown-linux-gnu/lib/rustlib/x86_64-unknown-linux-gnu/lib/liballoc-510a192a50a983ed.rlib" "/opt/rustwide/rustup-home/toolchains/1.75.0-x86_64-unknown-linux-gnu/lib/rustlib/x86_64-unknown-linux-gnu/lib/librustc_std_workspace_core-0577018320f99037.rlib" "/opt/rustwide/rustup-home/toolchains/1.75.0-x86_64-unknown-linux-gnu/lib/rustlib/x86_64-unknown-linux-gnu/lib/libcore-193cf992125ccd4c.rlib" "/opt/rustwide/rustup-home/toolchains/1.75.0-x86_64-unknown-linux-gnu/lib/rustlib/x86_64-unknown-linux-gnu/lib/libcompiler_builtins-8e138eaf26ebb4a8.rlib" "-Wl,-Bdynamic" "-lssl" "-lcrypto" "-lz" "-lgcc_s" "-lutil" "-lrt" "-lpthread" "-lm" "-ldl" "-lc" "-Wl,--eh-frame-hdr" "-Wl,-z,noexecstack" "-L" "/opt/rustwide/rustup-home/toolchains/1.75.0-x86_64-unknown-linux-gnu/lib/rustlib/x86_64-unknown-linux-gnu/lib" "-o" "/tmp/rustdoctestLBHx09/rust_out" "-Wl,--gc-sections" "-pie" "-Wl,-z,relro,-z,now" "-nodefaultlibs"
[INFO] [stdout]   = note: collect2: fatal error: ld terminated with signal 9 [Killed]
[INFO] [stdout]           compilation terminated.
[INFO] [stdout]           
[INFO] [stdout] 
[INFO] [stdout] error: aborting due to previous error
[INFO] [stdout] 
[INFO] [stdout] Couldn't compile the test.
[INFO] [stdout] ---- src/shrine.rs - shrine::Shrine<Closed>::open (line 134) stdout ----
[INFO] [stdout] error: linking with `cc` failed: exit status: 1
[INFO] [stdout]   |
[INFO] [stdout]   = note: LC_ALL="C" PATH="/opt/rustwide/rustup-home/toolchains/1.75.0-x86_64-unknown-linux-gnu/lib/rustlib/x86_64-unknown-linux-gnu/bin:/opt/rustwide/cargo-home/bin:/usr/local/sbin:/usr/local/bin:/usr/sbin:/usr/bin:/sbin:/bin" VSLANG="1033" "cc" "-m64" "/tmp/rustc7BHsWY/symbols.o" "/tmp/rustdoctestTA4cY8/rust_out.rust_out.263fb70ac1c95110-cgu.0.rcgu.o" "/tmp/rustdoctestTA4cY8/rust_out.2uel00cfmdh5ufit.rcgu.o" "-Wl,--as-needed" "-L" "/opt/rustwide/target/debug/deps" "-L" "/opt/rustwide/target/debug/deps" "-L" "/opt/rustwide/target/debug/build/libgit2-sys-d505bd0919522d0f/out/build" "-L" "/opt/rustwide/target/debug/build/libssh2-sys-2efd19579778e2ae/out/build" "-L" "/opt/rustwide/rustup-home/toolchains/1.75.0-x86_64-unknown-linux-gnu/lib/rustlib/x86_64-unknown-linux-gnu/lib" "-Wl,-Bstatic" "/opt/rustwide/target/debug/deps/libshrine-1e52e6babba82e7c.rlib" "/opt/rustwide/target/debug/deps/librmp_serde-7ab859f9f03c114f.rlib" "/opt/rustwide/target/debug/deps/librmp-560a27be4559052a.rlib" "/opt/rustwide/target/debug/deps/libbyteorder-b7588b59c1d17615.rlib" "/opt/rustwide/target/debug/deps/libwhoami-09cf42b3cc2e3793.rlib" "/opt/rustwide/target/debug/deps/libbytes-64f79fa9f59e81d7.rlib" "/opt/rustwide/target/debug/deps/libcsv-d59386656d58f1c0.rlib" "/opt/rustwide/target/debug/deps/libcsv_core-d46ae02d5eddca46.rlib" "/opt/rustwide/target/debug/deps/libborsh-5da6e8afd973cacf.rlib" "/opt/rustwide/target/debug/deps/libbson-1d8a61de871b618f.rlib" "/opt/rustwide/target/debug/deps/libuuid-45b1dcc31e54cc31.rlib" "/opt/rustwide/target/debug/deps/libbase64-b09bba5046b087ce.rlib" "/opt/rustwide/target/debug/deps/liblazy_static-591486ebcb9a7ead.rlib" "/opt/rustwide/target/debug/deps/librand-f1896a0b533d7fb3.rlib" "/opt/rustwide/target/debug/deps/librand_chacha-54fa8024fd3afbec.rlib" "/opt/rustwide/target/debug/deps/libppv_lite86-9f808eb911999ef2.rlib" "/opt/rustwide/target/debug/deps/libhex-05644b5497b79c5b.rlib" "/opt/rustwide/target/debug/deps/libahash-3dac34d6d53574ee.rlib" "/opt/rustwide/target/debug/deps/libonce_cell-83e228ff5b878dab.rlib" "/opt/rustwide/target/debug/deps/libbitvec-0d493410bbb2a207.rlib" "/opt/rustwide/target/debug/deps/libwyz-3ab1106e6ae81bcb.rlib" "/opt/rustwide/target/debug/deps/libtap-2cc3bcce42dac99c.rlib" "/opt/rustwide/target/debug/deps/libradium-ebe0fb313fa4c01d.rlib" "/opt/rustwide/target/debug/deps/libfunty-b14902e4c1957add.rlib" "/opt/rustwide/target/debug/deps/libserde_bytes-0f97518b05fd808b.rlib" "/opt/rustwide/target/debug/deps/libtime-ab02eaf50e55f154.rlib" "/opt/rustwide/target/debug/deps/libtime_core-8975f5c3c8091bbd.rlib" "/opt/rustwide/target/debug/deps/libserde_json-26daa6f0ef2ae958.rlib" "/opt/rustwide/target/debug/deps/libryu-07c77bcabf6ee02b.rlib" "/opt/rustwide/target/debug/deps/libitoa-807e41d963466eb2.rlib" "/opt/rustwide/target/debug/deps/libindexmap-93f72862478380d0.rlib" "/opt/rustwide/target/debug/deps/libhashbrown-567986452cb9bc94.rlib" "/opt/rustwide/target/debug/deps/libgit2-4deaeebd3525f981.rlib" "/opt/rustwide/target/debug/deps/libopenssl_probe-d850575132083d7c.rlib" "/opt/rustwide/target/debug/deps/liburl-835209bb06fa4b66.rlib" "/opt/rustwide/target/debug/deps/libidna-b88b16256f94c1f5.rlib" "/opt/rustwide/target/debug/deps/libunicode_normalization-e1c1be84a555e587.rlib" "/opt/rustwide/target/debug/deps/libtinyvec-cf6c9f6b792a5507.rlib" "/opt/rustwide/target/debug/deps/libtinyvec_macros-b1cb7f53f58c9f87.rlib" "/opt/rustwide/target/debug/deps/libunicode_bidi-282ea4eeb343ff18.rlib" "/opt/rustwide/target/debug/deps/libform_urlencoded-e8c43e838ad28fa4.rlib" "/opt/rustwide/target/debug/deps/libpercent_encoding-c39f6500503dd269.rlib" "/opt/rustwide/target/debug/deps/liblog-e5a08d2c20c29976.rlib" "/opt/rustwide/target/debug/deps/liblibgit2_sys-a45d3d60786676ef.rlib" "/opt/rustwide/target/debug/deps/liblibssh2_sys-1e77e00f05a434c5.rlib" "/opt/rustwide/target/debug/deps/libopenssl_sys-2474759090555813.rlib" "/opt/rustwide/target/debug/deps/liblibz_sys-05c63a9f9ba2563c.rlib" "/opt/rustwide/target/debug/deps/libbitflags-b7cee2ca4fb438d0.rlib" "/opt/rustwide/target/debug/deps/libchrono-adc5fce35e88f411.rlib" "/opt/rustwide/target/debug/deps/libnum_traits-7895f20e37a56120.rlib" "/opt/rustwide/target/debug/deps/libiana_time_zone-8ebc83a3b0a47d8c.rlib" "/opt/rustwide/target/debug/deps/libtime-7e16eccfb40cebfd.rlib" "/opt/rustwide/target/debug/deps/libsha2-6ef75ef6d21ee7ff.rlib" "/opt/rustwide/target/debug/deps/libpbkdf2-afd5bd26faec3311.rlib" "/opt/rustwide/target/debug/deps/libhmac-2ebbfa5859d722ef.rlib" "/opt/rustwide/target/debug/deps/libdigest-2dac267cffa62d6a.rlib" "/opt/rustwide/target/debug/deps/libblock_buffer-7a086d5b55644c90.rlib" "/opt/rustwide/target/debug/deps/libaes_gcm_siv-40f0d882acc2878e.rlib" "/opt/rustwide/target/debug/deps/libctr-45db237ec4751757.rlib" "/opt/rustwide/target/debug/deps/libaes-cb6290add282c8c0.rlib" "/opt/rustwide/target/debug/deps/libpolyval-b8e6ec6ea4caba02.rlib" "/opt/rustwide/target/debug/deps/libopaque_debug-15273823c1ba1453.rlib" "/opt/rustwide/target/debug/deps/libcpufeatures-e086ad10d333e19a.rlib" "/opt/rustwide/target/debug/deps/libuniversal_hash-fca0d0799cf398d7.rlib" "/opt/rustwide/target/debug/deps/libsubtle-32983fc17c133a89.rlib" "/opt/rustwide/target/debug/deps/libcipher-191a4b6d49b8a239.rlib" "/opt/rustwide/target/debug/deps/libinout-2ab110ad1a925e9b.rlib" "/opt/rustwide/target/debug/deps/libaead-05e92e99973e9bca.rlib" "/opt/rustwide/target/debug/deps/libcrypto_common-fc7f76921a4c10db.rlib" "/opt/rustwide/target/debug/deps/libgeneric_array-7afb762a7200395f.rlib" "/opt/rustwide/target/debug/deps/libtypenum-10066d62666e55cd.rlib" "/opt/rustwide/target/debug/deps/librand_core-bbd95587fbbe49a4.rlib" "/opt/rustwide/target/debug/deps/libgetrandom-a68fe0bfcd563529.rlib" "/opt/rustwide/target/debug/deps/libcfg_if-61dc7a6799e72b18.rlib" "/opt/rustwide/target/debug/deps/libdotenv_parser-6ac099d4f5e2fbca.rlib" "/opt/rustwide/target/debug/deps/libpest-dc40605240ea7be8.rlib" "/opt/rustwide/target/debug/deps/libucd_trie-c4b1d9f7f01fdf7f.rlib" "/opt/rustwide/target/debug/deps/libthiserror-3418184de181e7bb.rlib" "/opt/rustwide/target/debug/deps/libregex-31e41685d3246335.rlib" "/opt/rustwide/target/debug/deps/libaho_corasick-07444be8bb34ef9e.rlib" "/opt/rustwide/target/debug/deps/libmemchr-4fdcfd9ddfba30cb.rlib" "/opt/rustwide/target/debug/deps/libregex_syntax-9bf174677eb3a180.rlib" "/opt/rustwide/target/debug/deps/librpassword-8677a5925d93e0d9.rlib" "/opt/rustwide/target/debug/deps/librtoolbox-0bbe4ef8a9d383aa.rlib" "/opt/rustwide/target/debug/deps/liblibc-78b1c78285414f87.rlib" "/opt/rustwide/target/debug/deps/libsecrecy-f7157d61c3d49c97.rlib" "/opt/rustwide/target/debug/deps/libserde-ac5077bb0a15dc6f.rlib" "/opt/rustwide/target/debug/deps/libzeroize-1624af26aa4bc825.rlib" "/opt/rustwide/rustup-home/toolchains/1.75.0-x86_64-unknown-linux-gnu/lib/rustlib/x86_64-unknown-linux-gnu/lib/libstd-90f6ddbf82de36ec.rlib" "/opt/rustwide/rustup-home/toolchains/1.75.0-x86_64-unknown-linux-gnu/lib/rustlib/x86_64-unknown-linux-gnu/lib/libpanic_unwind-480c41e9d4e1f677.rlib" "/opt/rustwide/rustup-home/toolchains/1.75.0-x86_64-unknown-linux-gnu/lib/rustlib/x86_64-unknown-linux-gnu/lib/libobject-db744c0ca03eed1d.rlib" "/opt/rustwide/rustup-home/toolchains/1.75.0-x86_64-unknown-linux-gnu/lib/rustlib/x86_64-unknown-linux-gnu/lib/libmemchr-8ba652dc7d4b285a.rlib" "/opt/rustwide/rustup-home/toolchains/1.75.0-x86_64-unknown-linux-gnu/lib/rustlib/x86_64-unknown-linux-gnu/lib/libaddr2line-d5f4520a9ebc0d58.rlib" "/opt/rustwide/rustup-home/toolchains/1.75.0-x86_64-unknown-linux-gnu/lib/rustlib/x86_64-unknown-linux-gnu/lib/libgimli-4ad84de58f0cb463.rlib" "/opt/rustwide/rustup-home/toolchains/1.75.0-x86_64-unknown-linux-gnu/lib/rustlib/x86_64-unknown-linux-gnu/lib/librustc_demangle-0d10aae2e0f38735.rlib" "/opt/rustwide/rustup-home/toolchains/1.75.0-x86_64-unknown-linux-gnu/lib/rustlib/x86_64-unknown-linux-gnu/lib/libstd_detect-0c17cff739e6745b.rlib" "/opt/rustwide/rustup-home/toolchains/1.75.0-x86_64-unknown-linux-gnu/lib/rustlib/x86_64-unknown-linux-gnu/lib/libhashbrown-b29e17139dde1aa8.rlib" "/opt/rustwide/rustup-home/toolchains/1.75.0-x86_64-unknown-linux-gnu/lib/rustlib/x86_64-unknown-linux-gnu/lib/librustc_std_workspace_alloc-1f975299829cc7bd.rlib" "/opt/rustwide/rustup-home/toolchains/1.75.0-x86_64-unknown-linux-gnu/lib/rustlib/x86_64-unknown-linux-gnu/lib/libminiz_oxide-86bae3bc3079f89b.rlib" "/opt/rustwide/rustup-home/toolchains/1.75.0-x86_64-unknown-linux-gnu/lib/rustlib/x86_64-unknown-linux-gnu/lib/libadler-321b82c30dffdf5f.rlib" "/opt/rustwide/rustup-home/toolchains/1.75.0-x86_64-unknown-linux-gnu/lib/rustlib/x86_64-unknown-linux-gnu/lib/libunwind-3dd8a6810a0bdfef.rlib" "/opt/rustwide/rustup-home/toolchains/1.75.0-x86_64-unknown-linux-gnu/lib/rustlib/x86_64-unknown-linux-gnu/lib/libcfg_if-eb39a61c0c879984.rlib" "/opt/rustwide/rustup-home/toolchains/1.75.0-x86_64-unknown-linux-gnu/lib/rustlib/x86_64-unknown-linux-gnu/lib/liblibc-aa769569f91c3548.rlib" "/opt/rustwide/rustup-home/toolchains/1.75.0-x86_64-unknown-linux-gnu/lib/rustlib/x86_64-unknown-linux-gnu/lib/liballoc-510a192a50a983ed.rlib" "/opt/rustwide/rustup-home/toolchains/1.75.0-x86_64-unknown-linux-gnu/lib/rustlib/x86_64-unknown-linux-gnu/lib/librustc_std_workspace_core-0577018320f99037.rlib" "/opt/rustwide/rustup-home/toolchains/1.75.0-x86_64-unknown-linux-gnu/lib/rustlib/x86_64-unknown-linux-gnu/lib/libcore-193cf992125ccd4c.rlib" "/opt/rustwide/rustup-home/toolchains/1.75.0-x86_64-unknown-linux-gnu/lib/rustlib/x86_64-unknown-linux-gnu/lib/libcompiler_builtins-8e138eaf26ebb4a8.rlib" "-Wl,-Bdynamic" "-lssl" "-lcrypto" "-lz" "-lgcc_s" "-lutil" "-lrt" "-lpthread" "-lm" "-ldl" "-lc" "-Wl,--eh-frame-hdr" "-Wl,-z,noexecstack" "-L" "/opt/rustwide/rustup-home/toolchains/1.75.0-x86_64-unknown-linux-gnu/lib/rustlib/x86_64-unknown-linux-gnu/lib" "-o" "/tmp/rustdoctestTA4cY8/rust_out" "-Wl,--gc-sections" "-pie" "-Wl,-z,relro,-z,now" "-nodefaultlibs"
[INFO] [stdout]   = note: collect2: fatal error: ld terminated with signal 9 [Killed]
[INFO] [stdout]           compilation terminated.
[INFO] [stdout]           
[INFO] [stdout] 
[INFO] [stdout] error: aborting due to previous error
[INFO] [stdout] 
[INFO] [stdout] Couldn't compile the test.
[INFO] [stdout] ---- src/shrine.rs - shrine::Shrine<Open>::keys (line 259) stdout ----
[INFO] [stdout] error: linking with `cc` failed: exit status: 1
[INFO] [stdout]   |
[INFO] [stdout]   = note: LC_ALL="C" PATH="/opt/rustwide/rustup-home/toolchains/1.75.0-x86_64-unknown-linux-gnu/lib/rustlib/x86_64-unknown-linux-gnu/bin:/opt/rustwide/cargo-home/bin:/usr/local/sbin:/usr/local/bin:/usr/sbin:/usr/bin:/sbin:/bin" VSLANG="1033" "cc" "-m64" "/tmp/rustcvM7FDn/symbols.o" "/tmp/rustdoctestGuD8Zn/rust_out.rust_out.263fb70ac1c95110-cgu.0.rcgu.o" "/tmp/rustdoctestGuD8Zn/rust_out.2uel00cfmdh5ufit.rcgu.o" "-Wl,--as-needed" "-L" "/opt/rustwide/target/debug/deps" "-L" "/opt/rustwide/target/debug/deps" "-L" "/opt/rustwide/target/debug/build/libgit2-sys-d505bd0919522d0f/out/build" "-L" "/opt/rustwide/target/debug/build/libssh2-sys-2efd19579778e2ae/out/build" "-L" "/opt/rustwide/rustup-home/toolchains/1.75.0-x86_64-unknown-linux-gnu/lib/rustlib/x86_64-unknown-linux-gnu/lib" "-Wl,-Bstatic" "/opt/rustwide/target/debug/deps/libshrine-1e52e6babba82e7c.rlib" "/opt/rustwide/target/debug/deps/librmp_serde-7ab859f9f03c114f.rlib" "/opt/rustwide/target/debug/deps/librmp-560a27be4559052a.rlib" "/opt/rustwide/target/debug/deps/libbyteorder-b7588b59c1d17615.rlib" "/opt/rustwide/target/debug/deps/libwhoami-09cf42b3cc2e3793.rlib" "/opt/rustwide/target/debug/deps/libbytes-64f79fa9f59e81d7.rlib" "/opt/rustwide/target/debug/deps/libcsv-d59386656d58f1c0.rlib" "/opt/rustwide/target/debug/deps/libcsv_core-d46ae02d5eddca46.rlib" "/opt/rustwide/target/debug/deps/libborsh-5da6e8afd973cacf.rlib" "/opt/rustwide/target/debug/deps/libbson-1d8a61de871b618f.rlib" "/opt/rustwide/target/debug/deps/libuuid-45b1dcc31e54cc31.rlib" "/opt/rustwide/target/debug/deps/libbase64-b09bba5046b087ce.rlib" "/opt/rustwide/target/debug/deps/liblazy_static-591486ebcb9a7ead.rlib" "/opt/rustwide/target/debug/deps/librand-f1896a0b533d7fb3.rlib" "/opt/rustwide/target/debug/deps/librand_chacha-54fa8024fd3afbec.rlib" "/opt/rustwide/target/debug/deps/libppv_lite86-9f808eb911999ef2.rlib" "/opt/rustwide/target/debug/deps/libhex-05644b5497b79c5b.rlib" "/opt/rustwide/target/debug/deps/libahash-3dac34d6d53574ee.rlib" "/opt/rustwide/target/debug/deps/libonce_cell-83e228ff5b878dab.rlib" "/opt/rustwide/target/debug/deps/libbitvec-0d493410bbb2a207.rlib" "/opt/rustwide/target/debug/deps/libwyz-3ab1106e6ae81bcb.rlib" "/opt/rustwide/target/debug/deps/libtap-2cc3bcce42dac99c.rlib" "/opt/rustwide/target/debug/deps/libradium-ebe0fb313fa4c01d.rlib" "/opt/rustwide/target/debug/deps/libfunty-b14902e4c1957add.rlib" "/opt/rustwide/target/debug/deps/libserde_bytes-0f97518b05fd808b.rlib" "/opt/rustwide/target/debug/deps/libtime-ab02eaf50e55f154.rlib" "/opt/rustwide/target/debug/deps/libtime_core-8975f5c3c8091bbd.rlib" "/opt/rustwide/target/debug/deps/libserde_json-26daa6f0ef2ae958.rlib" "/opt/rustwide/target/debug/deps/libryu-07c77bcabf6ee02b.rlib" "/opt/rustwide/target/debug/deps/libitoa-807e41d963466eb2.rlib" "/opt/rustwide/target/debug/deps/libindexmap-93f72862478380d0.rlib" "/opt/rustwide/target/debug/deps/libhashbrown-567986452cb9bc94.rlib" "/opt/rustwide/target/debug/deps/libgit2-4deaeebd3525f981.rlib" "/opt/rustwide/target/debug/deps/libopenssl_probe-d850575132083d7c.rlib" "/opt/rustwide/target/debug/deps/liburl-835209bb06fa4b66.rlib" "/opt/rustwide/target/debug/deps/libidna-b88b16256f94c1f5.rlib" "/opt/rustwide/target/debug/deps/libunicode_normalization-e1c1be84a555e587.rlib" "/opt/rustwide/target/debug/deps/libtinyvec-cf6c9f6b792a5507.rlib" "/opt/rustwide/target/debug/deps/libtinyvec_macros-b1cb7f53f58c9f87.rlib" "/opt/rustwide/target/debug/deps/libunicode_bidi-282ea4eeb343ff18.rlib" "/opt/rustwide/target/debug/deps/libform_urlencoded-e8c43e838ad28fa4.rlib" "/opt/rustwide/target/debug/deps/libpercent_encoding-c39f6500503dd269.rlib" "/opt/rustwide/target/debug/deps/liblog-e5a08d2c20c29976.rlib" "/opt/rustwide/target/debug/deps/liblibgit2_sys-a45d3d60786676ef.rlib" "/opt/rustwide/target/debug/deps/liblibssh2_sys-1e77e00f05a434c5.rlib" "/opt/rustwide/target/debug/deps/libopenssl_sys-2474759090555813.rlib" "/opt/rustwide/target/debug/deps/liblibz_sys-05c63a9f9ba2563c.rlib" "/opt/rustwide/target/debug/deps/libbitflags-b7cee2ca4fb438d0.rlib" "/opt/rustwide/target/debug/deps/libchrono-adc5fce35e88f411.rlib" "/opt/rustwide/target/debug/deps/libnum_traits-7895f20e37a56120.rlib" "/opt/rustwide/target/debug/deps/libiana_time_zone-8ebc83a3b0a47d8c.rlib" "/opt/rustwide/target/debug/deps/libtime-7e16eccfb40cebfd.rlib" "/opt/rustwide/target/debug/deps/libsha2-6ef75ef6d21ee7ff.rlib" "/opt/rustwide/target/debug/deps/libpbkdf2-afd5bd26faec3311.rlib" "/opt/rustwide/target/debug/deps/libhmac-2ebbfa5859d722ef.rlib" "/opt/rustwide/target/debug/deps/libdigest-2dac267cffa62d6a.rlib" "/opt/rustwide/target/debug/deps/libblock_buffer-7a086d5b55644c90.rlib" "/opt/rustwide/target/debug/deps/libaes_gcm_siv-40f0d882acc2878e.rlib" "/opt/rustwide/target/debug/deps/libctr-45db237ec4751757.rlib" "/opt/rustwide/target/debug/deps/libaes-cb6290add282c8c0.rlib" "/opt/rustwide/target/debug/deps/libpolyval-b8e6ec6ea4caba02.rlib" "/opt/rustwide/target/debug/deps/libopaque_debug-15273823c1ba1453.rlib" "/opt/rustwide/target/debug/deps/libcpufeatures-e086ad10d333e19a.rlib" "/opt/rustwide/target/debug/deps/libuniversal_hash-fca0d0799cf398d7.rlib" "/opt/rustwide/target/debug/deps/libsubtle-32983fc17c133a89.rlib" "/opt/rustwide/target/debug/deps/libcipher-191a4b6d49b8a239.rlib" "/opt/rustwide/target/debug/deps/libinout-2ab110ad1a925e9b.rlib" "/opt/rustwide/target/debug/deps/libaead-05e92e99973e9bca.rlib" "/opt/rustwide/target/debug/deps/libcrypto_common-fc7f76921a4c10db.rlib" "/opt/rustwide/target/debug/deps/libgeneric_array-7afb762a7200395f.rlib" "/opt/rustwide/target/debug/deps/libtypenum-10066d62666e55cd.rlib" "/opt/rustwide/target/debug/deps/librand_core-bbd95587fbbe49a4.rlib" "/opt/rustwide/target/debug/deps/libgetrandom-a68fe0bfcd563529.rlib" "/opt/rustwide/target/debug/deps/libcfg_if-61dc7a6799e72b18.rlib" "/opt/rustwide/target/debug/deps/libdotenv_parser-6ac099d4f5e2fbca.rlib" "/opt/rustwide/target/debug/deps/libpest-dc40605240ea7be8.rlib" "/opt/rustwide/target/debug/deps/libucd_trie-c4b1d9f7f01fdf7f.rlib" "/opt/rustwide/target/debug/deps/libthiserror-3418184de181e7bb.rlib" "/opt/rustwide/target/debug/deps/libregex-31e41685d3246335.rlib" "/opt/rustwide/target/debug/deps/libaho_corasick-07444be8bb34ef9e.rlib" "/opt/rustwide/target/debug/deps/libmemchr-4fdcfd9ddfba30cb.rlib" "/opt/rustwide/target/debug/deps/libregex_syntax-9bf174677eb3a180.rlib" "/opt/rustwide/target/debug/deps/librpassword-8677a5925d93e0d9.rlib" "/opt/rustwide/target/debug/deps/librtoolbox-0bbe4ef8a9d383aa.rlib" "/opt/rustwide/target/debug/deps/liblibc-78b1c78285414f87.rlib" "/opt/rustwide/target/debug/deps/libsecrecy-f7157d61c3d49c97.rlib" "/opt/rustwide/target/debug/deps/libserde-ac5077bb0a15dc6f.rlib" "/opt/rustwide/target/debug/deps/libzeroize-1624af26aa4bc825.rlib" "/opt/rustwide/rustup-home/toolchains/1.75.0-x86_64-unknown-linux-gnu/lib/rustlib/x86_64-unknown-linux-gnu/lib/libstd-90f6ddbf82de36ec.rlib" "/opt/rustwide/rustup-home/toolchains/1.75.0-x86_64-unknown-linux-gnu/lib/rustlib/x86_64-unknown-linux-gnu/lib/libpanic_unwind-480c41e9d4e1f677.rlib" "/opt/rustwide/rustup-home/toolchains/1.75.0-x86_64-unknown-linux-gnu/lib/rustlib/x86_64-unknown-linux-gnu/lib/libobject-db744c0ca03eed1d.rlib" "/opt/rustwide/rustup-home/toolchains/1.75.0-x86_64-unknown-linux-gnu/lib/rustlib/x86_64-unknown-linux-gnu/lib/libmemchr-8ba652dc7d4b285a.rlib" "/opt/rustwide/rustup-home/toolchains/1.75.0-x86_64-unknown-linux-gnu/lib/rustlib/x86_64-unknown-linux-gnu/lib/libaddr2line-d5f4520a9ebc0d58.rlib" "/opt/rustwide/rustup-home/toolchains/1.75.0-x86_64-unknown-linux-gnu/lib/rustlib/x86_64-unknown-linux-gnu/lib/libgimli-4ad84de58f0cb463.rlib" "/opt/rustwide/rustup-home/toolchains/1.75.0-x86_64-unknown-linux-gnu/lib/rustlib/x86_64-unknown-linux-gnu/lib/librustc_demangle-0d10aae2e0f38735.rlib" "/opt/rustwide/rustup-home/toolchains/1.75.0-x86_64-unknown-linux-gnu/lib/rustlib/x86_64-unknown-linux-gnu/lib/libstd_detect-0c17cff739e6745b.rlib" "/opt/rustwide/rustup-home/toolchains/1.75.0-x86_64-unknown-linux-gnu/lib/rustlib/x86_64-unknown-linux-gnu/lib/libhashbrown-b29e17139dde1aa8.rlib" "/opt/rustwide/rustup-home/toolchains/1.75.0-x86_64-unknown-linux-gnu/lib/rustlib/x86_64-unknown-linux-gnu/lib/librustc_std_workspace_alloc-1f975299829cc7bd.rlib" "/opt/rustwide/rustup-home/toolchains/1.75.0-x86_64-unknown-linux-gnu/lib/rustlib/x86_64-unknown-linux-gnu/lib/libminiz_oxide-86bae3bc3079f89b.rlib" "/opt/rustwide/rustup-home/toolchains/1.75.0-x86_64-unknown-linux-gnu/lib/rustlib/x86_64-unknown-linux-gnu/lib/libadler-321b82c30dffdf5f.rlib" "/opt/rustwide/rustup-home/toolchains/1.75.0-x86_64-unknown-linux-gnu/lib/rustlib/x86_64-unknown-linux-gnu/lib/libunwind-3dd8a6810a0bdfef.rlib" "/opt/rustwide/rustup-home/toolchains/1.75.0-x86_64-unknown-linux-gnu/lib/rustlib/x86_64-unknown-linux-gnu/lib/libcfg_if-eb39a61c0c879984.rlib" "/opt/rustwide/rustup-home/toolchains/1.75.0-x86_64-unknown-linux-gnu/lib/rustlib/x86_64-unknown-linux-gnu/lib/liblibc-aa769569f91c3548.rlib" "/opt/rustwide/rustup-home/toolchains/1.75.0-x86_64-unknown-linux-gnu/lib/rustlib/x86_64-unknown-linux-gnu/lib/liballoc-510a192a50a983ed.rlib" "/opt/rustwide/rustup-home/toolchains/1.75.0-x86_64-unknown-linux-gnu/lib/rustlib/x86_64-unknown-linux-gnu/lib/librustc_std_workspace_core-0577018320f99037.rlib" "/opt/rustwide/rustup-home/toolchains/1.75.0-x86_64-unknown-linux-gnu/lib/rustlib/x86_64-unknown-linux-gnu/lib/libcore-193cf992125ccd4c.rlib" "/opt/rustwide/rustup-home/toolchains/1.75.0-x86_64-unknown-linux-gnu/lib/rustlib/x86_64-unknown-linux-gnu/lib/libcompiler_builtins-8e138eaf26ebb4a8.rlib" "-Wl,-Bdynamic" "-lssl" "-lcrypto" "-lz" "-lgcc_s" "-lutil" "-lrt" "-lpthread" "-lm" "-ldl" "-lc" "-Wl,--eh-frame-hdr" "-Wl,-z,noexecstack" "-L" "/opt/rustwide/rustup-home/toolchains/1.75.0-x86_64-unknown-linux-gnu/lib/rustlib/x86_64-unknown-linux-gnu/lib" "-o" "/tmp/rustdoctestGuD8Zn/rust_out" "-Wl,--gc-sections" "-pie" "-Wl,-z,relro,-z,now" "-nodefaultlibs"
[INFO] [stdout]   = note: collect2: fatal error: ld terminated with signal 9 [Killed]
[INFO] [stdout]           compilation terminated.
[INFO] [stdout]           
[INFO] [stdout] 
[INFO] [stdout] error: aborting due to previous error
[INFO] [stdout] 
[INFO] [stdout] Couldn't compile the test.
[INFO] [stdout] ---- src/bytes.rs - bytes::SecretBytes::expose_secret_as_bytes (line 19) stdout ----
[INFO] [stdout] error: linking with `cc` failed: exit status: 1
[INFO] [stdout]   |
[INFO] [stdout]   = note: LC_ALL="C" PATH="/opt/rustwide/rustup-home/toolchains/1.75.0-x86_64-unknown-linux-gnu/lib/rustlib/x86_64-unknown-linux-gnu/bin:/opt/rustwide/cargo-home/bin:/usr/local/sbin:/usr/local/bin:/usr/sbin:/usr/bin:/sbin:/bin" VSLANG="1033" "cc" "-m64" "/tmp/rustcR2IFif/symbols.o" "/tmp/rustdoctest1CcCmz/rust_out.rust_out.263fb70ac1c95110-cgu.0.rcgu.o" "/tmp/rustdoctest1CcCmz/rust_out.2uel00cfmdh5ufit.rcgu.o" "-Wl,--as-needed" "-L" "/opt/rustwide/target/debug/deps" "-L" "/opt/rustwide/target/debug/deps" "-L" "/opt/rustwide/target/debug/build/libgit2-sys-d505bd0919522d0f/out/build" "-L" "/opt/rustwide/target/debug/build/libssh2-sys-2efd19579778e2ae/out/build" "-L" "/opt/rustwide/rustup-home/toolchains/1.75.0-x86_64-unknown-linux-gnu/lib/rustlib/x86_64-unknown-linux-gnu/lib" "-Wl,-Bstatic" "/opt/rustwide/target/debug/deps/libshrine-1e52e6babba82e7c.rlib" "/opt/rustwide/target/debug/deps/librmp_serde-7ab859f9f03c114f.rlib" "/opt/rustwide/target/debug/deps/librmp-560a27be4559052a.rlib" "/opt/rustwide/target/debug/deps/libbyteorder-b7588b59c1d17615.rlib" "/opt/rustwide/target/debug/deps/libwhoami-09cf42b3cc2e3793.rlib" "/opt/rustwide/target/debug/deps/libbytes-64f79fa9f59e81d7.rlib" "/opt/rustwide/target/debug/deps/libcsv-d59386656d58f1c0.rlib" "/opt/rustwide/target/debug/deps/libcsv_core-d46ae02d5eddca46.rlib" "/opt/rustwide/target/debug/deps/libborsh-5da6e8afd973cacf.rlib" "/opt/rustwide/target/debug/deps/libbson-1d8a61de871b618f.rlib" "/opt/rustwide/target/debug/deps/libuuid-45b1dcc31e54cc31.rlib" "/opt/rustwide/target/debug/deps/libbase64-b09bba5046b087ce.rlib" "/opt/rustwide/target/debug/deps/liblazy_static-591486ebcb9a7ead.rlib" "/opt/rustwide/target/debug/deps/librand-f1896a0b533d7fb3.rlib" "/opt/rustwide/target/debug/deps/librand_chacha-54fa8024fd3afbec.rlib" "/opt/rustwide/target/debug/deps/libppv_lite86-9f808eb911999ef2.rlib" "/opt/rustwide/target/debug/deps/libhex-05644b5497b79c5b.rlib" "/opt/rustwide/target/debug/deps/libahash-3dac34d6d53574ee.rlib" "/opt/rustwide/target/debug/deps/libonce_cell-83e228ff5b878dab.rlib" "/opt/rustwide/target/debug/deps/libbitvec-0d493410bbb2a207.rlib" "/opt/rustwide/target/debug/deps/libwyz-3ab1106e6ae81bcb.rlib" "/opt/rustwide/target/debug/deps/libtap-2cc3bcce42dac99c.rlib" "/opt/rustwide/target/debug/deps/libradium-ebe0fb313fa4c01d.rlib" "/opt/rustwide/target/debug/deps/libfunty-b14902e4c1957add.rlib" "/opt/rustwide/target/debug/deps/libserde_bytes-0f97518b05fd808b.rlib" "/opt/rustwide/target/debug/deps/libtime-ab02eaf50e55f154.rlib" "/opt/rustwide/target/debug/deps/libtime_core-8975f5c3c8091bbd.rlib" "/opt/rustwide/target/debug/deps/libserde_json-26daa6f0ef2ae958.rlib" "/opt/rustwide/target/debug/deps/libryu-07c77bcabf6ee02b.rlib" "/opt/rustwide/target/debug/deps/libitoa-807e41d963466eb2.rlib" "/opt/rustwide/target/debug/deps/libindexmap-93f72862478380d0.rlib" "/opt/rustwide/target/debug/deps/libhashbrown-567986452cb9bc94.rlib" "/opt/rustwide/target/debug/deps/libgit2-4deaeebd3525f981.rlib" "/opt/rustwide/target/debug/deps/libopenssl_probe-d850575132083d7c.rlib" "/opt/rustwide/target/debug/deps/liburl-835209bb06fa4b66.rlib" "/opt/rustwide/target/debug/deps/libidna-b88b16256f94c1f5.rlib" "/opt/rustwide/target/debug/deps/libunicode_normalization-e1c1be84a555e587.rlib" "/opt/rustwide/target/debug/deps/libtinyvec-cf6c9f6b792a5507.rlib" "/opt/rustwide/target/debug/deps/libtinyvec_macros-b1cb7f53f58c9f87.rlib" "/opt/rustwide/target/debug/deps/libunicode_bidi-282ea4eeb343ff18.rlib" "/opt/rustwide/target/debug/deps/libform_urlencoded-e8c43e838ad28fa4.rlib" "/opt/rustwide/target/debug/deps/libpercent_encoding-c39f6500503dd269.rlib" "/opt/rustwide/target/debug/deps/liblog-e5a08d2c20c29976.rlib" "/opt/rustwide/target/debug/deps/liblibgit2_sys-a45d3d60786676ef.rlib" "/opt/rustwide/target/debug/deps/liblibssh2_sys-1e77e00f05a434c5.rlib" "/opt/rustwide/target/debug/deps/libopenssl_sys-2474759090555813.rlib" "/opt/rustwide/target/debug/deps/liblibz_sys-05c63a9f9ba2563c.rlib" "/opt/rustwide/target/debug/deps/libbitflags-b7cee2ca4fb438d0.rlib" "/opt/rustwide/target/debug/deps/libchrono-adc5fce35e88f411.rlib" "/opt/rustwide/target/debug/deps/libnum_traits-7895f20e37a56120.rlib" "/opt/rustwide/target/debug/deps/libiana_time_zone-8ebc83a3b0a47d8c.rlib" "/opt/rustwide/target/debug/deps/libtime-7e16eccfb40cebfd.rlib" "/opt/rustwide/target/debug/deps/libsha2-6ef75ef6d21ee7ff.rlib" "/opt/rustwide/target/debug/deps/libpbkdf2-afd5bd26faec3311.rlib" "/opt/rustwide/target/debug/deps/libhmac-2ebbfa5859d722ef.rlib" "/opt/rustwide/target/debug/deps/libdigest-2dac267cffa62d6a.rlib" "/opt/rustwide/target/debug/deps/libblock_buffer-7a086d5b55644c90.rlib" "/opt/rustwide/target/debug/deps/libaes_gcm_siv-40f0d882acc2878e.rlib" "/opt/rustwide/target/debug/deps/libctr-45db237ec4751757.rlib" "/opt/rustwide/target/debug/deps/libaes-cb6290add282c8c0.rlib" "/opt/rustwide/target/debug/deps/libpolyval-b8e6ec6ea4caba02.rlib" "/opt/rustwide/target/debug/deps/libopaque_debug-15273823c1ba1453.rlib" "/opt/rustwide/target/debug/deps/libcpufeatures-e086ad10d333e19a.rlib" "/opt/rustwide/target/debug/deps/libuniversal_hash-fca0d0799cf398d7.rlib" "/opt/rustwide/target/debug/deps/libsubtle-32983fc17c133a89.rlib" "/opt/rustwide/target/debug/deps/libcipher-191a4b6d49b8a239.rlib" "/opt/rustwide/target/debug/deps/libinout-2ab110ad1a925e9b.rlib" "/opt/rustwide/target/debug/deps/libaead-05e92e99973e9bca.rlib" "/opt/rustwide/target/debug/deps/libcrypto_common-fc7f76921a4c10db.rlib" "/opt/rustwide/target/debug/deps/libgeneric_array-7afb762a7200395f.rlib" "/opt/rustwide/target/debug/deps/libtypenum-10066d62666e55cd.rlib" "/opt/rustwide/target/debug/deps/librand_core-bbd95587fbbe49a4.rlib" "/opt/rustwide/target/debug/deps/libgetrandom-a68fe0bfcd563529.rlib" "/opt/rustwide/target/debug/deps/libcfg_if-61dc7a6799e72b18.rlib" "/opt/rustwide/target/debug/deps/libdotenv_parser-6ac099d4f5e2fbca.rlib" "/opt/rustwide/target/debug/deps/libpest-dc40605240ea7be8.rlib" "/opt/rustwide/target/debug/deps/libucd_trie-c4b1d9f7f01fdf7f.rlib" "/opt/rustwide/target/debug/deps/libthiserror-3418184de181e7bb.rlib" "/opt/rustwide/target/debug/deps/libregex-31e41685d3246335.rlib" "/opt/rustwide/target/debug/deps/libaho_corasick-07444be8bb34ef9e.rlib" "/opt/rustwide/target/debug/deps/libmemchr-4fdcfd9ddfba30cb.rlib" "/opt/rustwide/target/debug/deps/libregex_syntax-9bf174677eb3a180.rlib" "/opt/rustwide/target/debug/deps/librpassword-8677a5925d93e0d9.rlib" "/opt/rustwide/target/debug/deps/librtoolbox-0bbe4ef8a9d383aa.rlib" "/opt/rustwide/target/debug/deps/liblibc-78b1c78285414f87.rlib" "/opt/rustwide/target/debug/deps/libsecrecy-f7157d61c3d49c97.rlib" "/opt/rustwide/target/debug/deps/libserde-ac5077bb0a15dc6f.rlib" "/opt/rustwide/target/debug/deps/libzeroize-1624af26aa4bc825.rlib" "/opt/rustwide/rustup-home/toolchains/1.75.0-x86_64-unknown-linux-gnu/lib/rustlib/x86_64-unknown-linux-gnu/lib/libstd-90f6ddbf82de36ec.rlib" "/opt/rustwide/rustup-home/toolchains/1.75.0-x86_64-unknown-linux-gnu/lib/rustlib/x86_64-unknown-linux-gnu/lib/libpanic_unwind-480c41e9d4e1f677.rlib" "/opt/rustwide/rustup-home/toolchains/1.75.0-x86_64-unknown-linux-gnu/lib/rustlib/x86_64-unknown-linux-gnu/lib/libobject-db744c0ca03eed1d.rlib" "/opt/rustwide/rustup-home/toolchains/1.75.0-x86_64-unknown-linux-gnu/lib/rustlib/x86_64-unknown-linux-gnu/lib/libmemchr-8ba652dc7d4b285a.rlib" "/opt/rustwide/rustup-home/toolchains/1.75.0-x86_64-unknown-linux-gnu/lib/rustlib/x86_64-unknown-linux-gnu/lib/libaddr2line-d5f4520a9ebc0d58.rlib" "/opt/rustwide/rustup-home/toolchains/1.75.0-x86_64-unknown-linux-gnu/lib/rustlib/x86_64-unknown-linux-gnu/lib/libgimli-4ad84de58f0cb463.rlib" "/opt/rustwide/rustup-home/toolchains/1.75.0-x86_64-unknown-linux-gnu/lib/rustlib/x86_64-unknown-linux-gnu/lib/librustc_demangle-0d10aae2e0f38735.rlib" "/opt/rustwide/rustup-home/toolchains/1.75.0-x86_64-unknown-linux-gnu/lib/rustlib/x86_64-unknown-linux-gnu/lib/libstd_detect-0c17cff739e6745b.rlib" "/opt/rustwide/rustup-home/toolchains/1.75.0-x86_64-unknown-linux-gnu/lib/rustlib/x86_64-unknown-linux-gnu/lib/libhashbrown-b29e17139dde1aa8.rlib" "/opt/rustwide/rustup-home/toolchains/1.75.0-x86_64-unknown-linux-gnu/lib/rustlib/x86_64-unknown-linux-gnu/lib/librustc_std_workspace_alloc-1f975299829cc7bd.rlib" "/opt/rustwide/rustup-home/toolchains/1.75.0-x86_64-unknown-linux-gnu/lib/rustlib/x86_64-unknown-linux-gnu/lib/libminiz_oxide-86bae3bc3079f89b.rlib" "/opt/rustwide/rustup-home/toolchains/1.75.0-x86_64-unknown-linux-gnu/lib/rustlib/x86_64-unknown-linux-gnu/lib/libadler-321b82c30dffdf5f.rlib" "/opt/rustwide/rustup-home/toolchains/1.75.0-x86_64-unknown-linux-gnu/lib/rustlib/x86_64-unknown-linux-gnu/lib/libunwind-3dd8a6810a0bdfef.rlib" "/opt/rustwide/rustup-home/toolchains/1.75.0-x86_64-unknown-linux-gnu/lib/rustlib/x86_64-unknown-linux-gnu/lib/libcfg_if-eb39a61c0c879984.rlib" "/opt/rustwide/rustup-home/toolchains/1.75.0-x86_64-unknown-linux-gnu/lib/rustlib/x86_64-unknown-linux-gnu/lib/liblibc-aa769569f91c3548.rlib" "/opt/rustwide/rustup-home/toolchains/1.75.0-x86_64-unknown-linux-gnu/lib/rustlib/x86_64-unknown-linux-gnu/lib/liballoc-510a192a50a983ed.rlib" "/opt/rustwide/rustup-home/toolchains/1.75.0-x86_64-unknown-linux-gnu/lib/rustlib/x86_64-unknown-linux-gnu/lib/librustc_std_workspace_core-0577018320f99037.rlib" "/opt/rustwide/rustup-home/toolchains/1.75.0-x86_64-unknown-linux-gnu/lib/rustlib/x86_64-unknown-linux-gnu/lib/libcore-193cf992125ccd4c.rlib" "/opt/rustwide/rustup-home/toolchains/1.75.0-x86_64-unknown-linux-gnu/lib/rustlib/x86_64-unknown-linux-gnu/lib/libcompiler_builtins-8e138eaf26ebb4a8.rlib" "-Wl,-Bdynamic" "-lssl" "-lcrypto" "-lz" "-lgcc_s" "-lutil" "-lrt" "-lpthread" "-lm" "-ldl" "-lc" "-Wl,--eh-frame-hdr" "-Wl,-z,noexecstack" "-L" "/opt/rustwide/rustup-home/toolchains/1.75.0-x86_64-unknown-linux-gnu/lib/rustlib/x86_64-unknown-linux-gnu/lib" "-o" "/tmp/rustdoctest1CcCmz/rust_out" "-Wl,--gc-sections" "-pie" "-Wl,-z,relro,-z,now" "-nodefaultlibs"
[INFO] [stdout]   = note: collect2: fatal error: ld terminated with signal 9 [Killed]
[INFO] [stdout]           compilation terminated.
[INFO] [stdout]           
[INFO] [stdout] 
[INFO] [stdout] error: aborting due to previous error
[INFO] [stdout] 
[INFO] [stdout] Couldn't compile the test.
[INFO] [stdout] ---- src/bytes.rs - bytes::SecretBytes (line 7) stdout ----
[INFO] [stdout] error: linking with `cc` failed: exit status: 1
[INFO] [stdout]   |
[INFO] [stdout]   = note: LC_ALL="C" PATH="/opt/rustwide/rustup-home/toolchains/1.75.0-x86_64-unknown-linux-gnu/lib/rustlib/x86_64-unknown-linux-gnu/bin:/opt/rustwide/cargo-home/bin:/usr/local/sbin:/usr/local/bin:/usr/sbin:/usr/bin:/sbin:/bin" VSLANG="1033" "cc" "-m64" "/tmp/rustcaju01E/symbols.o" "/tmp/rustdoctestDaMZBj/rust_out.rust_out.263fb70ac1c95110-cgu.0.rcgu.o" "/tmp/rustdoctestDaMZBj/rust_out.2uel00cfmdh5ufit.rcgu.o" "-Wl,--as-needed" "-L" "/opt/rustwide/target/debug/deps" "-L" "/opt/rustwide/target/debug/deps" "-L" "/opt/rustwide/target/debug/build/libgit2-sys-d505bd0919522d0f/out/build" "-L" "/opt/rustwide/target/debug/build/libssh2-sys-2efd19579778e2ae/out/build" "-L" "/opt/rustwide/rustup-home/toolchains/1.75.0-x86_64-unknown-linux-gnu/lib/rustlib/x86_64-unknown-linux-gnu/lib" "-Wl,-Bstatic" "/opt/rustwide/target/debug/deps/libshrine-1e52e6babba82e7c.rlib" "/opt/rustwide/target/debug/deps/librmp_serde-7ab859f9f03c114f.rlib" "/opt/rustwide/target/debug/deps/librmp-560a27be4559052a.rlib" "/opt/rustwide/target/debug/deps/libbyteorder-b7588b59c1d17615.rlib" "/opt/rustwide/target/debug/deps/libwhoami-09cf42b3cc2e3793.rlib" "/opt/rustwide/target/debug/deps/libbytes-64f79fa9f59e81d7.rlib" "/opt/rustwide/target/debug/deps/libcsv-d59386656d58f1c0.rlib" "/opt/rustwide/target/debug/deps/libcsv_core-d46ae02d5eddca46.rlib" "/opt/rustwide/target/debug/deps/libborsh-5da6e8afd973cacf.rlib" "/opt/rustwide/target/debug/deps/libbson-1d8a61de871b618f.rlib" "/opt/rustwide/target/debug/deps/libuuid-45b1dcc31e54cc31.rlib" "/opt/rustwide/target/debug/deps/libbase64-b09bba5046b087ce.rlib" "/opt/rustwide/target/debug/deps/liblazy_static-591486ebcb9a7ead.rlib" "/opt/rustwide/target/debug/deps/librand-f1896a0b533d7fb3.rlib" "/opt/rustwide/target/debug/deps/librand_chacha-54fa8024fd3afbec.rlib" "/opt/rustwide/target/debug/deps/libppv_lite86-9f808eb911999ef2.rlib" "/opt/rustwide/target/debug/deps/libhex-05644b5497b79c5b.rlib" "/opt/rustwide/target/debug/deps/libahash-3dac34d6d53574ee.rlib" "/opt/rustwide/target/debug/deps/libonce_cell-83e228ff5b878dab.rlib" "/opt/rustwide/target/debug/deps/libbitvec-0d493410bbb2a207.rlib" "/opt/rustwide/target/debug/deps/libwyz-3ab1106e6ae81bcb.rlib" "/opt/rustwide/target/debug/deps/libtap-2cc3bcce42dac99c.rlib" "/opt/rustwide/target/debug/deps/libradium-ebe0fb313fa4c01d.rlib" "/opt/rustwide/target/debug/deps/libfunty-b14902e4c1957add.rlib" "/opt/rustwide/target/debug/deps/libserde_bytes-0f97518b05fd808b.rlib" "/opt/rustwide/target/debug/deps/libtime-ab02eaf50e55f154.rlib" "/opt/rustwide/target/debug/deps/libtime_core-8975f5c3c8091bbd.rlib" "/opt/rustwide/target/debug/deps/libserde_json-26daa6f0ef2ae958.rlib" "/opt/rustwide/target/debug/deps/libryu-07c77bcabf6ee02b.rlib" "/opt/rustwide/target/debug/deps/libitoa-807e41d963466eb2.rlib" "/opt/rustwide/target/debug/deps/libindexmap-93f72862478380d0.rlib" "/opt/rustwide/target/debug/deps/libhashbrown-567986452cb9bc94.rlib" "/opt/rustwide/target/debug/deps/libgit2-4deaeebd3525f981.rlib" "/opt/rustwide/target/debug/deps/libopenssl_probe-d850575132083d7c.rlib" "/opt/rustwide/target/debug/deps/liburl-835209bb06fa4b66.rlib" "/opt/rustwide/target/debug/deps/libidna-b88b16256f94c1f5.rlib" "/opt/rustwide/target/debug/deps/libunicode_normalization-e1c1be84a555e587.rlib" "/opt/rustwide/target/debug/deps/libtinyvec-cf6c9f6b792a5507.rlib" "/opt/rustwide/target/debug/deps/libtinyvec_macros-b1cb7f53f58c9f87.rlib" "/opt/rustwide/target/debug/deps/libunicode_bidi-282ea4eeb343ff18.rlib" "/opt/rustwide/target/debug/deps/libform_urlencoded-e8c43e838ad28fa4.rlib" "/opt/rustwide/target/debug/deps/libpercent_encoding-c39f6500503dd269.rlib" "/opt/rustwide/target/debug/deps/liblog-e5a08d2c20c29976.rlib" "/opt/rustwide/target/debug/deps/liblibgit2_sys-a45d3d60786676ef.rlib" "/opt/rustwide/target/debug/deps/liblibssh2_sys-1e77e00f05a434c5.rlib" "/opt/rustwide/target/debug/deps/libopenssl_sys-2474759090555813.rlib" "/opt/rustwide/target/debug/deps/liblibz_sys-05c63a9f9ba2563c.rlib" "/opt/rustwide/target/debug/deps/libbitflags-b7cee2ca4fb438d0.rlib" "/opt/rustwide/target/debug/deps/libchrono-adc5fce35e88f411.rlib" "/opt/rustwide/target/debug/deps/libnum_traits-7895f20e37a56120.rlib" "/opt/rustwide/target/debug/deps/libiana_time_zone-8ebc83a3b0a47d8c.rlib" "/opt/rustwide/target/debug/deps/libtime-7e16eccfb40cebfd.rlib" "/opt/rustwide/target/debug/deps/libsha2-6ef75ef6d21ee7ff.rlib" "/opt/rustwide/target/debug/deps/libpbkdf2-afd5bd26faec3311.rlib" "/opt/rustwide/target/debug/deps/libhmac-2ebbfa5859d722ef.rlib" "/opt/rustwide/target/debug/deps/libdigest-2dac267cffa62d6a.rlib" "/opt/rustwide/target/debug/deps/libblock_buffer-7a086d5b55644c90.rlib" "/opt/rustwide/target/debug/deps/libaes_gcm_siv-40f0d882acc2878e.rlib" "/opt/rustwide/target/debug/deps/libctr-45db237ec4751757.rlib" "/opt/rustwide/target/debug/deps/libaes-cb6290add282c8c0.rlib" "/opt/rustwide/target/debug/deps/libpolyval-b8e6ec6ea4caba02.rlib" "/opt/rustwide/target/debug/deps/libopaque_debug-15273823c1ba1453.rlib" "/opt/rustwide/target/debug/deps/libcpufeatures-e086ad10d333e19a.rlib" "/opt/rustwide/target/debug/deps/libuniversal_hash-fca0d0799cf398d7.rlib" "/opt/rustwide/target/debug/deps/libsubtle-32983fc17c133a89.rlib" "/opt/rustwide/target/debug/deps/libcipher-191a4b6d49b8a239.rlib" "/opt/rustwide/target/debug/deps/libinout-2ab110ad1a925e9b.rlib" "/opt/rustwide/target/debug/deps/libaead-05e92e99973e9bca.rlib" "/opt/rustwide/target/debug/deps/libcrypto_common-fc7f76921a4c10db.rlib" "/opt/rustwide/target/debug/deps/libgeneric_array-7afb762a7200395f.rlib" "/opt/rustwide/target/debug/deps/libtypenum-10066d62666e55cd.rlib" "/opt/rustwide/target/debug/deps/librand_core-bbd95587fbbe49a4.rlib" "/opt/rustwide/target/debug/deps/libgetrandom-a68fe0bfcd563529.rlib" "/opt/rustwide/target/debug/deps/libcfg_if-61dc7a6799e72b18.rlib" "/opt/rustwide/target/debug/deps/libdotenv_parser-6ac099d4f5e2fbca.rlib" "/opt/rustwide/target/debug/deps/libpest-dc40605240ea7be8.rlib" "/opt/rustwide/target/debug/deps/libucd_trie-c4b1d9f7f01fdf7f.rlib" "/opt/rustwide/target/debug/deps/libthiserror-3418184de181e7bb.rlib" "/opt/rustwide/target/debug/deps/libregex-31e41685d3246335.rlib" "/opt/rustwide/target/debug/deps/libaho_corasick-07444be8bb34ef9e.rlib" "/opt/rustwide/target/debug/deps/libmemchr-4fdcfd9ddfba30cb.rlib" "/opt/rustwide/target/debug/deps/libregex_syntax-9bf174677eb3a180.rlib" "/opt/rustwide/target/debug/deps/librpassword-8677a5925d93e0d9.rlib" "/opt/rustwide/target/debug/deps/librtoolbox-0bbe4ef8a9d383aa.rlib" "/opt/rustwide/target/debug/deps/liblibc-78b1c78285414f87.rlib" "/opt/rustwide/target/debug/deps/libsecrecy-f7157d61c3d49c97.rlib" "/opt/rustwide/target/debug/deps/libserde-ac5077bb0a15dc6f.rlib" "/opt/rustwide/target/debug/deps/libzeroize-1624af26aa4bc825.rlib" "/opt/rustwide/rustup-home/toolchains/1.75.0-x86_64-unknown-linux-gnu/lib/rustlib/x86_64-unknown-linux-gnu/lib/libstd-90f6ddbf82de36ec.rlib" "/opt/rustwide/rustup-home/toolchains/1.75.0-x86_64-unknown-linux-gnu/lib/rustlib/x86_64-unknown-linux-gnu/lib/libpanic_unwind-480c41e9d4e1f677.rlib" "/opt/rustwide/rustup-home/toolchains/1.75.0-x86_64-unknown-linux-gnu/lib/rustlib/x86_64-unknown-linux-gnu/lib/libobject-db744c0ca03eed1d.rlib" "/opt/rustwide/rustup-home/toolchains/1.75.0-x86_64-unknown-linux-gnu/lib/rustlib/x86_64-unknown-linux-gnu/lib/libmemchr-8ba652dc7d4b285a.rlib" "/opt/rustwide/rustup-home/toolchains/1.75.0-x86_64-unknown-linux-gnu/lib/rustlib/x86_64-unknown-linux-gnu/lib/libaddr2line-d5f4520a9ebc0d58.rlib" "/opt/rustwide/rustup-home/toolchains/1.75.0-x86_64-unknown-linux-gnu/lib/rustlib/x86_64-unknown-linux-gnu/lib/libgimli-4ad84de58f0cb463.rlib" "/opt/rustwide/rustup-home/toolchains/1.75.0-x86_64-unknown-linux-gnu/lib/rustlib/x86_64-unknown-linux-gnu/lib/librustc_demangle-0d10aae2e0f38735.rlib" "/opt/rustwide/rustup-home/toolchains/1.75.0-x86_64-unknown-linux-gnu/lib/rustlib/x86_64-unknown-linux-gnu/lib/libstd_detect-0c17cff739e6745b.rlib" "/opt/rustwide/rustup-home/toolchains/1.75.0-x86_64-unknown-linux-gnu/lib/rustlib/x86_64-unknown-linux-gnu/lib/libhashbrown-b29e17139dde1aa8.rlib" "/opt/rustwide/rustup-home/toolchains/1.75.0-x86_64-unknown-linux-gnu/lib/rustlib/x86_64-unknown-linux-gnu/lib/librustc_std_workspace_alloc-1f975299829cc7bd.rlib" "/opt/rustwide/rustup-home/toolchains/1.75.0-x86_64-unknown-linux-gnu/lib/rustlib/x86_64-unknown-linux-gnu/lib/libminiz_oxide-86bae3bc3079f89b.rlib" "/opt/rustwide/rustup-home/toolchains/1.75.0-x86_64-unknown-linux-gnu/lib/rustlib/x86_64-unknown-linux-gnu/lib/libadler-321b82c30dffdf5f.rlib" "/opt/rustwide/rustup-home/toolchains/1.75.0-x86_64-unknown-linux-gnu/lib/rustlib/x86_64-unknown-linux-gnu/lib/libunwind-3dd8a6810a0bdfef.rlib" "/opt/rustwide/rustup-home/toolchains/1.75.0-x86_64-unknown-linux-gnu/lib/rustlib/x86_64-unknown-linux-gnu/lib/libcfg_if-eb39a61c0c879984.rlib" "/opt/rustwide/rustup-home/toolchains/1.75.0-x86_64-unknown-linux-gnu/lib/rustlib/x86_64-unknown-linux-gnu/lib/liblibc-aa769569f91c3548.rlib" "/opt/rustwide/rustup-home/toolchains/1.75.0-x86_64-unknown-linux-gnu/lib/rustlib/x86_64-unknown-linux-gnu/lib/liballoc-510a192a50a983ed.rlib" "/opt/rustwide/rustup-home/toolchains/1.75.0-x86_64-unknown-linux-gnu/lib/rustlib/x86_64-unknown-linux-gnu/lib/librustc_std_workspace_core-0577018320f99037.rlib" "/opt/rustwide/rustup-home/toolchains/1.75.0-x86_64-unknown-linux-gnu/lib/rustlib/x86_64-unknown-linux-gnu/lib/libcore-193cf992125ccd4c.rlib" "/opt/rustwide/rustup-home/toolchains/1.75.0-x86_64-unknown-linux-gnu/lib/rustlib/x86_64-unknown-linux-gnu/lib/libcompiler_builtins-8e138eaf26ebb4a8.rlib" "-Wl,-Bdynamic" "-lssl" "-lcrypto" "-lz" "-lgcc_s" "-lutil" "-lrt" "-lpthread" "-lm" "-ldl" "-lc" "-Wl,--eh-frame-hdr" "-Wl,-z,noexecstack" "-L" "/opt/rustwide/rustup-home/toolchains/1.75.0-x86_64-unknown-linux-gnu/lib/rustlib/x86_64-unknown-linux-gnu/lib" "-o" "/tmp/rustdoctestDaMZBj/rust_out" "-Wl,--gc-sections" "-pie" "-Wl,-z,relro,-z,now" "-nodefaultlibs"
[INFO] [stdout]   = note: collect2: fatal error: ld terminated with signal 9 [Killed]
[INFO] [stdout]           compilation terminated.
[INFO] [stdout]           
[INFO] [stdout] 
[INFO] [stdout] error: aborting due to previous error
[INFO] [stdout] 
[INFO] [stdout] Couldn't compile the test.
[INFO] [stdout] ---- src/shrine.rs - shrine::Shrine<Open>::is_empty (line 316) stdout ----
[INFO] [stdout] error: linking with `cc` failed: exit status: 1
[INFO] [stdout]   |
[INFO] [stdout]   = note: LC_ALL="C" PATH="/opt/rustwide/rustup-home/toolchains/1.75.0-x86_64-unknown-linux-gnu/lib/rustlib/x86_64-unknown-linux-gnu/bin:/opt/rustwide/cargo-home/bin:/usr/local/sbin:/usr/local/bin:/usr/sbin:/usr/bin:/sbin:/bin" VSLANG="1033" "cc" "-m64" "/tmp/rustcC1Sday/symbols.o" "/tmp/rustdoctestoTSykZ/rust_out.rust_out.263fb70ac1c95110-cgu.0.rcgu.o" "/tmp/rustdoctestoTSykZ/rust_out.2uel00cfmdh5ufit.rcgu.o" "-Wl,--as-needed" "-L" "/opt/rustwide/target/debug/deps" "-L" "/opt/rustwide/target/debug/deps" "-L" "/opt/rustwide/target/debug/build/libgit2-sys-d505bd0919522d0f/out/build" "-L" "/opt/rustwide/target/debug/build/libssh2-sys-2efd19579778e2ae/out/build" "-L" "/opt/rustwide/rustup-home/toolchains/1.75.0-x86_64-unknown-linux-gnu/lib/rustlib/x86_64-unknown-linux-gnu/lib" "-Wl,-Bstatic" "/opt/rustwide/target/debug/deps/libshrine-1e52e6babba82e7c.rlib" "/opt/rustwide/target/debug/deps/librmp_serde-7ab859f9f03c114f.rlib" "/opt/rustwide/target/debug/deps/librmp-560a27be4559052a.rlib" "/opt/rustwide/target/debug/deps/libbyteorder-b7588b59c1d17615.rlib" "/opt/rustwide/target/debug/deps/libwhoami-09cf42b3cc2e3793.rlib" "/opt/rustwide/target/debug/deps/libbytes-64f79fa9f59e81d7.rlib" "/opt/rustwide/target/debug/deps/libcsv-d59386656d58f1c0.rlib" "/opt/rustwide/target/debug/deps/libcsv_core-d46ae02d5eddca46.rlib" "/opt/rustwide/target/debug/deps/libborsh-5da6e8afd973cacf.rlib" "/opt/rustwide/target/debug/deps/libbson-1d8a61de871b618f.rlib" "/opt/rustwide/target/debug/deps/libuuid-45b1dcc31e54cc31.rlib" "/opt/rustwide/target/debug/deps/libbase64-b09bba5046b087ce.rlib" "/opt/rustwide/target/debug/deps/liblazy_static-591486ebcb9a7ead.rlib" "/opt/rustwide/target/debug/deps/librand-f1896a0b533d7fb3.rlib" "/opt/rustwide/target/debug/deps/librand_chacha-54fa8024fd3afbec.rlib" "/opt/rustwide/target/debug/deps/libppv_lite86-9f808eb911999ef2.rlib" "/opt/rustwide/target/debug/deps/libhex-05644b5497b79c5b.rlib" "/opt/rustwide/target/debug/deps/libahash-3dac34d6d53574ee.rlib" "/opt/rustwide/target/debug/deps/libonce_cell-83e228ff5b878dab.rlib" "/opt/rustwide/target/debug/deps/libbitvec-0d493410bbb2a207.rlib" "/opt/rustwide/target/debug/deps/libwyz-3ab1106e6ae81bcb.rlib" "/opt/rustwide/target/debug/deps/libtap-2cc3bcce42dac99c.rlib" "/opt/rustwide/target/debug/deps/libradium-ebe0fb313fa4c01d.rlib" "/opt/rustwide/target/debug/deps/libfunty-b14902e4c1957add.rlib" "/opt/rustwide/target/debug/deps/libserde_bytes-0f97518b05fd808b.rlib" "/opt/rustwide/target/debug/deps/libtime-ab02eaf50e55f154.rlib" "/opt/rustwide/target/debug/deps/libtime_core-8975f5c3c8091bbd.rlib" "/opt/rustwide/target/debug/deps/libserde_json-26daa6f0ef2ae958.rlib" "/opt/rustwide/target/debug/deps/libryu-07c77bcabf6ee02b.rlib" "/opt/rustwide/target/debug/deps/libitoa-807e41d963466eb2.rlib" "/opt/rustwide/target/debug/deps/libindexmap-93f72862478380d0.rlib" "/opt/rustwide/target/debug/deps/libhashbrown-567986452cb9bc94.rlib" "/opt/rustwide/target/debug/deps/libgit2-4deaeebd3525f981.rlib" "/opt/rustwide/target/debug/deps/libopenssl_probe-d850575132083d7c.rlib" "/opt/rustwide/target/debug/deps/liburl-835209bb06fa4b66.rlib" "/opt/rustwide/target/debug/deps/libidna-b88b16256f94c1f5.rlib" "/opt/rustwide/target/debug/deps/libunicode_normalization-e1c1be84a555e587.rlib" "/opt/rustwide/target/debug/deps/libtinyvec-cf6c9f6b792a5507.rlib" "/opt/rustwide/target/debug/deps/libtinyvec_macros-b1cb7f53f58c9f87.rlib" "/opt/rustwide/target/debug/deps/libunicode_bidi-282ea4eeb343ff18.rlib" "/opt/rustwide/target/debug/deps/libform_urlencoded-e8c43e838ad28fa4.rlib" "/opt/rustwide/target/debug/deps/libpercent_encoding-c39f6500503dd269.rlib" "/opt/rustwide/target/debug/deps/liblog-e5a08d2c20c29976.rlib" "/opt/rustwide/target/debug/deps/liblibgit2_sys-a45d3d60786676ef.rlib" "/opt/rustwide/target/debug/deps/liblibssh2_sys-1e77e00f05a434c5.rlib" "/opt/rustwide/target/debug/deps/libopenssl_sys-2474759090555813.rlib" "/opt/rustwide/target/debug/deps/liblibz_sys-05c63a9f9ba2563c.rlib" "/opt/rustwide/target/debug/deps/libbitflags-b7cee2ca4fb438d0.rlib" "/opt/rustwide/target/debug/deps/libchrono-adc5fce35e88f411.rlib" "/opt/rustwide/target/debug/deps/libnum_traits-7895f20e37a56120.rlib" "/opt/rustwide/target/debug/deps/libiana_time_zone-8ebc83a3b0a47d8c.rlib" "/opt/rustwide/target/debug/deps/libtime-7e16eccfb40cebfd.rlib" "/opt/rustwide/target/debug/deps/libsha2-6ef75ef6d21ee7ff.rlib" "/opt/rustwide/target/debug/deps/libpbkdf2-afd5bd26faec3311.rlib" "/opt/rustwide/target/debug/deps/libhmac-2ebbfa5859d722ef.rlib" "/opt/rustwide/target/debug/deps/libdigest-2dac267cffa62d6a.rlib" "/opt/rustwide/target/debug/deps/libblock_buffer-7a086d5b55644c90.rlib" "/opt/rustwide/target/debug/deps/libaes_gcm_siv-40f0d882acc2878e.rlib" "/opt/rustwide/target/debug/deps/libctr-45db237ec4751757.rlib" "/opt/rustwide/target/debug/deps/libaes-cb6290add282c8c0.rlib" "/opt/rustwide/target/debug/deps/libpolyval-b8e6ec6ea4caba02.rlib" "/opt/rustwide/target/debug/deps/libopaque_debug-15273823c1ba1453.rlib" "/opt/rustwide/target/debug/deps/libcpufeatures-e086ad10d333e19a.rlib" "/opt/rustwide/target/debug/deps/libuniversal_hash-fca0d0799cf398d7.rlib" "/opt/rustwide/target/debug/deps/libsubtle-32983fc17c133a89.rlib" "/opt/rustwide/target/debug/deps/libcipher-191a4b6d49b8a239.rlib" "/opt/rustwide/target/debug/deps/libinout-2ab110ad1a925e9b.rlib" "/opt/rustwide/target/debug/deps/libaead-05e92e99973e9bca.rlib" "/opt/rustwide/target/debug/deps/libcrypto_common-fc7f76921a4c10db.rlib" "/opt/rustwide/target/debug/deps/libgeneric_array-7afb762a7200395f.rlib" "/opt/rustwide/target/debug/deps/libtypenum-10066d62666e55cd.rlib" "/opt/rustwide/target/debug/deps/librand_core-bbd95587fbbe49a4.rlib" "/opt/rustwide/target/debug/deps/libgetrandom-a68fe0bfcd563529.rlib" "/opt/rustwide/target/debug/deps/libcfg_if-61dc7a6799e72b18.rlib" "/opt/rustwide/target/debug/deps/libdotenv_parser-6ac099d4f5e2fbca.rlib" "/opt/rustwide/target/debug/deps/libpest-dc40605240ea7be8.rlib" "/opt/rustwide/target/debug/deps/libucd_trie-c4b1d9f7f01fdf7f.rlib" "/opt/rustwide/target/debug/deps/libthiserror-3418184de181e7bb.rlib" "/opt/rustwide/target/debug/deps/libregex-31e41685d3246335.rlib" "/opt/rustwide/target/debug/deps/libaho_corasick-07444be8bb34ef9e.rlib" "/opt/rustwide/target/debug/deps/libmemchr-4fdcfd9ddfba30cb.rlib" "/opt/rustwide/target/debug/deps/libregex_syntax-9bf174677eb3a180.rlib" "/opt/rustwide/target/debug/deps/librpassword-8677a5925d93e0d9.rlib" "/opt/rustwide/target/debug/deps/librtoolbox-0bbe4ef8a9d383aa.rlib" "/opt/rustwide/target/debug/deps/liblibc-78b1c78285414f87.rlib" "/opt/rustwide/target/debug/deps/libsecrecy-f7157d61c3d49c97.rlib" "/opt/rustwide/target/debug/deps/libserde-ac5077bb0a15dc6f.rlib" "/opt/rustwide/target/debug/deps/libzeroize-1624af26aa4bc825.rlib" "/opt/rustwide/rustup-home/toolchains/1.75.0-x86_64-unknown-linux-gnu/lib/rustlib/x86_64-unknown-linux-gnu/lib/libstd-90f6ddbf82de36ec.rlib" "/opt/rustwide/rustup-home/toolchains/1.75.0-x86_64-unknown-linux-gnu/lib/rustlib/x86_64-unknown-linux-gnu/lib/libpanic_unwind-480c41e9d4e1f677.rlib" "/opt/rustwide/rustup-home/toolchains/1.75.0-x86_64-unknown-linux-gnu/lib/rustlib/x86_64-unknown-linux-gnu/lib/libobject-db744c0ca03eed1d.rlib" "/opt/rustwide/rustup-home/toolchains/1.75.0-x86_64-unknown-linux-gnu/lib/rustlib/x86_64-unknown-linux-gnu/lib/libmemchr-8ba652dc7d4b285a.rlib" "/opt/rustwide/rustup-home/toolchains/1.75.0-x86_64-unknown-linux-gnu/lib/rustlib/x86_64-unknown-linux-gnu/lib/libaddr2line-d5f4520a9ebc0d58.rlib" "/opt/rustwide/rustup-home/toolchains/1.75.0-x86_64-unknown-linux-gnu/lib/rustlib/x86_64-unknown-linux-gnu/lib/libgimli-4ad84de58f0cb463.rlib" "/opt/rustwide/rustup-home/toolchains/1.75.0-x86_64-unknown-linux-gnu/lib/rustlib/x86_64-unknown-linux-gnu/lib/librustc_demangle-0d10aae2e0f38735.rlib" "/opt/rustwide/rustup-home/toolchains/1.75.0-x86_64-unknown-linux-gnu/lib/rustlib/x86_64-unknown-linux-gnu/lib/libstd_detect-0c17cff739e6745b.rlib" "/opt/rustwide/rustup-home/toolchains/1.75.0-x86_64-unknown-linux-gnu/lib/rustlib/x86_64-unknown-linux-gnu/lib/libhashbrown-b29e17139dde1aa8.rlib" "/opt/rustwide/rustup-home/toolchains/1.75.0-x86_64-unknown-linux-gnu/lib/rustlib/x86_64-unknown-linux-gnu/lib/librustc_std_workspace_alloc-1f975299829cc7bd.rlib" "/opt/rustwide/rustup-home/toolchains/1.75.0-x86_64-unknown-linux-gnu/lib/rustlib/x86_64-unknown-linux-gnu/lib/libminiz_oxide-86bae3bc3079f89b.rlib" "/opt/rustwide/rustup-home/toolchains/1.75.0-x86_64-unknown-linux-gnu/lib/rustlib/x86_64-unknown-linux-gnu/lib/libadler-321b82c30dffdf5f.rlib" "/opt/rustwide/rustup-home/toolchains/1.75.0-x86_64-unknown-linux-gnu/lib/rustlib/x86_64-unknown-linux-gnu/lib/libunwind-3dd8a6810a0bdfef.rlib" "/opt/rustwide/rustup-home/toolchains/1.75.0-x86_64-unknown-linux-gnu/lib/rustlib/x86_64-unknown-linux-gnu/lib/libcfg_if-eb39a61c0c879984.rlib" "/opt/rustwide/rustup-home/toolchains/1.75.0-x86_64-unknown-linux-gnu/lib/rustlib/x86_64-unknown-linux-gnu/lib/liblibc-aa769569f91c3548.rlib" "/opt/rustwide/rustup-home/toolchains/1.75.0-x86_64-unknown-linux-gnu/lib/rustlib/x86_64-unknown-linux-gnu/lib/liballoc-510a192a50a983ed.rlib" "/opt/rustwide/rustup-home/toolchains/1.75.0-x86_64-unknown-linux-gnu/lib/rustlib/x86_64-unknown-linux-gnu/lib/librustc_std_workspace_core-0577018320f99037.rlib" "/opt/rustwide/rustup-home/toolchains/1.75.0-x86_64-unknown-linux-gnu/lib/rustlib/x86_64-unknown-linux-gnu/lib/libcore-193cf992125ccd4c.rlib" "/opt/rustwide/rustup-home/toolchains/1.75.0-x86_64-unknown-linux-gnu/lib/rustlib/x86_64-unknown-linux-gnu/lib/libcompiler_builtins-8e138eaf26ebb4a8.rlib" "-Wl,-Bdynamic" "-lssl" "-lcrypto" "-lz" "-lgcc_s" "-lutil" "-lrt" "-lpthread" "-lm" "-ldl" "-lc" "-Wl,--eh-frame-hdr" "-Wl,-z,noexecstack" "-L" "/opt/rustwide/rustup-home/toolchains/1.75.0-x86_64-unknown-linux-gnu/lib/rustlib/x86_64-unknown-linux-gnu/lib" "-o" "/tmp/rustdoctestoTSykZ/rust_out" "-Wl,--gc-sections" "-pie" "-Wl,-z,relro,-z,now" "-nodefaultlibs"
[INFO] [stdout]   = note: collect2: fatal error: ld terminated with signal 9 [Killed]
[INFO] [stdout]           compilation terminated.
[INFO] [stdout]           
[INFO] [stdout] 
[INFO] [stdout] error: aborting due to previous error
[INFO] [stdout] 
[INFO] [stdout] Couldn't compile the test.
[INFO] [stdout] 
[INFO] [stdout] failures:
[INFO] [stdout]     src/bytes.rs - bytes::SecretBytes (line 7)
[INFO] [stdout]     src/bytes.rs - bytes::SecretBytes::expose_secret_as_bytes (line 19)
[INFO] [stdout]     src/shrine.rs - shrine::Shrine<Closed>::open (line 134)
[INFO] [stdout]     src/shrine.rs - shrine::Shrine<Open>::close (line 187)
[INFO] [stdout]     src/shrine.rs - shrine::Shrine<Open>::is_empty (line 316)
[INFO] [stdout]     src/shrine.rs - shrine::Shrine<Open>::keys (line 259)
[INFO] [stdout] 
[INFO] [stdout] test result: FAILED. 6 passed; 6 failed; 0 ignored; 0 measured; 0 filtered out; finished in 5.91s
[INFO] [stdout] 
[INFO] [stderr] error: doctest failed, to rerun pass `--doc`
[INFO] running `Command { std: "docker" "inspect" "1d967cf9db7ed9425d5855f03cdd8bdbbf5281b27b0eac39c606e1a3883006ce", kill_on_drop: false }`
[INFO] running `Command { std: "docker" "rm" "-f" "1d967cf9db7ed9425d5855f03cdd8bdbbf5281b27b0eac39c606e1a3883006ce", kill_on_drop: false }`
[INFO] [stdout] 1d967cf9db7ed9425d5855f03cdd8bdbbf5281b27b0eac39c606e1a3883006ce
