[INFO] fetching crate shared-bus-rtic 0.2.2...
[INFO] testing shared-bus-rtic-0.2.2 against 1.75.0 for beta-1.76-1
[INFO] extracting crate shared-bus-rtic 0.2.2 into /workspace/builds/worker-1-tc1/source
[INFO] validating manifest of crates.io crate shared-bus-rtic 0.2.2 on toolchain 1.75.0
[INFO] running `Command { std: CARGO_HOME="/workspace/cargo-home" RUSTUP_HOME="/workspace/rustup-home" "/workspace/cargo-home/bin/cargo" "+1.75.0" "metadata" "--manifest-path" "Cargo.toml" "--no-deps", kill_on_drop: false }`
[INFO] started tweaking crates.io crate shared-bus-rtic 0.2.2
[INFO] finished tweaking crates.io crate shared-bus-rtic 0.2.2
[INFO] tweaked toml for crates.io crate shared-bus-rtic 0.2.2 written to /workspace/builds/worker-1-tc1/source/Cargo.toml
[INFO] running `Command { std: CARGO_HOME="/workspace/cargo-home" RUSTUP_HOME="/workspace/rustup-home" "/workspace/cargo-home/bin/cargo" "+1.75.0" "generate-lockfile" "--manifest-path" "Cargo.toml", kill_on_drop: false }`
[INFO] [stderr]     Updating crates.io index
[INFO] running `Command { std: CARGO_HOME="/workspace/cargo-home" RUSTUP_HOME="/workspace/rustup-home" "/workspace/cargo-home/bin/cargo" "+1.75.0" "fetch" "--manifest-path" "Cargo.toml", kill_on_drop: false }`
[INFO] running `Command { std: "docker" "create" "-v" "/var/lib/crater-agent-workspace/builds/worker-1-tc1/target:/opt/rustwide/target:rw,Z" "-v" "/var/lib/crater-agent-workspace/builds/worker-1-tc1/source:/opt/rustwide/workdir:ro,Z" "-v" "/var/lib/crater-agent-workspace/cargo-home:/opt/rustwide/cargo-home:ro,Z" "-v" "/var/lib/crater-agent-workspace/rustup-home:/opt/rustwide/rustup-home:ro,Z" "-e" "SOURCE_DIR=/opt/rustwide/workdir" "-e" "CARGO_TARGET_DIR=/opt/rustwide/target" "-e" "CARGO_HOME=/opt/rustwide/cargo-home" "-e" "RUSTUP_HOME=/opt/rustwide/rustup-home" "-w" "/opt/rustwide/workdir" "-m" "1610612736" "--user" "0:0" "--network" "none" "ghcr.io/rust-lang/crates-build-env/linux@sha256:2788e3201cd34a07e3172128adcd8b3090168a8e3bcc40d7c032b9dda1df7d1c" "/opt/rustwide/cargo-home/bin/cargo" "+1.75.0" "metadata" "--no-deps" "--format-version=1", kill_on_drop: false }`
[INFO] [stdout] 8344f74fdc9f81a119953a5cca29eaf065fba63cfa7882df622da5c8d87374cb
[INFO] running `Command { std: "docker" "start" "-a" "8344f74fdc9f81a119953a5cca29eaf065fba63cfa7882df622da5c8d87374cb", kill_on_drop: false }`
[INFO] running `Command { std: "docker" "inspect" "8344f74fdc9f81a119953a5cca29eaf065fba63cfa7882df622da5c8d87374cb", kill_on_drop: false }`
[INFO] running `Command { std: "docker" "rm" "-f" "8344f74fdc9f81a119953a5cca29eaf065fba63cfa7882df622da5c8d87374cb", kill_on_drop: false }`
[INFO] [stdout] 8344f74fdc9f81a119953a5cca29eaf065fba63cfa7882df622da5c8d87374cb
[INFO] running `Command { std: "docker" "create" "-v" "/var/lib/crater-agent-workspace/builds/worker-1-tc1/target:/opt/rustwide/target:rw,Z" "-v" "/var/lib/crater-agent-workspace/builds/worker-1-tc1/source:/opt/rustwide/workdir:ro,Z" "-v" "/var/lib/crater-agent-workspace/cargo-home:/opt/rustwide/cargo-home:ro,Z" "-v" "/var/lib/crater-agent-workspace/rustup-home:/opt/rustwide/rustup-home:ro,Z" "-e" "SOURCE_DIR=/opt/rustwide/workdir" "-e" "CARGO_TARGET_DIR=/opt/rustwide/target" "-e" "CARGO_INCREMENTAL=0" "-e" "RUST_BACKTRACE=full" "-e" "RUSTFLAGS=--cap-lints=warn" "-e" "RUSTDOCFLAGS=--cap-lints=warn" "-e" "CARGO_HOME=/opt/rustwide/cargo-home" "-e" "RUSTUP_HOME=/opt/rustwide/rustup-home" "-w" "/opt/rustwide/workdir" "-m" "1610612736" "--user" "0:0" "--network" "none" "ghcr.io/rust-lang/crates-build-env/linux@sha256:2788e3201cd34a07e3172128adcd8b3090168a8e3bcc40d7c032b9dda1df7d1c" "/opt/rustwide/cargo-home/bin/cargo" "+1.75.0" "build" "--frozen" "--message-format=json", kill_on_drop: false }`
[INFO] [stdout] e0ac5433e188a08ef276e37dfc13f40db01a72208da692a57f8854f2d18f402a
[INFO] running `Command { std: "docker" "start" "-a" "e0ac5433e188a08ef276e37dfc13f40db01a72208da692a57f8854f2d18f402a", kill_on_drop: false }`
[INFO] [stderr]    Compiling nb v0.1.3
[INFO] [stderr]    Compiling void v1.0.2
[INFO] [stderr]    Compiling embedded-hal v0.2.7
[INFO] [stderr]    Compiling shared-bus-rtic v0.2.2 (/opt/rustwide/workdir)
[INFO] [stderr]     Finished dev [unoptimized + debuginfo] target(s) in 0.15s
[INFO] running `Command { std: "docker" "inspect" "e0ac5433e188a08ef276e37dfc13f40db01a72208da692a57f8854f2d18f402a", kill_on_drop: false }`
[INFO] running `Command { std: "docker" "rm" "-f" "e0ac5433e188a08ef276e37dfc13f40db01a72208da692a57f8854f2d18f402a", kill_on_drop: false }`
[INFO] [stdout] e0ac5433e188a08ef276e37dfc13f40db01a72208da692a57f8854f2d18f402a
[INFO] running `Command { std: "docker" "create" "-v" "/var/lib/crater-agent-workspace/builds/worker-1-tc1/target:/opt/rustwide/target:rw,Z" "-v" "/var/lib/crater-agent-workspace/builds/worker-1-tc1/source:/opt/rustwide/workdir:ro,Z" "-v" "/var/lib/crater-agent-workspace/cargo-home:/opt/rustwide/cargo-home:ro,Z" "-v" "/var/lib/crater-agent-workspace/rustup-home:/opt/rustwide/rustup-home:ro,Z" "-e" "SOURCE_DIR=/opt/rustwide/workdir" "-e" "CARGO_TARGET_DIR=/opt/rustwide/target" "-e" "CARGO_INCREMENTAL=0" "-e" "RUST_BACKTRACE=full" "-e" "RUSTFLAGS=--cap-lints=warn" "-e" "RUSTDOCFLAGS=--cap-lints=warn" "-e" "CARGO_HOME=/opt/rustwide/cargo-home" "-e" "RUSTUP_HOME=/opt/rustwide/rustup-home" "-w" "/opt/rustwide/workdir" "-m" "1610612736" "--user" "0:0" "--network" "none" "ghcr.io/rust-lang/crates-build-env/linux@sha256:2788e3201cd34a07e3172128adcd8b3090168a8e3bcc40d7c032b9dda1df7d1c" "/opt/rustwide/cargo-home/bin/cargo" "+1.75.0" "test" "--frozen" "--no-run" "--message-format=json", kill_on_drop: false }`
[INFO] [stdout] c5d076bc7b90529ec6cf1d1a62ed2d9bcc57454b93793c59bd88b3b6dd1e238c
[INFO] running `Command { std: "docker" "start" "-a" "c5d076bc7b90529ec6cf1d1a62ed2d9bcc57454b93793c59bd88b3b6dd1e238c", kill_on_drop: false }`
[INFO] [stderr]    Compiling shared-bus-rtic v0.2.2 (/opt/rustwide/workdir)
[INFO] [stderr]     Finished test [unoptimized + debuginfo] target(s) in 0.21s
[INFO] running `Command { std: "docker" "inspect" "c5d076bc7b90529ec6cf1d1a62ed2d9bcc57454b93793c59bd88b3b6dd1e238c", kill_on_drop: false }`
[INFO] running `Command { std: "docker" "rm" "-f" "c5d076bc7b90529ec6cf1d1a62ed2d9bcc57454b93793c59bd88b3b6dd1e238c", kill_on_drop: false }`
[INFO] [stdout] c5d076bc7b90529ec6cf1d1a62ed2d9bcc57454b93793c59bd88b3b6dd1e238c
[INFO] running `Command { std: "docker" "create" "-v" "/var/lib/crater-agent-workspace/builds/worker-1-tc1/target:/opt/rustwide/target:rw,Z" "-v" "/var/lib/crater-agent-workspace/builds/worker-1-tc1/source:/opt/rustwide/workdir:ro,Z" "-v" "/var/lib/crater-agent-workspace/cargo-home:/opt/rustwide/cargo-home:ro,Z" "-v" "/var/lib/crater-agent-workspace/rustup-home:/opt/rustwide/rustup-home:ro,Z" "-e" "SOURCE_DIR=/opt/rustwide/workdir" "-e" "CARGO_TARGET_DIR=/opt/rustwide/target" "-e" "CARGO_INCREMENTAL=0" "-e" "RUST_BACKTRACE=full" "-e" "RUSTFLAGS=--cap-lints=warn" "-e" "RUSTDOCFLAGS=--cap-lints=warn" "-e" "CARGO_HOME=/opt/rustwide/cargo-home" "-e" "RUSTUP_HOME=/opt/rustwide/rustup-home" "-w" "/opt/rustwide/workdir" "-m" "1610612736" "--user" "0:0" "--network" "none" "ghcr.io/rust-lang/crates-build-env/linux@sha256:2788e3201cd34a07e3172128adcd8b3090168a8e3bcc40d7c032b9dda1df7d1c" "/opt/rustwide/cargo-home/bin/cargo" "+1.75.0" "test" "--frozen", kill_on_drop: false }`
[INFO] [stdout] bec0102d96a126ad3e605cf6fe79d5f0f1a42e5cd95f905f22dc0b972dd92f1f
[INFO] running `Command { std: "docker" "start" "-a" "bec0102d96a126ad3e605cf6fe79d5f0f1a42e5cd95f905f22dc0b972dd92f1f", kill_on_drop: false }`
[INFO] [stderr]     Finished test [unoptimized + debuginfo] target(s) in 0.01s
[INFO] [stderr]      Running unittests src/lib.rs (/opt/rustwide/target/debug/deps/shared_bus_rtic-53ae0deb2baf821d)
[INFO] [stdout] 
[INFO] [stdout] running 0 tests
[INFO] [stdout] 
[INFO] [stdout] test result: ok. 0 passed; 0 failed; 0 ignored; 0 measured; 0 filtered out; finished in 0.00s
[INFO] [stdout] 
[INFO] [stderr]    Doc-tests shared-bus-rtic
[INFO] [stdout] 
[INFO] [stdout] running 2 tests
[INFO] [stdout] test src/lib.rs - (line 13) ... FAILED
[INFO] [stdout] test src/lib.rs - new (line 200) ... FAILED
[INFO] [stdout] 
[INFO] [stdout] failures:
[INFO] [stdout] 
[INFO] [stdout] ---- src/lib.rs - (line 13) stdout ----
[INFO] [stdout] error: cannot find attribute `init` in this scope
[INFO] [stdout]   --> src/lib.rs:32:3
[INFO] [stdout]    |
[INFO] [stdout] 22 | #[init]
[INFO] [stdout]    |   ^^^^
[INFO] [stdout]    |
[INFO] [stdout]    = note: `init` is in scope, but it is a function, not an attribute
[INFO] [stdout] 
[INFO] [stdout] error[E0412]: cannot find type `Device` in this scope
[INFO] [stdout]  --> src/lib.rs:19:13
[INFO] [stdout]   |
[INFO] [stdout] 9 |     device: Device<SharedBus<T>>,
[INFO] [stdout]   |             ^^^^^^ not found in this scope
[INFO] [stdout] 
[INFO] [stdout] error[E0412]: cannot find type `OtherDevice` in this scope
[INFO] [stdout]   --> src/lib.rs:20:19
[INFO] [stdout]    |
[INFO] [stdout] 10 |     other_device: OtherDevice<SharedBus<T>>,
[INFO] [stdout]    |                   ^^^^^^^^^^^ not found in this scope
[INFO] [stdout] 
[INFO] [stdout] error[E0433]: failed to resolve: use of undeclared type `Device`
[INFO] [stdout]   --> src/lib.rs:41:18
[INFO] [stdout]    |
[INFO] [stdout] 31 |     let device = Device::new(manager.acquire());
[INFO] [stdout]    |                  ^^^^^^ use of undeclared type `Device`
[INFO] [stdout] 
[INFO] [stdout] error[E0433]: failed to resolve: use of undeclared type `OtherDevice`
[INFO] [stdout]   --> src/lib.rs:42:24
[INFO] [stdout]    |
[INFO] [stdout] 32 |     let other_device = OtherDevice::new(manager.acquire());
[INFO] [stdout]    |                        ^^^^^^^^^^^ use of undeclared type `OtherDevice`
[INFO] [stdout] 
[INFO] [stdout] error[E0433]: failed to resolve: use of undeclared crate or module `init`
[INFO] [stdout]   --> src/lib.rs:33:12
[INFO] [stdout]    |
[INFO] [stdout] 23 | fn init(c: init::Context) -> init::LateResources {
[INFO] [stdout]    |            ^^^^ use of undeclared crate or module `init`
[INFO] [stdout] 
[INFO] [stdout] error[E0433]: failed to resolve: use of undeclared crate or module `init`
[INFO] [stdout]   --> src/lib.rs:33:30
[INFO] [stdout]    |
[INFO] [stdout] 23 | fn init(c: init::Context) -> init::LateResources {
[INFO] [stdout]    |                              ^^^^ use of undeclared crate or module `init`
[INFO] [stdout] 
[INFO] [stdout] error[E0433]: failed to resolve: use of undeclared crate or module `init`
[INFO] [stdout]   --> src/lib.rs:44:5
[INFO] [stdout]    |
[INFO] [stdout] 34 |     init::LateResources {
[INFO] [stdout]    |     ^^^^ use of undeclared crate or module `init`
[INFO] [stdout] 
[INFO] [stdout] error: aborting due to 8 previous errors
[INFO] [stdout] 
[INFO] [stdout] Some errors have detailed explanations: E0412, E0433.
[INFO] [stdout] For more information about an error, try `rustc --explain E0412`.
[INFO] [stdout] Couldn't compile the test.
[INFO] [stdout] ---- src/lib.rs - new (line 200) stdout ----
[INFO] [stdout] error[E0412]: cannot find type `I2C` in this scope
[INFO] [stdout]  --> src/lib.rs:202:10
[INFO] [stdout]   |
[INFO] [stdout] 5 | let bus: I2C = ();
[INFO] [stdout]   |          ^^^ not found in this scope
[INFO] [stdout] 
[INFO] [stdout] error[E0412]: cannot find type `I2C` in this scope
[INFO] [stdout]  --> src/lib.rs:203:42
[INFO] [stdout]   |
[INFO] [stdout] 6 | let manager = shared_bus_rtic::new!(bus, I2C);
[INFO] [stdout]   |                                          ^^^ not found in this scope
[INFO] [stdout] 
[INFO] [stdout] error[E0433]: failed to resolve: use of undeclared type `Device`
[INFO] [stdout]  --> src/lib.rs:205:14
[INFO] [stdout]   |
[INFO] [stdout] 8 | let device = Device::new(manager.acquire());
[INFO] [stdout]   |              ^^^^^^ use of undeclared type `Device`
[INFO] [stdout] 
[INFO] [stdout] error: aborting due to 3 previous errors
[INFO] [stdout] 
[INFO] [stdout] Some errors have detailed explanations: E0412, E0433.
[INFO] [stdout] For more information about an error, try `rustc --explain E0412`.
[INFO] [stdout] Couldn't compile the test.
[INFO] [stdout] 
[INFO] [stdout] failures:
[INFO] [stdout]     src/lib.rs - (line 13)
[INFO] [stdout]     src/lib.rs - new (line 200)
[INFO] [stdout] 
[INFO] [stdout] test result: FAILED. 0 passed; 2 failed; 0 ignored; 0 measured; 0 filtered out; finished in 0.07s
[INFO] [stdout] 
[INFO] [stderr] error: doctest failed, to rerun pass `--doc`
[INFO] running `Command { std: "docker" "inspect" "bec0102d96a126ad3e605cf6fe79d5f0f1a42e5cd95f905f22dc0b972dd92f1f", kill_on_drop: false }`
[INFO] running `Command { std: "docker" "rm" "-f" "bec0102d96a126ad3e605cf6fe79d5f0f1a42e5cd95f905f22dc0b972dd92f1f", kill_on_drop: false }`
[INFO] [stdout] bec0102d96a126ad3e605cf6fe79d5f0f1a42e5cd95f905f22dc0b972dd92f1f
[INFO] testing shared-bus-rtic-0.2.2 against beta-2023-12-22 for beta-1.76-1
[INFO] extracting crate shared-bus-rtic 0.2.2 into /workspace/builds/worker-1-tc2/source
[INFO] validating manifest of crates.io crate shared-bus-rtic 0.2.2 on toolchain beta-2023-12-22
[INFO] running `Command { std: CARGO_HOME="/workspace/cargo-home" RUSTUP_HOME="/workspace/rustup-home" "/workspace/cargo-home/bin/cargo" "+beta-2023-12-22" "metadata" "--manifest-path" "Cargo.toml" "--no-deps", kill_on_drop: false }`
[INFO] started tweaking crates.io crate shared-bus-rtic 0.2.2
[INFO] finished tweaking crates.io crate shared-bus-rtic 0.2.2
[INFO] tweaked toml for crates.io crate shared-bus-rtic 0.2.2 written to /workspace/builds/worker-1-tc2/source/Cargo.toml
[INFO] running `Command { std: CARGO_HOME="/workspace/cargo-home" RUSTUP_HOME="/workspace/rustup-home" "/workspace/cargo-home/bin/cargo" "+beta-2023-12-22" "generate-lockfile" "--manifest-path" "Cargo.toml", kill_on_drop: false }`
[INFO] [stderr]     Updating crates.io index
[INFO] running `Command { std: CARGO_HOME="/workspace/cargo-home" RUSTUP_HOME="/workspace/rustup-home" "/workspace/cargo-home/bin/cargo" "+beta-2023-12-22" "fetch" "--manifest-path" "Cargo.toml", kill_on_drop: false }`
[INFO] running `Command { std: "docker" "create" "-v" "/var/lib/crater-agent-workspace/builds/worker-1-tc2/target:/opt/rustwide/target:rw,Z" "-v" "/var/lib/crater-agent-workspace/builds/worker-1-tc2/source:/opt/rustwide/workdir:ro,Z" "-v" "/var/lib/crater-agent-workspace/cargo-home:/opt/rustwide/cargo-home:ro,Z" "-v" "/var/lib/crater-agent-workspace/rustup-home:/opt/rustwide/rustup-home:ro,Z" "-e" "SOURCE_DIR=/opt/rustwide/workdir" "-e" "CARGO_TARGET_DIR=/opt/rustwide/target" "-e" "CARGO_HOME=/opt/rustwide/cargo-home" "-e" "RUSTUP_HOME=/opt/rustwide/rustup-home" "-w" "/opt/rustwide/workdir" "-m" "1610612736" "--user" "0:0" "--network" "none" "ghcr.io/rust-lang/crates-build-env/linux@sha256:2788e3201cd34a07e3172128adcd8b3090168a8e3bcc40d7c032b9dda1df7d1c" "/opt/rustwide/cargo-home/bin/cargo" "+beta-2023-12-22" "metadata" "--no-deps" "--format-version=1", kill_on_drop: false }`
[INFO] [stdout] 460c949e5e95061a58fcbb3338066ea5d96880598c4cc8d0fa6ecac1f401d442
[INFO] running `Command { std: "docker" "start" "-a" "460c949e5e95061a58fcbb3338066ea5d96880598c4cc8d0fa6ecac1f401d442", kill_on_drop: false }`
[INFO] running `Command { std: "docker" "inspect" "460c949e5e95061a58fcbb3338066ea5d96880598c4cc8d0fa6ecac1f401d442", kill_on_drop: false }`
[INFO] running `Command { std: "docker" "rm" "-f" "460c949e5e95061a58fcbb3338066ea5d96880598c4cc8d0fa6ecac1f401d442", kill_on_drop: false }`
[INFO] [stdout] 460c949e5e95061a58fcbb3338066ea5d96880598c4cc8d0fa6ecac1f401d442
[INFO] running `Command { std: "docker" "create" "-v" "/var/lib/crater-agent-workspace/builds/worker-1-tc2/target:/opt/rustwide/target:rw,Z" "-v" "/var/lib/crater-agent-workspace/builds/worker-1-tc2/source:/opt/rustwide/workdir:ro,Z" "-v" "/var/lib/crater-agent-workspace/cargo-home:/opt/rustwide/cargo-home:ro,Z" "-v" "/var/lib/crater-agent-workspace/rustup-home:/opt/rustwide/rustup-home:ro,Z" "-e" "SOURCE_DIR=/opt/rustwide/workdir" "-e" "CARGO_TARGET_DIR=/opt/rustwide/target" "-e" "CARGO_INCREMENTAL=0" "-e" "RUST_BACKTRACE=full" "-e" "RUSTFLAGS=--cap-lints=warn" "-e" "RUSTDOCFLAGS=--cap-lints=warn" "-e" "CARGO_HOME=/opt/rustwide/cargo-home" "-e" "RUSTUP_HOME=/opt/rustwide/rustup-home" "-w" "/opt/rustwide/workdir" "-m" "1610612736" "--user" "0:0" "--network" "none" "ghcr.io/rust-lang/crates-build-env/linux@sha256:2788e3201cd34a07e3172128adcd8b3090168a8e3bcc40d7c032b9dda1df7d1c" "/opt/rustwide/cargo-home/bin/cargo" "+beta-2023-12-22" "build" "--frozen" "--message-format=json", kill_on_drop: false }`
[INFO] [stdout] 55ebd63dae28255ee2646c701356d88463375cb7044f2466ea2697e84d91d001
[INFO] running `Command { std: "docker" "start" "-a" "55ebd63dae28255ee2646c701356d88463375cb7044f2466ea2697e84d91d001", kill_on_drop: false }`
[INFO] [stderr]    Compiling nb v0.1.3
[INFO] [stderr]    Compiling void v1.0.2
[INFO] [stderr]    Compiling embedded-hal v0.2.7
[INFO] [stderr]    Compiling shared-bus-rtic v0.2.2 (/opt/rustwide/workdir)
[INFO] [stderr]     Finished dev [unoptimized + debuginfo] target(s) in 0.15s
[INFO] running `Command { std: "docker" "inspect" "55ebd63dae28255ee2646c701356d88463375cb7044f2466ea2697e84d91d001", kill_on_drop: false }`
[INFO] running `Command { std: "docker" "rm" "-f" "55ebd63dae28255ee2646c701356d88463375cb7044f2466ea2697e84d91d001", kill_on_drop: false }`
[INFO] [stdout] 55ebd63dae28255ee2646c701356d88463375cb7044f2466ea2697e84d91d001
[INFO] running `Command { std: "docker" "create" "-v" "/var/lib/crater-agent-workspace/builds/worker-1-tc2/target:/opt/rustwide/target:rw,Z" "-v" "/var/lib/crater-agent-workspace/builds/worker-1-tc2/source:/opt/rustwide/workdir:ro,Z" "-v" "/var/lib/crater-agent-workspace/cargo-home:/opt/rustwide/cargo-home:ro,Z" "-v" "/var/lib/crater-agent-workspace/rustup-home:/opt/rustwide/rustup-home:ro,Z" "-e" "SOURCE_DIR=/opt/rustwide/workdir" "-e" "CARGO_TARGET_DIR=/opt/rustwide/target" "-e" "CARGO_INCREMENTAL=0" "-e" "RUST_BACKTRACE=full" "-e" "RUSTFLAGS=--cap-lints=warn" "-e" "RUSTDOCFLAGS=--cap-lints=warn" "-e" "CARGO_HOME=/opt/rustwide/cargo-home" "-e" "RUSTUP_HOME=/opt/rustwide/rustup-home" "-w" "/opt/rustwide/workdir" "-m" "1610612736" "--user" "0:0" "--network" "none" "ghcr.io/rust-lang/crates-build-env/linux@sha256:2788e3201cd34a07e3172128adcd8b3090168a8e3bcc40d7c032b9dda1df7d1c" "/opt/rustwide/cargo-home/bin/cargo" "+beta-2023-12-22" "test" "--frozen" "--no-run" "--message-format=json", kill_on_drop: false }`
[INFO] [stdout] 29ff0f36f194159d420dd55c2370fe40769bb3245e0b054885e977e58f1ccd80
[INFO] running `Command { std: "docker" "start" "-a" "29ff0f36f194159d420dd55c2370fe40769bb3245e0b054885e977e58f1ccd80", kill_on_drop: false }`
[INFO] [stderr]    Compiling shared-bus-rtic v0.2.2 (/opt/rustwide/workdir)
[INFO] [stderr]     Finished test [unoptimized + debuginfo] target(s) in 0.22s
[INFO] running `Command { std: "docker" "inspect" "29ff0f36f194159d420dd55c2370fe40769bb3245e0b054885e977e58f1ccd80", kill_on_drop: false }`
[INFO] running `Command { std: "docker" "rm" "-f" "29ff0f36f194159d420dd55c2370fe40769bb3245e0b054885e977e58f1ccd80", kill_on_drop: false }`
[INFO] [stdout] 29ff0f36f194159d420dd55c2370fe40769bb3245e0b054885e977e58f1ccd80
[INFO] running `Command { std: "docker" "create" "-v" "/var/lib/crater-agent-workspace/builds/worker-1-tc2/target:/opt/rustwide/target:rw,Z" "-v" "/var/lib/crater-agent-workspace/builds/worker-1-tc2/source:/opt/rustwide/workdir:ro,Z" "-v" "/var/lib/crater-agent-workspace/cargo-home:/opt/rustwide/cargo-home:ro,Z" "-v" "/var/lib/crater-agent-workspace/rustup-home:/opt/rustwide/rustup-home:ro,Z" "-e" "SOURCE_DIR=/opt/rustwide/workdir" "-e" "CARGO_TARGET_DIR=/opt/rustwide/target" "-e" "CARGO_INCREMENTAL=0" "-e" "RUST_BACKTRACE=full" "-e" "RUSTFLAGS=--cap-lints=warn" "-e" "RUSTDOCFLAGS=--cap-lints=warn" "-e" "CARGO_HOME=/opt/rustwide/cargo-home" "-e" "RUSTUP_HOME=/opt/rustwide/rustup-home" "-w" "/opt/rustwide/workdir" "-m" "1610612736" "--user" "0:0" "--network" "none" "ghcr.io/rust-lang/crates-build-env/linux@sha256:2788e3201cd34a07e3172128adcd8b3090168a8e3bcc40d7c032b9dda1df7d1c" "/opt/rustwide/cargo-home/bin/cargo" "+beta-2023-12-22" "test" "--frozen", kill_on_drop: false }`
[INFO] [stdout] 75fe6985eedd55388648bf275591ff54f3614a162e4522ee4e0bea46f09ca0ee
[INFO] running `Command { std: "docker" "start" "-a" "75fe6985eedd55388648bf275591ff54f3614a162e4522ee4e0bea46f09ca0ee", kill_on_drop: false }`
[INFO] [stderr]     Finished test [unoptimized + debuginfo] target(s) in 0.01s
[INFO] [stderr]      Running unittests src/lib.rs (/opt/rustwide/target/debug/deps/shared_bus_rtic-e26b5988ecde3235)
[INFO] [stdout] 
[INFO] [stdout] running 0 tests
[INFO] [stdout] 
[INFO] [stdout] test result: ok. 0 passed; 0 failed; 0 ignored; 0 measured; 0 filtered out; finished in 0.00s
[INFO] [stdout] 
[INFO] [stderr]    Doc-tests shared-bus-rtic
[INFO] [stdout] 
[INFO] [stdout] running 2 tests
[INFO] [stdout] test src/lib.rs - (line 13) ... FAILED
[INFO] [stdout] test src/lib.rs - new (line 200) ... FAILED
[INFO] [stdout] 
[INFO] [stdout] failures:
[INFO] [stdout] 
[INFO] [stdout] ---- src/lib.rs - (line 13) stdout ----
[INFO] [stdout] error: cannot find attribute `init` in this scope
[INFO] [stdout]   --> src/lib.rs:32:3
[INFO] [stdout]    |
[INFO] [stdout] 22 | #[init]
[INFO] [stdout]    |   ^^^^
[INFO] [stdout]    |
[INFO] [stdout]    = note: `init` is in scope, but it is a function, not an attribute
[INFO] [stdout] 
[INFO] [stdout] error[E0412]: cannot find type `Device` in this scope
[INFO] [stdout]  --> src/lib.rs:19:13
[INFO] [stdout]   |
[INFO] [stdout] 9 |     device: Device<SharedBus<T>>,
[INFO] [stdout]   |             ^^^^^^ not found in this scope
[INFO] [stdout] 
[INFO] [stdout] error[E0412]: cannot find type `OtherDevice` in this scope
[INFO] [stdout]   --> src/lib.rs:20:19
[INFO] [stdout]    |
[INFO] [stdout] 10 |     other_device: OtherDevice<SharedBus<T>>,
[INFO] [stdout]    |                   ^^^^^^^^^^^ not found in this scope
[INFO] [stdout] 
[INFO] [stdout] error[E0433]: failed to resolve: use of undeclared type `Device`
[INFO] [stdout]   --> src/lib.rs:41:18
[INFO] [stdout]    |
[INFO] [stdout] 31 |     let device = Device::new(manager.acquire());
[INFO] [stdout]    |                  ^^^^^^ use of undeclared type `Device`
[INFO] [stdout] 
[INFO] [stdout] error[E0433]: failed to resolve: use of undeclared type `OtherDevice`
[INFO] [stdout]   --> src/lib.rs:42:24
[INFO] [stdout]    |
[INFO] [stdout] 32 |     let other_device = OtherDevice::new(manager.acquire());
[INFO] [stdout]    |                        ^^^^^^^^^^^ use of undeclared type `OtherDevice`
[INFO] [stdout] 
[INFO] [stdout] error[E0433]: failed to resolve: function `init` is not a crate or module
[INFO] [stdout]   --> src/lib.rs:33:12
[INFO] [stdout]    |
[INFO] [stdout] 23 | fn init(c: init::Context) -> init::LateResources {
[INFO] [stdout]    |            ^^^^ function `init` is not a crate or module
[INFO] [stdout] 
[INFO] [stdout] error[E0433]: failed to resolve: function `init` is not a crate or module
[INFO] [stdout]   --> src/lib.rs:33:30
[INFO] [stdout]    |
[INFO] [stdout] 23 | fn init(c: init::Context) -> init::LateResources {
[INFO] [stdout]    |                              ^^^^ function `init` is not a crate or module
[INFO] [stdout] 
[INFO] [stdout] error[E0433]: failed to resolve: function `init` is not a crate or module
[INFO] [stdout]   --> src/lib.rs:44:5
[INFO] [stdout]    |
[INFO] [stdout] 34 |     init::LateResources {
[INFO] [stdout]    |     ^^^^ function `init` is not a crate or module
[INFO] [stdout] 
[INFO] [stdout] error: aborting due to 8 previous errors
[INFO] [stdout] 
[INFO] [stdout] Some errors have detailed explanations: E0412, E0433.
[INFO] [stdout] For more information about an error, try `rustc --explain E0412`.
[INFO] [stdout] Couldn't compile the test.
[INFO] [stdout] ---- src/lib.rs - new (line 200) stdout ----
[INFO] [stdout] error[E0412]: cannot find type `I2C` in this scope
[INFO] [stdout]  --> src/lib.rs:202:10
[INFO] [stdout]   |
[INFO] [stdout] 5 | let bus: I2C = ();
[INFO] [stdout]   |          ^^^ not found in this scope
[INFO] [stdout] 
[INFO] [stdout] error[E0412]: cannot find type `I2C` in this scope
[INFO] [stdout]  --> src/lib.rs:203:42
[INFO] [stdout]   |
[INFO] [stdout] 6 | let manager = shared_bus_rtic::new!(bus, I2C);
[INFO] [stdout]   |                                          ^^^ not found in this scope
[INFO] [stdout] 
[INFO] [stdout] error[E0433]: failed to resolve: use of undeclared type `Device`
[INFO] [stdout]  --> src/lib.rs:205:14
[INFO] [stdout]   |
[INFO] [stdout] 8 | let device = Device::new(manager.acquire());
[INFO] [stdout]   |              ^^^^^^ use of undeclared type `Device`
[INFO] [stdout] 
[INFO] [stdout] error: aborting due to 3 previous errors
[INFO] [stdout] 
[INFO] [stdout] Some errors have detailed explanations: E0412, E0433.
[INFO] [stdout] For more information about an error, try `rustc --explain E0412`.
[INFO] [stdout] Couldn't compile the test.
[INFO] [stdout] 
[INFO] [stdout] failures:
[INFO] [stdout]     src/lib.rs - (line 13)
[INFO] [stdout]     src/lib.rs - new (line 200)
[INFO] [stdout] 
[INFO] [stdout] test result: FAILED. 0 passed; 2 failed; 0 ignored; 0 measured; 0 filtered out; finished in 0.08s
[INFO] [stdout] 
[INFO] [stderr] error: doctest failed, to rerun pass `--doc`
[INFO] running `Command { std: "docker" "inspect" "75fe6985eedd55388648bf275591ff54f3614a162e4522ee4e0bea46f09ca0ee", kill_on_drop: false }`
[INFO] running `Command { std: "docker" "rm" "-f" "75fe6985eedd55388648bf275591ff54f3614a162e4522ee4e0bea46f09ca0ee", kill_on_drop: false }`
[INFO] [stdout] 75fe6985eedd55388648bf275591ff54f3614a162e4522ee4e0bea46f09ca0ee
