[INFO] fetching crate shackle-shell 0.3.0...
[INFO] testing shackle-shell-0.3.0 against 1.75.0 for beta-1.76-1
[INFO] extracting crate shackle-shell 0.3.0 into /workspace/builds/worker-7-tc1/source
[INFO] validating manifest of crates.io crate shackle-shell 0.3.0 on toolchain 1.75.0
[INFO] running `Command { std: CARGO_HOME="/workspace/cargo-home" RUSTUP_HOME="/workspace/rustup-home" "/workspace/cargo-home/bin/cargo" "+1.75.0" "metadata" "--manifest-path" "Cargo.toml" "--no-deps", kill_on_drop: false }`
[INFO] started tweaking crates.io crate shackle-shell 0.3.0
[INFO] finished tweaking crates.io crate shackle-shell 0.3.0
[INFO] tweaked toml for crates.io crate shackle-shell 0.3.0 written to /workspace/builds/worker-7-tc1/source/Cargo.toml
[INFO] crate crates.io crate shackle-shell 0.3.0 already has a lockfile, it will not be regenerated
[INFO] running `Command { std: CARGO_HOME="/workspace/cargo-home" RUSTUP_HOME="/workspace/rustup-home" "/workspace/cargo-home/bin/cargo" "+1.75.0" "fetch" "--manifest-path" "Cargo.toml", kill_on_drop: false }`
[INFO] [stderr]     Updating crates.io index
[INFO] [stderr]  Downloading crates ...
[INFO] [stderr]   Downloaded comma v1.0.0
[INFO] [stderr]   Downloaded rexpect v0.5.0
[INFO] [stderr]   Downloaded rustyline v11.0.0
[INFO] [stderr]   Downloaded get-port v4.0.0
[INFO] running `Command { std: "docker" "create" "-v" "/var/lib/crater-agent-workspace/builds/worker-7-tc1/target:/opt/rustwide/target:rw,Z" "-v" "/var/lib/crater-agent-workspace/builds/worker-7-tc1/source:/opt/rustwide/workdir:ro,Z" "-v" "/var/lib/crater-agent-workspace/cargo-home:/opt/rustwide/cargo-home:ro,Z" "-v" "/var/lib/crater-agent-workspace/rustup-home:/opt/rustwide/rustup-home:ro,Z" "-e" "SOURCE_DIR=/opt/rustwide/workdir" "-e" "CARGO_TARGET_DIR=/opt/rustwide/target" "-e" "CARGO_HOME=/opt/rustwide/cargo-home" "-e" "RUSTUP_HOME=/opt/rustwide/rustup-home" "-w" "/opt/rustwide/workdir" "-m" "1610612736" "--user" "0:0" "--network" "none" "ghcr.io/rust-lang/crates-build-env/linux@sha256:2788e3201cd34a07e3172128adcd8b3090168a8e3bcc40d7c032b9dda1df7d1c" "/opt/rustwide/cargo-home/bin/cargo" "+1.75.0" "metadata" "--no-deps" "--format-version=1", kill_on_drop: false }`
[INFO] [stdout] 45b6c408bbfeedabdd4dd71181caa6eacf1e4b53deef34497205a9c8b1de6e20
[INFO] running `Command { std: "docker" "start" "-a" "45b6c408bbfeedabdd4dd71181caa6eacf1e4b53deef34497205a9c8b1de6e20", kill_on_drop: false }`
[INFO] running `Command { std: "docker" "inspect" "45b6c408bbfeedabdd4dd71181caa6eacf1e4b53deef34497205a9c8b1de6e20", kill_on_drop: false }`
[INFO] running `Command { std: "docker" "rm" "-f" "45b6c408bbfeedabdd4dd71181caa6eacf1e4b53deef34497205a9c8b1de6e20", kill_on_drop: false }`
[INFO] [stdout] 45b6c408bbfeedabdd4dd71181caa6eacf1e4b53deef34497205a9c8b1de6e20
[INFO] running `Command { std: "docker" "create" "-v" "/var/lib/crater-agent-workspace/builds/worker-7-tc1/target:/opt/rustwide/target:rw,Z" "-v" "/var/lib/crater-agent-workspace/builds/worker-7-tc1/source:/opt/rustwide/workdir:ro,Z" "-v" "/var/lib/crater-agent-workspace/cargo-home:/opt/rustwide/cargo-home:ro,Z" "-v" "/var/lib/crater-agent-workspace/rustup-home:/opt/rustwide/rustup-home:ro,Z" "-e" "SOURCE_DIR=/opt/rustwide/workdir" "-e" "CARGO_TARGET_DIR=/opt/rustwide/target" "-e" "CARGO_INCREMENTAL=0" "-e" "RUST_BACKTRACE=full" "-e" "RUSTFLAGS=--cap-lints=warn" "-e" "RUSTDOCFLAGS=--cap-lints=warn" "-e" "CARGO_HOME=/opt/rustwide/cargo-home" "-e" "RUSTUP_HOME=/opt/rustwide/rustup-home" "-w" "/opt/rustwide/workdir" "-m" "1610612736" "--user" "0:0" "--network" "none" "ghcr.io/rust-lang/crates-build-env/linux@sha256:2788e3201cd34a07e3172128adcd8b3090168a8e3bcc40d7c032b9dda1df7d1c" "/opt/rustwide/cargo-home/bin/cargo" "+1.75.0" "build" "--frozen" "--message-format=json", kill_on_drop: false }`
[INFO] [stdout] 63bae965343cf7c71503d645d270e4686449fd04239a1f28bc6577d9df6c8a76
[INFO] running `Command { std: "docker" "start" "-a" "63bae965343cf7c71503d645d270e4686449fd04239a1f28bc6577d9df6c8a76", kill_on_drop: false }`
[INFO] [stderr]    Compiling libc v0.2.139
[INFO] [stderr]    Compiling proc-macro2 v1.0.51
[INFO] [stderr]    Compiling quote v1.0.23
[INFO] [stderr]    Compiling unicode-ident v1.0.6
[INFO] [stderr]    Compiling cfg-if v1.0.0
[INFO] [stderr]    Compiling syn v1.0.107
[INFO] [stderr]    Compiling version_check v0.9.4
[INFO] [stderr]    Compiling log v0.4.17
[INFO] [stderr]    Compiling bitflags v1.3.2
[INFO] [stderr]    Compiling pkg-config v0.3.26
[INFO] [stderr]    Compiling autocfg v1.1.0
[INFO] [stderr]    Compiling signal-hook v0.3.15
[INFO] [stderr]    Compiling parking_lot_core v0.9.7
[INFO] [stderr]    Compiling tinyvec_macros v0.1.1
[INFO] [stderr]    Compiling io-lifetimes v1.0.5
[INFO] [stderr]    Compiling tinyvec v1.6.0
[INFO] [stderr]    Compiling proc-macro-error-attr v1.0.4
[INFO] [stderr]    Compiling jobserver v0.1.26
[INFO] [stderr]    Compiling cc v1.0.79
[INFO] [stderr]    Compiling lock_api v0.4.9
[INFO] [stderr]    Compiling signal-hook-registry v1.4.1
[INFO] [stderr]    Compiling proc-macro-error v1.0.4
[INFO] [stderr]    Compiling scopeguard v1.1.0
[INFO] [stderr]    Compiling smallvec v1.10.0
[INFO] [stderr]    Compiling heck v0.4.1
[INFO] [stderr]    Compiling rustversion v1.0.12
[INFO] [stderr]    Compiling rustix v0.36.8
[INFO] [stderr]    Compiling mio v0.8.6
[INFO] [stderr]    Compiling unicode-normalization v0.1.22
[INFO] [stderr]    Compiling memchr v2.5.0
[INFO] [stderr]    Compiling percent-encoding v2.2.0
[INFO] [stderr]    Compiling unicode-bidi v0.3.10
[INFO] [stderr]    Compiling linux-raw-sys v0.1.4
[INFO] [stderr]    Compiling libm v0.2.7
[INFO] [stderr]    Compiling idna v0.3.0
[INFO] [stderr]    Compiling signal-hook-mio v0.2.3
[INFO] [stderr]    Compiling form_urlencoded v1.1.0
[INFO] [stderr]    Compiling parking_lot v0.12.1
[INFO] [stderr]    Compiling os_str_bytes v6.4.1
[INFO] [stderr]    Compiling unicode-width v0.1.10
[INFO] [stderr]    Compiling static_assertions v1.1.0
[INFO] [stderr]    Compiling thiserror v1.0.38
[INFO] [stderr]    Compiling nix v0.26.2
[INFO] [stderr]    Compiling is-terminal v0.4.4
[INFO] [stderr]    Compiling clap_lex v0.3.2
[INFO] [stderr]    Compiling libz-sys v1.1.8
[INFO] [stderr]    Compiling libgit2-sys v0.14.2+1.5.1
[INFO] [stderr]    Compiling crossterm v0.25.0
[INFO] [stderr]    Compiling url v2.3.1
[INFO] [stderr]    Compiling termcolor v1.2.0
[INFO] [stderr]    Compiling strum v0.24.1
[INFO] [stderr]    Compiling unicode-segmentation v1.10.1
[INFO] [stderr]    Compiling once_cell v1.17.1
[INFO] [stderr]    Compiling strsim v0.10.0
[INFO] [stderr]    Compiling utf8parse v0.2.1
[INFO] [stderr]    Compiling rustyline v11.0.0
[INFO] [stderr]    Compiling humansize v2.1.3
[INFO] [stderr]    Compiling shlex v1.1.0
[INFO] [stderr]    Compiling clap_derive v4.1.8
[INFO] [stderr]    Compiling thiserror-impl v1.0.38
[INFO] [stderr]    Compiling strum_macros v0.24.3
[INFO] [stderr]    Compiling comfy-table v6.1.4
[INFO] [stderr]    Compiling clap v4.1.8
[INFO] [stderr]    Compiling git2 v0.16.1
[INFO] [stderr]    Compiling shackle-shell v0.3.0 (/opt/rustwide/workdir)
[INFO] [stderr]     Finished dev [unoptimized + debuginfo] target(s) in 1m 07s
[INFO] running `Command { std: "docker" "inspect" "63bae965343cf7c71503d645d270e4686449fd04239a1f28bc6577d9df6c8a76", kill_on_drop: false }`
[INFO] running `Command { std: "docker" "rm" "-f" "63bae965343cf7c71503d645d270e4686449fd04239a1f28bc6577d9df6c8a76", kill_on_drop: false }`
[INFO] [stdout] 63bae965343cf7c71503d645d270e4686449fd04239a1f28bc6577d9df6c8a76
[INFO] running `Command { std: "docker" "create" "-v" "/var/lib/crater-agent-workspace/builds/worker-7-tc1/target:/opt/rustwide/target:rw,Z" "-v" "/var/lib/crater-agent-workspace/builds/worker-7-tc1/source:/opt/rustwide/workdir:ro,Z" "-v" "/var/lib/crater-agent-workspace/cargo-home:/opt/rustwide/cargo-home:ro,Z" "-v" "/var/lib/crater-agent-workspace/rustup-home:/opt/rustwide/rustup-home:ro,Z" "-e" "SOURCE_DIR=/opt/rustwide/workdir" "-e" "CARGO_TARGET_DIR=/opt/rustwide/target" "-e" "CARGO_INCREMENTAL=0" "-e" "RUST_BACKTRACE=full" "-e" "RUSTFLAGS=--cap-lints=warn" "-e" "RUSTDOCFLAGS=--cap-lints=warn" "-e" "CARGO_HOME=/opt/rustwide/cargo-home" "-e" "RUSTUP_HOME=/opt/rustwide/rustup-home" "-w" "/opt/rustwide/workdir" "-m" "1610612736" "--user" "0:0" "--network" "none" "ghcr.io/rust-lang/crates-build-env/linux@sha256:2788e3201cd34a07e3172128adcd8b3090168a8e3bcc40d7c032b9dda1df7d1c" "/opt/rustwide/cargo-home/bin/cargo" "+1.75.0" "test" "--frozen" "--no-run" "--message-format=json", kill_on_drop: false }`
[INFO] [stdout] fc5dc9697d8c3695c8143b67d8c7343d6af173346b1589b0c3a11b2ba9933b6b
[INFO] running `Command { std: "docker" "start" "-a" "fc5dc9697d8c3695c8143b67d8c7343d6af173346b1589b0c3a11b2ba9933b6b", kill_on_drop: false }`
[INFO] [stderr]    Compiling rustix v0.36.8
[INFO] [stderr]    Compiling num-traits v0.2.15
[INFO] [stderr]    Compiling aho-corasick v0.7.20
[INFO] [stderr]    Compiling memoffset v0.6.5
[INFO] [stderr]    Compiling regex-syntax v0.6.28
[INFO] [stderr]    Compiling predicates-core v1.0.5
[INFO] [stderr]    Compiling either v1.8.1
[INFO] [stderr]    Compiling doc-comment v0.3.3
[INFO] [stderr]    Compiling itertools v0.10.5
[INFO] [stderr]    Compiling pin-utils v0.1.0
[INFO] [stderr]    Compiling termtree v0.4.0
[INFO] [stderr]    Compiling anyhow v1.0.69
[INFO] [stderr]    Compiling fastrand v1.9.0
[INFO] [stderr]    Compiling regex-automata v0.1.10
[INFO] [stderr]    Compiling normalize-line-endings v0.3.0
[INFO] [stderr]    Compiling difflib v0.4.0
[INFO] [stderr]    Compiling bstr v1.3.0
[INFO] [stderr]    Compiling predicates-tree v1.0.7
[INFO] [stderr]    Compiling float-cmp v0.9.0
[INFO] [stderr]    Compiling nix v0.25.1
[INFO] [stderr]    Compiling wait-timeout v0.2.0
[INFO] [stderr]    Compiling regex v1.7.1
[INFO] [stderr]    Compiling comma v1.0.0
[INFO] [stderr]    Compiling is-terminal v0.4.4
[INFO] [stderr]    Compiling clap v4.1.8
[INFO] [stderr]    Compiling predicates v2.1.5
[INFO] [stderr]    Compiling tempfile v3.4.0
[INFO] [stderr]    Compiling assert_cmd v2.0.8
[INFO] [stderr]    Compiling get-port v4.0.0
[INFO] [stderr]    Compiling rexpect v0.5.0
[INFO] [stderr]    Compiling shackle-shell v0.3.0 (/opt/rustwide/workdir)
[INFO] [stderr]     Finished test [unoptimized + debuginfo] target(s) in 18.39s
[INFO] running `Command { std: "docker" "inspect" "fc5dc9697d8c3695c8143b67d8c7343d6af173346b1589b0c3a11b2ba9933b6b", kill_on_drop: false }`
[INFO] running `Command { std: "docker" "rm" "-f" "fc5dc9697d8c3695c8143b67d8c7343d6af173346b1589b0c3a11b2ba9933b6b", kill_on_drop: false }`
[INFO] [stdout] fc5dc9697d8c3695c8143b67d8c7343d6af173346b1589b0c3a11b2ba9933b6b
[INFO] running `Command { std: "docker" "create" "-v" "/var/lib/crater-agent-workspace/builds/worker-7-tc1/target:/opt/rustwide/target:rw,Z" "-v" "/var/lib/crater-agent-workspace/builds/worker-7-tc1/source:/opt/rustwide/workdir:ro,Z" "-v" "/var/lib/crater-agent-workspace/cargo-home:/opt/rustwide/cargo-home:ro,Z" "-v" "/var/lib/crater-agent-workspace/rustup-home:/opt/rustwide/rustup-home:ro,Z" "-e" "SOURCE_DIR=/opt/rustwide/workdir" "-e" "CARGO_TARGET_DIR=/opt/rustwide/target" "-e" "CARGO_INCREMENTAL=0" "-e" "RUST_BACKTRACE=full" "-e" "RUSTFLAGS=--cap-lints=warn" "-e" "RUSTDOCFLAGS=--cap-lints=warn" "-e" "CARGO_HOME=/opt/rustwide/cargo-home" "-e" "RUSTUP_HOME=/opt/rustwide/rustup-home" "-w" "/opt/rustwide/workdir" "-m" "1610612736" "--user" "0:0" "--network" "none" "ghcr.io/rust-lang/crates-build-env/linux@sha256:2788e3201cd34a07e3172128adcd8b3090168a8e3bcc40d7c032b9dda1df7d1c" "/opt/rustwide/cargo-home/bin/cargo" "+1.75.0" "test" "--frozen", kill_on_drop: false }`
[INFO] [stdout] 27acdabdc48b4b53028523e97a978afd6ca98577beaf5dd3d7b7125fb629bd7f
[INFO] running `Command { std: "docker" "start" "-a" "27acdabdc48b4b53028523e97a978afd6ca98577beaf5dd3d7b7125fb629bd7f", kill_on_drop: false }`
[INFO] [stderr]     Finished test [unoptimized + debuginfo] target(s) in 0.34s
[INFO] [stderr]      Running unittests src/lib.rs (/opt/rustwide/target/debug/deps/shackle_shell-e96fbfd61ae0c79b)
[INFO] [stdout] 
[INFO] [stdout] running 4 tests
[INFO] [stdout] test parser::test::it_parses_exit_correctly ... ok
[INFO] [stdout] test parser::test::it_parses_git_upload_pack_correctly ... ok
[INFO] [stdout] test user_info::test::it_returns_a_username ... ok
[INFO] [stdout] test user_info::test::it_returns_some_groups ... ok
[INFO] [stdout] 
[INFO] [stdout] test result: ok. 4 passed; 0 failed; 0 ignored; 0 measured; 0 filtered out; finished in 0.02s
[INFO] [stdout] 
[INFO] [stderr]      Running unittests src/main.rs (/opt/rustwide/target/debug/deps/shackle_shell-7cd312a7f43997e7)
[INFO] [stdout] 
[INFO] [stdout] running 0 tests
[INFO] [stdout] 
[INFO] [stdout] test result: ok. 0 passed; 0 failed; 0 ignored; 0 measured; 0 filtered out; finished in 0.00s
[INFO] [stdout] 
[INFO] [stderr]      Running tests/cli.rs (/opt/rustwide/target/debug/deps/cli-37e9c32091c66b0f)
[INFO] [stdout] 
[INFO] [stdout] running 26 tests
[INFO] [stdout] test allows_quotes_arguments ... ok
[INFO] [stdout] test allows_single_quotes_and_spaces_inside_double_quotes ... ok
[INFO] [stdout] test can_set_the_description_on_a_repo_during_init ... ok
[INFO] [stdout] test can_init_a_new_shared_git_repo ... ok
[INFO] [stdout] test can_change_the_main_branch_on_a_repo ... ok
[INFO] [stdout] test can_init_a_new_git_repo ... ok
[INFO] [stdout] test can_change_the_description_on_a_repo ... ok
[INFO] [stdout] test can_set_the_main_branch_of_a_new_git_repo ... ok
[INFO] [stdout] test does_not_init_shared_repo_if_the_user_isnt_in_the_group ... ok
[INFO] [stdout] test can_delete_a_repo ... ok
[INFO] [stdout] test errors_with_an_open_single_quote ... ok
[INFO] [stdout] test errors_with_an_open_double_quote ... ok
[INFO] [stdout] test does_nothing_after_receiving_whitespace_input ... ok
[INFO] [stdout] test quits_when_eof_is_sent ... ok
[INFO] [stdout] test list_can_print_an_empty_list ... ok
[INFO] [stdout] test quits_when_exit_command_is_sent ... ok
[INFO] [stdout] test list_can_print_a_list_of_all_repos_with_descriptions ... ok
[INFO] [stdout] test list_can_print_a_list_of_personal_repos_with_descriptions ... ok
[INFO] [stdout] test list_can_print_a_verbose_list_of_all_repos ... ok
[INFO] [stdout] test runs_a_single_command_and_exit_with_cli_flag ... ok
[INFO] [stdout] test shows_a_prompt ... ok
[INFO] [stdout] test reports_error_with_nonsense_input ... ok
[INFO] [stdout] test reports_error_with_unsupported_shell_commands ... ok
[INFO] [stdout] test git_housekeeping_cleans_out_stale_refs ... ok
[INFO] [stdout] test git_housekeeping_repacks_objects ... ok
[INFO] [stdout] test repo_is_not_deleted_if_you_say_youre_not_sure ... ok
[INFO] [stdout] 
[INFO] [stdout] test result: ok. 26 passed; 0 failed; 0 ignored; 0 measured; 0 filtered out; finished in 1.72s
[INFO] [stdout] 
[INFO] [stderr]      Running tests/server_shell.rs (/opt/rustwide/target/debug/deps/server_shell-f4efa6556c059160)
[INFO] [stdout] 
[INFO] [stdout] running 7 tests
[INFO] [stdout] test git_clone_can_not_target_repo_outside_allowed_paths ... FAILED
[INFO] [stdout] test git_push_works ... FAILED
[INFO] [stdout] test git_push_works_with_shared_repo ... FAILED
[INFO] [stdout] test git_clone_works_with_an_empty_repo ... FAILED
[INFO] [stdout] test git_clone_works_with_an_empty_shared_repo ... FAILED
[INFO] [stdout] test shows_a_prompt ... FAILED
[INFO] [stdout] test git_push_can_not_target_repo_outside_allowed_paths ... FAILED
[INFO] [stdout] 
[INFO] [stdout] failures:
[INFO] [stdout] 
[INFO] [stdout] ---- git_clone_can_not_target_repo_outside_allowed_paths stdout ----
[INFO] [stdout] Error: prefix not found
[INFO] [stdout] 
[INFO] [stdout] ---- git_push_works stdout ----
[INFO] [stdout] Error: prefix not found
[INFO] [stdout] 
[INFO] [stdout] ---- git_push_works_with_shared_repo stdout ----
[INFO] [stdout] Error: prefix not found
[INFO] [stdout] 
[INFO] [stdout] ---- git_clone_works_with_an_empty_repo stdout ----
[INFO] [stdout] Error: prefix not found
[INFO] [stdout] 
[INFO] [stdout] ---- git_clone_works_with_an_empty_shared_repo stdout ----
[INFO] [stdout] Error: prefix not found
[INFO] [stdout] 
[INFO] [stdout] ---- shows_a_prompt stdout ----
[INFO] [stdout] Error: prefix not found
[INFO] [stdout] 
[INFO] [stdout] ---- git_push_can_not_target_repo_outside_allowed_paths stdout ----
[INFO] [stdout] Error: prefix not found
[INFO] [stdout] 
[INFO] [stdout] 
[INFO] [stdout] failures:
[INFO] [stdout]     git_clone_can_not_target_repo_outside_allowed_paths
[INFO] [stdout]     git_clone_works_with_an_empty_repo
[INFO] [stdout]     git_clone_works_with_an_empty_shared_repo
[INFO] [stdout]     git_push_can_not_target_repo_outside_allowed_paths
[INFO] [stdout]     git_push_works
[INFO] [stdout]     git_push_works_with_shared_repo
[INFO] [stdout]     shows_a_prompt
[INFO] [stdout] 
[INFO] [stdout] test result: FAILED. 0 passed; 7 failed; 0 ignored; 0 measured; 0 filtered out; finished in 0.01s
[INFO] [stdout] 
[INFO] [stderr] error: test failed, to rerun pass `--test server_shell`
[INFO] running `Command { std: "docker" "inspect" "27acdabdc48b4b53028523e97a978afd6ca98577beaf5dd3d7b7125fb629bd7f", kill_on_drop: false }`
[INFO] running `Command { std: "docker" "rm" "-f" "27acdabdc48b4b53028523e97a978afd6ca98577beaf5dd3d7b7125fb629bd7f", kill_on_drop: false }`
[INFO] [stdout] 27acdabdc48b4b53028523e97a978afd6ca98577beaf5dd3d7b7125fb629bd7f
[INFO] testing shackle-shell-0.3.0 against beta-2023-12-22 for beta-1.76-1
[INFO] extracting crate shackle-shell 0.3.0 into /workspace/builds/worker-7-tc2/source
[INFO] validating manifest of crates.io crate shackle-shell 0.3.0 on toolchain beta-2023-12-22
[INFO] running `Command { std: CARGO_HOME="/workspace/cargo-home" RUSTUP_HOME="/workspace/rustup-home" "/workspace/cargo-home/bin/cargo" "+beta-2023-12-22" "metadata" "--manifest-path" "Cargo.toml" "--no-deps", kill_on_drop: false }`
[INFO] started tweaking crates.io crate shackle-shell 0.3.0
[INFO] finished tweaking crates.io crate shackle-shell 0.3.0
[INFO] tweaked toml for crates.io crate shackle-shell 0.3.0 written to /workspace/builds/worker-7-tc2/source/Cargo.toml
[INFO] crate crates.io crate shackle-shell 0.3.0 already has a lockfile, it will not be regenerated
[INFO] running `Command { std: CARGO_HOME="/workspace/cargo-home" RUSTUP_HOME="/workspace/rustup-home" "/workspace/cargo-home/bin/cargo" "+beta-2023-12-22" "fetch" "--manifest-path" "Cargo.toml", kill_on_drop: false }`
[INFO] running `Command { std: "docker" "create" "-v" "/var/lib/crater-agent-workspace/builds/worker-7-tc2/target:/opt/rustwide/target:rw,Z" "-v" "/var/lib/crater-agent-workspace/builds/worker-7-tc2/source:/opt/rustwide/workdir:ro,Z" "-v" "/var/lib/crater-agent-workspace/cargo-home:/opt/rustwide/cargo-home:ro,Z" "-v" "/var/lib/crater-agent-workspace/rustup-home:/opt/rustwide/rustup-home:ro,Z" "-e" "SOURCE_DIR=/opt/rustwide/workdir" "-e" "CARGO_TARGET_DIR=/opt/rustwide/target" "-e" "CARGO_HOME=/opt/rustwide/cargo-home" "-e" "RUSTUP_HOME=/opt/rustwide/rustup-home" "-w" "/opt/rustwide/workdir" "-m" "1610612736" "--user" "0:0" "--network" "none" "ghcr.io/rust-lang/crates-build-env/linux@sha256:2788e3201cd34a07e3172128adcd8b3090168a8e3bcc40d7c032b9dda1df7d1c" "/opt/rustwide/cargo-home/bin/cargo" "+beta-2023-12-22" "metadata" "--no-deps" "--format-version=1", kill_on_drop: false }`
[INFO] [stdout] 647b01c544b5b0c8a6e710f45527e5edcf25a4b603f2020d9c6a4b96964e79a1
[INFO] running `Command { std: "docker" "start" "-a" "647b01c544b5b0c8a6e710f45527e5edcf25a4b603f2020d9c6a4b96964e79a1", kill_on_drop: false }`
[INFO] running `Command { std: "docker" "inspect" "647b01c544b5b0c8a6e710f45527e5edcf25a4b603f2020d9c6a4b96964e79a1", kill_on_drop: false }`
[INFO] running `Command { std: "docker" "rm" "-f" "647b01c544b5b0c8a6e710f45527e5edcf25a4b603f2020d9c6a4b96964e79a1", kill_on_drop: false }`
[INFO] [stdout] 647b01c544b5b0c8a6e710f45527e5edcf25a4b603f2020d9c6a4b96964e79a1
[INFO] running `Command { std: "docker" "create" "-v" "/var/lib/crater-agent-workspace/builds/worker-7-tc2/target:/opt/rustwide/target:rw,Z" "-v" "/var/lib/crater-agent-workspace/builds/worker-7-tc2/source:/opt/rustwide/workdir:ro,Z" "-v" "/var/lib/crater-agent-workspace/cargo-home:/opt/rustwide/cargo-home:ro,Z" "-v" "/var/lib/crater-agent-workspace/rustup-home:/opt/rustwide/rustup-home:ro,Z" "-e" "SOURCE_DIR=/opt/rustwide/workdir" "-e" "CARGO_TARGET_DIR=/opt/rustwide/target" "-e" "CARGO_INCREMENTAL=0" "-e" "RUST_BACKTRACE=full" "-e" "RUSTFLAGS=--cap-lints=warn" "-e" "RUSTDOCFLAGS=--cap-lints=warn" "-e" "CARGO_HOME=/opt/rustwide/cargo-home" "-e" "RUSTUP_HOME=/opt/rustwide/rustup-home" "-w" "/opt/rustwide/workdir" "-m" "1610612736" "--user" "0:0" "--network" "none" "ghcr.io/rust-lang/crates-build-env/linux@sha256:2788e3201cd34a07e3172128adcd8b3090168a8e3bcc40d7c032b9dda1df7d1c" "/opt/rustwide/cargo-home/bin/cargo" "+beta-2023-12-22" "build" "--frozen" "--message-format=json", kill_on_drop: false }`
[INFO] [stdout] e32905c3918aea8bf35511660836790ad30186636196a5dd32478901525345d9
[INFO] running `Command { std: "docker" "start" "-a" "e32905c3918aea8bf35511660836790ad30186636196a5dd32478901525345d9", kill_on_drop: false }`
[INFO] [stderr]    Compiling libc v0.2.139
[INFO] [stderr]    Compiling proc-macro2 v1.0.51
[INFO] [stderr]    Compiling unicode-ident v1.0.6
[INFO] [stderr]    Compiling quote v1.0.23
[INFO] [stderr]    Compiling cfg-if v1.0.0
[INFO] [stderr]    Compiling syn v1.0.107
[INFO] [stderr]    Compiling version_check v0.9.4
[INFO] [stderr]    Compiling log v0.4.17
[INFO] [stderr]    Compiling bitflags v1.3.2
[INFO] [stderr]    Compiling pkg-config v0.3.26
[INFO] [stderr]    Compiling autocfg v1.1.0
[INFO] [stderr]    Compiling io-lifetimes v1.0.5
[INFO] [stderr]    Compiling signal-hook v0.3.15
[INFO] [stderr]    Compiling parking_lot_core v0.9.7
[INFO] [stderr]    Compiling jobserver v0.1.26
[INFO] [stderr]    Compiling proc-macro-error-attr v1.0.4
[INFO] [stderr]    Compiling tinyvec_macros v0.1.1
[INFO] [stderr]    Compiling tinyvec v1.6.0
[INFO] [stderr]    Compiling cc v1.0.79
[INFO] [stderr]    Compiling lock_api v0.4.9
[INFO] [stderr]    Compiling signal-hook-registry v1.4.1
[INFO] [stderr]    Compiling proc-macro-error v1.0.4
[INFO] [stderr]    Compiling smallvec v1.10.0
[INFO] [stderr]    Compiling rustix v0.36.8
[INFO] [stderr]    Compiling scopeguard v1.1.0
[INFO] [stderr]    Compiling heck v0.4.1
[INFO] [stderr]    Compiling rustversion v1.0.12
[INFO] [stderr]    Compiling unicode-normalization v0.1.22
[INFO] [stderr]    Compiling mio v0.8.6
[INFO] [stderr]    Compiling memchr v2.5.0
[INFO] [stderr]    Compiling percent-encoding v2.2.0
[INFO] [stderr]    Compiling linux-raw-sys v0.1.4
[INFO] [stderr]    Compiling unicode-bidi v0.3.10
[INFO] [stderr]    Compiling libm v0.2.7
[INFO] [stderr]    Compiling idna v0.3.0
[INFO] [stderr]    Compiling signal-hook-mio v0.2.3
[INFO] [stderr]    Compiling form_urlencoded v1.1.0
[INFO] [stderr]    Compiling parking_lot v0.12.1
[INFO] [stderr]    Compiling unicode-width v0.1.10
[INFO] [stderr]    Compiling thiserror v1.0.38
[INFO] [stderr]    Compiling os_str_bytes v6.4.1
[INFO] [stderr]    Compiling static_assertions v1.1.0
[INFO] [stderr]    Compiling nix v0.26.2
[INFO] [stderr]    Compiling clap_lex v0.3.2
[INFO] [stderr]    Compiling is-terminal v0.4.4
[INFO] [stderr]    Compiling crossterm v0.25.0
[INFO] [stderr]    Compiling url v2.3.1
[INFO] [stderr]    Compiling libz-sys v1.1.8
[INFO] [stderr]    Compiling libgit2-sys v0.14.2+1.5.1
[INFO] [stderr]    Compiling once_cell v1.17.1
[INFO] [stderr]    Compiling utf8parse v0.2.1
[INFO] [stderr]    Compiling termcolor v1.2.0
[INFO] [stderr]    Compiling unicode-segmentation v1.10.1
[INFO] [stderr]    Compiling strum v0.24.1
[INFO] [stderr]    Compiling strsim v0.10.0
[INFO] [stderr]    Compiling rustyline v11.0.0
[INFO] [stderr]    Compiling humansize v2.1.3
[INFO] [stderr]    Compiling shlex v1.1.0
[INFO] [stderr]    Compiling thiserror-impl v1.0.38
[INFO] [stderr]    Compiling clap_derive v4.1.8
[INFO] [stderr]    Compiling strum_macros v0.24.3
[INFO] [stderr]    Compiling comfy-table v6.1.4
[INFO] [stderr]    Compiling clap v4.1.8
[INFO] [stderr]    Compiling git2 v0.16.1
[INFO] [stderr]    Compiling shackle-shell v0.3.0 (/opt/rustwide/workdir)
[INFO] [stderr]     Finished dev [unoptimized + debuginfo] target(s) in 1m 11s
[INFO] running `Command { std: "docker" "inspect" "e32905c3918aea8bf35511660836790ad30186636196a5dd32478901525345d9", kill_on_drop: false }`
[INFO] running `Command { std: "docker" "rm" "-f" "e32905c3918aea8bf35511660836790ad30186636196a5dd32478901525345d9", kill_on_drop: false }`
[INFO] [stdout] e32905c3918aea8bf35511660836790ad30186636196a5dd32478901525345d9
[INFO] running `Command { std: "docker" "create" "-v" "/var/lib/crater-agent-workspace/builds/worker-7-tc2/target:/opt/rustwide/target:rw,Z" "-v" "/var/lib/crater-agent-workspace/builds/worker-7-tc2/source:/opt/rustwide/workdir:ro,Z" "-v" "/var/lib/crater-agent-workspace/cargo-home:/opt/rustwide/cargo-home:ro,Z" "-v" "/var/lib/crater-agent-workspace/rustup-home:/opt/rustwide/rustup-home:ro,Z" "-e" "SOURCE_DIR=/opt/rustwide/workdir" "-e" "CARGO_TARGET_DIR=/opt/rustwide/target" "-e" "CARGO_INCREMENTAL=0" "-e" "RUST_BACKTRACE=full" "-e" "RUSTFLAGS=--cap-lints=warn" "-e" "RUSTDOCFLAGS=--cap-lints=warn" "-e" "CARGO_HOME=/opt/rustwide/cargo-home" "-e" "RUSTUP_HOME=/opt/rustwide/rustup-home" "-w" "/opt/rustwide/workdir" "-m" "1610612736" "--user" "0:0" "--network" "none" "ghcr.io/rust-lang/crates-build-env/linux@sha256:2788e3201cd34a07e3172128adcd8b3090168a8e3bcc40d7c032b9dda1df7d1c" "/opt/rustwide/cargo-home/bin/cargo" "+beta-2023-12-22" "test" "--frozen" "--no-run" "--message-format=json", kill_on_drop: false }`
[INFO] [stdout] 2dc51c3f293ff665bf43d89e12f578cb64b25b6135e6e25a8f663fa36f157663
[INFO] running `Command { std: "docker" "start" "-a" "2dc51c3f293ff665bf43d89e12f578cb64b25b6135e6e25a8f663fa36f157663", kill_on_drop: false }`
[INFO] [stderr]    Compiling rustix v0.36.8
[INFO] [stderr]    Compiling num-traits v0.2.15
[INFO] [stderr]    Compiling aho-corasick v0.7.20
[INFO] [stderr]    Compiling memoffset v0.6.5
[INFO] [stderr]    Compiling regex-syntax v0.6.28
[INFO] [stderr]    Compiling either v1.8.1
[INFO] [stderr]    Compiling predicates-core v1.0.5
[INFO] [stderr]    Compiling doc-comment v0.3.3
[INFO] [stderr]    Compiling itertools v0.10.5
[INFO] [stderr]    Compiling regex-automata v0.1.10
[INFO] [stderr]    Compiling anyhow v1.0.69
[INFO] [stderr]    Compiling fastrand v1.9.0
[INFO] [stderr]    Compiling pin-utils v0.1.0
[INFO] [stderr]    Compiling normalize-line-endings v0.3.0
[INFO] [stderr]    Compiling difflib v0.4.0
[INFO] [stderr]    Compiling termtree v0.4.0
[INFO] [stderr]    Compiling nix v0.25.1
[INFO] [stderr]    Compiling predicates-tree v1.0.7
[INFO] [stderr]    Compiling float-cmp v0.9.0
[INFO] [stderr]    Compiling bstr v1.3.0
[INFO] [stderr]    Compiling wait-timeout v0.2.0
[INFO] [stderr]    Compiling regex v1.7.1
[INFO] [stderr]    Compiling is-terminal v0.4.4
[INFO] [stderr]    Compiling clap v4.1.8
[INFO] [stderr]    Compiling tempfile v3.4.0
[INFO] [stderr]    Compiling predicates v2.1.5
[INFO] [stderr]    Compiling comma v1.0.0
[INFO] [stderr]    Compiling rexpect v0.5.0
[INFO] [stderr]    Compiling assert_cmd v2.0.8
[INFO] [stderr]    Compiling shackle-shell v0.3.0 (/opt/rustwide/workdir)
[INFO] [stderr]    Compiling get-port v4.0.0
[INFO] [stderr]     Finished test [unoptimized + debuginfo] target(s) in 1m 17s
[INFO] running `Command { std: "docker" "inspect" "2dc51c3f293ff665bf43d89e12f578cb64b25b6135e6e25a8f663fa36f157663", kill_on_drop: false }`
[INFO] running `Command { std: "docker" "rm" "-f" "2dc51c3f293ff665bf43d89e12f578cb64b25b6135e6e25a8f663fa36f157663", kill_on_drop: false }`
[INFO] [stdout] 2dc51c3f293ff665bf43d89e12f578cb64b25b6135e6e25a8f663fa36f157663
[INFO] running `Command { std: "docker" "create" "-v" "/var/lib/crater-agent-workspace/builds/worker-7-tc2/target:/opt/rustwide/target:rw,Z" "-v" "/var/lib/crater-agent-workspace/builds/worker-7-tc2/source:/opt/rustwide/workdir:ro,Z" "-v" "/var/lib/crater-agent-workspace/cargo-home:/opt/rustwide/cargo-home:ro,Z" "-v" "/var/lib/crater-agent-workspace/rustup-home:/opt/rustwide/rustup-home:ro,Z" "-e" "SOURCE_DIR=/opt/rustwide/workdir" "-e" "CARGO_TARGET_DIR=/opt/rustwide/target" "-e" "CARGO_INCREMENTAL=0" "-e" "RUST_BACKTRACE=full" "-e" "RUSTFLAGS=--cap-lints=warn" "-e" "RUSTDOCFLAGS=--cap-lints=warn" "-e" "CARGO_HOME=/opt/rustwide/cargo-home" "-e" "RUSTUP_HOME=/opt/rustwide/rustup-home" "-w" "/opt/rustwide/workdir" "-m" "1610612736" "--user" "0:0" "--network" "none" "ghcr.io/rust-lang/crates-build-env/linux@sha256:2788e3201cd34a07e3172128adcd8b3090168a8e3bcc40d7c032b9dda1df7d1c" "/opt/rustwide/cargo-home/bin/cargo" "+beta-2023-12-22" "test" "--frozen", kill_on_drop: false }`
[INFO] [stdout] 2ec5e1c92d0ae2262433e6a8b67f1f772cf3678d161c23e0f96534156c3920bf
[INFO] running `Command { std: "docker" "start" "-a" "2ec5e1c92d0ae2262433e6a8b67f1f772cf3678d161c23e0f96534156c3920bf", kill_on_drop: false }`
[INFO] [stderr]     Finished test [unoptimized + debuginfo] target(s) in 0.17s
[INFO] [stderr]      Running unittests src/lib.rs (/opt/rustwide/target/debug/deps/shackle_shell-2f5f6b72cde02e55)
[INFO] [stdout] 
[INFO] [stdout] running 4 tests
[INFO] [stdout] test user_info::test::it_returns_some_groups ... ok
[INFO] [stdout] test parser::test::it_parses_git_upload_pack_correctly ... ok
[INFO] [stdout] test parser::test::it_parses_exit_correctly ... ok
[INFO] [stderr]      Running unittests src/main.rs (/opt/rustwide/target/debug/deps/shackle_shell-17a51005dc1d04b2)
[INFO] [stdout] test user_info::test::it_returns_a_username ... ok
[INFO] [stdout] 
[INFO] [stdout] test result: ok. 4 passed; 0 failed; 0 ignored; 0 measured; 0 filtered out; finished in 0.02s
[INFO] [stdout] 
[INFO] [stdout] 
[INFO] [stdout] running 0 tests
[INFO] [stdout] 
[INFO] [stdout] test result: ok. 0 passed; 0 failed; 0 ignored; 0 measured; 0 filtered out; finished in 0.00s
[INFO] [stdout] 
[INFO] [stderr]      Running tests/cli.rs (/opt/rustwide/target/debug/deps/cli-649e71f170296c80)
[INFO] [stdout] 
[INFO] [stdout] running 26 tests
[INFO] [stdout] test allows_quotes_arguments ... ok
[INFO] [stdout] test allows_single_quotes_and_spaces_inside_double_quotes ... ok
[INFO] [stdout] test can_init_a_new_shared_git_repo ... ok
[INFO] [stdout] test can_change_the_main_branch_on_a_repo ... ok
[INFO] [stdout] test can_set_the_description_on_a_repo_during_init ... ok
[INFO] [stdout] test can_change_the_description_on_a_repo ... ok
[INFO] [stdout] test can_init_a_new_git_repo ... ok
[INFO] [stdout] test can_delete_a_repo ... ok
[INFO] [stdout] test can_set_the_main_branch_of_a_new_git_repo ... ok
[INFO] [stdout] test does_not_init_shared_repo_if_the_user_isnt_in_the_group ... ok
[INFO] [stdout] test errors_with_an_open_single_quote ... ok
[INFO] [stdout] test errors_with_an_open_double_quote ... ok
[INFO] [stdout] test does_nothing_after_receiving_whitespace_input ... ok
[INFO] [stdout] test quits_when_eof_is_sent ... ok
[INFO] [stdout] test quits_when_exit_command_is_sent ... ok
[INFO] [stdout] test list_can_print_a_list_of_personal_repos_with_descriptions ... ok
[INFO] [stdout] test list_can_print_an_empty_list ... ok
[INFO] [stdout] test list_can_print_a_list_of_all_repos_with_descriptions ... ok
[INFO] [stdout] test list_can_print_a_verbose_list_of_all_repos ... ok
[INFO] [stdout] test runs_a_single_command_and_exit_with_cli_flag ... ok
[INFO] [stdout] test shows_a_prompt ... ok
[INFO] [stdout] test reports_error_with_nonsense_input ... ok
[INFO] [stdout] test reports_error_with_unsupported_shell_commands ... ok
[INFO] [stdout] test git_housekeeping_repacks_objects ... ok
[INFO] [stdout] test git_housekeeping_cleans_out_stale_refs ... ok
[INFO] [stdout] test repo_is_not_deleted_if_you_say_youre_not_sure ... ok
[INFO] [stdout] 
[INFO] [stdout] test result: ok. 26 passed; 0 failed; 0 ignored; 0 measured; 0 filtered out; finished in 1.64s
[INFO] [stdout] 
[INFO] [stderr]      Running tests/server_shell.rs (/opt/rustwide/target/debug/deps/server_shell-3900bb8f17aed338)
[INFO] [stdout] 
[INFO] [stdout] running 7 tests
[INFO] [stdout] test git_push_can_not_target_repo_outside_allowed_paths ... FAILED
[INFO] [stdout] test git_clone_can_not_target_repo_outside_allowed_paths ... FAILED
[INFO] [stdout] test git_clone_works_with_an_empty_repo ... FAILED
[INFO] [stdout] test git_clone_works_with_an_empty_shared_repo ... FAILED
[INFO] [stdout] test git_push_works_with_shared_repo ... FAILED
[INFO] [stdout] test shows_a_prompt ... FAILED
[INFO] [stderr] error: test failed, to rerun pass `--test server_shell`
[INFO] [stdout] test git_push_works ... FAILED
[INFO] [stdout] 
[INFO] [stdout] failures:
[INFO] [stdout] 
[INFO] [stdout] ---- git_push_can_not_target_repo_outside_allowed_paths stdout ----
[INFO] [stdout] Error: prefix not found
[INFO] [stdout] 
[INFO] [stdout] ---- git_clone_can_not_target_repo_outside_allowed_paths stdout ----
[INFO] [stdout] Error: prefix not found
[INFO] [stdout] 
[INFO] [stdout] ---- git_clone_works_with_an_empty_repo stdout ----
[INFO] [stdout] Error: prefix not found
[INFO] [stdout] 
[INFO] [stdout] ---- git_clone_works_with_an_empty_shared_repo stdout ----
[INFO] [stdout] Error: prefix not found
[INFO] [stdout] 
[INFO] [stdout] ---- git_push_works_with_shared_repo stdout ----
[INFO] [stdout] Error: prefix not found
[INFO] [stdout] 
[INFO] [stdout] ---- shows_a_prompt stdout ----
[INFO] [stdout] Error: prefix not found
[INFO] [stdout] 
[INFO] [stdout] ---- git_push_works stdout ----
[INFO] [stdout] Error: prefix not found
[INFO] [stdout] 
[INFO] [stdout] 
[INFO] [stdout] failures:
[INFO] [stdout]     git_clone_can_not_target_repo_outside_allowed_paths
[INFO] [stdout]     git_clone_works_with_an_empty_repo
[INFO] [stdout]     git_clone_works_with_an_empty_shared_repo
[INFO] [stdout]     git_push_can_not_target_repo_outside_allowed_paths
[INFO] [stdout]     git_push_works
[INFO] [stdout]     git_push_works_with_shared_repo
[INFO] [stdout]     shows_a_prompt
[INFO] [stdout] 
[INFO] [stdout] test result: FAILED. 0 passed; 7 failed; 0 ignored; 0 measured; 0 filtered out; finished in 0.01s
[INFO] [stdout] 
[INFO] running `Command { std: "docker" "inspect" "2ec5e1c92d0ae2262433e6a8b67f1f772cf3678d161c23e0f96534156c3920bf", kill_on_drop: false }`
[INFO] running `Command { std: "docker" "rm" "-f" "2ec5e1c92d0ae2262433e6a8b67f1f772cf3678d161c23e0f96534156c3920bf", kill_on_drop: false }`
[INFO] [stdout] 2ec5e1c92d0ae2262433e6a8b67f1f772cf3678d161c23e0f96534156c3920bf
