[INFO] fetching crate sha2ni 0.8.5...
[INFO] testing sha2ni-0.8.5 against 1.75.0 for beta-1.76-1
[INFO] extracting crate sha2ni 0.8.5 into /workspace/builds/worker-5-tc1/source
[INFO] validating manifest of crates.io crate sha2ni 0.8.5 on toolchain 1.75.0
[INFO] running `Command { std: CARGO_HOME="/workspace/cargo-home" RUSTUP_HOME="/workspace/rustup-home" "/workspace/cargo-home/bin/cargo" "+1.75.0" "metadata" "--manifest-path" "Cargo.toml" "--no-deps", kill_on_drop: false }`
[INFO] started tweaking crates.io crate sha2ni 0.8.5
[INFO] finished tweaking crates.io crate sha2ni 0.8.5
[INFO] tweaked toml for crates.io crate sha2ni 0.8.5 written to /workspace/builds/worker-5-tc1/source/Cargo.toml
[INFO] crate crates.io crate sha2ni 0.8.5 already has a lockfile, it will not be regenerated
[INFO] running `Command { std: CARGO_HOME="/workspace/cargo-home" RUSTUP_HOME="/workspace/rustup-home" "/workspace/cargo-home/bin/cargo" "+1.75.0" "fetch" "--manifest-path" "Cargo.toml", kill_on_drop: false }`
[INFO] [stderr]     Updating crates.io index
[INFO] [stderr]  Downloading crates ...
[INFO] [stderr]   Downloaded sha2-asm v0.5.3
[INFO] [stderr]   Downloaded hex-literal v0.1.4
[INFO] [stderr]   Downloaded proc-macro-hack v0.4.2
[INFO] [stderr]   Downloaded blobby v0.1.2
[INFO] [stderr]   Downloaded raw-cpuid v7.0.3
[INFO] [stderr]   Downloaded hex-literal-impl v0.1.2
[INFO] [stderr]   Downloaded proc-macro-hack-impl v0.4.2
[INFO] running `Command { std: "docker" "create" "-v" "/var/lib/crater-agent-workspace/builds/worker-5-tc1/target:/opt/rustwide/target:rw,Z" "-v" "/var/lib/crater-agent-workspace/builds/worker-5-tc1/source:/opt/rustwide/workdir:ro,Z" "-v" "/var/lib/crater-agent-workspace/cargo-home:/opt/rustwide/cargo-home:ro,Z" "-v" "/var/lib/crater-agent-workspace/rustup-home:/opt/rustwide/rustup-home:ro,Z" "-e" "SOURCE_DIR=/opt/rustwide/workdir" "-e" "CARGO_TARGET_DIR=/opt/rustwide/target" "-e" "CARGO_HOME=/opt/rustwide/cargo-home" "-e" "RUSTUP_HOME=/opt/rustwide/rustup-home" "-w" "/opt/rustwide/workdir" "-m" "1610612736" "--user" "0:0" "--network" "none" "ghcr.io/rust-lang/crates-build-env/linux@sha256:2788e3201cd34a07e3172128adcd8b3090168a8e3bcc40d7c032b9dda1df7d1c" "/opt/rustwide/cargo-home/bin/cargo" "+1.75.0" "metadata" "--no-deps" "--format-version=1", kill_on_drop: false }`
[INFO] [stdout] 906b222288e38fdc16081b165febb2a3f5fe48d9aeff163b77d3712a5d942e85
[INFO] running `Command { std: "docker" "start" "-a" "906b222288e38fdc16081b165febb2a3f5fe48d9aeff163b77d3712a5d942e85", kill_on_drop: false }`
[INFO] running `Command { std: "docker" "inspect" "906b222288e38fdc16081b165febb2a3f5fe48d9aeff163b77d3712a5d942e85", kill_on_drop: false }`
[INFO] running `Command { std: "docker" "rm" "-f" "906b222288e38fdc16081b165febb2a3f5fe48d9aeff163b77d3712a5d942e85", kill_on_drop: false }`
[INFO] [stdout] 906b222288e38fdc16081b165febb2a3f5fe48d9aeff163b77d3712a5d942e85
[INFO] running `Command { std: "docker" "create" "-v" "/var/lib/crater-agent-workspace/builds/worker-5-tc1/target:/opt/rustwide/target:rw,Z" "-v" "/var/lib/crater-agent-workspace/builds/worker-5-tc1/source:/opt/rustwide/workdir:ro,Z" "-v" "/var/lib/crater-agent-workspace/cargo-home:/opt/rustwide/cargo-home:ro,Z" "-v" "/var/lib/crater-agent-workspace/rustup-home:/opt/rustwide/rustup-home:ro,Z" "-e" "SOURCE_DIR=/opt/rustwide/workdir" "-e" "CARGO_TARGET_DIR=/opt/rustwide/target" "-e" "CARGO_INCREMENTAL=0" "-e" "RUST_BACKTRACE=full" "-e" "RUSTFLAGS=--cap-lints=warn" "-e" "RUSTDOCFLAGS=--cap-lints=warn" "-e" "CARGO_HOME=/opt/rustwide/cargo-home" "-e" "RUSTUP_HOME=/opt/rustwide/rustup-home" "-w" "/opt/rustwide/workdir" "-m" "1610612736" "--user" "0:0" "--network" "none" "ghcr.io/rust-lang/crates-build-env/linux@sha256:2788e3201cd34a07e3172128adcd8b3090168a8e3bcc40d7c032b9dda1df7d1c" "/opt/rustwide/cargo-home/bin/cargo" "+1.75.0" "build" "--frozen" "--message-format=json", kill_on_drop: false }`
[INFO] [stdout] cc1c5f4b61a518a0f4404efe9ea359c6e07a0626477d158202dc19ffba6d52d9
[INFO] running `Command { std: "docker" "start" "-a" "cc1c5f4b61a518a0f4404efe9ea359c6e07a0626477d158202dc19ffba6d52d9", kill_on_drop: false }`
[INFO] [stderr]    Compiling semver-parser v0.7.0
[INFO] [stderr]    Compiling byteorder v1.3.4
[INFO] [stderr]    Compiling typenum v1.12.0
[INFO] [stderr]    Compiling bitflags v1.2.1
[INFO] [stderr]    Compiling cc v1.0.52
[INFO] [stderr]    Compiling byte-tools v0.3.1
[INFO] [stderr]    Compiling spin v0.5.2
[INFO] [stderr]    Compiling fake-simd v0.1.2
[INFO] [stderr]    Compiling block-padding v0.1.5
[INFO] [stderr]    Compiling opaque-debug v0.2.3
[INFO] [stderr]    Compiling lazy_static v1.4.0
[INFO] [stderr]    Compiling semver v0.9.0
[INFO] [stderr]    Compiling rustc_version v0.2.3
[INFO] [stderr]    Compiling blobby v0.1.2
[INFO] [stderr]    Compiling raw-cpuid v7.0.3
[INFO] [stderr]    Compiling generic-array v0.12.3
[INFO] [stderr]    Compiling block-buffer v0.7.3
[INFO] [stderr]    Compiling digest v0.8.1
[INFO] [stderr]    Compiling sha2ni v0.8.5 (/opt/rustwide/workdir)
[INFO] [stderr]     Finished dev [unoptimized + debuginfo] target(s) in 1.27s
[INFO] running `Command { std: "docker" "inspect" "cc1c5f4b61a518a0f4404efe9ea359c6e07a0626477d158202dc19ffba6d52d9", kill_on_drop: false }`
[INFO] running `Command { std: "docker" "rm" "-f" "cc1c5f4b61a518a0f4404efe9ea359c6e07a0626477d158202dc19ffba6d52d9", kill_on_drop: false }`
[INFO] [stdout] cc1c5f4b61a518a0f4404efe9ea359c6e07a0626477d158202dc19ffba6d52d9
[INFO] running `Command { std: "docker" "create" "-v" "/var/lib/crater-agent-workspace/builds/worker-5-tc1/target:/opt/rustwide/target:rw,Z" "-v" "/var/lib/crater-agent-workspace/builds/worker-5-tc1/source:/opt/rustwide/workdir:ro,Z" "-v" "/var/lib/crater-agent-workspace/cargo-home:/opt/rustwide/cargo-home:ro,Z" "-v" "/var/lib/crater-agent-workspace/rustup-home:/opt/rustwide/rustup-home:ro,Z" "-e" "SOURCE_DIR=/opt/rustwide/workdir" "-e" "CARGO_TARGET_DIR=/opt/rustwide/target" "-e" "CARGO_INCREMENTAL=0" "-e" "RUST_BACKTRACE=full" "-e" "RUSTFLAGS=--cap-lints=warn" "-e" "RUSTDOCFLAGS=--cap-lints=warn" "-e" "CARGO_HOME=/opt/rustwide/cargo-home" "-e" "RUSTUP_HOME=/opt/rustwide/rustup-home" "-w" "/opt/rustwide/workdir" "-m" "1610612736" "--user" "0:0" "--network" "none" "ghcr.io/rust-lang/crates-build-env/linux@sha256:2788e3201cd34a07e3172128adcd8b3090168a8e3bcc40d7c032b9dda1df7d1c" "/opt/rustwide/cargo-home/bin/cargo" "+1.75.0" "test" "--frozen" "--no-run" "--message-format=json", kill_on_drop: false }`
[INFO] [stdout] 6dc017c95a000eadd1a7666e113070ae12c4de38cae06ec292ec778173d1487b
[INFO] running `Command { std: "docker" "start" "-a" "6dc017c95a000eadd1a7666e113070ae12c4de38cae06ec292ec778173d1487b", kill_on_drop: false }`
[INFO] [stderr]    Compiling proc-macro-hack-impl v0.4.2
[INFO] [stderr]    Compiling proc-macro-hack v0.4.2
[INFO] [stderr]    Compiling hex-literal-impl v0.1.2
[INFO] [stderr]    Compiling hex-literal v0.1.4
[INFO] [stderr]    Compiling sha2ni v0.8.5 (/opt/rustwide/workdir)
[INFO] [stderr]     Finished test [unoptimized + debuginfo] target(s) in 0.76s
[INFO] running `Command { std: "docker" "inspect" "6dc017c95a000eadd1a7666e113070ae12c4de38cae06ec292ec778173d1487b", kill_on_drop: false }`
[INFO] running `Command { std: "docker" "rm" "-f" "6dc017c95a000eadd1a7666e113070ae12c4de38cae06ec292ec778173d1487b", kill_on_drop: false }`
[INFO] [stdout] 6dc017c95a000eadd1a7666e113070ae12c4de38cae06ec292ec778173d1487b
[INFO] running `Command { std: "docker" "create" "-v" "/var/lib/crater-agent-workspace/builds/worker-5-tc1/target:/opt/rustwide/target:rw,Z" "-v" "/var/lib/crater-agent-workspace/builds/worker-5-tc1/source:/opt/rustwide/workdir:ro,Z" "-v" "/var/lib/crater-agent-workspace/cargo-home:/opt/rustwide/cargo-home:ro,Z" "-v" "/var/lib/crater-agent-workspace/rustup-home:/opt/rustwide/rustup-home:ro,Z" "-e" "SOURCE_DIR=/opt/rustwide/workdir" "-e" "CARGO_TARGET_DIR=/opt/rustwide/target" "-e" "CARGO_INCREMENTAL=0" "-e" "RUST_BACKTRACE=full" "-e" "RUSTFLAGS=--cap-lints=warn" "-e" "RUSTDOCFLAGS=--cap-lints=warn" "-e" "CARGO_HOME=/opt/rustwide/cargo-home" "-e" "RUSTUP_HOME=/opt/rustwide/rustup-home" "-w" "/opt/rustwide/workdir" "-m" "1610612736" "--user" "0:0" "--network" "none" "ghcr.io/rust-lang/crates-build-env/linux@sha256:2788e3201cd34a07e3172128adcd8b3090168a8e3bcc40d7c032b9dda1df7d1c" "/opt/rustwide/cargo-home/bin/cargo" "+1.75.0" "test" "--frozen", kill_on_drop: false }`
[INFO] [stdout] b531b074412e060be9864789de4fe4acdaaa1dead9e2e7ac6ae516eedaf6967f
[INFO] running `Command { std: "docker" "start" "-a" "b531b074412e060be9864789de4fe4acdaaa1dead9e2e7ac6ae516eedaf6967f", kill_on_drop: false }`
[INFO] [stderr]     Finished test [unoptimized + debuginfo] target(s) in 0.02s
[INFO] [stderr]      Running unittests src/lib.rs (/opt/rustwide/target/debug/deps/sha2ni-34aa2e4304a671f4)
[INFO] [stdout] 
[INFO] [stdout] running 0 tests
[INFO] [stderr]      Running tests/lib.rs (/opt/rustwide/target/debug/deps/lib-7bd9fababcd60103)
[INFO] [stdout] 
[INFO] [stdout] test result: ok. 0 passed; 0 failed; 0 ignored; 0 measured; 0 filtered out; finished in 0.00s
[INFO] [stdout] 
[INFO] [stdout] 
[INFO] [stdout] running 8 tests
[INFO] [stdout] test sha224_main ... ok
[INFO] [stdout] test sha256_main ... ok
[INFO] [stdout] test sha384_main ... ok
[INFO] [stdout] test sha512_256_main ... ok
[INFO] [stdout] test sha512_main ... ok
[INFO] [stdout] test sha512_224_main ... ok
[INFO] [stdout] test sha512_1million_a ... ok
[INFO] [stdout] test sha256_1million_a ... ok
[INFO] [stdout] 
[INFO] [stdout] test result: ok. 8 passed; 0 failed; 0 ignored; 0 measured; 0 filtered out; finished in 0.06s
[INFO] [stdout] 
[INFO] [stderr]    Doc-tests sha2ni
[INFO] [stdout] 
[INFO] [stdout] running 9 tests
[INFO] [stdout] test src/sha256_utils.rs - sha256_utils::compress256 (line 206) ... ignored
[INFO] [stdout] test src/sha256_utils.rs - sha256_utils::compress256 (line 234) ... ignored
[INFO] [stdout] test src/sha256_utils.rs - sha256_utils::compress256 (line 242) ... ignored
[INFO] [stdout] test src/sha256_utils.rs - sha256_utils::compress256 (line 268) ... ignored
[INFO] [stdout] test src/sha512_utils.rs - sha512_utils::compress512 (line 212) ... ignored
[INFO] [stdout] test src/sha512_utils.rs - sha512_utils::compress512 (line 244) ... ignored
[INFO] [stdout] test src/sha512_utils.rs - sha512_utils::compress512 (line 252) ... ignored
[INFO] [stdout] test src/sha512_utils.rs - sha512_utils::compress512 (line 280) ... ignored
[INFO] [stdout] test src/lib.rs - (line 22) ... FAILED
[INFO] [stdout] 
[INFO] [stdout] failures:
[INFO] [stdout] 
[INFO] [stdout] ---- src/lib.rs - (line 22) stdout ----
[INFO] [stdout] error: proc-macro derive panicked
[INFO] [stdout]   --> src/lib.rs:37:24
[INFO] [stdout]    |
[INFO] [stdout] 16 |   assert_eq!(result[..], hex!("
[INFO] [stdout]    |  ________________________^
[INFO] [stdout] 17 | |     b94d27b9934d3e08a52e52d7da7dabfac484efe37a5380ee9088f7ace2efcde9
[INFO] [stdout] 18 | | ")[..]);
[INFO] [stdout]    | |__^
[INFO] [stdout]    |
[INFO] [stdout]    = help: message: assertion failed: source.starts_with(prefix)
[INFO] [stdout]    = note: this error originates in the macro `hex` (in Nightly builds, run with -Z macro-backtrace for more info)
[INFO] [stdout] 
[INFO] [stdout] error: proc-macro derive panicked
[INFO] [stdout]   --> src/lib.rs:46:24
[INFO] [stdout]    |
[INFO] [stdout] 25 |   assert_eq!(result[..], hex!("
[INFO] [stdout]    |  ________________________^
[INFO] [stdout] 26 | |     309ecc489c12d6eb4cc40f50c902f2b4d0ed77ee511a7c7a9bcd3ca86d4cd86f
[INFO] [stdout] 27 | |     989dd35bc5ff499670da34255b45b0cfd830e81f605dcf7dc5542e93ae9cd76f
[INFO] [stdout] 28 | | ")[..]);
[INFO] [stdout]    | |__^
[INFO] [stdout]    |
[INFO] [stdout]    = help: message: assertion failed: source.starts_with(prefix)
[INFO] [stdout]    = note: this error originates in the macro `hex` (in Nightly builds, run with -Z macro-backtrace for more info)
[INFO] [stdout] 
[INFO] [stdout] error: cannot find macro `proc_macro_call` in this scope
[INFO] [stdout]   --> src/lib.rs:46:24
[INFO] [stdout]    |
[INFO] [stdout] 25 |   assert_eq!(result[..], hex!("
[INFO] [stdout]    |  ________________________^
[INFO] [stdout] 26 | |     309ecc489c12d6eb4cc40f50c902f2b4d0ed77ee511a7c7a9bcd3ca86d4cd86f
[INFO] [stdout] 27 | |     989dd35bc5ff499670da34255b45b0cfd830e81f605dcf7dc5542e93ae9cd76f
[INFO] [stdout] 28 | | ")[..]);
[INFO] [stdout]    | |__^
[INFO] [stdout]    |
[INFO] [stdout]    = note: this error originates in the macro `hex` (in Nightly builds, run with -Z macro-backtrace for more info)
[INFO] [stdout] 
[INFO] [stdout] error: cannot find macro `proc_macro_call` in this scope
[INFO] [stdout]   --> src/lib.rs:37:24
[INFO] [stdout]    |
[INFO] [stdout] 16 |   assert_eq!(result[..], hex!("
[INFO] [stdout]    |  ________________________^
[INFO] [stdout] 17 | |     b94d27b9934d3e08a52e52d7da7dabfac484efe37a5380ee9088f7ace2efcde9
[INFO] [stdout] 18 | | ")[..]);
[INFO] [stdout]    | |__^
[INFO] [stdout]    |
[INFO] [stdout]    = note: this error originates in the macro `hex` (in Nightly builds, run with -Z macro-backtrace for more info)
[INFO] [stdout] 
[INFO] [stdout] error: aborting due to 4 previous errors
[INFO] [stdout] 
[INFO] [stdout] Couldn't compile the test.
[INFO] [stdout] 
[INFO] [stdout] failures:
[INFO] [stdout]     src/lib.rs - (line 22)
[INFO] [stdout] 
[INFO] [stdout] test result: FAILED. 0 passed; 1 failed; 8 ignored; 0 measured; 0 filtered out; finished in 0.06s
[INFO] [stdout] 
[INFO] [stderr] error: doctest failed, to rerun pass `--doc`
[INFO] running `Command { std: "docker" "inspect" "b531b074412e060be9864789de4fe4acdaaa1dead9e2e7ac6ae516eedaf6967f", kill_on_drop: false }`
[INFO] running `Command { std: "docker" "rm" "-f" "b531b074412e060be9864789de4fe4acdaaa1dead9e2e7ac6ae516eedaf6967f", kill_on_drop: false }`
[INFO] [stdout] b531b074412e060be9864789de4fe4acdaaa1dead9e2e7ac6ae516eedaf6967f
[INFO] testing sha2ni-0.8.5 against beta-2023-12-22 for beta-1.76-1
[INFO] extracting crate sha2ni 0.8.5 into /workspace/builds/worker-5-tc2/source
[INFO] validating manifest of crates.io crate sha2ni 0.8.5 on toolchain beta-2023-12-22
[INFO] running `Command { std: CARGO_HOME="/workspace/cargo-home" RUSTUP_HOME="/workspace/rustup-home" "/workspace/cargo-home/bin/cargo" "+beta-2023-12-22" "metadata" "--manifest-path" "Cargo.toml" "--no-deps", kill_on_drop: false }`
[INFO] started tweaking crates.io crate sha2ni 0.8.5
[INFO] finished tweaking crates.io crate sha2ni 0.8.5
[INFO] tweaked toml for crates.io crate sha2ni 0.8.5 written to /workspace/builds/worker-5-tc2/source/Cargo.toml
[INFO] crate crates.io crate sha2ni 0.8.5 already has a lockfile, it will not be regenerated
[INFO] running `Command { std: CARGO_HOME="/workspace/cargo-home" RUSTUP_HOME="/workspace/rustup-home" "/workspace/cargo-home/bin/cargo" "+beta-2023-12-22" "fetch" "--manifest-path" "Cargo.toml", kill_on_drop: false }`
[INFO] running `Command { std: "docker" "create" "-v" "/var/lib/crater-agent-workspace/builds/worker-5-tc2/target:/opt/rustwide/target:rw,Z" "-v" "/var/lib/crater-agent-workspace/builds/worker-5-tc2/source:/opt/rustwide/workdir:ro,Z" "-v" "/var/lib/crater-agent-workspace/cargo-home:/opt/rustwide/cargo-home:ro,Z" "-v" "/var/lib/crater-agent-workspace/rustup-home:/opt/rustwide/rustup-home:ro,Z" "-e" "SOURCE_DIR=/opt/rustwide/workdir" "-e" "CARGO_TARGET_DIR=/opt/rustwide/target" "-e" "CARGO_HOME=/opt/rustwide/cargo-home" "-e" "RUSTUP_HOME=/opt/rustwide/rustup-home" "-w" "/opt/rustwide/workdir" "-m" "1610612736" "--user" "0:0" "--network" "none" "ghcr.io/rust-lang/crates-build-env/linux@sha256:2788e3201cd34a07e3172128adcd8b3090168a8e3bcc40d7c032b9dda1df7d1c" "/opt/rustwide/cargo-home/bin/cargo" "+beta-2023-12-22" "metadata" "--no-deps" "--format-version=1", kill_on_drop: false }`
[INFO] [stdout] 30e1e24376246da9ad4ba5573b2da55a393874dd3996e1c67e33620369dbc8a4
[INFO] running `Command { std: "docker" "start" "-a" "30e1e24376246da9ad4ba5573b2da55a393874dd3996e1c67e33620369dbc8a4", kill_on_drop: false }`
[INFO] running `Command { std: "docker" "inspect" "30e1e24376246da9ad4ba5573b2da55a393874dd3996e1c67e33620369dbc8a4", kill_on_drop: false }`
[INFO] running `Command { std: "docker" "rm" "-f" "30e1e24376246da9ad4ba5573b2da55a393874dd3996e1c67e33620369dbc8a4", kill_on_drop: false }`
[INFO] [stdout] 30e1e24376246da9ad4ba5573b2da55a393874dd3996e1c67e33620369dbc8a4
[INFO] running `Command { std: "docker" "create" "-v" "/var/lib/crater-agent-workspace/builds/worker-5-tc2/target:/opt/rustwide/target:rw,Z" "-v" "/var/lib/crater-agent-workspace/builds/worker-5-tc2/source:/opt/rustwide/workdir:ro,Z" "-v" "/var/lib/crater-agent-workspace/cargo-home:/opt/rustwide/cargo-home:ro,Z" "-v" "/var/lib/crater-agent-workspace/rustup-home:/opt/rustwide/rustup-home:ro,Z" "-e" "SOURCE_DIR=/opt/rustwide/workdir" "-e" "CARGO_TARGET_DIR=/opt/rustwide/target" "-e" "CARGO_INCREMENTAL=0" "-e" "RUST_BACKTRACE=full" "-e" "RUSTFLAGS=--cap-lints=warn" "-e" "RUSTDOCFLAGS=--cap-lints=warn" "-e" "CARGO_HOME=/opt/rustwide/cargo-home" "-e" "RUSTUP_HOME=/opt/rustwide/rustup-home" "-w" "/opt/rustwide/workdir" "-m" "1610612736" "--user" "0:0" "--network" "none" "ghcr.io/rust-lang/crates-build-env/linux@sha256:2788e3201cd34a07e3172128adcd8b3090168a8e3bcc40d7c032b9dda1df7d1c" "/opt/rustwide/cargo-home/bin/cargo" "+beta-2023-12-22" "build" "--frozen" "--message-format=json", kill_on_drop: false }`
[INFO] [stdout] f99b0235f94422c5f42ce12bc0dcc6f10b9233260ae10d56fc9f9d8aed418499
[INFO] running `Command { std: "docker" "start" "-a" "f99b0235f94422c5f42ce12bc0dcc6f10b9233260ae10d56fc9f9d8aed418499", kill_on_drop: false }`
[INFO] [stderr]    Compiling byteorder v1.3.4
[INFO] [stderr]    Compiling semver-parser v0.7.0
[INFO] [stderr]    Compiling typenum v1.12.0
[INFO] [stderr]    Compiling cc v1.0.52
[INFO] [stderr]    Compiling bitflags v1.2.1
[INFO] [stderr]    Compiling byte-tools v0.3.1
[INFO] [stderr]    Compiling spin v0.5.2
[INFO] [stderr]    Compiling opaque-debug v0.2.3
[INFO] [stderr]    Compiling block-padding v0.1.5
[INFO] [stderr]    Compiling fake-simd v0.1.2
[INFO] [stderr]    Compiling semver v0.9.0
[INFO] [stderr]    Compiling lazy_static v1.4.0
[INFO] [stderr]    Compiling rustc_version v0.2.3
[INFO] [stderr]    Compiling blobby v0.1.2
[INFO] [stderr]    Compiling raw-cpuid v7.0.3
[INFO] [stderr]    Compiling generic-array v0.12.3
[INFO] [stderr]    Compiling block-buffer v0.7.3
[INFO] [stderr]    Compiling digest v0.8.1
[INFO] [stderr]    Compiling sha2ni v0.8.5 (/opt/rustwide/workdir)
[INFO] [stderr]     Finished dev [unoptimized + debuginfo] target(s) in 1.63s
[INFO] running `Command { std: "docker" "inspect" "f99b0235f94422c5f42ce12bc0dcc6f10b9233260ae10d56fc9f9d8aed418499", kill_on_drop: false }`
[INFO] running `Command { std: "docker" "rm" "-f" "f99b0235f94422c5f42ce12bc0dcc6f10b9233260ae10d56fc9f9d8aed418499", kill_on_drop: false }`
[INFO] [stdout] f99b0235f94422c5f42ce12bc0dcc6f10b9233260ae10d56fc9f9d8aed418499
[INFO] running `Command { std: "docker" "create" "-v" "/var/lib/crater-agent-workspace/builds/worker-5-tc2/target:/opt/rustwide/target:rw,Z" "-v" "/var/lib/crater-agent-workspace/builds/worker-5-tc2/source:/opt/rustwide/workdir:ro,Z" "-v" "/var/lib/crater-agent-workspace/cargo-home:/opt/rustwide/cargo-home:ro,Z" "-v" "/var/lib/crater-agent-workspace/rustup-home:/opt/rustwide/rustup-home:ro,Z" "-e" "SOURCE_DIR=/opt/rustwide/workdir" "-e" "CARGO_TARGET_DIR=/opt/rustwide/target" "-e" "CARGO_INCREMENTAL=0" "-e" "RUST_BACKTRACE=full" "-e" "RUSTFLAGS=--cap-lints=warn" "-e" "RUSTDOCFLAGS=--cap-lints=warn" "-e" "CARGO_HOME=/opt/rustwide/cargo-home" "-e" "RUSTUP_HOME=/opt/rustwide/rustup-home" "-w" "/opt/rustwide/workdir" "-m" "1610612736" "--user" "0:0" "--network" "none" "ghcr.io/rust-lang/crates-build-env/linux@sha256:2788e3201cd34a07e3172128adcd8b3090168a8e3bcc40d7c032b9dda1df7d1c" "/opt/rustwide/cargo-home/bin/cargo" "+beta-2023-12-22" "test" "--frozen" "--no-run" "--message-format=json", kill_on_drop: false }`
[INFO] [stdout] 5deb6d88a9e283f1a0efcb69ba3496bb28e6f23e6321b5b07ae745269c821ec3
[INFO] running `Command { std: "docker" "start" "-a" "5deb6d88a9e283f1a0efcb69ba3496bb28e6f23e6321b5b07ae745269c821ec3", kill_on_drop: false }`
[INFO] [stderr]    Compiling proc-macro-hack-impl v0.4.2
[INFO] [stderr]    Compiling proc-macro-hack v0.4.2
[INFO] [stderr]    Compiling hex-literal-impl v0.1.2
[INFO] [stderr]    Compiling hex-literal v0.1.4
[INFO] [stderr]    Compiling sha2ni v0.8.5 (/opt/rustwide/workdir)
[INFO] [stderr]     Finished test [unoptimized + debuginfo] target(s) in 0.74s
[INFO] running `Command { std: "docker" "inspect" "5deb6d88a9e283f1a0efcb69ba3496bb28e6f23e6321b5b07ae745269c821ec3", kill_on_drop: false }`
[INFO] running `Command { std: "docker" "rm" "-f" "5deb6d88a9e283f1a0efcb69ba3496bb28e6f23e6321b5b07ae745269c821ec3", kill_on_drop: false }`
[INFO] [stdout] 5deb6d88a9e283f1a0efcb69ba3496bb28e6f23e6321b5b07ae745269c821ec3
[INFO] running `Command { std: "docker" "create" "-v" "/var/lib/crater-agent-workspace/builds/worker-5-tc2/target:/opt/rustwide/target:rw,Z" "-v" "/var/lib/crater-agent-workspace/builds/worker-5-tc2/source:/opt/rustwide/workdir:ro,Z" "-v" "/var/lib/crater-agent-workspace/cargo-home:/opt/rustwide/cargo-home:ro,Z" "-v" "/var/lib/crater-agent-workspace/rustup-home:/opt/rustwide/rustup-home:ro,Z" "-e" "SOURCE_DIR=/opt/rustwide/workdir" "-e" "CARGO_TARGET_DIR=/opt/rustwide/target" "-e" "CARGO_INCREMENTAL=0" "-e" "RUST_BACKTRACE=full" "-e" "RUSTFLAGS=--cap-lints=warn" "-e" "RUSTDOCFLAGS=--cap-lints=warn" "-e" "CARGO_HOME=/opt/rustwide/cargo-home" "-e" "RUSTUP_HOME=/opt/rustwide/rustup-home" "-w" "/opt/rustwide/workdir" "-m" "1610612736" "--user" "0:0" "--network" "none" "ghcr.io/rust-lang/crates-build-env/linux@sha256:2788e3201cd34a07e3172128adcd8b3090168a8e3bcc40d7c032b9dda1df7d1c" "/opt/rustwide/cargo-home/bin/cargo" "+beta-2023-12-22" "test" "--frozen", kill_on_drop: false }`
[INFO] [stdout] eb04aa6c5921795aaf358bba6752d13fb6a4cf40eaf39d925f56779f4c468d9c
[INFO] running `Command { std: "docker" "start" "-a" "eb04aa6c5921795aaf358bba6752d13fb6a4cf40eaf39d925f56779f4c468d9c", kill_on_drop: false }`
[INFO] [stderr]     Finished test [unoptimized + debuginfo] target(s) in 0.01s
[INFO] [stderr]      Running unittests src/lib.rs (/opt/rustwide/target/debug/deps/sha2ni-9fa877b647992f89)
[INFO] [stdout] 
[INFO] [stdout] running 0 tests
[INFO] [stdout] 
[INFO] [stdout] test result: ok. 0 passed; 0 failed; 0 ignored; 0 measured; 0 filtered out; finished in 0.00s
[INFO] [stdout] 
[INFO] [stderr]      Running tests/lib.rs (/opt/rustwide/target/debug/deps/lib-3bd83fa890c02c0b)
[INFO] [stdout] 
[INFO] [stdout] running 8 tests
[INFO] [stdout] test sha224_main ... ok
[INFO] [stdout] test sha256_main ... ok
[INFO] [stdout] test sha384_main ... ok
[INFO] [stdout] test sha512_256_main ... ok
[INFO] [stdout] test sha512_224_main ... ok
[INFO] [stdout] test sha512_main ... ok
[INFO] [stdout] test sha512_1million_a ... ok
[INFO] [stdout] test sha256_1million_a ... ok
[INFO] [stdout] 
[INFO] [stdout] test result: ok. 8 passed; 0 failed; 0 ignored; 0 measured; 0 filtered out; finished in 0.06s
[INFO] [stdout] 
[INFO] [stderr]    Doc-tests sha2ni
[INFO] [stdout] 
[INFO] [stdout] running 9 tests
[INFO] [stdout] test src/sha256_utils.rs - sha256_utils::compress256 (line 206) ... ignored
[INFO] [stdout] test src/sha256_utils.rs - sha256_utils::compress256 (line 234) ... ignored
[INFO] [stdout] test src/sha256_utils.rs - sha256_utils::compress256 (line 242) ... ignored
[INFO] [stdout] test src/sha256_utils.rs - sha256_utils::compress256 (line 268) ... ignored
[INFO] [stdout] test src/sha512_utils.rs - sha512_utils::compress512 (line 212) ... ignored
[INFO] [stdout] test src/sha512_utils.rs - sha512_utils::compress512 (line 244) ... ignored
[INFO] [stdout] test src/sha512_utils.rs - sha512_utils::compress512 (line 252) ... ignored
[INFO] [stdout] test src/sha512_utils.rs - sha512_utils::compress512 (line 280) ... ignored
[INFO] [stdout] test src/lib.rs - (line 22) ... FAILED
[INFO] [stdout] 
[INFO] [stdout] failures:
[INFO] [stdout] 
[INFO] [stdout] ---- src/lib.rs - (line 22) stdout ----
[INFO] [stdout] error: proc-macro derive panicked
[INFO] [stdout]   --> src/lib.rs:37:24
[INFO] [stdout]    |
[INFO] [stdout] 16 |   assert_eq!(result[..], hex!("
[INFO] [stdout]    |  ________________________^
[INFO] [stdout] 17 | |     b94d27b9934d3e08a52e52d7da7dabfac484efe37a5380ee9088f7ace2efcde9
[INFO] [stdout] 18 | | ")[..]);
[INFO] [stdout]    | |__^
[INFO] [stdout]    |
[INFO] [stdout]    = help: message: assertion failed: source.starts_with(prefix)
[INFO] [stdout]    = note: this error originates in the macro `hex` (in Nightly builds, run with -Z macro-backtrace for more info)
[INFO] [stdout] 
[INFO] [stdout] error: proc-macro derive panicked
[INFO] [stdout]   --> src/lib.rs:46:24
[INFO] [stdout]    |
[INFO] [stdout] 25 |   assert_eq!(result[..], hex!("
[INFO] [stdout]    |  ________________________^
[INFO] [stdout] 26 | |     309ecc489c12d6eb4cc40f50c902f2b4d0ed77ee511a7c7a9bcd3ca86d4cd86f
[INFO] [stdout] 27 | |     989dd35bc5ff499670da34255b45b0cfd830e81f605dcf7dc5542e93ae9cd76f
[INFO] [stdout] 28 | | ")[..]);
[INFO] [stdout]    | |__^
[INFO] [stdout]    |
[INFO] [stdout]    = help: message: assertion failed: source.starts_with(prefix)
[INFO] [stdout]    = note: this error originates in the macro `hex` (in Nightly builds, run with -Z macro-backtrace for more info)
[INFO] [stdout] 
[INFO] [stdout] error: cannot find macro `proc_macro_call` in this scope
[INFO] [stdout]   --> src/lib.rs:46:24
[INFO] [stdout]    |
[INFO] [stdout] 25 |   assert_eq!(result[..], hex!("
[INFO] [stdout]    |  ________________________^
[INFO] [stdout] 26 | |     309ecc489c12d6eb4cc40f50c902f2b4d0ed77ee511a7c7a9bcd3ca86d4cd86f
[INFO] [stdout] 27 | |     989dd35bc5ff499670da34255b45b0cfd830e81f605dcf7dc5542e93ae9cd76f
[INFO] [stdout] 28 | | ")[..]);
[INFO] [stdout]    | |__^
[INFO] [stdout]    |
[INFO] [stdout]    = note: this error originates in the macro `hex` (in Nightly builds, run with -Z macro-backtrace for more info)
[INFO] [stdout] 
[INFO] [stdout] error: cannot find macro `proc_macro_call` in this scope
[INFO] [stdout]   --> src/lib.rs:37:24
[INFO] [stdout]    |
[INFO] [stdout] 16 |   assert_eq!(result[..], hex!("
[INFO] [stdout]    |  ________________________^
[INFO] [stdout] 17 | |     b94d27b9934d3e08a52e52d7da7dabfac484efe37a5380ee9088f7ace2efcde9
[INFO] [stdout] 18 | | ")[..]);
[INFO] [stdout]    | |__^
[INFO] [stdout]    |
[INFO] [stdout]    = note: this error originates in the macro `hex` (in Nightly builds, run with -Z macro-backtrace for more info)
[INFO] [stdout] 
[INFO] [stdout] error: aborting due to 4 previous errors
[INFO] [stdout] 
[INFO] [stdout] Couldn't compile the test.
[INFO] [stdout] 
[INFO] [stdout] failures:
[INFO] [stdout]     src/lib.rs - (line 22)
[INFO] [stdout] 
[INFO] [stdout] test result: FAILED. 0 passed; 1 failed; 8 ignored; 0 measured; 0 filtered out; finished in 0.04s
[INFO] [stdout] 
[INFO] [stderr] error: doctest failed, to rerun pass `--doc`
[INFO] running `Command { std: "docker" "inspect" "eb04aa6c5921795aaf358bba6752d13fb6a4cf40eaf39d925f56779f4c468d9c", kill_on_drop: false }`
[INFO] running `Command { std: "docker" "rm" "-f" "eb04aa6c5921795aaf358bba6752d13fb6a4cf40eaf39d925f56779f4c468d9c", kill_on_drop: false }`
[INFO] [stdout] eb04aa6c5921795aaf358bba6752d13fb6a4cf40eaf39d925f56779f4c468d9c
