[INFO] fetching crate sha2-derive 0.1.2...
[INFO] testing sha2-derive-0.1.2 against 1.75.0 for beta-1.76-1
[INFO] extracting crate sha2-derive 0.1.2 into /workspace/builds/worker-1-tc1/source
[INFO] validating manifest of crates.io crate sha2-derive 0.1.2 on toolchain 1.75.0
[INFO] running `Command { std: CARGO_HOME="/workspace/cargo-home" RUSTUP_HOME="/workspace/rustup-home" "/workspace/cargo-home/bin/cargo" "+1.75.0" "metadata" "--manifest-path" "Cargo.toml" "--no-deps", kill_on_drop: false }`
[INFO] started tweaking crates.io crate sha2-derive 0.1.2
[INFO] finished tweaking crates.io crate sha2-derive 0.1.2
[INFO] tweaked toml for crates.io crate sha2-derive 0.1.2 written to /workspace/builds/worker-1-tc1/source/Cargo.toml
[INFO] running `Command { std: CARGO_HOME="/workspace/cargo-home" RUSTUP_HOME="/workspace/rustup-home" "/workspace/cargo-home/bin/cargo" "+1.75.0" "generate-lockfile" "--manifest-path" "Cargo.toml", kill_on_drop: false }`
[INFO] [stderr]     Updating crates.io index
[INFO] running `Command { std: CARGO_HOME="/workspace/cargo-home" RUSTUP_HOME="/workspace/rustup-home" "/workspace/cargo-home/bin/cargo" "+1.75.0" "fetch" "--manifest-path" "Cargo.toml", kill_on_drop: false }`
[INFO] [stderr]  Downloading crates ...
[INFO] [stderr]   Downloaded sha2-derive-proc-macro v0.1.6
[INFO] running `Command { std: "docker" "create" "-v" "/var/lib/crater-agent-workspace/builds/worker-1-tc1/target:/opt/rustwide/target:rw,Z" "-v" "/var/lib/crater-agent-workspace/builds/worker-1-tc1/source:/opt/rustwide/workdir:ro,Z" "-v" "/var/lib/crater-agent-workspace/cargo-home:/opt/rustwide/cargo-home:ro,Z" "-v" "/var/lib/crater-agent-workspace/rustup-home:/opt/rustwide/rustup-home:ro,Z" "-e" "SOURCE_DIR=/opt/rustwide/workdir" "-e" "CARGO_TARGET_DIR=/opt/rustwide/target" "-e" "CARGO_HOME=/opt/rustwide/cargo-home" "-e" "RUSTUP_HOME=/opt/rustwide/rustup-home" "-w" "/opt/rustwide/workdir" "-m" "1610612736" "--user" "0:0" "--network" "none" "ghcr.io/rust-lang/crates-build-env/linux@sha256:2788e3201cd34a07e3172128adcd8b3090168a8e3bcc40d7c032b9dda1df7d1c" "/opt/rustwide/cargo-home/bin/cargo" "+1.75.0" "metadata" "--no-deps" "--format-version=1", kill_on_drop: false }`
[INFO] [stdout] ae8c05f6c315ca1fce84693f48758871a577fe33aa1e620eca851f8517937c56
[INFO] running `Command { std: "docker" "start" "-a" "ae8c05f6c315ca1fce84693f48758871a577fe33aa1e620eca851f8517937c56", kill_on_drop: false }`
[INFO] running `Command { std: "docker" "inspect" "ae8c05f6c315ca1fce84693f48758871a577fe33aa1e620eca851f8517937c56", kill_on_drop: false }`
[INFO] running `Command { std: "docker" "rm" "-f" "ae8c05f6c315ca1fce84693f48758871a577fe33aa1e620eca851f8517937c56", kill_on_drop: false }`
[INFO] [stdout] ae8c05f6c315ca1fce84693f48758871a577fe33aa1e620eca851f8517937c56
[INFO] running `Command { std: "docker" "create" "-v" "/var/lib/crater-agent-workspace/builds/worker-1-tc1/target:/opt/rustwide/target:rw,Z" "-v" "/var/lib/crater-agent-workspace/builds/worker-1-tc1/source:/opt/rustwide/workdir:ro,Z" "-v" "/var/lib/crater-agent-workspace/cargo-home:/opt/rustwide/cargo-home:ro,Z" "-v" "/var/lib/crater-agent-workspace/rustup-home:/opt/rustwide/rustup-home:ro,Z" "-e" "SOURCE_DIR=/opt/rustwide/workdir" "-e" "CARGO_TARGET_DIR=/opt/rustwide/target" "-e" "CARGO_INCREMENTAL=0" "-e" "RUST_BACKTRACE=full" "-e" "RUSTFLAGS=--cap-lints=warn" "-e" "RUSTDOCFLAGS=--cap-lints=warn" "-e" "CARGO_HOME=/opt/rustwide/cargo-home" "-e" "RUSTUP_HOME=/opt/rustwide/rustup-home" "-w" "/opt/rustwide/workdir" "-m" "1610612736" "--user" "0:0" "--network" "none" "ghcr.io/rust-lang/crates-build-env/linux@sha256:2788e3201cd34a07e3172128adcd8b3090168a8e3bcc40d7c032b9dda1df7d1c" "/opt/rustwide/cargo-home/bin/cargo" "+1.75.0" "build" "--frozen" "--message-format=json", kill_on_drop: false }`
[INFO] [stdout] 9967a2b98b66b28e1cdca4a344500e0961ed4447aa4f8ee0c6561b90b63e7ab7
[INFO] running `Command { std: "docker" "start" "-a" "9967a2b98b66b28e1cdca4a344500e0961ed4447aa4f8ee0c6561b90b63e7ab7", kill_on_drop: false }`
[INFO] [stderr]    Compiling sha2-derive-proc-macro v0.1.6
[INFO] [stderr]    Compiling crypto-common v0.1.6
[INFO] [stderr]    Compiling digest v0.10.7
[INFO] [stderr]    Compiling sha2 v0.10.8
[INFO] [stderr]    Compiling sha2-derive v0.1.2 (/opt/rustwide/workdir)
[INFO] [stderr]     Finished dev [unoptimized + debuginfo] target(s) in 0.46s
[INFO] running `Command { std: "docker" "inspect" "9967a2b98b66b28e1cdca4a344500e0961ed4447aa4f8ee0c6561b90b63e7ab7", kill_on_drop: false }`
[INFO] running `Command { std: "docker" "rm" "-f" "9967a2b98b66b28e1cdca4a344500e0961ed4447aa4f8ee0c6561b90b63e7ab7", kill_on_drop: false }`
[INFO] [stdout] 9967a2b98b66b28e1cdca4a344500e0961ed4447aa4f8ee0c6561b90b63e7ab7
[INFO] running `Command { std: "docker" "create" "-v" "/var/lib/crater-agent-workspace/builds/worker-1-tc1/target:/opt/rustwide/target:rw,Z" "-v" "/var/lib/crater-agent-workspace/builds/worker-1-tc1/source:/opt/rustwide/workdir:ro,Z" "-v" "/var/lib/crater-agent-workspace/cargo-home:/opt/rustwide/cargo-home:ro,Z" "-v" "/var/lib/crater-agent-workspace/rustup-home:/opt/rustwide/rustup-home:ro,Z" "-e" "SOURCE_DIR=/opt/rustwide/workdir" "-e" "CARGO_TARGET_DIR=/opt/rustwide/target" "-e" "CARGO_INCREMENTAL=0" "-e" "RUST_BACKTRACE=full" "-e" "RUSTFLAGS=--cap-lints=warn" "-e" "RUSTDOCFLAGS=--cap-lints=warn" "-e" "CARGO_HOME=/opt/rustwide/cargo-home" "-e" "RUSTUP_HOME=/opt/rustwide/rustup-home" "-w" "/opt/rustwide/workdir" "-m" "1610612736" "--user" "0:0" "--network" "none" "ghcr.io/rust-lang/crates-build-env/linux@sha256:2788e3201cd34a07e3172128adcd8b3090168a8e3bcc40d7c032b9dda1df7d1c" "/opt/rustwide/cargo-home/bin/cargo" "+1.75.0" "test" "--frozen" "--no-run" "--message-format=json", kill_on_drop: false }`
[INFO] [stdout] d2ecce5750ef591fe8e8fe1931520a78325e38a68f7d93eef9f944ed533f7ff1
[INFO] running `Command { std: "docker" "start" "-a" "d2ecce5750ef591fe8e8fe1931520a78325e38a68f7d93eef9f944ed533f7ff1", kill_on_drop: false }`
[INFO] [stderr]    Compiling sha2-derive v0.1.2 (/opt/rustwide/workdir)
[INFO] [stdout] TokenStream [Ident { ident: "struct", span: #0 bytes(41..47) }, Ident { ident: "Test", span: #0 bytes(48..52) }, Group { delimiter: Brace, stream: TokenStream [Ident { ident: "test", span: #0 bytes(59..63) }, Punct { ch: ':', spacing: Alone, span: #0 bytes(63..64) }, Ident { ident: "String", span: #0 bytes(65..71) }, Punct { ch: ',', spacing: Alone, span: #0 bytes(71..72) }, Ident { ident: "test2", span: #0 bytes(77..82) }, Punct { ch: ':', spacing: Alone, span: #0 bytes(82..83) }, Ident { ident: "u32", span: #0 bytes(84..87) }, Punct { ch: ',', spacing: Alone, span: #0 bytes(87..88) }, Ident { ident: "test3", span: #0 bytes(93..98) }, Punct { ch: ':', spacing: Alone, span: #0 bytes(98..99) }, Ident { ident: "Vec", span: #0 bytes(100..103) }, Punct { ch: '<', spacing: Alone, span: #0 bytes(103..104) }, Ident { ident: "i16", span: #0 bytes(104..107) }, Punct { ch: '>', spacing: Joint, span: #0 bytes(107..108) }, Punct { ch: ',', spacing: Alone, span: #0 bytes(108..109) }, Ident { ident: "test4", span: #0 bytes(114..119) }, Punct { ch: ':', spacing: Alone, span: #0 bytes(119..120) }, Ident { ident: "Vec", span: #0 bytes(121..124) }, Punct { ch: '<', spacing: Alone, span: #0 bytes(124..125) }, Group { delimiter: Parenthesis, stream: TokenStream [Ident { ident: "i32", span: #0 bytes(126..129) }, Punct { ch: ',', spacing: Alone, span: #0 bytes(129..130) }, Ident { ident: "i64", span: #0 bytes(131..134) }], span: #0 bytes(125..135) }, Punct { ch: '>', spacing: Joint, span: #0 bytes(135..136) }, Punct { ch: ',', spacing: Alone, span: #0 bytes(136..137) }, Ident { ident: "test5", span: #0 bytes(142..147) }, Punct { ch: ':', spacing: Alone, span: #0 bytes(147..148) }, Punct { ch: '&', spacing: Alone, span: #0 bytes(149..150) }, Punct { ch: '\'', spacing: Joint, span: #0 bytes(150..157) }, Ident { ident: "static", span: #0 bytes(150..157) }, Group { delimiter: Bracket, stream: TokenStream [Ident { ident: "u8", span: #0 bytes(159..161) }], span: #0 bytes(158..162) }, Punct { ch: ',', spacing: Alone, span: #0 bytes(162..163) }, Ident { ident: "test6", span: #0 bytes(168..173) }, Punct { ch: ':', spacing: Alone, span: #0 bytes(173..174) }, Ident { ident: "std", span: #0 bytes(175..178) }, Punct { ch: ':', spacing: Joint, span: #0 bytes(178..179) }, Punct { ch: ':', spacing: Alone, span: #0 bytes(179..180) }, Ident { ident: "collections", span: #0 bytes(180..191) }, Punct { ch: ':', spacing: Joint, span: #0 bytes(191..192) }, Punct { ch: ':', spacing: Alone, span: #0 bytes(192..193) }, Ident { ident: "HashMap", span: #0 bytes(193..200) }, Punct { ch: '<', spacing: Alone, span: #0 bytes(200..201) }, Ident { ident: "String", span: #0 bytes(201..207) }, Punct { ch: ',', spacing: Alone, span: #0 bytes(207..208) }, Ident { ident: "Vec", span: #0 bytes(209..212) }, Punct { ch: '<', spacing: Alone, span: #0 bytes(212..213) }, Ident { ident: "u16", span: #0 bytes(213..216) }, Punct { ch: '>', spacing: Joint, span: #0 bytes(216..217) }, Punct { ch: '>', spacing: Joint, span: #0 bytes(217..218) }, Punct { ch: ',', spacing: Alone, span: #0 bytes(218..219) }], span: #0 bytes(53..221) }]
[INFO] [stderr]     Finished test [unoptimized + debuginfo] target(s) in 0.41s
[INFO] running `Command { std: "docker" "inspect" "d2ecce5750ef591fe8e8fe1931520a78325e38a68f7d93eef9f944ed533f7ff1", kill_on_drop: false }`
[INFO] running `Command { std: "docker" "rm" "-f" "d2ecce5750ef591fe8e8fe1931520a78325e38a68f7d93eef9f944ed533f7ff1", kill_on_drop: false }`
[INFO] [stdout] d2ecce5750ef591fe8e8fe1931520a78325e38a68f7d93eef9f944ed533f7ff1
[INFO] running `Command { std: "docker" "create" "-v" "/var/lib/crater-agent-workspace/builds/worker-1-tc1/target:/opt/rustwide/target:rw,Z" "-v" "/var/lib/crater-agent-workspace/builds/worker-1-tc1/source:/opt/rustwide/workdir:ro,Z" "-v" "/var/lib/crater-agent-workspace/cargo-home:/opt/rustwide/cargo-home:ro,Z" "-v" "/var/lib/crater-agent-workspace/rustup-home:/opt/rustwide/rustup-home:ro,Z" "-e" "SOURCE_DIR=/opt/rustwide/workdir" "-e" "CARGO_TARGET_DIR=/opt/rustwide/target" "-e" "CARGO_INCREMENTAL=0" "-e" "RUST_BACKTRACE=full" "-e" "RUSTFLAGS=--cap-lints=warn" "-e" "RUSTDOCFLAGS=--cap-lints=warn" "-e" "CARGO_HOME=/opt/rustwide/cargo-home" "-e" "RUSTUP_HOME=/opt/rustwide/rustup-home" "-w" "/opt/rustwide/workdir" "-m" "1610612736" "--user" "0:0" "--network" "none" "ghcr.io/rust-lang/crates-build-env/linux@sha256:2788e3201cd34a07e3172128adcd8b3090168a8e3bcc40d7c032b9dda1df7d1c" "/opt/rustwide/cargo-home/bin/cargo" "+1.75.0" "test" "--frozen", kill_on_drop: false }`
[INFO] [stdout] ea68bc48e961a76f4f560bd4ad07b8a5cef52dd532e46235ac78f56ed51cc780
[INFO] running `Command { std: "docker" "start" "-a" "ea68bc48e961a76f4f560bd4ad07b8a5cef52dd532e46235ac78f56ed51cc780", kill_on_drop: false }`
[INFO] [stderr]     Finished test [unoptimized + debuginfo] target(s) in 0.01s
[INFO] [stderr]      Running unittests src/lib.rs (/opt/rustwide/target/debug/deps/sha2_derive-31828457f5bc9367)
[INFO] [stdout] 
[INFO] [stdout] running 0 tests
[INFO] [stdout] 
[INFO] [stdout] test result: ok. 0 passed; 0 failed; 0 ignored; 0 measured; 0 filtered out; finished in 0.00s
[INFO] [stdout] 
[INFO] [stderr]      Running tests/test.rs (/opt/rustwide/target/debug/deps/test-f3a794ac06d618b6)
[INFO] [stdout] 
[INFO] [stdout] running 1 test
[INFO] [stdout] test test ... ok
[INFO] [stdout] 
[INFO] [stdout] test result: ok. 1 passed; 0 failed; 0 ignored; 0 measured; 0 filtered out; finished in 0.00s
[INFO] [stdout] 
[INFO] [stderr]    Doc-tests sha2-derive
[INFO] [stdout] 
[INFO] [stdout] running 2 tests
[INFO] [stdout] TokenStream [Ident { ident: "struct", span: #0 bytes(119..125) }, Ident { ident: "User", span: #0 bytes(126..130) }, Group { delimiter: Brace, stream: TokenStream [Ident { ident: "username", span: #0 bytes(137..145) }, Punct { ch: ':', spacing: Alone, span: #0 bytes(145..146) }, Ident { ident: "String", span: #0 bytes(147..153) }, Punct { ch: ',', spacing: Alone, span: #0 bytes(153..154) }, Ident { ident: "age", span: #0 bytes(159..162) }, Punct { ch: ':', spacing: Alone, span: #0 bytes(162..163) }, Ident { ident: "u8", span: #0 bytes(164..166) }, Punct { ch: ',', spacing: Alone, span: #0 bytes(166..167) }, Ident { ident: "timestamps", span: #0 bytes(172..182) }, Punct { ch: ':', spacing: Alone, span: #0 bytes(182..183) }, Ident { ident: "Vec", span: #0 bytes(184..187) }, Punct { ch: '<', spacing: Alone, span: #0 bytes(187..188) }, Ident { ident: "u64", span: #0 bytes(188..191) }, Punct { ch: '>', spacing: Joint, span: #0 bytes(191..192) }, Punct { ch: ',', spacing: Alone, span: #0 bytes(192..193) }], span: #0 bytes(131..195) }]
[INFO] [stdout] test src/lib.rs - (line 31) ... FAILED
[INFO] [stdout] test src/lib.rs - (line 8) ... ok
[INFO] [stdout] 
[INFO] [stdout] failures:
[INFO] [stdout] 
[INFO] [stdout] ---- src/lib.rs - (line 31) stdout ----
[INFO] [stdout] error[E0405]: cannot find trait `Hashable` in this scope
[INFO] [stdout]  --> src/lib.rs:36:6
[INFO] [stdout]   |
[INFO] [stdout] 7 | impl Hashable for CustomType {
[INFO] [stdout]   |      ^^^^^^^^ not found in this scope
[INFO] [stdout]   |
[INFO] [stdout] help: consider importing this trait
[INFO] [stdout]   |
[INFO] [stdout] 2 + use sha2_derive::Hashable;
[INFO] [stdout]   |
[INFO] [stdout] 
[INFO] [stdout] error: aborting due to previous error
[INFO] [stdout] 
[INFO] [stdout] For more information about this error, try `rustc --explain E0405`.
[INFO] [stdout] Couldn't compile the test.
[INFO] [stdout] 
[INFO] [stdout] failures:
[INFO] [stdout]     src/lib.rs - (line 31)
[INFO] [stdout] 
[INFO] [stdout] test result: FAILED. 1 passed; 1 failed; 0 ignored; 0 measured; 0 filtered out; finished in 0.20s
[INFO] [stdout] 
[INFO] [stderr] error: doctest failed, to rerun pass `--doc`
[INFO] running `Command { std: "docker" "inspect" "ea68bc48e961a76f4f560bd4ad07b8a5cef52dd532e46235ac78f56ed51cc780", kill_on_drop: false }`
[INFO] running `Command { std: "docker" "rm" "-f" "ea68bc48e961a76f4f560bd4ad07b8a5cef52dd532e46235ac78f56ed51cc780", kill_on_drop: false }`
[INFO] [stdout] ea68bc48e961a76f4f560bd4ad07b8a5cef52dd532e46235ac78f56ed51cc780
[INFO] testing sha2-derive-0.1.2 against beta-2023-12-22 for beta-1.76-1
[INFO] extracting crate sha2-derive 0.1.2 into /workspace/builds/worker-1-tc2/source
[INFO] validating manifest of crates.io crate sha2-derive 0.1.2 on toolchain beta-2023-12-22
[INFO] running `Command { std: CARGO_HOME="/workspace/cargo-home" RUSTUP_HOME="/workspace/rustup-home" "/workspace/cargo-home/bin/cargo" "+beta-2023-12-22" "metadata" "--manifest-path" "Cargo.toml" "--no-deps", kill_on_drop: false }`
[INFO] started tweaking crates.io crate sha2-derive 0.1.2
[INFO] finished tweaking crates.io crate sha2-derive 0.1.2
[INFO] tweaked toml for crates.io crate sha2-derive 0.1.2 written to /workspace/builds/worker-1-tc2/source/Cargo.toml
[INFO] running `Command { std: CARGO_HOME="/workspace/cargo-home" RUSTUP_HOME="/workspace/rustup-home" "/workspace/cargo-home/bin/cargo" "+beta-2023-12-22" "generate-lockfile" "--manifest-path" "Cargo.toml", kill_on_drop: false }`
[INFO] [stderr]     Updating crates.io index
[INFO] running `Command { std: CARGO_HOME="/workspace/cargo-home" RUSTUP_HOME="/workspace/rustup-home" "/workspace/cargo-home/bin/cargo" "+beta-2023-12-22" "fetch" "--manifest-path" "Cargo.toml", kill_on_drop: false }`
[INFO] running `Command { std: "docker" "create" "-v" "/var/lib/crater-agent-workspace/builds/worker-1-tc2/target:/opt/rustwide/target:rw,Z" "-v" "/var/lib/crater-agent-workspace/builds/worker-1-tc2/source:/opt/rustwide/workdir:ro,Z" "-v" "/var/lib/crater-agent-workspace/cargo-home:/opt/rustwide/cargo-home:ro,Z" "-v" "/var/lib/crater-agent-workspace/rustup-home:/opt/rustwide/rustup-home:ro,Z" "-e" "SOURCE_DIR=/opt/rustwide/workdir" "-e" "CARGO_TARGET_DIR=/opt/rustwide/target" "-e" "CARGO_HOME=/opt/rustwide/cargo-home" "-e" "RUSTUP_HOME=/opt/rustwide/rustup-home" "-w" "/opt/rustwide/workdir" "-m" "1610612736" "--user" "0:0" "--network" "none" "ghcr.io/rust-lang/crates-build-env/linux@sha256:2788e3201cd34a07e3172128adcd8b3090168a8e3bcc40d7c032b9dda1df7d1c" "/opt/rustwide/cargo-home/bin/cargo" "+beta-2023-12-22" "metadata" "--no-deps" "--format-version=1", kill_on_drop: false }`
[INFO] [stdout] 9dd0be63d7a157d5335288f39fe77bfcaacff19fccb39cd7f400da83bf1ba5d3
[INFO] running `Command { std: "docker" "start" "-a" "9dd0be63d7a157d5335288f39fe77bfcaacff19fccb39cd7f400da83bf1ba5d3", kill_on_drop: false }`
[INFO] running `Command { std: "docker" "inspect" "9dd0be63d7a157d5335288f39fe77bfcaacff19fccb39cd7f400da83bf1ba5d3", kill_on_drop: false }`
[INFO] running `Command { std: "docker" "rm" "-f" "9dd0be63d7a157d5335288f39fe77bfcaacff19fccb39cd7f400da83bf1ba5d3", kill_on_drop: false }`
[INFO] [stdout] 9dd0be63d7a157d5335288f39fe77bfcaacff19fccb39cd7f400da83bf1ba5d3
[INFO] running `Command { std: "docker" "create" "-v" "/var/lib/crater-agent-workspace/builds/worker-1-tc2/target:/opt/rustwide/target:rw,Z" "-v" "/var/lib/crater-agent-workspace/builds/worker-1-tc2/source:/opt/rustwide/workdir:ro,Z" "-v" "/var/lib/crater-agent-workspace/cargo-home:/opt/rustwide/cargo-home:ro,Z" "-v" "/var/lib/crater-agent-workspace/rustup-home:/opt/rustwide/rustup-home:ro,Z" "-e" "SOURCE_DIR=/opt/rustwide/workdir" "-e" "CARGO_TARGET_DIR=/opt/rustwide/target" "-e" "CARGO_INCREMENTAL=0" "-e" "RUST_BACKTRACE=full" "-e" "RUSTFLAGS=--cap-lints=warn" "-e" "RUSTDOCFLAGS=--cap-lints=warn" "-e" "CARGO_HOME=/opt/rustwide/cargo-home" "-e" "RUSTUP_HOME=/opt/rustwide/rustup-home" "-w" "/opt/rustwide/workdir" "-m" "1610612736" "--user" "0:0" "--network" "none" "ghcr.io/rust-lang/crates-build-env/linux@sha256:2788e3201cd34a07e3172128adcd8b3090168a8e3bcc40d7c032b9dda1df7d1c" "/opt/rustwide/cargo-home/bin/cargo" "+beta-2023-12-22" "build" "--frozen" "--message-format=json", kill_on_drop: false }`
[INFO] [stdout] 1dad341029ac2b2a04409c160cbd443544bd631e59d2bd6c9de9748138956126
[INFO] running `Command { std: "docker" "start" "-a" "1dad341029ac2b2a04409c160cbd443544bd631e59d2bd6c9de9748138956126", kill_on_drop: false }`
[INFO] [stderr]    Compiling sha2-derive-proc-macro v0.1.6
[INFO] [stderr]    Compiling crypto-common v0.1.6
[INFO] [stderr]    Compiling digest v0.10.7
[INFO] [stderr]    Compiling sha2 v0.10.8
[INFO] [stderr]    Compiling sha2-derive v0.1.2 (/opt/rustwide/workdir)
[INFO] [stderr]     Finished dev [unoptimized + debuginfo] target(s) in 0.51s
[INFO] running `Command { std: "docker" "inspect" "1dad341029ac2b2a04409c160cbd443544bd631e59d2bd6c9de9748138956126", kill_on_drop: false }`
[INFO] running `Command { std: "docker" "rm" "-f" "1dad341029ac2b2a04409c160cbd443544bd631e59d2bd6c9de9748138956126", kill_on_drop: false }`
[INFO] [stdout] 1dad341029ac2b2a04409c160cbd443544bd631e59d2bd6c9de9748138956126
[INFO] running `Command { std: "docker" "create" "-v" "/var/lib/crater-agent-workspace/builds/worker-1-tc2/target:/opt/rustwide/target:rw,Z" "-v" "/var/lib/crater-agent-workspace/builds/worker-1-tc2/source:/opt/rustwide/workdir:ro,Z" "-v" "/var/lib/crater-agent-workspace/cargo-home:/opt/rustwide/cargo-home:ro,Z" "-v" "/var/lib/crater-agent-workspace/rustup-home:/opt/rustwide/rustup-home:ro,Z" "-e" "SOURCE_DIR=/opt/rustwide/workdir" "-e" "CARGO_TARGET_DIR=/opt/rustwide/target" "-e" "CARGO_INCREMENTAL=0" "-e" "RUST_BACKTRACE=full" "-e" "RUSTFLAGS=--cap-lints=warn" "-e" "RUSTDOCFLAGS=--cap-lints=warn" "-e" "CARGO_HOME=/opt/rustwide/cargo-home" "-e" "RUSTUP_HOME=/opt/rustwide/rustup-home" "-w" "/opt/rustwide/workdir" "-m" "1610612736" "--user" "0:0" "--network" "none" "ghcr.io/rust-lang/crates-build-env/linux@sha256:2788e3201cd34a07e3172128adcd8b3090168a8e3bcc40d7c032b9dda1df7d1c" "/opt/rustwide/cargo-home/bin/cargo" "+beta-2023-12-22" "test" "--frozen" "--no-run" "--message-format=json", kill_on_drop: false }`
[INFO] [stdout] d58a84bb9d0811995ea86f41936a283131ed5004bf466de0d888b06b000dc43d
[INFO] running `Command { std: "docker" "start" "-a" "d58a84bb9d0811995ea86f41936a283131ed5004bf466de0d888b06b000dc43d", kill_on_drop: false }`
[INFO] [stderr]    Compiling sha2-derive v0.1.2 (/opt/rustwide/workdir)
[INFO] [stdout] TokenStream [Ident { ident: "struct", span: #0 bytes(41..47) }, Ident { ident: "Test", span: #0 bytes(48..52) }, Group { delimiter: Brace, stream: TokenStream [Ident { ident: "test", span: #0 bytes(59..63) }, Punct { ch: ':', spacing: Alone, span: #0 bytes(63..64) }, Ident { ident: "String", span: #0 bytes(65..71) }, Punct { ch: ',', spacing: Alone, span: #0 bytes(71..72) }, Ident { ident: "test2", span: #0 bytes(77..82) }, Punct { ch: ':', spacing: Alone, span: #0 bytes(82..83) }, Ident { ident: "u32", span: #0 bytes(84..87) }, Punct { ch: ',', spacing: Alone, span: #0 bytes(87..88) }, Ident { ident: "test3", span: #0 bytes(93..98) }, Punct { ch: ':', spacing: Alone, span: #0 bytes(98..99) }, Ident { ident: "Vec", span: #0 bytes(100..103) }, Punct { ch: '<', spacing: Alone, span: #0 bytes(103..104) }, Ident { ident: "i16", span: #0 bytes(104..107) }, Punct { ch: '>', spacing: Joint, span: #0 bytes(107..108) }, Punct { ch: ',', spacing: Alone, span: #0 bytes(108..109) }, Ident { ident: "test4", span: #0 bytes(114..119) }, Punct { ch: ':', spacing: Alone, span: #0 bytes(119..120) }, Ident { ident: "Vec", span: #0 bytes(121..124) }, Punct { ch: '<', spacing: Alone, span: #0 bytes(124..125) }, Group { delimiter: Parenthesis, stream: TokenStream [Ident { ident: "i32", span: #0 bytes(126..129) }, Punct { ch: ',', spacing: Alone, span: #0 bytes(129..130) }, Ident { ident: "i64", span: #0 bytes(131..134) }], span: #0 bytes(125..135) }, Punct { ch: '>', spacing: Joint, span: #0 bytes(135..136) }, Punct { ch: ',', spacing: Alone, span: #0 bytes(136..137) }, Ident { ident: "test5", span: #0 bytes(142..147) }, Punct { ch: ':', spacing: Alone, span: #0 bytes(147..148) }, Punct { ch: '&', spacing: Alone, span: #0 bytes(149..150) }, Punct { ch: '\'', spacing: Joint, span: #0 bytes(150..157) }, Ident { ident: "static", span: #0 bytes(150..157) }, Group { delimiter: Bracket, stream: TokenStream [Ident { ident: "u8", span: #0 bytes(159..161) }], span: #0 bytes(158..162) }, Punct { ch: ',', spacing: Alone, span: #0 bytes(162..163) }, Ident { ident: "test6", span: #0 bytes(168..173) }, Punct { ch: ':', spacing: Alone, span: #0 bytes(173..174) }, Ident { ident: "std", span: #0 bytes(175..178) }, Punct { ch: ':', spacing: Joint, span: #0 bytes(178..179) }, Punct { ch: ':', spacing: Alone, span: #0 bytes(179..180) }, Ident { ident: "collections", span: #0 bytes(180..191) }, Punct { ch: ':', spacing: Joint, span: #0 bytes(191..192) }, Punct { ch: ':', spacing: Alone, span: #0 bytes(192..193) }, Ident { ident: "HashMap", span: #0 bytes(193..200) }, Punct { ch: '<', spacing: Alone, span: #0 bytes(200..201) }, Ident { ident: "String", span: #0 bytes(201..207) }, Punct { ch: ',', spacing: Alone, span: #0 bytes(207..208) }, Ident { ident: "Vec", span: #0 bytes(209..212) }, Punct { ch: '<', spacing: Alone, span: #0 bytes(212..213) }, Ident { ident: "u16", span: #0 bytes(213..216) }, Punct { ch: '>', spacing: Joint, span: #0 bytes(216..217) }, Punct { ch: '>', spacing: Joint, span: #0 bytes(217..218) }, Punct { ch: ',', spacing: Alone, span: #0 bytes(218..219) }], span: #0 bytes(53..221) }]
[INFO] [stderr]     Finished test [unoptimized + debuginfo] target(s) in 0.33s
[INFO] running `Command { std: "docker" "inspect" "d58a84bb9d0811995ea86f41936a283131ed5004bf466de0d888b06b000dc43d", kill_on_drop: false }`
[INFO] running `Command { std: "docker" "rm" "-f" "d58a84bb9d0811995ea86f41936a283131ed5004bf466de0d888b06b000dc43d", kill_on_drop: false }`
[INFO] [stdout] d58a84bb9d0811995ea86f41936a283131ed5004bf466de0d888b06b000dc43d
[INFO] running `Command { std: "docker" "create" "-v" "/var/lib/crater-agent-workspace/builds/worker-1-tc2/target:/opt/rustwide/target:rw,Z" "-v" "/var/lib/crater-agent-workspace/builds/worker-1-tc2/source:/opt/rustwide/workdir:ro,Z" "-v" "/var/lib/crater-agent-workspace/cargo-home:/opt/rustwide/cargo-home:ro,Z" "-v" "/var/lib/crater-agent-workspace/rustup-home:/opt/rustwide/rustup-home:ro,Z" "-e" "SOURCE_DIR=/opt/rustwide/workdir" "-e" "CARGO_TARGET_DIR=/opt/rustwide/target" "-e" "CARGO_INCREMENTAL=0" "-e" "RUST_BACKTRACE=full" "-e" "RUSTFLAGS=--cap-lints=warn" "-e" "RUSTDOCFLAGS=--cap-lints=warn" "-e" "CARGO_HOME=/opt/rustwide/cargo-home" "-e" "RUSTUP_HOME=/opt/rustwide/rustup-home" "-w" "/opt/rustwide/workdir" "-m" "1610612736" "--user" "0:0" "--network" "none" "ghcr.io/rust-lang/crates-build-env/linux@sha256:2788e3201cd34a07e3172128adcd8b3090168a8e3bcc40d7c032b9dda1df7d1c" "/opt/rustwide/cargo-home/bin/cargo" "+beta-2023-12-22" "test" "--frozen", kill_on_drop: false }`
[INFO] [stdout] 4ce4038c52fb382cfd7d41ec3035fc78ebf3a54768e78c8977ab19ea52b14dbc
[INFO] running `Command { std: "docker" "start" "-a" "4ce4038c52fb382cfd7d41ec3035fc78ebf3a54768e78c8977ab19ea52b14dbc", kill_on_drop: false }`
[INFO] [stderr]     Finished test [unoptimized + debuginfo] target(s) in 0.01s
[INFO] [stderr]      Running unittests src/lib.rs (/opt/rustwide/target/debug/deps/sha2_derive-738dd4e37e8f066b)
[INFO] [stdout] 
[INFO] [stdout] running 0 tests
[INFO] [stdout] 
[INFO] [stdout] test result: ok. 0 passed; 0 failed; 0 ignored; 0 measured; 0 filtered out; finished in 0.00s
[INFO] [stdout] 
[INFO] [stderr]      Running tests/test.rs (/opt/rustwide/target/debug/deps/test-052508b1825487a5)
[INFO] [stdout] 
[INFO] [stdout] running 1 test
[INFO] [stdout] test test ... ok
[INFO] [stdout] 
[INFO] [stdout] test result: ok. 1 passed; 0 failed; 0 ignored; 0 measured; 0 filtered out; finished in 0.00s
[INFO] [stdout] 
[INFO] [stderr]    Doc-tests sha2-derive
[INFO] [stdout] 
[INFO] [stdout] running 2 tests
[INFO] [stdout] TokenStream [Ident { ident: "struct", span: #0 bytes(119..125) }, Ident { ident: "User", span: #0 bytes(126..130) }, Group { delimiter: Brace, stream: TokenStream [Ident { ident: "username", span: #0 bytes(137..145) }, Punct { ch: ':', spacing: Alone, span: #0 bytes(145..146) }, Ident { ident: "String", span: #0 bytes(147..153) }, Punct { ch: ',', spacing: Alone, span: #0 bytes(153..154) }, Ident { ident: "age", span: #0 bytes(159..162) }, Punct { ch: ':', spacing: Alone, span: #0 bytes(162..163) }, Ident { ident: "u8", span: #0 bytes(164..166) }, Punct { ch: ',', spacing: Alone, span: #0 bytes(166..167) }, Ident { ident: "timestamps", span: #0 bytes(172..182) }, Punct { ch: ':', spacing: Alone, span: #0 bytes(182..183) }, Ident { ident: "Vec", span: #0 bytes(184..187) }, Punct { ch: '<', spacing: Alone, span: #0 bytes(187..188) }, Ident { ident: "u64", span: #0 bytes(188..191) }, Punct { ch: '>', spacing: Joint, span: #0 bytes(191..192) }, Punct { ch: ',', spacing: Alone, span: #0 bytes(192..193) }], span: #0 bytes(131..195) }]
[INFO] [stdout] test src/lib.rs - (line 31) ... FAILED
[INFO] [stdout] test src/lib.rs - (line 8) ... ok
[INFO] [stdout] 
[INFO] [stdout] failures:
[INFO] [stdout] 
[INFO] [stdout] ---- src/lib.rs - (line 31) stdout ----
[INFO] [stdout] error[E0405]: cannot find trait `Hashable` in this scope
[INFO] [stdout]  --> src/lib.rs:36:6
[INFO] [stdout]   |
[INFO] [stdout] 7 | impl Hashable for CustomType {
[INFO] [stdout]   |      ^^^^^^^^ not found in this scope
[INFO] [stdout]   |
[INFO] [stdout] help: consider importing this trait
[INFO] [stdout]   |
[INFO] [stdout] 2 + use sha2_derive::Hashable;
[INFO] [stdout]   |
[INFO] [stdout] 
[INFO] [stdout] error: aborting due to 1 previous error
[INFO] [stdout] 
[INFO] [stdout] For more information about this error, try `rustc --explain E0405`.
[INFO] [stdout] Couldn't compile the test.
[INFO] [stdout] 
[INFO] [stdout] failures:
[INFO] [stdout]     src/lib.rs - (line 31)
[INFO] [stdout] 
[INFO] [stdout] test result: FAILED. 1 passed; 1 failed; 0 ignored; 0 measured; 0 filtered out; finished in 0.21s
[INFO] [stdout] 
[INFO] [stderr] error: doctest failed, to rerun pass `--doc`
[INFO] running `Command { std: "docker" "inspect" "4ce4038c52fb382cfd7d41ec3035fc78ebf3a54768e78c8977ab19ea52b14dbc", kill_on_drop: false }`
[INFO] running `Command { std: "docker" "rm" "-f" "4ce4038c52fb382cfd7d41ec3035fc78ebf3a54768e78c8977ab19ea52b14dbc", kill_on_drop: false }`
[INFO] [stdout] 4ce4038c52fb382cfd7d41ec3035fc78ebf3a54768e78c8977ab19ea52b14dbc
