[INFO] fetching crate sgp4 2.1.0...
[INFO] testing sgp4-2.1.0 against 1.75.0 for beta-1.76-1
[INFO] extracting crate sgp4 2.1.0 into /workspace/builds/worker-6-tc1/source
[INFO] validating manifest of crates.io crate sgp4 2.1.0 on toolchain 1.75.0
[INFO] running `Command { std: CARGO_HOME="/workspace/cargo-home" RUSTUP_HOME="/workspace/rustup-home" "/workspace/cargo-home/bin/cargo" "+1.75.0" "metadata" "--manifest-path" "Cargo.toml" "--no-deps", kill_on_drop: false }`
[INFO] started tweaking crates.io crate sgp4 2.1.0
[INFO] finished tweaking crates.io crate sgp4 2.1.0
[INFO] tweaked toml for crates.io crate sgp4 2.1.0 written to /workspace/builds/worker-6-tc1/source/Cargo.toml
[INFO] crate crates.io crate sgp4 2.1.0 already has a lockfile, it will not be regenerated
[INFO] running `Command { std: CARGO_HOME="/workspace/cargo-home" RUSTUP_HOME="/workspace/rustup-home" "/workspace/cargo-home/bin/cargo" "+1.75.0" "fetch" "--manifest-path" "Cargo.toml", kill_on_drop: false }`
[INFO] running `Command { std: "docker" "create" "-v" "/var/lib/crater-agent-workspace/builds/worker-6-tc1/target:/opt/rustwide/target:rw,Z" "-v" "/var/lib/crater-agent-workspace/builds/worker-6-tc1/source:/opt/rustwide/workdir:ro,Z" "-v" "/var/lib/crater-agent-workspace/cargo-home:/opt/rustwide/cargo-home:ro,Z" "-v" "/var/lib/crater-agent-workspace/rustup-home:/opt/rustwide/rustup-home:ro,Z" "-e" "SOURCE_DIR=/opt/rustwide/workdir" "-e" "CARGO_TARGET_DIR=/opt/rustwide/target" "-e" "CARGO_HOME=/opt/rustwide/cargo-home" "-e" "RUSTUP_HOME=/opt/rustwide/rustup-home" "-w" "/opt/rustwide/workdir" "-m" "1610612736" "--user" "0:0" "--network" "none" "ghcr.io/rust-lang/crates-build-env/linux@sha256:2788e3201cd34a07e3172128adcd8b3090168a8e3bcc40d7c032b9dda1df7d1c" "/opt/rustwide/cargo-home/bin/cargo" "+1.75.0" "metadata" "--no-deps" "--format-version=1", kill_on_drop: false }`
[INFO] [stdout] 24e539da4cd9828504bc0a1b019d4dcf650df322d0b63fa1c5d8072c2c487d36
[INFO] running `Command { std: "docker" "start" "-a" "24e539da4cd9828504bc0a1b019d4dcf650df322d0b63fa1c5d8072c2c487d36", kill_on_drop: false }`
[INFO] running `Command { std: "docker" "inspect" "24e539da4cd9828504bc0a1b019d4dcf650df322d0b63fa1c5d8072c2c487d36", kill_on_drop: false }`
[INFO] running `Command { std: "docker" "rm" "-f" "24e539da4cd9828504bc0a1b019d4dcf650df322d0b63fa1c5d8072c2c487d36", kill_on_drop: false }`
[INFO] [stdout] 24e539da4cd9828504bc0a1b019d4dcf650df322d0b63fa1c5d8072c2c487d36
[INFO] running `Command { std: "docker" "create" "-v" "/var/lib/crater-agent-workspace/builds/worker-6-tc1/target:/opt/rustwide/target:rw,Z" "-v" "/var/lib/crater-agent-workspace/builds/worker-6-tc1/source:/opt/rustwide/workdir:ro,Z" "-v" "/var/lib/crater-agent-workspace/cargo-home:/opt/rustwide/cargo-home:ro,Z" "-v" "/var/lib/crater-agent-workspace/rustup-home:/opt/rustwide/rustup-home:ro,Z" "-e" "SOURCE_DIR=/opt/rustwide/workdir" "-e" "CARGO_TARGET_DIR=/opt/rustwide/target" "-e" "CARGO_INCREMENTAL=0" "-e" "RUST_BACKTRACE=full" "-e" "RUSTFLAGS=--cap-lints=warn" "-e" "RUSTDOCFLAGS=--cap-lints=warn" "-e" "CARGO_HOME=/opt/rustwide/cargo-home" "-e" "RUSTUP_HOME=/opt/rustwide/rustup-home" "-w" "/opt/rustwide/workdir" "-m" "1610612736" "--user" "0:0" "--network" "none" "ghcr.io/rust-lang/crates-build-env/linux@sha256:2788e3201cd34a07e3172128adcd8b3090168a8e3bcc40d7c032b9dda1df7d1c" "/opt/rustwide/cargo-home/bin/cargo" "+1.75.0" "build" "--frozen" "--message-format=json", kill_on_drop: false }`
[INFO] [stdout] d535899b0fdbb6512f5454d77447889706da8a90b2edcac3b2d9086c2644fe73
[INFO] running `Command { std: "docker" "start" "-a" "d535899b0fdbb6512f5454d77447889706da8a90b2edcac3b2d9086c2644fe73", kill_on_drop: false }`
[INFO] [stderr]    Compiling serde v1.0.192
[INFO] [stderr]    Compiling anyhow v1.0.75
[INFO] [stderr]    Compiling serde_json v1.0.108
[INFO] [stderr]    Compiling num-traits v0.2.17
[INFO] [stderr]    Compiling syn v2.0.39
[INFO] [stderr]    Compiling serde_derive v1.0.192
[INFO] [stderr]    Compiling chrono v0.4.31
[INFO] [stderr]    Compiling sgp4 v2.1.0 (/opt/rustwide/workdir)
[INFO] [stderr]     Finished dev [unoptimized + debuginfo] target(s) in 8.45s
[INFO] running `Command { std: "docker" "inspect" "d535899b0fdbb6512f5454d77447889706da8a90b2edcac3b2d9086c2644fe73", kill_on_drop: false }`
[INFO] running `Command { std: "docker" "rm" "-f" "d535899b0fdbb6512f5454d77447889706da8a90b2edcac3b2d9086c2644fe73", kill_on_drop: false }`
[INFO] [stdout] d535899b0fdbb6512f5454d77447889706da8a90b2edcac3b2d9086c2644fe73
[INFO] running `Command { std: "docker" "create" "-v" "/var/lib/crater-agent-workspace/builds/worker-6-tc1/target:/opt/rustwide/target:rw,Z" "-v" "/var/lib/crater-agent-workspace/builds/worker-6-tc1/source:/opt/rustwide/workdir:ro,Z" "-v" "/var/lib/crater-agent-workspace/cargo-home:/opt/rustwide/cargo-home:ro,Z" "-v" "/var/lib/crater-agent-workspace/rustup-home:/opt/rustwide/rustup-home:ro,Z" "-e" "SOURCE_DIR=/opt/rustwide/workdir" "-e" "CARGO_TARGET_DIR=/opt/rustwide/target" "-e" "CARGO_INCREMENTAL=0" "-e" "RUST_BACKTRACE=full" "-e" "RUSTFLAGS=--cap-lints=warn" "-e" "RUSTDOCFLAGS=--cap-lints=warn" "-e" "CARGO_HOME=/opt/rustwide/cargo-home" "-e" "RUSTUP_HOME=/opt/rustwide/rustup-home" "-w" "/opt/rustwide/workdir" "-m" "1610612736" "--user" "0:0" "--network" "none" "ghcr.io/rust-lang/crates-build-env/linux@sha256:2788e3201cd34a07e3172128adcd8b3090168a8e3bcc40d7c032b9dda1df7d1c" "/opt/rustwide/cargo-home/bin/cargo" "+1.75.0" "test" "--frozen" "--no-run" "--message-format=json", kill_on_drop: false }`
[INFO] [stdout] 472834a97f8edddfb331c87b32ce17a38db14a336b772f0de569de0676272c1f
[INFO] running `Command { std: "docker" "start" "-a" "472834a97f8edddfb331c87b32ce17a38db14a336b772f0de569de0676272c1f", kill_on_drop: false }`
[INFO] [stderr]    Compiling serde v1.0.192
[INFO] [stderr]    Compiling libc v0.2.150
[INFO] [stderr]    Compiling serde_json v1.0.108
[INFO] [stderr]    Compiling untrusted v0.9.0
[INFO] [stderr]    Compiling spin v0.9.8
[INFO] [stderr]    Compiling tinyvec_macros v0.1.1
[INFO] [stderr]    Compiling rustix v0.38.24
[INFO] [stderr]    Compiling crc32fast v1.3.2
[INFO] [stderr]    Compiling anstyle v1.0.4
[INFO] [stderr]    Compiling clap_lex v0.6.0
[INFO] [stderr]    Compiling percent-encoding v2.3.0
[INFO] [stderr]    Compiling rustls v0.21.9
[INFO] [stderr]    Compiling bitflags v2.4.1
[INFO] [stderr]    Compiling unicode-bidi v0.3.13
[INFO] [stderr]    Compiling adler v1.0.2
[INFO] [stderr]    Compiling linux-raw-sys v0.4.11
[INFO] [stderr]    Compiling tinyvec v1.6.0
[INFO] [stderr]    Compiling regex-syntax v0.8.2
[INFO] [stderr]    Compiling equivalent v1.0.1
[INFO] [stderr]    Compiling hashbrown v0.14.2
[INFO] [stderr]    Compiling ciborium-io v0.2.1
[INFO] [stderr]    Compiling clap_builder v4.4.8
[INFO] [stderr]    Compiling form_urlencoded v1.2.0
[INFO] [stderr]    Compiling ciborium-ll v0.2.1
[INFO] [stderr]    Compiling miniz_oxide v0.7.1
[INFO] [stderr]    Compiling log v0.4.20
[INFO] [stderr]    Compiling once_cell v1.18.0
[INFO] [stderr]    Compiling winnow v0.5.19
[INFO] [stderr]    Compiling criterion-plot v0.5.0
[INFO] [stderr]    Compiling base64 v0.21.5
[INFO] [stderr]    Compiling anes v0.1.6
[INFO] [stderr]    Compiling webpki-roots v0.25.2
[INFO] [stderr]    Compiling flate2 v1.0.28
[INFO] [stderr]    Compiling unicode-normalization v0.1.22
[INFO] [stderr]    Compiling indexmap v2.1.0
[INFO] [stderr]    Compiling idna v0.4.0
[INFO] [stderr]    Compiling cc v1.0.83
[INFO] [stderr]    Compiling getrandom v0.2.11
[INFO] [stderr]    Compiling regex-automata v0.4.3
[INFO] [stderr]    Compiling is-terminal v0.4.9
[INFO] [stderr]    Compiling url v2.4.1
[INFO] [stderr]    Compiling clap v4.4.8
[INFO] [stderr]    Compiling ring v0.17.5
[INFO] [stderr]    Compiling regex v1.10.2
[INFO] [stderr]    Compiling serde_spanned v0.6.4
[INFO] [stderr]    Compiling toml_datetime v0.6.5
[INFO] [stderr]    Compiling chrono v0.4.31
[INFO] [stderr]    Compiling ciborium v0.2.1
[INFO] [stderr]    Compiling toml_edit v0.21.0
[INFO] [stderr]    Compiling tinytemplate v1.2.1
[INFO] [stderr]    Compiling criterion v0.5.1
[INFO] [stderr]    Compiling sgp4 v2.1.0 (/opt/rustwide/workdir)
[INFO] [stderr]    Compiling toml v0.8.8
[INFO] [stderr]    Compiling sct v0.7.1
[INFO] [stderr]    Compiling rustls-webpki v0.101.7
[INFO] [stderr]    Compiling ureq v2.8.0
[INFO] [stderr]     Finished test [unoptimized + debuginfo] target(s) in 11.16s
[INFO] running `Command { std: "docker" "inspect" "472834a97f8edddfb331c87b32ce17a38db14a336b772f0de569de0676272c1f", kill_on_drop: false }`
[INFO] running `Command { std: "docker" "rm" "-f" "472834a97f8edddfb331c87b32ce17a38db14a336b772f0de569de0676272c1f", kill_on_drop: false }`
[INFO] [stdout] 472834a97f8edddfb331c87b32ce17a38db14a336b772f0de569de0676272c1f
[INFO] running `Command { std: "docker" "create" "-v" "/var/lib/crater-agent-workspace/builds/worker-6-tc1/target:/opt/rustwide/target:rw,Z" "-v" "/var/lib/crater-agent-workspace/builds/worker-6-tc1/source:/opt/rustwide/workdir:ro,Z" "-v" "/var/lib/crater-agent-workspace/cargo-home:/opt/rustwide/cargo-home:ro,Z" "-v" "/var/lib/crater-agent-workspace/rustup-home:/opt/rustwide/rustup-home:ro,Z" "-e" "SOURCE_DIR=/opt/rustwide/workdir" "-e" "CARGO_TARGET_DIR=/opt/rustwide/target" "-e" "CARGO_INCREMENTAL=0" "-e" "RUST_BACKTRACE=full" "-e" "RUSTFLAGS=--cap-lints=warn" "-e" "RUSTDOCFLAGS=--cap-lints=warn" "-e" "CARGO_HOME=/opt/rustwide/cargo-home" "-e" "RUSTUP_HOME=/opt/rustwide/rustup-home" "-w" "/opt/rustwide/workdir" "-m" "1610612736" "--user" "0:0" "--network" "none" "ghcr.io/rust-lang/crates-build-env/linux@sha256:2788e3201cd34a07e3172128adcd8b3090168a8e3bcc40d7c032b9dda1df7d1c" "/opt/rustwide/cargo-home/bin/cargo" "+1.75.0" "test" "--frozen", kill_on_drop: false }`
[INFO] [stdout] 3de11bd7b63a1bb2c4c5066df669318abbcf81ffcf06f915795cadc633806fef
[INFO] running `Command { std: "docker" "start" "-a" "3de11bd7b63a1bb2c4c5066df669318abbcf81ffcf06f915795cadc633806fef", kill_on_drop: false }`
[INFO] [stderr]     Finished test [unoptimized + debuginfo] target(s) in 0.06s
[INFO] [stderr]      Running unittests src/lib.rs (/opt/rustwide/target/debug/deps/sgp4-a49e2cc8d8d2327e)
[INFO] [stdout] 
[INFO] [stdout] running 6 tests
[INFO] [stdout] test tle::tests::test_from_celestrak_omm ... ok
[INFO] [stdout] test tle::tests::test_from_celestrak_omms ... ok
[INFO] [stdout] test tle::tests::test_from_space_track_omm ... ok
[INFO] [stdout] test tle::tests::test_from_tle ... ok
[INFO] [stdout] test tle::tests::test_parse_2les ... ok
[INFO] [stdout] test tle::tests::test_parse_3les ... ok
[INFO] [stdout] 
[INFO] [stdout] test result: ok. 6 passed; 0 failed; 0 ignored; 0 measured; 0 filtered out; finished in 0.00s
[INFO] [stdout] 
[INFO] [stderr]      Running tests/propagate.rs (/opt/rustwide/target/debug/deps/propagate-157b9f88f6043b77)
[INFO] [stdout] 
[INFO] [stdout] running 1 test
[INFO] [stdout] test propagate ... ok
[INFO] [stdout] 
[INFO] [stdout] test result: ok. 1 passed; 0 failed; 0 ignored; 0 measured; 0 filtered out; finished in 0.12s
[INFO] [stdout] 
[INFO] [stderr]    Doc-tests sgp4
[INFO] [stdout] 
[INFO] [stdout] running 10 tests
[INFO] [stdout] test src/lib.rs - Orbit::from_kozai_elements (line 175) ... ok
[INFO] [stdout] test src/lib.rs - Constants::from_elements_afspc_compatibility_mode (line 518) ... ok
[INFO] [stdout] test src/lib.rs - Constants::new (line 262) ... ok
[INFO] [stdout] test src/lib.rs - Constants::propagate_afspc_compatibility_mode (line 854) ... ok
[INFO] [stdout] test src/lib.rs - Constants::propagate (line 825) ... ok
[INFO] [stdout] test src/lib.rs - Constants::from_elements (line 477) ... ok
[INFO] [stdout] test src/tle.rs - tle::Elements::from_tle (line 848) ... ok
[INFO] [stdout] test src/lib.rs - Constants::propagate_from_state (line 595) ... ok
[INFO] [stdout] test src/tle.rs - tle::Elements (line 257) ... ok
[INFO] [stdout] test src/lib.rs - (line 13) ... FAILED
[INFO] [stdout] 
[INFO] [stdout] failures:
[INFO] [stdout] 
[INFO] [stdout] ---- src/lib.rs - (line 13) stdout ----
[INFO] [stdout] Test executable failed (exit status: 1).
[INFO] [stdout] 
[INFO] [stdout] stderr:
[INFO] [stdout] Error: https://celestrak.com/NORAD/elements/gp.php?GROUP=galileo&FORMAT=json: Dns Failed: resolve dns name 'celestrak.com:443': failed to lookup address information: Temporary failure in name resolution
[INFO] [stdout] 
[INFO] [stdout] Caused by:
[INFO] [stdout]     failed to lookup address information: Temporary failure in name resolution
[INFO] [stdout] 
[INFO] [stdout] 
[INFO] [stdout] 
[INFO] [stdout] failures:
[INFO] [stdout]     src/lib.rs - (line 13)
[INFO] [stdout] 
[INFO] [stdout] test result: FAILED. 9 passed; 1 failed; 0 ignored; 0 measured; 0 filtered out; finished in 1.38s
[INFO] [stdout] 
[INFO] [stderr] error: doctest failed, to rerun pass `--doc`
[INFO] running `Command { std: "docker" "inspect" "3de11bd7b63a1bb2c4c5066df669318abbcf81ffcf06f915795cadc633806fef", kill_on_drop: false }`
[INFO] running `Command { std: "docker" "rm" "-f" "3de11bd7b63a1bb2c4c5066df669318abbcf81ffcf06f915795cadc633806fef", kill_on_drop: false }`
[INFO] [stdout] 3de11bd7b63a1bb2c4c5066df669318abbcf81ffcf06f915795cadc633806fef
[INFO] testing sgp4-2.1.0 against beta-2023-12-22 for beta-1.76-1
[INFO] extracting crate sgp4 2.1.0 into /workspace/builds/worker-6-tc2/source
[INFO] validating manifest of crates.io crate sgp4 2.1.0 on toolchain beta-2023-12-22
[INFO] running `Command { std: CARGO_HOME="/workspace/cargo-home" RUSTUP_HOME="/workspace/rustup-home" "/workspace/cargo-home/bin/cargo" "+beta-2023-12-22" "metadata" "--manifest-path" "Cargo.toml" "--no-deps", kill_on_drop: false }`
[INFO] started tweaking crates.io crate sgp4 2.1.0
[INFO] finished tweaking crates.io crate sgp4 2.1.0
[INFO] tweaked toml for crates.io crate sgp4 2.1.0 written to /workspace/builds/worker-6-tc2/source/Cargo.toml
[INFO] crate crates.io crate sgp4 2.1.0 already has a lockfile, it will not be regenerated
[INFO] running `Command { std: CARGO_HOME="/workspace/cargo-home" RUSTUP_HOME="/workspace/rustup-home" "/workspace/cargo-home/bin/cargo" "+beta-2023-12-22" "fetch" "--manifest-path" "Cargo.toml", kill_on_drop: false }`
[INFO] running `Command { std: "docker" "create" "-v" "/var/lib/crater-agent-workspace/builds/worker-6-tc2/target:/opt/rustwide/target:rw,Z" "-v" "/var/lib/crater-agent-workspace/builds/worker-6-tc2/source:/opt/rustwide/workdir:ro,Z" "-v" "/var/lib/crater-agent-workspace/cargo-home:/opt/rustwide/cargo-home:ro,Z" "-v" "/var/lib/crater-agent-workspace/rustup-home:/opt/rustwide/rustup-home:ro,Z" "-e" "SOURCE_DIR=/opt/rustwide/workdir" "-e" "CARGO_TARGET_DIR=/opt/rustwide/target" "-e" "CARGO_HOME=/opt/rustwide/cargo-home" "-e" "RUSTUP_HOME=/opt/rustwide/rustup-home" "-w" "/opt/rustwide/workdir" "-m" "1610612736" "--user" "0:0" "--network" "none" "ghcr.io/rust-lang/crates-build-env/linux@sha256:2788e3201cd34a07e3172128adcd8b3090168a8e3bcc40d7c032b9dda1df7d1c" "/opt/rustwide/cargo-home/bin/cargo" "+beta-2023-12-22" "metadata" "--no-deps" "--format-version=1", kill_on_drop: false }`
[INFO] [stdout] e1b7280f528fc2598cfdc6723e7c0b17d53263bcfe5518a7924aaf4522c1e021
[INFO] running `Command { std: "docker" "start" "-a" "e1b7280f528fc2598cfdc6723e7c0b17d53263bcfe5518a7924aaf4522c1e021", kill_on_drop: false }`
[INFO] running `Command { std: "docker" "inspect" "e1b7280f528fc2598cfdc6723e7c0b17d53263bcfe5518a7924aaf4522c1e021", kill_on_drop: false }`
[INFO] running `Command { std: "docker" "rm" "-f" "e1b7280f528fc2598cfdc6723e7c0b17d53263bcfe5518a7924aaf4522c1e021", kill_on_drop: false }`
[INFO] [stdout] e1b7280f528fc2598cfdc6723e7c0b17d53263bcfe5518a7924aaf4522c1e021
[INFO] running `Command { std: "docker" "create" "-v" "/var/lib/crater-agent-workspace/builds/worker-6-tc2/target:/opt/rustwide/target:rw,Z" "-v" "/var/lib/crater-agent-workspace/builds/worker-6-tc2/source:/opt/rustwide/workdir:ro,Z" "-v" "/var/lib/crater-agent-workspace/cargo-home:/opt/rustwide/cargo-home:ro,Z" "-v" "/var/lib/crater-agent-workspace/rustup-home:/opt/rustwide/rustup-home:ro,Z" "-e" "SOURCE_DIR=/opt/rustwide/workdir" "-e" "CARGO_TARGET_DIR=/opt/rustwide/target" "-e" "CARGO_INCREMENTAL=0" "-e" "RUST_BACKTRACE=full" "-e" "RUSTFLAGS=--cap-lints=warn" "-e" "RUSTDOCFLAGS=--cap-lints=warn" "-e" "CARGO_HOME=/opt/rustwide/cargo-home" "-e" "RUSTUP_HOME=/opt/rustwide/rustup-home" "-w" "/opt/rustwide/workdir" "-m" "1610612736" "--user" "0:0" "--network" "none" "ghcr.io/rust-lang/crates-build-env/linux@sha256:2788e3201cd34a07e3172128adcd8b3090168a8e3bcc40d7c032b9dda1df7d1c" "/opt/rustwide/cargo-home/bin/cargo" "+beta-2023-12-22" "build" "--frozen" "--message-format=json", kill_on_drop: false }`
[INFO] [stdout] 6d09ad4c8bd0ab0bfb661f1113551b207b4dbfb43c704375b2f6f4c3bd15a0ed
[INFO] running `Command { std: "docker" "start" "-a" "6d09ad4c8bd0ab0bfb661f1113551b207b4dbfb43c704375b2f6f4c3bd15a0ed", kill_on_drop: false }`
[INFO] [stderr]    Compiling serde v1.0.192
[INFO] [stderr]    Compiling serde_json v1.0.108
[INFO] [stderr]    Compiling anyhow v1.0.75
[INFO] [stderr]    Compiling num-traits v0.2.17
[INFO] [stderr]    Compiling syn v2.0.39
[INFO] [stderr]    Compiling serde_derive v1.0.192
[INFO] [stderr]    Compiling chrono v0.4.31
[INFO] [stderr]    Compiling sgp4 v2.1.0 (/opt/rustwide/workdir)
[INFO] [stderr]     Finished dev [unoptimized + debuginfo] target(s) in 6.76s
[INFO] running `Command { std: "docker" "inspect" "6d09ad4c8bd0ab0bfb661f1113551b207b4dbfb43c704375b2f6f4c3bd15a0ed", kill_on_drop: false }`
[INFO] running `Command { std: "docker" "rm" "-f" "6d09ad4c8bd0ab0bfb661f1113551b207b4dbfb43c704375b2f6f4c3bd15a0ed", kill_on_drop: false }`
[INFO] [stdout] 6d09ad4c8bd0ab0bfb661f1113551b207b4dbfb43c704375b2f6f4c3bd15a0ed
[INFO] running `Command { std: "docker" "create" "-v" "/var/lib/crater-agent-workspace/builds/worker-6-tc2/target:/opt/rustwide/target:rw,Z" "-v" "/var/lib/crater-agent-workspace/builds/worker-6-tc2/source:/opt/rustwide/workdir:ro,Z" "-v" "/var/lib/crater-agent-workspace/cargo-home:/opt/rustwide/cargo-home:ro,Z" "-v" "/var/lib/crater-agent-workspace/rustup-home:/opt/rustwide/rustup-home:ro,Z" "-e" "SOURCE_DIR=/opt/rustwide/workdir" "-e" "CARGO_TARGET_DIR=/opt/rustwide/target" "-e" "CARGO_INCREMENTAL=0" "-e" "RUST_BACKTRACE=full" "-e" "RUSTFLAGS=--cap-lints=warn" "-e" "RUSTDOCFLAGS=--cap-lints=warn" "-e" "CARGO_HOME=/opt/rustwide/cargo-home" "-e" "RUSTUP_HOME=/opt/rustwide/rustup-home" "-w" "/opt/rustwide/workdir" "-m" "1610612736" "--user" "0:0" "--network" "none" "ghcr.io/rust-lang/crates-build-env/linux@sha256:2788e3201cd34a07e3172128adcd8b3090168a8e3bcc40d7c032b9dda1df7d1c" "/opt/rustwide/cargo-home/bin/cargo" "+beta-2023-12-22" "test" "--frozen" "--no-run" "--message-format=json", kill_on_drop: false }`
[INFO] [stdout] db191e85728497b6862af363853ef9f9a0a28bd368fd274cfe784b689dc05618
[INFO] running `Command { std: "docker" "start" "-a" "db191e85728497b6862af363853ef9f9a0a28bd368fd274cfe784b689dc05618", kill_on_drop: false }`
[INFO] [stderr]    Compiling serde v1.0.192
[INFO] [stderr]    Compiling libc v0.2.150
[INFO] [stderr]    Compiling serde_json v1.0.108
[INFO] [stderr]    Compiling tinyvec_macros v0.1.1
[INFO] [stderr]    Compiling spin v0.9.8
[INFO] [stderr]    Compiling untrusted v0.9.0
[INFO] [stderr]    Compiling crc32fast v1.3.2
[INFO] [stderr]    Compiling rustix v0.38.24
[INFO] [stderr]    Compiling adler v1.0.2
[INFO] [stderr]    Compiling anstyle v1.0.4
[INFO] [stderr]    Compiling unicode-bidi v0.3.13
[INFO] [stderr]    Compiling bitflags v2.4.1
[INFO] [stderr]    Compiling clap_lex v0.6.0
[INFO] [stderr]    Compiling hashbrown v0.14.2
[INFO] [stderr]    Compiling equivalent v1.0.1
[INFO] [stderr]    Compiling tinyvec v1.6.0
[INFO] [stderr]    Compiling rustls v0.21.9
[INFO] [stderr]    Compiling percent-encoding v2.3.0
[INFO] [stderr]    Compiling regex-syntax v0.8.2
[INFO] [stderr]    Compiling ciborium-io v0.2.1
[INFO] [stderr]    Compiling linux-raw-sys v0.4.11
[INFO] [stderr]    Compiling ciborium-ll v0.2.1
[INFO] [stderr]    Compiling clap_builder v4.4.8
[INFO] [stderr]    Compiling form_urlencoded v1.2.0
[INFO] [stderr]    Compiling miniz_oxide v0.7.1
[INFO] [stderr]    Compiling log v0.4.20
[INFO] [stderr]    Compiling winnow v0.5.19
[INFO] [stderr]    Compiling once_cell v1.18.0
[INFO] [stderr]    Compiling criterion-plot v0.5.0
[INFO] [stderr]    Compiling webpki-roots v0.25.2
[INFO] [stderr]    Compiling anes v0.1.6
[INFO] [stderr]    Compiling base64 v0.21.5
[INFO] [stderr]    Compiling indexmap v2.1.0
[INFO] [stderr]    Compiling flate2 v1.0.28
[INFO] [stderr]    Compiling unicode-normalization v0.1.22
[INFO] [stderr]    Compiling cc v1.0.83
[INFO] [stderr]    Compiling getrandom v0.2.11
[INFO] [stderr]    Compiling is-terminal v0.4.9
[INFO] [stderr]    Compiling idna v0.4.0
[INFO] [stderr]    Compiling regex-automata v0.4.3
[INFO] [stderr]    Compiling url v2.4.1
[INFO] [stderr]    Compiling ring v0.17.5
[INFO] [stderr]    Compiling clap v4.4.8
[INFO] [stderr]    Compiling regex v1.10.2
[INFO] [stderr]    Compiling serde_spanned v0.6.4
[INFO] [stderr]    Compiling toml_datetime v0.6.5
[INFO] [stderr]    Compiling ciborium v0.2.1
[INFO] [stderr]    Compiling chrono v0.4.31
[INFO] [stderr]    Compiling toml_edit v0.21.0
[INFO] [stderr]    Compiling tinytemplate v1.2.1
[INFO] [stderr]    Compiling sgp4 v2.1.0 (/opt/rustwide/workdir)
[INFO] [stderr]    Compiling criterion v0.5.1
[INFO] [stderr]    Compiling toml v0.8.8
[INFO] [stderr]    Compiling rustls-webpki v0.101.7
[INFO] [stderr]    Compiling sct v0.7.1
[INFO] [stderr]    Compiling ureq v2.8.0
[INFO] [stderr]     Finished test [unoptimized + debuginfo] target(s) in 9.24s
[INFO] running `Command { std: "docker" "inspect" "db191e85728497b6862af363853ef9f9a0a28bd368fd274cfe784b689dc05618", kill_on_drop: false }`
[INFO] running `Command { std: "docker" "rm" "-f" "db191e85728497b6862af363853ef9f9a0a28bd368fd274cfe784b689dc05618", kill_on_drop: false }`
[INFO] [stdout] db191e85728497b6862af363853ef9f9a0a28bd368fd274cfe784b689dc05618
[INFO] running `Command { std: "docker" "create" "-v" "/var/lib/crater-agent-workspace/builds/worker-6-tc2/target:/opt/rustwide/target:rw,Z" "-v" "/var/lib/crater-agent-workspace/builds/worker-6-tc2/source:/opt/rustwide/workdir:ro,Z" "-v" "/var/lib/crater-agent-workspace/cargo-home:/opt/rustwide/cargo-home:ro,Z" "-v" "/var/lib/crater-agent-workspace/rustup-home:/opt/rustwide/rustup-home:ro,Z" "-e" "SOURCE_DIR=/opt/rustwide/workdir" "-e" "CARGO_TARGET_DIR=/opt/rustwide/target" "-e" "CARGO_INCREMENTAL=0" "-e" "RUST_BACKTRACE=full" "-e" "RUSTFLAGS=--cap-lints=warn" "-e" "RUSTDOCFLAGS=--cap-lints=warn" "-e" "CARGO_HOME=/opt/rustwide/cargo-home" "-e" "RUSTUP_HOME=/opt/rustwide/rustup-home" "-w" "/opt/rustwide/workdir" "-m" "1610612736" "--user" "0:0" "--network" "none" "ghcr.io/rust-lang/crates-build-env/linux@sha256:2788e3201cd34a07e3172128adcd8b3090168a8e3bcc40d7c032b9dda1df7d1c" "/opt/rustwide/cargo-home/bin/cargo" "+beta-2023-12-22" "test" "--frozen", kill_on_drop: false }`
[INFO] [stdout] f9eb7b1a36256f50130de1d204db85bde603f89dc9ee91ab800a0b26719c0b94
[INFO] running `Command { std: "docker" "start" "-a" "f9eb7b1a36256f50130de1d204db85bde603f89dc9ee91ab800a0b26719c0b94", kill_on_drop: false }`
[INFO] [stderr]     Finished test [unoptimized + debuginfo] target(s) in 0.08s
[INFO] [stderr]      Running unittests src/lib.rs (/opt/rustwide/target/debug/deps/sgp4-d946cc62777818b3)
[INFO] [stdout] 
[INFO] [stdout] running 6 tests
[INFO] [stdout] test tle::tests::test_from_celestrak_omm ... ok
[INFO] [stdout] test tle::tests::test_from_celestrak_omms ... ok
[INFO] [stdout] test tle::tests::test_from_tle ... ok
[INFO] [stdout] test tle::tests::test_parse_2les ... ok
[INFO] [stdout] test tle::tests::test_parse_3les ... ok
[INFO] [stdout] test tle::tests::test_from_space_track_omm ... ok
[INFO] [stdout] 
[INFO] [stdout] test result: ok. 6 passed; 0 failed; 0 ignored; 0 measured; 0 filtered out; finished in 0.00s
[INFO] [stdout] 
[INFO] [stderr]      Running tests/propagate.rs (/opt/rustwide/target/debug/deps/propagate-a8a22b71aa9e2528)
[INFO] [stdout] 
[INFO] [stdout] running 1 test
[INFO] [stdout] test propagate ... ok
[INFO] [stdout] 
[INFO] [stdout] test result: ok. 1 passed; 0 failed; 0 ignored; 0 measured; 0 filtered out; finished in 0.13s
[INFO] [stdout] 
[INFO] [stderr]    Doc-tests sgp4
[INFO] [stdout] 
[INFO] [stdout] running 10 tests
[INFO] [stdout] test src/tle.rs - tle::Elements::from_tle (line 848) ... ok
[INFO] [stdout] test src/lib.rs - Orbit::from_kozai_elements (line 175) ... ok
[INFO] [stdout] test src/lib.rs - Constants::propagate (line 825) ... ok
[INFO] [stdout] test src/lib.rs - Constants::new (line 262) ... ok
[INFO] [stdout] test src/lib.rs - Constants::propagate_afspc_compatibility_mode (line 854) ... ok
[INFO] [stdout] test src/lib.rs - Constants::from_elements (line 477) ... ok
[INFO] [stdout] test src/lib.rs - Constants::from_elements_afspc_compatibility_mode (line 518) ... ok
[INFO] [stdout] test src/lib.rs - Constants::propagate_from_state (line 595) ... ok
[INFO] [stdout] test src/tle.rs - tle::Elements (line 257) ... ok
[INFO] [stdout] test src/lib.rs - (line 13) ... FAILED
[INFO] [stdout] 
[INFO] [stdout] failures:
[INFO] [stdout] 
[INFO] [stdout] ---- src/lib.rs - (line 13) stdout ----
[INFO] [stdout] Test executable failed (exit status: 1).
[INFO] [stdout] 
[INFO] [stdout] stderr:
[INFO] [stdout] Error: https://celestrak.com/NORAD/elements/gp.php?GROUP=galileo&FORMAT=json: Dns Failed: resolve dns name 'celestrak.com:443': failed to lookup address information: Temporary failure in name resolution
[INFO] [stdout] 
[INFO] [stdout] Caused by:
[INFO] [stdout]     failed to lookup address information: Temporary failure in name resolution
[INFO] [stdout] 
[INFO] [stdout] 
[INFO] [stdout] 
[INFO] [stdout] failures:
[INFO] [stdout]     src/lib.rs - (line 13)
[INFO] [stdout] 
[INFO] [stdout] test result: FAILED. 9 passed; 1 failed; 0 ignored; 0 measured; 0 filtered out; finished in 1.03s
[INFO] [stdout] 
[INFO] [stderr] error: doctest failed, to rerun pass `--doc`
[INFO] running `Command { std: "docker" "inspect" "f9eb7b1a36256f50130de1d204db85bde603f89dc9ee91ab800a0b26719c0b94", kill_on_drop: false }`
[INFO] running `Command { std: "docker" "rm" "-f" "f9eb7b1a36256f50130de1d204db85bde603f89dc9ee91ab800a0b26719c0b94", kill_on_drop: false }`
[INFO] [stdout] f9eb7b1a36256f50130de1d204db85bde603f89dc9ee91ab800a0b26719c0b94
