[INFO] fetching crate set_genome 0.6.7...
[INFO] testing set_genome-0.6.7 against 1.75.0 for beta-1.76-1
[INFO] extracting crate set_genome 0.6.7 into /workspace/builds/worker-0-tc1/source
[INFO] validating manifest of crates.io crate set_genome 0.6.7 on toolchain 1.75.0
[INFO] running `Command { std: CARGO_HOME="/workspace/cargo-home" RUSTUP_HOME="/workspace/rustup-home" "/workspace/cargo-home/bin/cargo" "+1.75.0" "metadata" "--manifest-path" "Cargo.toml" "--no-deps", kill_on_drop: false }`
[INFO] started tweaking crates.io crate set_genome 0.6.7
[INFO] finished tweaking crates.io crate set_genome 0.6.7
[INFO] tweaked toml for crates.io crate set_genome 0.6.7 written to /workspace/builds/worker-0-tc1/source/Cargo.toml
[INFO] running `Command { std: CARGO_HOME="/workspace/cargo-home" RUSTUP_HOME="/workspace/rustup-home" "/workspace/cargo-home/bin/cargo" "+1.75.0" "generate-lockfile" "--manifest-path" "Cargo.toml", kill_on_drop: false }`
[INFO] [stderr]     Updating crates.io index
[INFO] running `Command { std: CARGO_HOME="/workspace/cargo-home" RUSTUP_HOME="/workspace/rustup-home" "/workspace/cargo-home/bin/cargo" "+1.75.0" "fetch" "--manifest-path" "Cargo.toml", kill_on_drop: false }`
[INFO] [stderr]  Downloading crates ...
[INFO] [stderr]   Downloaded serde-hjson v0.9.1
[INFO] [stderr]   Downloaded config v0.11.0
[INFO] [stderr]   Downloaded nalgebra-sparse v0.9.0
[INFO] [stderr]   Downloaded nalgebra v0.28.0
[INFO] [stderr]   Downloaded favannat v0.6.4
[INFO] running `Command { std: "docker" "create" "-v" "/var/lib/crater-agent-workspace/builds/worker-0-tc1/target:/opt/rustwide/target:rw,Z" "-v" "/var/lib/crater-agent-workspace/builds/worker-0-tc1/source:/opt/rustwide/workdir:ro,Z" "-v" "/var/lib/crater-agent-workspace/cargo-home:/opt/rustwide/cargo-home:ro,Z" "-v" "/var/lib/crater-agent-workspace/rustup-home:/opt/rustwide/rustup-home:ro,Z" "-e" "SOURCE_DIR=/opt/rustwide/workdir" "-e" "CARGO_TARGET_DIR=/opt/rustwide/target" "-e" "CARGO_HOME=/opt/rustwide/cargo-home" "-e" "RUSTUP_HOME=/opt/rustwide/rustup-home" "-w" "/opt/rustwide/workdir" "-m" "1610612736" "--user" "0:0" "--network" "none" "ghcr.io/rust-lang/crates-build-env/linux@sha256:2788e3201cd34a07e3172128adcd8b3090168a8e3bcc40d7c032b9dda1df7d1c" "/opt/rustwide/cargo-home/bin/cargo" "+1.75.0" "metadata" "--no-deps" "--format-version=1", kill_on_drop: false }`
[INFO] [stdout] 683b5ab40611486f053dd0fcf594eb50d87602fbd67df6a284f4181f21db757e
[INFO] running `Command { std: "docker" "start" "-a" "683b5ab40611486f053dd0fcf594eb50d87602fbd67df6a284f4181f21db757e", kill_on_drop: false }`
[INFO] running `Command { std: "docker" "inspect" "683b5ab40611486f053dd0fcf594eb50d87602fbd67df6a284f4181f21db757e", kill_on_drop: false }`
[INFO] running `Command { std: "docker" "rm" "-f" "683b5ab40611486f053dd0fcf594eb50d87602fbd67df6a284f4181f21db757e", kill_on_drop: false }`
[INFO] [stdout] 683b5ab40611486f053dd0fcf594eb50d87602fbd67df6a284f4181f21db757e
[INFO] running `Command { std: "docker" "create" "-v" "/var/lib/crater-agent-workspace/builds/worker-0-tc1/target:/opt/rustwide/target:rw,Z" "-v" "/var/lib/crater-agent-workspace/builds/worker-0-tc1/source:/opt/rustwide/workdir:ro,Z" "-v" "/var/lib/crater-agent-workspace/cargo-home:/opt/rustwide/cargo-home:ro,Z" "-v" "/var/lib/crater-agent-workspace/rustup-home:/opt/rustwide/rustup-home:ro,Z" "-e" "SOURCE_DIR=/opt/rustwide/workdir" "-e" "CARGO_TARGET_DIR=/opt/rustwide/target" "-e" "CARGO_INCREMENTAL=0" "-e" "RUST_BACKTRACE=full" "-e" "RUSTFLAGS=--cap-lints=warn" "-e" "RUSTDOCFLAGS=--cap-lints=warn" "-e" "CARGO_HOME=/opt/rustwide/cargo-home" "-e" "RUSTUP_HOME=/opt/rustwide/rustup-home" "-w" "/opt/rustwide/workdir" "-m" "1610612736" "--user" "0:0" "--network" "none" "ghcr.io/rust-lang/crates-build-env/linux@sha256:2788e3201cd34a07e3172128adcd8b3090168a8e3bcc40d7c032b9dda1df7d1c" "/opt/rustwide/cargo-home/bin/cargo" "+1.75.0" "build" "--frozen" "--message-format=json", kill_on_drop: false }`
[INFO] [stdout] 4b9f384eda344b03962c26412a5c93d142d67aefcb5971be5b67cf06a7ad2170
[INFO] running `Command { std: "docker" "start" "-a" "4b9f384eda344b03962c26412a5c93d142d67aefcb5971be5b67cf06a7ad2170", kill_on_drop: false }`
[INFO] [stderr]    Compiling libm v0.2.8
[INFO] [stderr]    Compiling num-traits v0.2.17
[INFO] [stderr]    Compiling num-integer v0.1.45
[INFO] [stderr]    Compiling memchr v2.7.1
[INFO] [stderr]    Compiling syn v1.0.109
[INFO] [stderr]    Compiling paste v1.0.14
[INFO] [stderr]    Compiling bytemuck v1.14.0
[INFO] [stderr]    Compiling syn v2.0.48
[INFO] [stderr]    Compiling safe_arch v0.7.1
[INFO] [stderr]    Compiling num-rational v0.4.1
[INFO] [stderr]    Compiling matrixmultiply v0.3.8
[INFO] [stderr]    Compiling typenum v1.17.0
[INFO] [stderr]    Compiling wide v0.7.13
[INFO] [stderr]    Compiling aho-corasick v1.1.2
[INFO] [stderr]    Compiling version_check v0.9.4
[INFO] [stderr]    Compiling lexical-core v0.7.6
[INFO] [stderr]    Compiling regex-syntax v0.8.2
[INFO] [stderr]    Compiling rawpointer v0.2.1
[INFO] [stderr]    Compiling nom v5.1.3
[INFO] [stderr]    Compiling num-complex v0.4.4
[INFO] [stderr]    Compiling approx v0.5.1
[INFO] [stderr]    Compiling bitflags v1.3.2
[INFO] [stderr]    Compiling arrayvec v0.5.2
[INFO] [stderr]    Compiling num-traits v0.1.43
[INFO] [stderr]    Compiling linked-hash-map v0.5.6
[INFO] [stderr]    Compiling simba v0.8.1
[INFO] [stderr]    Compiling regex-automata v0.4.3
[INFO] [stderr]    Compiling serde v0.8.23
[INFO] [stderr]    Compiling yaml-rust v0.4.5
[INFO] [stderr]    Compiling rand v0.8.5
[INFO] [stderr]    Compiling rust-ini v0.13.0
[INFO] [stderr]    Compiling seahash v4.1.0
[INFO] [stderr]    Compiling rand_distr v0.4.3
[INFO] [stderr]    Compiling serde_derive v1.0.194
[INFO] [stderr]    Compiling thiserror-impl v1.0.56
[INFO] [stderr]    Compiling nalgebra-macros v0.2.1
[INFO] [stderr]    Compiling regex v1.10.2
[INFO] [stderr]    Compiling serde-hjson v0.9.1
[INFO] [stderr]    Compiling thiserror v1.0.56
[INFO] [stderr]    Compiling serde v1.0.194
[INFO] [stderr]    Compiling nalgebra v0.32.3
[INFO] [stderr]    Compiling serde_json v1.0.111
[INFO] [stderr]    Compiling toml v0.5.11
[INFO] [stderr]    Compiling config v0.11.0
[INFO] [stderr]    Compiling nalgebra-sparse v0.9.0
[INFO] [stderr]    Compiling favannat v0.6.4
[INFO] [stderr]    Compiling set_genome v0.6.7 (/opt/rustwide/workdir)
[INFO] [stderr]     Finished dev [unoptimized + debuginfo] target(s) in 39.68s
[INFO] running `Command { std: "docker" "inspect" "4b9f384eda344b03962c26412a5c93d142d67aefcb5971be5b67cf06a7ad2170", kill_on_drop: false }`
[INFO] running `Command { std: "docker" "rm" "-f" "4b9f384eda344b03962c26412a5c93d142d67aefcb5971be5b67cf06a7ad2170", kill_on_drop: false }`
[INFO] [stdout] 4b9f384eda344b03962c26412a5c93d142d67aefcb5971be5b67cf06a7ad2170
[INFO] running `Command { std: "docker" "create" "-v" "/var/lib/crater-agent-workspace/builds/worker-0-tc1/target:/opt/rustwide/target:rw,Z" "-v" "/var/lib/crater-agent-workspace/builds/worker-0-tc1/source:/opt/rustwide/workdir:ro,Z" "-v" "/var/lib/crater-agent-workspace/cargo-home:/opt/rustwide/cargo-home:ro,Z" "-v" "/var/lib/crater-agent-workspace/rustup-home:/opt/rustwide/rustup-home:ro,Z" "-e" "SOURCE_DIR=/opt/rustwide/workdir" "-e" "CARGO_TARGET_DIR=/opt/rustwide/target" "-e" "CARGO_INCREMENTAL=0" "-e" "RUST_BACKTRACE=full" "-e" "RUSTFLAGS=--cap-lints=warn" "-e" "RUSTDOCFLAGS=--cap-lints=warn" "-e" "CARGO_HOME=/opt/rustwide/cargo-home" "-e" "RUSTUP_HOME=/opt/rustwide/rustup-home" "-w" "/opt/rustwide/workdir" "-m" "1610612736" "--user" "0:0" "--network" "none" "ghcr.io/rust-lang/crates-build-env/linux@sha256:2788e3201cd34a07e3172128adcd8b3090168a8e3bcc40d7c032b9dda1df7d1c" "/opt/rustwide/cargo-home/bin/cargo" "+1.75.0" "test" "--frozen" "--no-run" "--message-format=json", kill_on_drop: false }`
[INFO] [stdout] 06f6fa969b2646b6c45c81bff2892bd648efc2cd7c0e5d9ae143a33267cd64d3
[INFO] running `Command { std: "docker" "start" "-a" "06f6fa969b2646b6c45c81bff2892bd648efc2cd7c0e5d9ae143a33267cd64d3", kill_on_drop: false }`
[INFO] [stderr]    Compiling crossbeam-utils v0.8.18
[INFO] [stderr]    Compiling rayon-core v1.12.0
[INFO] [stderr]    Compiling plotters-backend v0.3.5
[INFO] [stderr]    Compiling unicode-width v0.1.11
[INFO] [stderr]    Compiling csv-core v0.1.11
[INFO] [stderr]    Compiling same-file v1.0.6
[INFO] [stderr]    Compiling half v1.8.2
[INFO] [stderr]    Compiling cast v0.3.0
[INFO] [stderr]    Compiling textwrap v0.11.0
[INFO] [stderr]    Compiling walkdir v2.4.0
[INFO] [stderr]    Compiling plotters-svg v0.3.5
[INFO] [stderr]    Compiling clap v2.34.0
[INFO] [stderr]    Compiling serde_cbor v0.11.2
[INFO] [stderr]    Compiling criterion-plot v0.4.5
[INFO] [stderr]    Compiling csv v1.3.0
[INFO] [stderr]    Compiling plotters v0.3.5
[INFO] [stderr]    Compiling tinytemplate v1.2.1
[INFO] [stderr]    Compiling simba v0.5.1
[INFO] [stderr]    Compiling crossbeam-epoch v0.9.17
[INFO] [stderr]    Compiling nalgebra-macros v0.1.0
[INFO] [stderr]    Compiling atty v0.2.14
[INFO] [stderr]    Compiling crossbeam-deque v0.8.4
[INFO] [stderr]    Compiling oorandom v11.1.3
[INFO] [stderr]    Compiling rayon v1.8.0
[INFO] [stderr]    Compiling criterion v0.3.6
[INFO] [stderr]    Compiling nalgebra v0.28.0
[INFO] [stderr]    Compiling set_genome v0.6.7 (/opt/rustwide/workdir)
[INFO] [stdout] warning: unused `Result` that must be used
[INFO] [stdout]    --> src/favannat_impl.rs:115:13
[INFO] [stdout]     |
[INFO] [stdout] 115 |             genome.mutate(&parameters);
[INFO] [stdout]     |             ^^^^^^^^^^^^^^^^^^^^^^^^^^
[INFO] [stdout]     |
[INFO] [stdout]     = note: this `Result` may be an `Err` variant, which should be handled
[INFO] [stdout]     = note: `#[warn(unused_must_use)]` on by default
[INFO] [stdout] help: use `let _ = ...` to ignore the resulting value
[INFO] [stdout]     |
[INFO] [stdout] 115 |             let _ = genome.mutate(&parameters);
[INFO] [stdout]     |             +++++++
[INFO] [stdout] 
[INFO] [stdout] 
[INFO] [stdout] warning: unused `Result` that must be used
[INFO] [stdout]    --> src/genome.rs:675:13
[INFO] [stdout]     |
[INFO] [stdout] 675 |             genome.mutate(&parameters);
[INFO] [stdout]     |             ^^^^^^^^^^^^^^^^^^^^^^^^^^
[INFO] [stdout]     |
[INFO] [stdout]     = note: this `Result` may be an `Err` variant, which should be handled
[INFO] [stdout] help: use `let _ = ...` to ignore the resulting value
[INFO] [stdout]     |
[INFO] [stdout] 675 |             let _ = genome.mutate(&parameters);
[INFO] [stdout]     |             +++++++
[INFO] [stdout] 
[INFO] [stdout] 
[INFO] [stdout] warning: 2 warnings emitted
[INFO] [stdout] 
[INFO] [stdout] 
[INFO] [stderr]     Finished test [unoptimized + debuginfo] target(s) in 25.92s
[INFO] [stderr] warning: the following packages contain code that will be rejected by a future version of Rust: nalgebra v0.28.0
[INFO] [stderr] note: to see what the problems were, use the option `--future-incompat-report`, or run `cargo report future-incompatibilities --id 1`
[INFO] running `Command { std: "docker" "inspect" "06f6fa969b2646b6c45c81bff2892bd648efc2cd7c0e5d9ae143a33267cd64d3", kill_on_drop: false }`
[INFO] running `Command { std: "docker" "rm" "-f" "06f6fa969b2646b6c45c81bff2892bd648efc2cd7c0e5d9ae143a33267cd64d3", kill_on_drop: false }`
[INFO] [stdout] 06f6fa969b2646b6c45c81bff2892bd648efc2cd7c0e5d9ae143a33267cd64d3
[INFO] running `Command { std: "docker" "create" "-v" "/var/lib/crater-agent-workspace/builds/worker-0-tc1/target:/opt/rustwide/target:rw,Z" "-v" "/var/lib/crater-agent-workspace/builds/worker-0-tc1/source:/opt/rustwide/workdir:ro,Z" "-v" "/var/lib/crater-agent-workspace/cargo-home:/opt/rustwide/cargo-home:ro,Z" "-v" "/var/lib/crater-agent-workspace/rustup-home:/opt/rustwide/rustup-home:ro,Z" "-e" "SOURCE_DIR=/opt/rustwide/workdir" "-e" "CARGO_TARGET_DIR=/opt/rustwide/target" "-e" "CARGO_INCREMENTAL=0" "-e" "RUST_BACKTRACE=full" "-e" "RUSTFLAGS=--cap-lints=warn" "-e" "RUSTDOCFLAGS=--cap-lints=warn" "-e" "CARGO_HOME=/opt/rustwide/cargo-home" "-e" "RUSTUP_HOME=/opt/rustwide/rustup-home" "-w" "/opt/rustwide/workdir" "-m" "1610612736" "--user" "0:0" "--network" "none" "ghcr.io/rust-lang/crates-build-env/linux@sha256:2788e3201cd34a07e3172128adcd8b3090168a8e3bcc40d7c032b9dda1df7d1c" "/opt/rustwide/cargo-home/bin/cargo" "+1.75.0" "test" "--frozen", kill_on_drop: false }`
[INFO] [stdout] dfa712c232b9839aa1391a062f20464ebb3ac3ccdebdc1c2a5623c76c121bf24
[INFO] running `Command { std: "docker" "start" "-a" "dfa712c232b9839aa1391a062f20464ebb3ac3ccdebdc1c2a5623c76c121bf24", kill_on_drop: false }`
[INFO] [stderr] warning: unused `Result` that must be used
[INFO] [stderr]    --> src/favannat_impl.rs:115:13
[INFO] [stderr]     |
[INFO] [stderr] 115 |             genome.mutate(&parameters);
[INFO] [stderr]     |             ^^^^^^^^^^^^^^^^^^^^^^^^^^
[INFO] [stderr]     |
[INFO] [stderr]     = note: this `Result` may be an `Err` variant, which should be handled
[INFO] [stderr]     = note: `#[warn(unused_must_use)]` on by default
[INFO] [stderr] help: use `let _ = ...` to ignore the resulting value
[INFO] [stderr]     |
[INFO] [stderr] 115 |             let _ = genome.mutate(&parameters);
[INFO] [stderr]     |             +++++++
[INFO] [stderr] 
[INFO] [stderr] warning: unused `Result` that must be used
[INFO] [stderr]    --> src/genome.rs:675:13
[INFO] [stderr]     |
[INFO] [stderr] 675 |             genome.mutate(&parameters);
[INFO] [stderr]     |             ^^^^^^^^^^^^^^^^^^^^^^^^^^
[INFO] [stderr]     |
[INFO] [stderr]     = note: this `Result` may be an `Err` variant, which should be handled
[INFO] [stderr] help: use `let _ = ...` to ignore the resulting value
[INFO] [stderr]     |
[INFO] [stderr] 675 |             let _ = genome.mutate(&parameters);
[INFO] [stderr]     |             +++++++
[INFO] [stderr] 
[INFO] [stderr] warning: `set_genome` (lib test) generated 2 warnings
[INFO] [stderr]     Finished test [unoptimized + debuginfo] target(s) in 0.09s
[INFO] [stderr] warning: the following packages contain code that will be rejected by a future version of Rust: nalgebra v0.28.0
[INFO] [stderr] note: to see what the problems were, use the option `--future-incompat-report`, or run `cargo report future-incompatibilities --id 1`
[INFO] [stderr]      Running unittests src/lib.rs (/opt/rustwide/target/debug/deps/set_genome-91f45129eadfb077)
[INFO] [stdout] 
[INFO] [stdout] running 31 tests
[INFO] [stdout] test genome::compatibility_distance::tests::compatability_distance_different_weight_genome ... ok
[INFO] [stdout] test genome::compatibility_distance::tests::compatability_distance_different_connection_genome ... ok
[INFO] [stdout] test genome::compatibility_distance::tests::compatability_distance_same_genome ... ok
[INFO] [stdout] test genome::tests::detect_cycle ... ok
[INFO] [stdout] test genome::tests::find_alternative_output ... ok
[INFO] [stdout] test genome::tests::find_alternative_input ... ok
[INFO] [stdout] test genome::tests::crossover ... ok
[INFO] [stdout] test genome::tests::crossover_no_cycle ... ok
[INFO] [stdout] test genome::tests::create_dot_from_genome ... ok
[INFO] [stdout] test genome::tests::detect_no_cycle ... ok
[INFO] [stdout] test genome::tests::find_no_alternative_input ... ok
[INFO] [stdout] test genome::tests::find_no_alternative_output ... ok
[INFO] [stdout] test genome::tests::hash_genome ... ok
[INFO] [stdout] test mutations::add_connection::tests::add_random_connection ... ok
[INFO] [stdout] test mutations::add_node::tests::add_random_node ... ok
[INFO] [stdout] test mutations::add_node::tests::same_structure_same_id ... ok
[INFO] [stdout] test mutations::add_recurrent_connection::tests::add_random_connection ... ok
[INFO] [stdout] test mutations::add_connection::tests::dont_add_same_connection_twice ... ok
[INFO] [stdout] test mutations::change_activation::tests::change_activation ... ok
[INFO] [stdout] test mutations::change_weights::tests::change_weights ... ok
[INFO] [stdout] test mutations::duplicate_node::tests::duplicate_random_node ... ok
[INFO] [stdout] test mutations::add_recurrent_connection::tests::dont_add_same_connection_twice ... ok
[INFO] [stdout] test mutations::remove_connection::tests::can_remove_connection ... ok
[INFO] [stdout] test mutations::duplicate_node::tests::same_structure_same_id ... ok
[INFO] [stdout] test mutations::remove_node::tests::can_not_remove_node ... ok
[INFO] [stdout] test mutations::remove_recurrent_connection::tests::can_not_remove_recurrent_connection ... ok
[INFO] [stdout] test mutations::remove_recurrent_connection::tests::can_remove_recurrent_connection ... ok
[INFO] [stdout] test mutations::remove_connection::tests::can_not_remove_connection ... ok
[INFO] [stdout] test mutations::remove_node::tests::can_remove_node ... ok
[INFO] [stdout] test genome::tests::print_big_dot ... ok
[INFO] [stdout] test favannat_impl::tests::verify_output_does_not_occasionally_leak_internal_state ... ok
[INFO] [stderr]    Doc-tests set_genome
[INFO] [stdout] 
[INFO] [stdout] test result: ok. 31 passed; 0 failed; 0 ignored; 0 measured; 0 filtered out; finished in 0.81s
[INFO] [stdout] 
[INFO] [stdout] 
[INFO] [stdout] running 8 tests
[INFO] [stdout] test src/lib.rs - (line 4) ... FAILED
[INFO] [stdout] test src/genome/compatibility_distance.rs - genome::compatibility_distance::CompatibilityDistance (line 22) ... ok
[INFO] [stdout] test src/lib.rs - Genome::mutate (line 179) ... ok
[INFO] [stdout] test src/lib.rs - (line 42) ... ok
[INFO] [stdout] test src/lib.rs - (line 63) ... ok
[INFO] [stdout] test src/lib.rs - (line 87) ... ok
[INFO] [stdout] test src/genome/compatibility_distance.rs - genome::compatibility_distance::CompatibilityDistance::compatability_distance (line 81) ... ok
[INFO] [stdout] test src/parameters.rs - parameters::Parameters (line 14) ... ok
[INFO] [stdout] 
[INFO] [stdout] failures:
[INFO] [stdout] 
[INFO] [stdout] ---- src/lib.rs - (line 4) stdout ----
[INFO] [stdout] error[E0277]: the trait bound `Matrix<{float}, Dynamic, Dynamic, VecStorage<{float}, Dynamic, Dynamic>>: NetworkIO` is not satisfied
[INFO] [stdout]   --> src/lib.rs:24:31
[INFO] [stdout]    |
[INFO] [stdout] 23 | let output = network.evaluate(dmatrix![0.0, 1.0, 2.0, 3.0, 4.0, 5.0, 6.0, 7.0, 8.0, 9.0]);
[INFO] [stdout]    |                      -------- ^^^^^^^^^^^^^^^^^^^^^^^^^^^^^^^^^^^^^^^^^^^^^^^^^^^^^^^^^^ the trait `NetworkIO` is not implemented for `Matrix<{float}, Dynamic, Dynamic, VecStorage<{float}, Dynamic, Dynamic>>`
[INFO] [stdout]    |                      |
[INFO] [stdout]    |                      required by a bound introduced by this call
[INFO] [stdout]    |
[INFO] [stdout]    = help: the following other types implement trait `NetworkIO`:
[INFO] [stdout]              Vec<f64>
[INFO] [stdout]              nalgebra::base::matrix::Matrix<f64, nalgebra::base::dimension::Dyn, nalgebra::base::dimension::Dyn, nalgebra::base::vec_storage::VecStorage<f64, nalgebra::base::dimension::Dyn, nalgebra::base::dimension::Dyn>>
[INFO] [stdout]              nalgebra::base::matrix::Matrix<f64, nalgebra::base::dimension::Dyn, nalgebra::base::dimension::Const<1>, nalgebra::base::vec_storage::VecStorage<f64, nalgebra::base::dimension::Dyn, nalgebra::base::dimension::Const<1>>>
[INFO] [stdout] note: required by a bound in `favannat::Evaluator::evaluate`
[INFO] [stdout]   --> /opt/rustwide/cargo-home/registry/src/index.crates.io-6f17d22bba15001f/favannat-0.6.4/src/network/mod.rs:56:20
[INFO] [stdout]    |
[INFO] [stdout] 56 |     fn evaluate<T: NetworkIO>(&self, input: T) -> T;
[INFO] [stdout]    |                    ^^^^^^^^^ required by this bound in `Evaluator::evaluate`
[INFO] [stdout] 
[INFO] [stdout] error: aborting due to previous error
[INFO] [stdout] 
[INFO] [stdout] For more information about this error, try `rustc --explain E0277`.
[INFO] [stdout] Couldn't compile the test.
[INFO] [stdout] 
[INFO] [stdout] failures:
[INFO] [stdout]     src/lib.rs - (line 4)
[INFO] [stdout] 
[INFO] [stdout] test result: FAILED. 7 passed; 1 failed; 0 ignored; 0 measured; 0 filtered out; finished in 2.90s
[INFO] [stdout] 
[INFO] [stderr] error: doctest failed, to rerun pass `--doc`
[INFO] running `Command { std: "docker" "inspect" "dfa712c232b9839aa1391a062f20464ebb3ac3ccdebdc1c2a5623c76c121bf24", kill_on_drop: false }`
[INFO] running `Command { std: "docker" "rm" "-f" "dfa712c232b9839aa1391a062f20464ebb3ac3ccdebdc1c2a5623c76c121bf24", kill_on_drop: false }`
[INFO] [stdout] dfa712c232b9839aa1391a062f20464ebb3ac3ccdebdc1c2a5623c76c121bf24
