[INFO] fetching crate set_field_macro 0.1.1...
[INFO] testing set_field_macro-0.1.1 against 1.75.0 for beta-1.76-1
[INFO] extracting crate set_field_macro 0.1.1 into /workspace/builds/worker-0-tc1/source
[INFO] validating manifest of crates.io crate set_field_macro 0.1.1 on toolchain 1.75.0
[INFO] running `Command { std: CARGO_HOME="/workspace/cargo-home" RUSTUP_HOME="/workspace/rustup-home" "/workspace/cargo-home/bin/cargo" "+1.75.0" "metadata" "--manifest-path" "Cargo.toml" "--no-deps", kill_on_drop: false }`
[INFO] started tweaking crates.io crate set_field_macro 0.1.1
[INFO] finished tweaking crates.io crate set_field_macro 0.1.1
[INFO] tweaked toml for crates.io crate set_field_macro 0.1.1 written to /workspace/builds/worker-0-tc1/source/Cargo.toml
[INFO] running `Command { std: CARGO_HOME="/workspace/cargo-home" RUSTUP_HOME="/workspace/rustup-home" "/workspace/cargo-home/bin/cargo" "+1.75.0" "generate-lockfile" "--manifest-path" "Cargo.toml", kill_on_drop: false }`
[INFO] [stderr]     Updating crates.io index
[INFO] running `Command { std: CARGO_HOME="/workspace/cargo-home" RUSTUP_HOME="/workspace/rustup-home" "/workspace/cargo-home/bin/cargo" "+1.75.0" "fetch" "--manifest-path" "Cargo.toml", kill_on_drop: false }`
[INFO] running `Command { std: "docker" "create" "-v" "/var/lib/crater-agent-workspace/builds/worker-0-tc1/target:/opt/rustwide/target:rw,Z" "-v" "/var/lib/crater-agent-workspace/builds/worker-0-tc1/source:/opt/rustwide/workdir:ro,Z" "-v" "/var/lib/crater-agent-workspace/cargo-home:/opt/rustwide/cargo-home:ro,Z" "-v" "/var/lib/crater-agent-workspace/rustup-home:/opt/rustwide/rustup-home:ro,Z" "-e" "SOURCE_DIR=/opt/rustwide/workdir" "-e" "CARGO_TARGET_DIR=/opt/rustwide/target" "-e" "CARGO_HOME=/opt/rustwide/cargo-home" "-e" "RUSTUP_HOME=/opt/rustwide/rustup-home" "-w" "/opt/rustwide/workdir" "-m" "1610612736" "--user" "0:0" "--network" "none" "ghcr.io/rust-lang/crates-build-env/linux@sha256:2788e3201cd34a07e3172128adcd8b3090168a8e3bcc40d7c032b9dda1df7d1c" "/opt/rustwide/cargo-home/bin/cargo" "+1.75.0" "metadata" "--no-deps" "--format-version=1", kill_on_drop: false }`
[INFO] [stdout] b33c0d2c173e960193f6713228b8859f78b3d70b1bbd6fd67df1c5845dff01cd
[INFO] running `Command { std: "docker" "start" "-a" "b33c0d2c173e960193f6713228b8859f78b3d70b1bbd6fd67df1c5845dff01cd", kill_on_drop: false }`
[INFO] running `Command { std: "docker" "inspect" "b33c0d2c173e960193f6713228b8859f78b3d70b1bbd6fd67df1c5845dff01cd", kill_on_drop: false }`
[INFO] running `Command { std: "docker" "rm" "-f" "b33c0d2c173e960193f6713228b8859f78b3d70b1bbd6fd67df1c5845dff01cd", kill_on_drop: false }`
[INFO] [stdout] b33c0d2c173e960193f6713228b8859f78b3d70b1bbd6fd67df1c5845dff01cd
[INFO] running `Command { std: "docker" "create" "-v" "/var/lib/crater-agent-workspace/builds/worker-0-tc1/target:/opt/rustwide/target:rw,Z" "-v" "/var/lib/crater-agent-workspace/builds/worker-0-tc1/source:/opt/rustwide/workdir:ro,Z" "-v" "/var/lib/crater-agent-workspace/cargo-home:/opt/rustwide/cargo-home:ro,Z" "-v" "/var/lib/crater-agent-workspace/rustup-home:/opt/rustwide/rustup-home:ro,Z" "-e" "SOURCE_DIR=/opt/rustwide/workdir" "-e" "CARGO_TARGET_DIR=/opt/rustwide/target" "-e" "CARGO_INCREMENTAL=0" "-e" "RUST_BACKTRACE=full" "-e" "RUSTFLAGS=--cap-lints=warn" "-e" "RUSTDOCFLAGS=--cap-lints=warn" "-e" "CARGO_HOME=/opt/rustwide/cargo-home" "-e" "RUSTUP_HOME=/opt/rustwide/rustup-home" "-w" "/opt/rustwide/workdir" "-m" "1610612736" "--user" "0:0" "--network" "none" "ghcr.io/rust-lang/crates-build-env/linux@sha256:2788e3201cd34a07e3172128adcd8b3090168a8e3bcc40d7c032b9dda1df7d1c" "/opt/rustwide/cargo-home/bin/cargo" "+1.75.0" "build" "--frozen" "--message-format=json", kill_on_drop: false }`
[INFO] [stdout] 61c22cd9464bfae963c46c0289600f6f9ebeee3ab5f2a0bff97f082b54ab4ea8
[INFO] running `Command { std: "docker" "start" "-a" "61c22cd9464bfae963c46c0289600f6f9ebeee3ab5f2a0bff97f082b54ab4ea8", kill_on_drop: false }`
[INFO] [stderr]    Compiling proc-macro2 v1.0.75
[INFO] [stderr]    Compiling quote v1.0.35
[INFO] [stderr]    Compiling syn v2.0.48
[INFO] [stderr]    Compiling set_field_macro v0.1.1 (/opt/rustwide/workdir)
[INFO] [stderr]     Finished dev [unoptimized + debuginfo] target(s) in 3.15s
[INFO] running `Command { std: "docker" "inspect" "61c22cd9464bfae963c46c0289600f6f9ebeee3ab5f2a0bff97f082b54ab4ea8", kill_on_drop: false }`
[INFO] running `Command { std: "docker" "rm" "-f" "61c22cd9464bfae963c46c0289600f6f9ebeee3ab5f2a0bff97f082b54ab4ea8", kill_on_drop: false }`
[INFO] [stdout] 61c22cd9464bfae963c46c0289600f6f9ebeee3ab5f2a0bff97f082b54ab4ea8
[INFO] running `Command { std: "docker" "create" "-v" "/var/lib/crater-agent-workspace/builds/worker-0-tc1/target:/opt/rustwide/target:rw,Z" "-v" "/var/lib/crater-agent-workspace/builds/worker-0-tc1/source:/opt/rustwide/workdir:ro,Z" "-v" "/var/lib/crater-agent-workspace/cargo-home:/opt/rustwide/cargo-home:ro,Z" "-v" "/var/lib/crater-agent-workspace/rustup-home:/opt/rustwide/rustup-home:ro,Z" "-e" "SOURCE_DIR=/opt/rustwide/workdir" "-e" "CARGO_TARGET_DIR=/opt/rustwide/target" "-e" "CARGO_INCREMENTAL=0" "-e" "RUST_BACKTRACE=full" "-e" "RUSTFLAGS=--cap-lints=warn" "-e" "RUSTDOCFLAGS=--cap-lints=warn" "-e" "CARGO_HOME=/opt/rustwide/cargo-home" "-e" "RUSTUP_HOME=/opt/rustwide/rustup-home" "-w" "/opt/rustwide/workdir" "-m" "1610612736" "--user" "0:0" "--network" "none" "ghcr.io/rust-lang/crates-build-env/linux@sha256:2788e3201cd34a07e3172128adcd8b3090168a8e3bcc40d7c032b9dda1df7d1c" "/opt/rustwide/cargo-home/bin/cargo" "+1.75.0" "test" "--frozen" "--no-run" "--message-format=json", kill_on_drop: false }`
[INFO] [stdout] b82d17e95385136a94623f98a106b9ea8559fb222523c2650fbd83ab011f52b9
[INFO] running `Command { std: "docker" "start" "-a" "b82d17e95385136a94623f98a106b9ea8559fb222523c2650fbd83ab011f52b9", kill_on_drop: false }`
[INFO] [stderr]    Compiling set_field_macro v0.1.1 (/opt/rustwide/workdir)
[INFO] [stderr]     Finished test [unoptimized + debuginfo] target(s) in 0.39s
[INFO] running `Command { std: "docker" "inspect" "b82d17e95385136a94623f98a106b9ea8559fb222523c2650fbd83ab011f52b9", kill_on_drop: false }`
[INFO] running `Command { std: "docker" "rm" "-f" "b82d17e95385136a94623f98a106b9ea8559fb222523c2650fbd83ab011f52b9", kill_on_drop: false }`
[INFO] [stdout] b82d17e95385136a94623f98a106b9ea8559fb222523c2650fbd83ab011f52b9
[INFO] running `Command { std: "docker" "create" "-v" "/var/lib/crater-agent-workspace/builds/worker-0-tc1/target:/opt/rustwide/target:rw,Z" "-v" "/var/lib/crater-agent-workspace/builds/worker-0-tc1/source:/opt/rustwide/workdir:ro,Z" "-v" "/var/lib/crater-agent-workspace/cargo-home:/opt/rustwide/cargo-home:ro,Z" "-v" "/var/lib/crater-agent-workspace/rustup-home:/opt/rustwide/rustup-home:ro,Z" "-e" "SOURCE_DIR=/opt/rustwide/workdir" "-e" "CARGO_TARGET_DIR=/opt/rustwide/target" "-e" "CARGO_INCREMENTAL=0" "-e" "RUST_BACKTRACE=full" "-e" "RUSTFLAGS=--cap-lints=warn" "-e" "RUSTDOCFLAGS=--cap-lints=warn" "-e" "CARGO_HOME=/opt/rustwide/cargo-home" "-e" "RUSTUP_HOME=/opt/rustwide/rustup-home" "-w" "/opt/rustwide/workdir" "-m" "1610612736" "--user" "0:0" "--network" "none" "ghcr.io/rust-lang/crates-build-env/linux@sha256:2788e3201cd34a07e3172128adcd8b3090168a8e3bcc40d7c032b9dda1df7d1c" "/opt/rustwide/cargo-home/bin/cargo" "+1.75.0" "test" "--frozen", kill_on_drop: false }`
[INFO] [stdout] 8d2650c008fa5f991cb9dd33882d4eba99cba588bce89ce6c4d34efeaec60a1b
[INFO] running `Command { std: "docker" "start" "-a" "8d2650c008fa5f991cb9dd33882d4eba99cba588bce89ce6c4d34efeaec60a1b", kill_on_drop: false }`
[INFO] [stderr]     Finished test [unoptimized + debuginfo] target(s) in 0.00s
[INFO] [stderr]      Running unittests src/lib.rs (/opt/rustwide/target/debug/deps/set_field_macro-edb87ffe8537dc14)
[INFO] [stdout] 
[INFO] [stdout] running 0 tests
[INFO] [stdout] 
[INFO] [stdout] test result: ok. 0 passed; 0 failed; 0 ignored; 0 measured; 0 filtered out; finished in 0.00s
[INFO] [stdout] 
[INFO] [stderr]    Doc-tests set_field_macro
[INFO] [stdout] 
[INFO] [stdout] running 1 test
[INFO] [stdout] test src/lib.rs - set_field_derive (line 9) ... FAILED
[INFO] [stdout] 
[INFO] [stdout] failures:
[INFO] [stdout] 
[INFO] [stdout] ---- src/lib.rs - set_field_derive (line 9) stdout ----
[INFO] [stdout] error[E0432]: unresolved import `set_field`
[INFO] [stdout]  --> src/lib.rs:10:5
[INFO] [stdout]   |
[INFO] [stdout] 3 | use set_field::SetField;
[INFO] [stdout]   |     ^^^^^^^^^ use of undeclared crate or module `set_field`
[INFO] [stdout] 
[INFO] [stdout] error: cannot determine resolution for the derive macro `SetField`
[INFO] [stdout]  --> src/lib.rs:11:10
[INFO] [stdout]   |
[INFO] [stdout] 4 | #[derive(SetField)]
[INFO] [stdout]   |          ^^^^^^^^
[INFO] [stdout]   |
[INFO] [stdout]   = note: import resolution is stuck, try simplifying macro imports
[INFO] [stdout] 
[INFO] [stdout] error[E0599]: no method named `set_field` found for struct `Foo` in the current scope
[INFO] [stdout]  --> src/lib.rs:15:6
[INFO] [stdout]   |
[INFO] [stdout] 5 | struct Foo { a: i32 }
[INFO] [stdout]   | ---------- method `set_field` not found for this struct
[INFO] [stdout] ...
[INFO] [stdout] 8 |     foo.set_field("a", 888);
[INFO] [stdout]   |         ^^^^^^^^^ method not found in `Foo`
[INFO] [stdout] 
[INFO] [stdout] error: aborting due to 3 previous errors
[INFO] [stdout] 
[INFO] [stdout] Some errors have detailed explanations: E0432, E0599.
[INFO] [stdout] For more information about an error, try `rustc --explain E0432`.
[INFO] [stdout] Couldn't compile the test.
[INFO] [stdout] 
[INFO] [stdout] failures:
[INFO] [stdout]     src/lib.rs - set_field_derive (line 9)
[INFO] [stdout] 
[INFO] [stdout] test result: FAILED. 0 passed; 1 failed; 0 ignored; 0 measured; 0 filtered out; finished in 0.08s
[INFO] [stdout] 
[INFO] [stderr] error: doctest failed, to rerun pass `--doc`
[INFO] running `Command { std: "docker" "inspect" "8d2650c008fa5f991cb9dd33882d4eba99cba588bce89ce6c4d34efeaec60a1b", kill_on_drop: false }`
[INFO] running `Command { std: "docker" "rm" "-f" "8d2650c008fa5f991cb9dd33882d4eba99cba588bce89ce6c4d34efeaec60a1b", kill_on_drop: false }`
[INFO] [stdout] 8d2650c008fa5f991cb9dd33882d4eba99cba588bce89ce6c4d34efeaec60a1b
[INFO] testing set_field_macro-0.1.1 against beta-2023-12-22 for beta-1.76-1
[INFO] extracting crate set_field_macro 0.1.1 into /workspace/builds/worker-0-tc2/source
[INFO] validating manifest of crates.io crate set_field_macro 0.1.1 on toolchain beta-2023-12-22
[INFO] running `Command { std: CARGO_HOME="/workspace/cargo-home" RUSTUP_HOME="/workspace/rustup-home" "/workspace/cargo-home/bin/cargo" "+beta-2023-12-22" "metadata" "--manifest-path" "Cargo.toml" "--no-deps", kill_on_drop: false }`
[INFO] started tweaking crates.io crate set_field_macro 0.1.1
[INFO] finished tweaking crates.io crate set_field_macro 0.1.1
[INFO] tweaked toml for crates.io crate set_field_macro 0.1.1 written to /workspace/builds/worker-0-tc2/source/Cargo.toml
[INFO] running `Command { std: CARGO_HOME="/workspace/cargo-home" RUSTUP_HOME="/workspace/rustup-home" "/workspace/cargo-home/bin/cargo" "+beta-2023-12-22" "generate-lockfile" "--manifest-path" "Cargo.toml", kill_on_drop: false }`
[INFO] [stderr]     Updating crates.io index
[INFO] running `Command { std: CARGO_HOME="/workspace/cargo-home" RUSTUP_HOME="/workspace/rustup-home" "/workspace/cargo-home/bin/cargo" "+beta-2023-12-22" "fetch" "--manifest-path" "Cargo.toml", kill_on_drop: false }`
[INFO] running `Command { std: "docker" "create" "-v" "/var/lib/crater-agent-workspace/builds/worker-0-tc2/target:/opt/rustwide/target:rw,Z" "-v" "/var/lib/crater-agent-workspace/builds/worker-0-tc2/source:/opt/rustwide/workdir:ro,Z" "-v" "/var/lib/crater-agent-workspace/cargo-home:/opt/rustwide/cargo-home:ro,Z" "-v" "/var/lib/crater-agent-workspace/rustup-home:/opt/rustwide/rustup-home:ro,Z" "-e" "SOURCE_DIR=/opt/rustwide/workdir" "-e" "CARGO_TARGET_DIR=/opt/rustwide/target" "-e" "CARGO_HOME=/opt/rustwide/cargo-home" "-e" "RUSTUP_HOME=/opt/rustwide/rustup-home" "-w" "/opt/rustwide/workdir" "-m" "1610612736" "--user" "0:0" "--network" "none" "ghcr.io/rust-lang/crates-build-env/linux@sha256:2788e3201cd34a07e3172128adcd8b3090168a8e3bcc40d7c032b9dda1df7d1c" "/opt/rustwide/cargo-home/bin/cargo" "+beta-2023-12-22" "metadata" "--no-deps" "--format-version=1", kill_on_drop: false }`
[INFO] [stdout] dd53f18aa52286e05414fbf1c6e021de7a1e832b4d1e0df720363a27c0486af2
[INFO] running `Command { std: "docker" "start" "-a" "dd53f18aa52286e05414fbf1c6e021de7a1e832b4d1e0df720363a27c0486af2", kill_on_drop: false }`
[INFO] running `Command { std: "docker" "inspect" "dd53f18aa52286e05414fbf1c6e021de7a1e832b4d1e0df720363a27c0486af2", kill_on_drop: false }`
[INFO] running `Command { std: "docker" "rm" "-f" "dd53f18aa52286e05414fbf1c6e021de7a1e832b4d1e0df720363a27c0486af2", kill_on_drop: false }`
[INFO] [stdout] dd53f18aa52286e05414fbf1c6e021de7a1e832b4d1e0df720363a27c0486af2
[INFO] running `Command { std: "docker" "create" "-v" "/var/lib/crater-agent-workspace/builds/worker-0-tc2/target:/opt/rustwide/target:rw,Z" "-v" "/var/lib/crater-agent-workspace/builds/worker-0-tc2/source:/opt/rustwide/workdir:ro,Z" "-v" "/var/lib/crater-agent-workspace/cargo-home:/opt/rustwide/cargo-home:ro,Z" "-v" "/var/lib/crater-agent-workspace/rustup-home:/opt/rustwide/rustup-home:ro,Z" "-e" "SOURCE_DIR=/opt/rustwide/workdir" "-e" "CARGO_TARGET_DIR=/opt/rustwide/target" "-e" "CARGO_INCREMENTAL=0" "-e" "RUST_BACKTRACE=full" "-e" "RUSTFLAGS=--cap-lints=warn" "-e" "RUSTDOCFLAGS=--cap-lints=warn" "-e" "CARGO_HOME=/opt/rustwide/cargo-home" "-e" "RUSTUP_HOME=/opt/rustwide/rustup-home" "-w" "/opt/rustwide/workdir" "-m" "1610612736" "--user" "0:0" "--network" "none" "ghcr.io/rust-lang/crates-build-env/linux@sha256:2788e3201cd34a07e3172128adcd8b3090168a8e3bcc40d7c032b9dda1df7d1c" "/opt/rustwide/cargo-home/bin/cargo" "+beta-2023-12-22" "build" "--frozen" "--message-format=json", kill_on_drop: false }`
[INFO] [stdout] 88eb962424fab80082a678f3d2e4e565c4732d8d0de61869c05b5146e05abcde
[INFO] running `Command { std: "docker" "start" "-a" "88eb962424fab80082a678f3d2e4e565c4732d8d0de61869c05b5146e05abcde", kill_on_drop: false }`
[INFO] [stderr]    Compiling proc-macro2 v1.0.75
[INFO] [stderr]    Compiling quote v1.0.35
[INFO] [stderr]    Compiling syn v2.0.48
[INFO] [stderr]    Compiling set_field_macro v0.1.1 (/opt/rustwide/workdir)
[INFO] [stderr]     Finished dev [unoptimized + debuginfo] target(s) in 3.15s
[INFO] running `Command { std: "docker" "inspect" "88eb962424fab80082a678f3d2e4e565c4732d8d0de61869c05b5146e05abcde", kill_on_drop: false }`
[INFO] running `Command { std: "docker" "rm" "-f" "88eb962424fab80082a678f3d2e4e565c4732d8d0de61869c05b5146e05abcde", kill_on_drop: false }`
[INFO] [stdout] 88eb962424fab80082a678f3d2e4e565c4732d8d0de61869c05b5146e05abcde
[INFO] running `Command { std: "docker" "create" "-v" "/var/lib/crater-agent-workspace/builds/worker-0-tc2/target:/opt/rustwide/target:rw,Z" "-v" "/var/lib/crater-agent-workspace/builds/worker-0-tc2/source:/opt/rustwide/workdir:ro,Z" "-v" "/var/lib/crater-agent-workspace/cargo-home:/opt/rustwide/cargo-home:ro,Z" "-v" "/var/lib/crater-agent-workspace/rustup-home:/opt/rustwide/rustup-home:ro,Z" "-e" "SOURCE_DIR=/opt/rustwide/workdir" "-e" "CARGO_TARGET_DIR=/opt/rustwide/target" "-e" "CARGO_INCREMENTAL=0" "-e" "RUST_BACKTRACE=full" "-e" "RUSTFLAGS=--cap-lints=warn" "-e" "RUSTDOCFLAGS=--cap-lints=warn" "-e" "CARGO_HOME=/opt/rustwide/cargo-home" "-e" "RUSTUP_HOME=/opt/rustwide/rustup-home" "-w" "/opt/rustwide/workdir" "-m" "1610612736" "--user" "0:0" "--network" "none" "ghcr.io/rust-lang/crates-build-env/linux@sha256:2788e3201cd34a07e3172128adcd8b3090168a8e3bcc40d7c032b9dda1df7d1c" "/opt/rustwide/cargo-home/bin/cargo" "+beta-2023-12-22" "test" "--frozen" "--no-run" "--message-format=json", kill_on_drop: false }`
[INFO] [stdout] 25516048dc78867f949e939e368f2464250ea4f298d07cbfb18ff8b784a5db19
[INFO] running `Command { std: "docker" "start" "-a" "25516048dc78867f949e939e368f2464250ea4f298d07cbfb18ff8b784a5db19", kill_on_drop: false }`
[INFO] [stderr]    Compiling set_field_macro v0.1.1 (/opt/rustwide/workdir)
[INFO] [stderr]     Finished test [unoptimized + debuginfo] target(s) in 0.44s
[INFO] running `Command { std: "docker" "inspect" "25516048dc78867f949e939e368f2464250ea4f298d07cbfb18ff8b784a5db19", kill_on_drop: false }`
[INFO] running `Command { std: "docker" "rm" "-f" "25516048dc78867f949e939e368f2464250ea4f298d07cbfb18ff8b784a5db19", kill_on_drop: false }`
[INFO] [stdout] 25516048dc78867f949e939e368f2464250ea4f298d07cbfb18ff8b784a5db19
[INFO] running `Command { std: "docker" "create" "-v" "/var/lib/crater-agent-workspace/builds/worker-0-tc2/target:/opt/rustwide/target:rw,Z" "-v" "/var/lib/crater-agent-workspace/builds/worker-0-tc2/source:/opt/rustwide/workdir:ro,Z" "-v" "/var/lib/crater-agent-workspace/cargo-home:/opt/rustwide/cargo-home:ro,Z" "-v" "/var/lib/crater-agent-workspace/rustup-home:/opt/rustwide/rustup-home:ro,Z" "-e" "SOURCE_DIR=/opt/rustwide/workdir" "-e" "CARGO_TARGET_DIR=/opt/rustwide/target" "-e" "CARGO_INCREMENTAL=0" "-e" "RUST_BACKTRACE=full" "-e" "RUSTFLAGS=--cap-lints=warn" "-e" "RUSTDOCFLAGS=--cap-lints=warn" "-e" "CARGO_HOME=/opt/rustwide/cargo-home" "-e" "RUSTUP_HOME=/opt/rustwide/rustup-home" "-w" "/opt/rustwide/workdir" "-m" "1610612736" "--user" "0:0" "--network" "none" "ghcr.io/rust-lang/crates-build-env/linux@sha256:2788e3201cd34a07e3172128adcd8b3090168a8e3bcc40d7c032b9dda1df7d1c" "/opt/rustwide/cargo-home/bin/cargo" "+beta-2023-12-22" "test" "--frozen", kill_on_drop: false }`
[INFO] [stdout] 34cb7763a0d3e3e41e4fae2e2ce0eb4727b8539cabc449f749cd83215a06b0fe
[INFO] running `Command { std: "docker" "start" "-a" "34cb7763a0d3e3e41e4fae2e2ce0eb4727b8539cabc449f749cd83215a06b0fe", kill_on_drop: false }`
[INFO] [stderr]     Finished test [unoptimized + debuginfo] target(s) in 0.01s
[INFO] [stderr]      Running unittests src/lib.rs (/opt/rustwide/target/debug/deps/set_field_macro-191dbe0766f9c67a)
[INFO] [stdout] 
[INFO] [stdout] running 0 tests
[INFO] [stdout] 
[INFO] [stdout] test result: ok. 0 passed; 0 failed; 0 ignored; 0 measured; 0 filtered out; finished in 0.00s
[INFO] [stdout] 
[INFO] [stderr]    Doc-tests set_field_macro
[INFO] [stdout] 
[INFO] [stdout] running 1 test
[INFO] [stdout] test src/lib.rs - set_field_derive (line 9) ... FAILED
[INFO] [stdout] 
[INFO] [stdout] failures:
[INFO] [stdout] 
[INFO] [stdout] ---- src/lib.rs - set_field_derive (line 9) stdout ----
[INFO] [stdout] error[E0432]: unresolved import `set_field`
[INFO] [stdout]  --> src/lib.rs:10:5
[INFO] [stdout]   |
[INFO] [stdout] 3 | use set_field::SetField;
[INFO] [stdout]   |     ^^^^^^^^^ use of undeclared crate or module `set_field`
[INFO] [stdout] 
[INFO] [stdout] error: cannot determine resolution for the derive macro `SetField`
[INFO] [stdout]  --> src/lib.rs:11:10
[INFO] [stdout]   |
[INFO] [stdout] 4 | #[derive(SetField)]
[INFO] [stdout]   |          ^^^^^^^^
[INFO] [stdout]   |
[INFO] [stdout]   = note: import resolution is stuck, try simplifying macro imports
[INFO] [stdout] 
[INFO] [stdout] error[E0599]: no method named `set_field` found for struct `Foo` in the current scope
[INFO] [stdout]  --> src/lib.rs:15:6
[INFO] [stdout]   |
[INFO] [stdout] 5 | struct Foo { a: i32 }
[INFO] [stdout]   | ---------- method `set_field` not found for this struct
[INFO] [stdout] ...
[INFO] [stdout] 8 |     foo.set_field("a", 888);
[INFO] [stdout]   |         ^^^^^^^^^ method not found in `Foo`
[INFO] [stdout] 
[INFO] [stdout] error: aborting due to 3 previous errors
[INFO] [stdout] 
[INFO] [stdout] Some errors have detailed explanations: E0432, E0599.
[INFO] [stdout] For more information about an error, try `rustc --explain E0432`.
[INFO] [stdout] Couldn't compile the test.
[INFO] [stdout] 
[INFO] [stdout] failures:
[INFO] [stdout]     src/lib.rs - set_field_derive (line 9)
[INFO] [stdout] 
[INFO] [stdout] test result: FAILED. 0 passed; 1 failed; 0 ignored; 0 measured; 0 filtered out; finished in 0.07s
[INFO] [stdout] 
[INFO] [stderr] error: doctest failed, to rerun pass `--doc`
[INFO] running `Command { std: "docker" "inspect" "34cb7763a0d3e3e41e4fae2e2ce0eb4727b8539cabc449f749cd83215a06b0fe", kill_on_drop: false }`
[INFO] running `Command { std: "docker" "rm" "-f" "34cb7763a0d3e3e41e4fae2e2ce0eb4727b8539cabc449f749cd83215a06b0fe", kill_on_drop: false }`
[INFO] [stdout] 34cb7763a0d3e3e41e4fae2e2ce0eb4727b8539cabc449f749cd83215a06b0fe
