[INFO] fetching crate seripack_macros 0.1.0...
[INFO] testing seripack_macros-0.1.0 against 1.75.0 for beta-1.76-1
[INFO] extracting crate seripack_macros 0.1.0 into /workspace/builds/worker-4-tc1/source
[INFO] validating manifest of crates.io crate seripack_macros 0.1.0 on toolchain 1.75.0
[INFO] running `Command { std: CARGO_HOME="/workspace/cargo-home" RUSTUP_HOME="/workspace/rustup-home" "/workspace/cargo-home/bin/cargo" "+1.75.0" "metadata" "--manifest-path" "Cargo.toml" "--no-deps", kill_on_drop: false }`
[INFO] started tweaking crates.io crate seripack_macros 0.1.0
[INFO] finished tweaking crates.io crate seripack_macros 0.1.0
[INFO] tweaked toml for crates.io crate seripack_macros 0.1.0 written to /workspace/builds/worker-4-tc1/source/Cargo.toml
[INFO] running `Command { std: CARGO_HOME="/workspace/cargo-home" RUSTUP_HOME="/workspace/rustup-home" "/workspace/cargo-home/bin/cargo" "+1.75.0" "generate-lockfile" "--manifest-path" "Cargo.toml", kill_on_drop: false }`
[INFO] [stderr]     Updating crates.io index
[INFO] running `Command { std: CARGO_HOME="/workspace/cargo-home" RUSTUP_HOME="/workspace/rustup-home" "/workspace/cargo-home/bin/cargo" "+1.75.0" "fetch" "--manifest-path" "Cargo.toml", kill_on_drop: false }`
[INFO] running `Command { std: "docker" "create" "-v" "/var/lib/crater-agent-workspace/builds/worker-4-tc1/target:/opt/rustwide/target:rw,Z" "-v" "/var/lib/crater-agent-workspace/builds/worker-4-tc1/source:/opt/rustwide/workdir:ro,Z" "-v" "/var/lib/crater-agent-workspace/cargo-home:/opt/rustwide/cargo-home:ro,Z" "-v" "/var/lib/crater-agent-workspace/rustup-home:/opt/rustwide/rustup-home:ro,Z" "-e" "SOURCE_DIR=/opt/rustwide/workdir" "-e" "CARGO_TARGET_DIR=/opt/rustwide/target" "-e" "CARGO_HOME=/opt/rustwide/cargo-home" "-e" "RUSTUP_HOME=/opt/rustwide/rustup-home" "-w" "/opt/rustwide/workdir" "-m" "1610612736" "--user" "0:0" "--network" "none" "ghcr.io/rust-lang/crates-build-env/linux@sha256:2788e3201cd34a07e3172128adcd8b3090168a8e3bcc40d7c032b9dda1df7d1c" "/opt/rustwide/cargo-home/bin/cargo" "+1.75.0" "metadata" "--no-deps" "--format-version=1", kill_on_drop: false }`
[INFO] [stdout] b2d2ead8fee976d7a84096b1c4da25a05ac17f72ba1eeaf6df3ff281097eb8fc
[INFO] running `Command { std: "docker" "start" "-a" "b2d2ead8fee976d7a84096b1c4da25a05ac17f72ba1eeaf6df3ff281097eb8fc", kill_on_drop: false }`
[INFO] running `Command { std: "docker" "inspect" "b2d2ead8fee976d7a84096b1c4da25a05ac17f72ba1eeaf6df3ff281097eb8fc", kill_on_drop: false }`
[INFO] running `Command { std: "docker" "rm" "-f" "b2d2ead8fee976d7a84096b1c4da25a05ac17f72ba1eeaf6df3ff281097eb8fc", kill_on_drop: false }`
[INFO] [stdout] b2d2ead8fee976d7a84096b1c4da25a05ac17f72ba1eeaf6df3ff281097eb8fc
[INFO] running `Command { std: "docker" "create" "-v" "/var/lib/crater-agent-workspace/builds/worker-4-tc1/target:/opt/rustwide/target:rw,Z" "-v" "/var/lib/crater-agent-workspace/builds/worker-4-tc1/source:/opt/rustwide/workdir:ro,Z" "-v" "/var/lib/crater-agent-workspace/cargo-home:/opt/rustwide/cargo-home:ro,Z" "-v" "/var/lib/crater-agent-workspace/rustup-home:/opt/rustwide/rustup-home:ro,Z" "-e" "SOURCE_DIR=/opt/rustwide/workdir" "-e" "CARGO_TARGET_DIR=/opt/rustwide/target" "-e" "CARGO_INCREMENTAL=0" "-e" "RUST_BACKTRACE=full" "-e" "RUSTFLAGS=--cap-lints=warn" "-e" "RUSTDOCFLAGS=--cap-lints=warn" "-e" "CARGO_HOME=/opt/rustwide/cargo-home" "-e" "RUSTUP_HOME=/opt/rustwide/rustup-home" "-w" "/opt/rustwide/workdir" "-m" "1610612736" "--user" "0:0" "--network" "none" "ghcr.io/rust-lang/crates-build-env/linux@sha256:2788e3201cd34a07e3172128adcd8b3090168a8e3bcc40d7c032b9dda1df7d1c" "/opt/rustwide/cargo-home/bin/cargo" "+1.75.0" "build" "--frozen" "--message-format=json", kill_on_drop: false }`
[INFO] [stdout] 948f63c1acd6813934bc0734f185ae3283b0130588eaab490bebcc482434e0aa
[INFO] running `Command { std: "docker" "start" "-a" "948f63c1acd6813934bc0734f185ae3283b0130588eaab490bebcc482434e0aa", kill_on_drop: false }`
[INFO] [stderr]    Compiling proc-macro2 v1.0.75
[INFO] [stderr]    Compiling unicode-ident v1.0.12
[INFO] [stderr]    Compiling syn v1.0.109
[INFO] [stderr]    Compiling anyhow v1.0.79
[INFO] [stderr]    Compiling lazy_static v1.4.0
[INFO] [stderr]    Compiling quote v1.0.35
[INFO] [stderr]    Compiling seripack_macros v0.1.0 (/opt/rustwide/workdir)
[INFO] [stderr]     Finished dev [unoptimized + debuginfo] target(s) in 4.08s
[INFO] running `Command { std: "docker" "inspect" "948f63c1acd6813934bc0734f185ae3283b0130588eaab490bebcc482434e0aa", kill_on_drop: false }`
[INFO] running `Command { std: "docker" "rm" "-f" "948f63c1acd6813934bc0734f185ae3283b0130588eaab490bebcc482434e0aa", kill_on_drop: false }`
[INFO] [stdout] 948f63c1acd6813934bc0734f185ae3283b0130588eaab490bebcc482434e0aa
[INFO] running `Command { std: "docker" "create" "-v" "/var/lib/crater-agent-workspace/builds/worker-4-tc1/target:/opt/rustwide/target:rw,Z" "-v" "/var/lib/crater-agent-workspace/builds/worker-4-tc1/source:/opt/rustwide/workdir:ro,Z" "-v" "/var/lib/crater-agent-workspace/cargo-home:/opt/rustwide/cargo-home:ro,Z" "-v" "/var/lib/crater-agent-workspace/rustup-home:/opt/rustwide/rustup-home:ro,Z" "-e" "SOURCE_DIR=/opt/rustwide/workdir" "-e" "CARGO_TARGET_DIR=/opt/rustwide/target" "-e" "CARGO_INCREMENTAL=0" "-e" "RUST_BACKTRACE=full" "-e" "RUSTFLAGS=--cap-lints=warn" "-e" "RUSTDOCFLAGS=--cap-lints=warn" "-e" "CARGO_HOME=/opt/rustwide/cargo-home" "-e" "RUSTUP_HOME=/opt/rustwide/rustup-home" "-w" "/opt/rustwide/workdir" "-m" "1610612736" "--user" "0:0" "--network" "none" "ghcr.io/rust-lang/crates-build-env/linux@sha256:2788e3201cd34a07e3172128adcd8b3090168a8e3bcc40d7c032b9dda1df7d1c" "/opt/rustwide/cargo-home/bin/cargo" "+1.75.0" "test" "--frozen" "--no-run" "--message-format=json", kill_on_drop: false }`
[INFO] [stdout] b568a05e1ad9af102d6d0be7378425ace1baa46334edf1748989982a9d9aa3bc
[INFO] running `Command { std: "docker" "start" "-a" "b568a05e1ad9af102d6d0be7378425ace1baa46334edf1748989982a9d9aa3bc", kill_on_drop: false }`
[INFO] [stderr]    Compiling seripack_macros v0.1.0 (/opt/rustwide/workdir)
[INFO] [stderr]     Finished test [unoptimized + debuginfo] target(s) in 0.46s
[INFO] running `Command { std: "docker" "inspect" "b568a05e1ad9af102d6d0be7378425ace1baa46334edf1748989982a9d9aa3bc", kill_on_drop: false }`
[INFO] running `Command { std: "docker" "rm" "-f" "b568a05e1ad9af102d6d0be7378425ace1baa46334edf1748989982a9d9aa3bc", kill_on_drop: false }`
[INFO] [stdout] b568a05e1ad9af102d6d0be7378425ace1baa46334edf1748989982a9d9aa3bc
[INFO] running `Command { std: "docker" "create" "-v" "/var/lib/crater-agent-workspace/builds/worker-4-tc1/target:/opt/rustwide/target:rw,Z" "-v" "/var/lib/crater-agent-workspace/builds/worker-4-tc1/source:/opt/rustwide/workdir:ro,Z" "-v" "/var/lib/crater-agent-workspace/cargo-home:/opt/rustwide/cargo-home:ro,Z" "-v" "/var/lib/crater-agent-workspace/rustup-home:/opt/rustwide/rustup-home:ro,Z" "-e" "SOURCE_DIR=/opt/rustwide/workdir" "-e" "CARGO_TARGET_DIR=/opt/rustwide/target" "-e" "CARGO_INCREMENTAL=0" "-e" "RUST_BACKTRACE=full" "-e" "RUSTFLAGS=--cap-lints=warn" "-e" "RUSTDOCFLAGS=--cap-lints=warn" "-e" "CARGO_HOME=/opt/rustwide/cargo-home" "-e" "RUSTUP_HOME=/opt/rustwide/rustup-home" "-w" "/opt/rustwide/workdir" "-m" "1610612736" "--user" "0:0" "--network" "none" "ghcr.io/rust-lang/crates-build-env/linux@sha256:2788e3201cd34a07e3172128adcd8b3090168a8e3bcc40d7c032b9dda1df7d1c" "/opt/rustwide/cargo-home/bin/cargo" "+1.75.0" "test" "--frozen", kill_on_drop: false }`
[INFO] [stdout] 6e7b0cb13b922ea830009071f010183f103e36eb622a5ebf872d869ec4131e6e
[INFO] running `Command { std: "docker" "start" "-a" "6e7b0cb13b922ea830009071f010183f103e36eb622a5ebf872d869ec4131e6e", kill_on_drop: false }`
[INFO] [stderr]     Finished test [unoptimized + debuginfo] target(s) in 0.01s
[INFO] [stderr]      Running unittests src/lib.rs (/opt/rustwide/target/debug/deps/seripack_macros-6bba5f0ccb6a5c48)
[INFO] [stdout] 
[INFO] [stdout] running 0 tests
[INFO] [stdout] 
[INFO] [stdout] test result: ok. 0 passed; 0 failed; 0 ignored; 0 measured; 0 filtered out; finished in 0.00s
[INFO] [stdout] 
[INFO] [stderr]    Doc-tests seripack_macros
[INFO] [stdout] 
[INFO] [stdout] running 2 tests
[INFO] [stdout] test src/utils/meta_ext.rs - utils::meta_ext::syn::Meta::get_meta_name_value_ident (line 52) - compile ... FAILED
[INFO] [stdout] test src/utils/attribute_args_ext.rs - utils::attribute_args_ext::syn::AttributeArgs (line 26) - compile ... FAILED
[INFO] [stdout] 
[INFO] [stdout] failures:
[INFO] [stdout] 
[INFO] [stdout] ---- src/utils/meta_ext.rs - utils::meta_ext::syn::Meta::get_meta_name_value_ident (line 52) stdout ----
[INFO] [stdout] error: expected one of `!` or `[`, found `0`
[INFO] [stdout]  --> src/utils/meta_ext.rs:59:22
[INFO] [stdout]   |
[INFO] [stdout] 7 |           ident: Ident {
[INFO] [stdout]   |                  ----- while parsing this struct
[INFO] [stdout] 8 |               ident: "key",
[INFO] [stdout] 9 |               span: #0 bytes(510..513),
[INFO] [stdout]   |                      ^ expected one of `!` or `[`
[INFO] [stdout] 
[INFO] [stdout] error[E0422]: cannot find struct, variant or union type `Path` in this scope
[INFO] [stdout]  --> src/utils/meta_ext.rs:53:1
[INFO] [stdout]   |
[INFO] [stdout] 3 | Path {
[INFO] [stdout]   | ^^^^ not found in this scope
[INFO] [stdout]   |
[INFO] [stdout] help: consider importing one of these items
[INFO] [stdout]   |
[INFO] [stdout] 2 + use std::path::Path;
[INFO] [stdout]   |
[INFO] [stdout] 2 + use syn::Expr::Path;
[INFO] [stdout]   |
[INFO] [stdout] 2 + use syn::Meta::Path;
[INFO] [stdout]   |
[INFO] [stdout] 2 + use syn::Pat::Path;
[INFO] [stdout]   |
[INFO] [stdout]     and 3 other candidates
[INFO] [stdout] 
[INFO] [stdout] error[E0422]: cannot find struct, variant or union type `PathSegment` in this scope
[INFO] [stdout]  --> src/utils/meta_ext.rs:56:7
[INFO] [stdout]   |
[INFO] [stdout] 6 |       PathSegment {
[INFO] [stdout]   |       ^^^^^^^^^^^ not found in this scope
[INFO] [stdout]   |
[INFO] [stdout] help: consider importing this struct
[INFO] [stdout]   |
[INFO] [stdout] 2 + use syn::PathSegment;
[INFO] [stdout]   |
[INFO] [stdout] 
[INFO] [stdout] error[E0422]: cannot find struct, variant or union type `Ident` in this scope
[INFO] [stdout]  --> src/utils/meta_ext.rs:57:18
[INFO] [stdout]   |
[INFO] [stdout] 7 |           ident: Ident {
[INFO] [stdout]   |                  ^^^^^ not found in this scope
[INFO] [stdout]   |
[INFO] [stdout] help: consider importing one of these items
[INFO] [stdout]   |
[INFO] [stdout] 2 + use proc_macro2::Ident;
[INFO] [stdout]   |
[INFO] [stdout] 2 + use proc_macro2::TokenTree::Ident;
[INFO] [stdout]   |
[INFO] [stdout] 2 + use proc_macro::Ident;
[INFO] [stdout]   |
[INFO] [stdout] 2 + use proc_macro::TokenTree::Ident;
[INFO] [stdout]   |
[INFO] [stdout]     and 4 other candidates
[INFO] [stdout] 
[INFO] [stdout] error: aborting due to 4 previous errors
[INFO] [stdout] 
[INFO] [stdout] For more information about this error, try `rustc --explain E0422`.
[INFO] [stdout] Couldn't compile the test.
[INFO] [stdout] ---- src/utils/attribute_args_ext.rs - utils::attribute_args_ext::syn::AttributeArgs (line 26) stdout ----
[INFO] [stdout] error: expected one of `!` or `[`, found `0`
[INFO] [stdout]   --> src/utils/attribute_args_ext.rs:37:40
[INFO] [stdout]    |
[INFO] [stdout] 11 | ...                   ident: Ident {
[INFO] [stdout]    |                              ----- while parsing this struct
[INFO] [stdout] 12 | ...                       ident: "key",
[INFO] [stdout] 13 | ...                       span: #0 bytes(510..513),
[INFO] [stdout]    |                                  ^ expected one of `!` or `[`
[INFO] [stdout] 
[INFO] [stdout] error[E0425]: cannot find value `args` in this scope
[INFO] [stdout]  --> src/utils/attribute_args_ext.rs:27:2
[INFO] [stdout]   |
[INFO] [stdout] 3 | &args = [
[INFO] [stdout]   |  ^^^^ not found in this scope
[INFO] [stdout]   |
[INFO] [stdout] help: consider importing this function
[INFO] [stdout]   |
[INFO] [stdout] 2 + use std::env::args;
[INFO] [stdout]   |
[INFO] [stdout] 
[INFO] [stdout] error[E0425]: cannot find function, tuple struct or tuple variant `Meta` in this scope
[INFO] [stdout]  --> src/utils/attribute_args_ext.rs:28:5
[INFO] [stdout]   |
[INFO] [stdout] 4 |     Meta(
[INFO] [stdout]   |     ^^^^ not found in this scope
[INFO] [stdout]   |
[INFO] [stdout] help: consider importing this tuple variant
[INFO] [stdout]   |
[INFO] [stdout] 2 + use syn::NestedMeta::Meta;
[INFO] [stdout]   |
[INFO] [stdout] 
[INFO] [stdout] error[E0425]: cannot find function, tuple struct or tuple variant `NameValue` in this scope
[INFO] [stdout]  --> src/utils/attribute_args_ext.rs:29:9
[INFO] [stdout]   |
[INFO] [stdout] 5 |         NameValue(
[INFO] [stdout]   |         ^^^^^^^^^ not found in this scope
[INFO] [stdout]   |
[INFO] [stdout] help: consider importing this tuple variant
[INFO] [stdout]   |
[INFO] [stdout] 2 + use syn::Meta::NameValue;
[INFO] [stdout]   |
[INFO] [stdout] 
[INFO] [stdout] error[E0422]: cannot find struct, variant or union type `MetaNameValue` in this scope
[INFO] [stdout]  --> src/utils/attribute_args_ext.rs:30:13
[INFO] [stdout]   |
[INFO] [stdout] 6 |             MetaNameValue {
[INFO] [stdout]   |             ^^^^^^^^^^^^^ not found in this scope
[INFO] [stdout]   |
[INFO] [stdout] help: consider importing this struct
[INFO] [stdout]   |
[INFO] [stdout] 2 + use syn::MetaNameValue;
[INFO] [stdout]   |
[INFO] [stdout] 
[INFO] [stdout] error[E0422]: cannot find struct, variant or union type `Path` in this scope
[INFO] [stdout]  --> src/utils/attribute_args_ext.rs:31:23
[INFO] [stdout]   |
[INFO] [stdout] 7 |                 path: Path {
[INFO] [stdout]   |                       ^^^^ not found in this scope
[INFO] [stdout]   |
[INFO] [stdout] help: consider importing one of these items
[INFO] [stdout]   |
[INFO] [stdout] 2 + use std::path::Path;
[INFO] [stdout]   |
[INFO] [stdout] 2 + use syn::Expr::Path;
[INFO] [stdout]   |
[INFO] [stdout] 2 + use syn::Meta::Path;
[INFO] [stdout]   |
[INFO] [stdout] 2 + use syn::Pat::Path;
[INFO] [stdout]   |
[INFO] [stdout]     and 3 other candidates
[INFO] [stdout] 
[INFO] [stdout] error[E0422]: cannot find struct, variant or union type `PathSegment` in this scope
[INFO] [stdout]   --> src/utils/attribute_args_ext.rs:34:25
[INFO] [stdout]    |
[INFO] [stdout] 10 |                         PathSegment {
[INFO] [stdout]    |                         ^^^^^^^^^^^ not found in this scope
[INFO] [stdout]    |
[INFO] [stdout] help: consider importing this struct
[INFO] [stdout]    |
[INFO] [stdout] 2  + use syn::PathSegment;
[INFO] [stdout]    |
[INFO] [stdout] 
[INFO] [stdout] error[E0422]: cannot find struct, variant or union type `Ident` in this scope
[INFO] [stdout]   --> src/utils/attribute_args_ext.rs:35:36
[INFO] [stdout]    |
[INFO] [stdout] 11 | ...                   ident: Ident {
[INFO] [stdout]    |                              ^^^^^ not found in this scope
[INFO] [stdout]    |
[INFO] [stdout] help: consider importing one of these items
[INFO] [stdout]    |
[INFO] [stdout] 2  + use proc_macro2::Ident;
[INFO] [stdout]    |
[INFO] [stdout] 2  + use proc_macro2::TokenTree::Ident;
[INFO] [stdout]    |
[INFO] [stdout] 2  + use proc_macro::Ident;
[INFO] [stdout]    |
[INFO] [stdout] 2  + use proc_macro::TokenTree::Ident;
[INFO] [stdout]    |
[INFO] [stdout]      and 4 other candidates
[INFO] [stdout] 
[INFO] [stdout] error[E0423]: expected value, found trait `Eq`
[INFO] [stdout]   --> src/utils/attribute_args_ext.rs:43:27
[INFO] [stdout]    |
[INFO] [stdout] 19 |                 eq_token: Eq,
[INFO] [stdout]    |                           ^^ not a value
[INFO] [stdout]    |
[INFO] [stdout] help: consider importing one of these items instead
[INFO] [stdout]    |
[INFO] [stdout] 2  + use core::panicking::AssertKind::Eq;
[INFO] [stdout]    |
[INFO] [stdout] 2  + use syn::BinOp::Eq;
[INFO] [stdout]    |
[INFO] [stdout] 2  + use syn::WherePredicate::Eq;
[INFO] [stdout]    |
[INFO] [stdout] 2  + use syn::token::Eq;
[INFO] [stdout]    |
[INFO] [stdout] 
[INFO] [stdout] error[E0425]: cannot find function, tuple struct or tuple variant `Str` in this scope
[INFO] [stdout]   --> src/utils/attribute_args_ext.rs:44:22
[INFO] [stdout]    |
[INFO] [stdout] 20 |                 lit: Str(
[INFO] [stdout]    |                      ^^^ not found in this scope
[INFO] [stdout]    |
[INFO] [stdout] help: consider importing one of these items
[INFO] [stdout]    |
[INFO] [stdout] 2  + use proc_macro::bridge::LitKind::Str;
[INFO] [stdout]    |
[INFO] [stdout] 2  + use syn::Lit::Str;
[INFO] [stdout]    |
[INFO] [stdout] 
[INFO] [stdout] error[E0422]: cannot find struct, variant or union type `LitStr` in this scope
[INFO] [stdout]   --> src/utils/attribute_args_ext.rs:45:21
[INFO] [stdout]    |
[INFO] [stdout] 21 |                     LitStr {
[INFO] [stdout]    |                     ^^^^^^ not found in this scope
[INFO] [stdout]    |
[INFO] [stdout] help: consider importing this struct
[INFO] [stdout]    |
[INFO] [stdout] 2  + use syn::LitStr;
[INFO] [stdout]    |
[INFO] [stdout] 
[INFO] [stdout] error[E0070]: invalid left-hand side of assignment
[INFO] [stdout]  --> src/utils/attribute_args_ext.rs:27:7
[INFO] [stdout]   |
[INFO] [stdout] 3 | &args = [
[INFO] [stdout]   | ----- ^
[INFO] [stdout]   | |
[INFO] [stdout]   | cannot assign to this expression
[INFO] [stdout] 
[INFO] [stdout] error: aborting due to 12 previous errors
[INFO] [stdout] 
[INFO] [stdout] Some errors have detailed explanations: E0070, E0422, E0423, E0425.
[INFO] [stdout] For more information about an error, try `rustc --explain E0070`.
[INFO] [stdout] Couldn't compile the test.
[INFO] [stdout] 
[INFO] [stdout] failures:
[INFO] [stdout]     src/utils/attribute_args_ext.rs - utils::attribute_args_ext::syn::AttributeArgs (line 26)
[INFO] [stdout]     src/utils/meta_ext.rs - utils::meta_ext::syn::Meta::get_meta_name_value_ident (line 52)
[INFO] [stdout] 
[INFO] [stdout] test result: FAILED. 0 passed; 2 failed; 0 ignored; 0 measured; 0 filtered out; finished in 0.05s
[INFO] [stdout] 
[INFO] [stderr] error: doctest failed, to rerun pass `--doc`
[INFO] running `Command { std: "docker" "inspect" "6e7b0cb13b922ea830009071f010183f103e36eb622a5ebf872d869ec4131e6e", kill_on_drop: false }`
[INFO] running `Command { std: "docker" "rm" "-f" "6e7b0cb13b922ea830009071f010183f103e36eb622a5ebf872d869ec4131e6e", kill_on_drop: false }`
[INFO] [stdout] 6e7b0cb13b922ea830009071f010183f103e36eb622a5ebf872d869ec4131e6e
