[INFO] fetching crate serial_enumerator 0.2.12...
[INFO] testing serial_enumerator-0.2.12 against 1.75.0 for beta-1.76-1
[INFO] extracting crate serial_enumerator 0.2.12 into /workspace/builds/worker-5-tc1/source
[INFO] validating manifest of crates.io crate serial_enumerator 0.2.12 on toolchain 1.75.0
[INFO] running `Command { std: CARGO_HOME="/workspace/cargo-home" RUSTUP_HOME="/workspace/rustup-home" "/workspace/cargo-home/bin/cargo" "+1.75.0" "metadata" "--manifest-path" "Cargo.toml" "--no-deps", kill_on_drop: false }`
[INFO] started tweaking crates.io crate serial_enumerator 0.2.12
[INFO] finished tweaking crates.io crate serial_enumerator 0.2.12
[INFO] tweaked toml for crates.io crate serial_enumerator 0.2.12 written to /workspace/builds/worker-5-tc1/source/Cargo.toml
[INFO] crate crates.io crate serial_enumerator 0.2.12 already has a lockfile, it will not be regenerated
[INFO] running `Command { std: CARGO_HOME="/workspace/cargo-home" RUSTUP_HOME="/workspace/rustup-home" "/workspace/cargo-home/bin/cargo" "+1.75.0" "fetch" "--manifest-path" "Cargo.toml", kill_on_drop: false }`
[INFO] [stderr]     Updating crates.io index
[INFO] [stderr]  Downloading crates ...
[INFO] [stderr]   Downloaded defer-lite v1.0.0
[INFO] running `Command { std: "docker" "create" "-v" "/var/lib/crater-agent-workspace/builds/worker-5-tc1/target:/opt/rustwide/target:rw,Z" "-v" "/var/lib/crater-agent-workspace/builds/worker-5-tc1/source:/opt/rustwide/workdir:ro,Z" "-v" "/var/lib/crater-agent-workspace/cargo-home:/opt/rustwide/cargo-home:ro,Z" "-v" "/var/lib/crater-agent-workspace/rustup-home:/opt/rustwide/rustup-home:ro,Z" "-e" "SOURCE_DIR=/opt/rustwide/workdir" "-e" "CARGO_TARGET_DIR=/opt/rustwide/target" "-e" "CARGO_HOME=/opt/rustwide/cargo-home" "-e" "RUSTUP_HOME=/opt/rustwide/rustup-home" "-w" "/opt/rustwide/workdir" "-m" "1610612736" "--user" "0:0" "--network" "none" "ghcr.io/rust-lang/crates-build-env/linux@sha256:2788e3201cd34a07e3172128adcd8b3090168a8e3bcc40d7c032b9dda1df7d1c" "/opt/rustwide/cargo-home/bin/cargo" "+1.75.0" "metadata" "--no-deps" "--format-version=1", kill_on_drop: false }`
[INFO] [stdout] 7164fe4a86c0455dbc8f7d57b558c32a520ca82c6cef1e67fe861efe4bb48294
[INFO] running `Command { std: "docker" "start" "-a" "7164fe4a86c0455dbc8f7d57b558c32a520ca82c6cef1e67fe861efe4bb48294", kill_on_drop: false }`
[INFO] running `Command { std: "docker" "inspect" "7164fe4a86c0455dbc8f7d57b558c32a520ca82c6cef1e67fe861efe4bb48294", kill_on_drop: false }`
[INFO] running `Command { std: "docker" "rm" "-f" "7164fe4a86c0455dbc8f7d57b558c32a520ca82c6cef1e67fe861efe4bb48294", kill_on_drop: false }`
[INFO] [stdout] 7164fe4a86c0455dbc8f7d57b558c32a520ca82c6cef1e67fe861efe4bb48294
[INFO] running `Command { std: "docker" "create" "-v" "/var/lib/crater-agent-workspace/builds/worker-5-tc1/target:/opt/rustwide/target:rw,Z" "-v" "/var/lib/crater-agent-workspace/builds/worker-5-tc1/source:/opt/rustwide/workdir:ro,Z" "-v" "/var/lib/crater-agent-workspace/cargo-home:/opt/rustwide/cargo-home:ro,Z" "-v" "/var/lib/crater-agent-workspace/rustup-home:/opt/rustwide/rustup-home:ro,Z" "-e" "SOURCE_DIR=/opt/rustwide/workdir" "-e" "CARGO_TARGET_DIR=/opt/rustwide/target" "-e" "CARGO_INCREMENTAL=0" "-e" "RUST_BACKTRACE=full" "-e" "RUSTFLAGS=--cap-lints=warn" "-e" "RUSTDOCFLAGS=--cap-lints=warn" "-e" "CARGO_HOME=/opt/rustwide/cargo-home" "-e" "RUSTUP_HOME=/opt/rustwide/rustup-home" "-w" "/opt/rustwide/workdir" "-m" "1610612736" "--user" "0:0" "--network" "none" "ghcr.io/rust-lang/crates-build-env/linux@sha256:2788e3201cd34a07e3172128adcd8b3090168a8e3bcc40d7c032b9dda1df7d1c" "/opt/rustwide/cargo-home/bin/cargo" "+1.75.0" "build" "--frozen" "--message-format=json", kill_on_drop: false }`
[INFO] [stdout] a3271ebd317066ead9bea8a439ef7f9d340b031d40a7aee3dd5c141333b4828b
[INFO] running `Command { std: "docker" "start" "-a" "a3271ebd317066ead9bea8a439ef7f9d340b031d40a7aee3dd5c141333b4828b", kill_on_drop: false }`
[INFO] [stderr]    Compiling memchr v2.5.0
[INFO] [stderr]    Compiling minimal-lexical v0.2.1
[INFO] [stderr]    Compiling nom v7.1.3
[INFO] [stderr]    Compiling serial_enumerator v0.2.12 (/opt/rustwide/workdir)
[INFO] [stderr]     Finished dev [unoptimized + debuginfo] target(s) in 1.85s
[INFO] running `Command { std: "docker" "inspect" "a3271ebd317066ead9bea8a439ef7f9d340b031d40a7aee3dd5c141333b4828b", kill_on_drop: false }`
[INFO] running `Command { std: "docker" "rm" "-f" "a3271ebd317066ead9bea8a439ef7f9d340b031d40a7aee3dd5c141333b4828b", kill_on_drop: false }`
[INFO] [stdout] a3271ebd317066ead9bea8a439ef7f9d340b031d40a7aee3dd5c141333b4828b
[INFO] running `Command { std: "docker" "create" "-v" "/var/lib/crater-agent-workspace/builds/worker-5-tc1/target:/opt/rustwide/target:rw,Z" "-v" "/var/lib/crater-agent-workspace/builds/worker-5-tc1/source:/opt/rustwide/workdir:ro,Z" "-v" "/var/lib/crater-agent-workspace/cargo-home:/opt/rustwide/cargo-home:ro,Z" "-v" "/var/lib/crater-agent-workspace/rustup-home:/opt/rustwide/rustup-home:ro,Z" "-e" "SOURCE_DIR=/opt/rustwide/workdir" "-e" "CARGO_TARGET_DIR=/opt/rustwide/target" "-e" "CARGO_INCREMENTAL=0" "-e" "RUST_BACKTRACE=full" "-e" "RUSTFLAGS=--cap-lints=warn" "-e" "RUSTDOCFLAGS=--cap-lints=warn" "-e" "CARGO_HOME=/opt/rustwide/cargo-home" "-e" "RUSTUP_HOME=/opt/rustwide/rustup-home" "-w" "/opt/rustwide/workdir" "-m" "1610612736" "--user" "0:0" "--network" "none" "ghcr.io/rust-lang/crates-build-env/linux@sha256:2788e3201cd34a07e3172128adcd8b3090168a8e3bcc40d7c032b9dda1df7d1c" "/opt/rustwide/cargo-home/bin/cargo" "+1.75.0" "test" "--frozen" "--no-run" "--message-format=json", kill_on_drop: false }`
[INFO] [stdout] 59b1d93c7abe9929a7b2354f3cebdb3c7064d7eaf71cb46e9d1ec8e961a7c7cc
[INFO] running `Command { std: "docker" "start" "-a" "59b1d93c7abe9929a7b2354f3cebdb3c7064d7eaf71cb46e9d1ec8e961a7c7cc", kill_on_drop: false }`
[INFO] [stderr]    Compiling serial_enumerator v0.2.12 (/opt/rustwide/workdir)
[INFO] [stderr]     Finished test [unoptimized + debuginfo] target(s) in 0.26s
[INFO] running `Command { std: "docker" "inspect" "59b1d93c7abe9929a7b2354f3cebdb3c7064d7eaf71cb46e9d1ec8e961a7c7cc", kill_on_drop: false }`
[INFO] running `Command { std: "docker" "rm" "-f" "59b1d93c7abe9929a7b2354f3cebdb3c7064d7eaf71cb46e9d1ec8e961a7c7cc", kill_on_drop: false }`
[INFO] [stdout] 59b1d93c7abe9929a7b2354f3cebdb3c7064d7eaf71cb46e9d1ec8e961a7c7cc
[INFO] running `Command { std: "docker" "create" "-v" "/var/lib/crater-agent-workspace/builds/worker-5-tc1/target:/opt/rustwide/target:rw,Z" "-v" "/var/lib/crater-agent-workspace/builds/worker-5-tc1/source:/opt/rustwide/workdir:ro,Z" "-v" "/var/lib/crater-agent-workspace/cargo-home:/opt/rustwide/cargo-home:ro,Z" "-v" "/var/lib/crater-agent-workspace/rustup-home:/opt/rustwide/rustup-home:ro,Z" "-e" "SOURCE_DIR=/opt/rustwide/workdir" "-e" "CARGO_TARGET_DIR=/opt/rustwide/target" "-e" "CARGO_INCREMENTAL=0" "-e" "RUST_BACKTRACE=full" "-e" "RUSTFLAGS=--cap-lints=warn" "-e" "RUSTDOCFLAGS=--cap-lints=warn" "-e" "CARGO_HOME=/opt/rustwide/cargo-home" "-e" "RUSTUP_HOME=/opt/rustwide/rustup-home" "-w" "/opt/rustwide/workdir" "-m" "1610612736" "--user" "0:0" "--network" "none" "ghcr.io/rust-lang/crates-build-env/linux@sha256:2788e3201cd34a07e3172128adcd8b3090168a8e3bcc40d7c032b9dda1df7d1c" "/opt/rustwide/cargo-home/bin/cargo" "+1.75.0" "test" "--frozen", kill_on_drop: false }`
[INFO] [stdout] bb77a49d6559f2bf1681c59655cebb3309437b8c0391bb642bc69933a572a37d
[INFO] running `Command { std: "docker" "start" "-a" "bb77a49d6559f2bf1681c59655cebb3309437b8c0391bb642bc69933a572a37d", kill_on_drop: false }`
[INFO] [stderr]     Finished test [unoptimized + debuginfo] target(s) in 0.01s
[INFO] [stderr]      Running unittests src/lib.rs (/opt/rustwide/target/debug/deps/serial_enumerator-7c54d5660f243eb0)
[INFO] [stdout] 
[INFO] [stdout] running 1 test
[INFO] [stdout] test linux::tty_drivers_parser::tests::test_drivers_line_parse ... ok
[INFO] [stdout] 
[INFO] [stdout] test result: ok. 1 passed; 0 failed; 0 ignored; 0 measured; 0 filtered out; finished in 0.00s
[INFO] [stdout] 
[INFO] [stderr]    Doc-tests serial_enumerator
[INFO] [stdout] 
[INFO] [stdout] running 1 test
[INFO] [stdout] test src/lib.rs - (line 12) ... FAILED
[INFO] [stdout] 
[INFO] [stdout] failures:
[INFO] [stdout] 
[INFO] [stdout] ---- src/lib.rs - (line 12) stdout ----
[INFO] [stdout] error[E0433]: failed to resolve: use of undeclared crate or module `cli_table`
[INFO] [stdout]  --> src/lib.rs:14:5
[INFO] [stdout]   |
[INFO] [stdout] 4 | use cli_table::{format::Justify, print_stdout, Table, WithTitle};
[INFO] [stdout]   |     ^^^^^^^^^ use of undeclared crate or module `cli_table`
[INFO] [stdout] 
[INFO] [stdout] error[E0432]: unresolved import `cli_table`
[INFO] [stdout]  --> src/lib.rs:14:5
[INFO] [stdout]   |
[INFO] [stdout] 4 | use cli_table::{format::Justify, print_stdout, Table, WithTitle};
[INFO] [stdout]   |     ^^^^^^^^^ use of undeclared crate or module `cli_table`
[INFO] [stdout] 
[INFO] [stdout] error: cannot determine resolution for the derive macro `Table`
[INFO] [stdout]  --> src/lib.rs:17:10
[INFO] [stdout]   |
[INFO] [stdout] 7 | #[derive(Table)]
[INFO] [stdout]   |          ^^^^^
[INFO] [stdout]   |
[INFO] [stdout]   = note: import resolution is stuck, try simplifying macro imports
[INFO] [stdout] 
[INFO] [stdout] error: cannot find attribute `table` in this scope
[INFO] [stdout]  --> src/lib.rs:19:7
[INFO] [stdout]   |
[INFO] [stdout] 9 |     #[table(title = "Name")]
[INFO] [stdout]   |       ^^^^^ help: a built-in attribute with a similar name exists: `stable`
[INFO] [stdout] 
[INFO] [stdout] error: cannot find attribute `table` in this scope
[INFO] [stdout]   --> src/lib.rs:21:7
[INFO] [stdout]    |
[INFO] [stdout] 11 |     #[table(title = "Vendor", justify = "Justify::Center")]
[INFO] [stdout]    |       ^^^^^ help: a built-in attribute with a similar name exists: `stable`
[INFO] [stdout] 
[INFO] [stdout] error: cannot find attribute `table` in this scope
[INFO] [stdout]   --> src/lib.rs:23:7
[INFO] [stdout]    |
[INFO] [stdout] 13 |     #[table(title = "Product", justify = "Justify::Center")]
[INFO] [stdout]    |       ^^^^^ help: a built-in attribute with a similar name exists: `stable`
[INFO] [stdout] 
[INFO] [stdout] error: cannot find attribute `table` in this scope
[INFO] [stdout]   --> src/lib.rs:25:7
[INFO] [stdout]    |
[INFO] [stdout] 15 |     #[table(title = "USB", justify = "Justify::Center")]
[INFO] [stdout]    |       ^^^^^ help: a built-in attribute with a similar name exists: `stable`
[INFO] [stdout] 
[INFO] [stdout] error[E0599]: no method named `with_title` found for struct `Vec<SerialItem>` in the current scope
[INFO] [stdout]   --> src/lib.rs:51:32
[INFO] [stdout]    |
[INFO] [stdout] 41 |     print_stdout(serials_table.with_title()).unwrap();
[INFO] [stdout]    |                                ^^^^^^^^^^ method not found in `Vec<SerialItem>`
[INFO] [stdout] 
[INFO] [stdout] error: aborting due to 8 previous errors
[INFO] [stdout] 
[INFO] [stdout] Some errors have detailed explanations: E0432, E0433, E0599.
[INFO] [stdout] For more information about an error, try `rustc --explain E0432`.
[INFO] [stdout] Couldn't compile the test.
[INFO] [stdout] 
[INFO] [stdout] failures:
[INFO] [stdout]     src/lib.rs - (line 12)
[INFO] [stdout] 
[INFO] [stdout] test result: FAILED. 0 passed; 1 failed; 0 ignored; 0 measured; 0 filtered out; finished in 0.09s
[INFO] [stdout] 
[INFO] [stderr] error: doctest failed, to rerun pass `--doc`
[INFO] running `Command { std: "docker" "inspect" "bb77a49d6559f2bf1681c59655cebb3309437b8c0391bb642bc69933a572a37d", kill_on_drop: false }`
[INFO] running `Command { std: "docker" "rm" "-f" "bb77a49d6559f2bf1681c59655cebb3309437b8c0391bb642bc69933a572a37d", kill_on_drop: false }`
[INFO] [stdout] bb77a49d6559f2bf1681c59655cebb3309437b8c0391bb642bc69933a572a37d
[INFO] testing serial_enumerator-0.2.12 against beta-2023-12-22 for beta-1.76-1
[INFO] extracting crate serial_enumerator 0.2.12 into /workspace/builds/worker-5-tc2/source
[INFO] validating manifest of crates.io crate serial_enumerator 0.2.12 on toolchain beta-2023-12-22
[INFO] running `Command { std: CARGO_HOME="/workspace/cargo-home" RUSTUP_HOME="/workspace/rustup-home" "/workspace/cargo-home/bin/cargo" "+beta-2023-12-22" "metadata" "--manifest-path" "Cargo.toml" "--no-deps", kill_on_drop: false }`
[INFO] started tweaking crates.io crate serial_enumerator 0.2.12
[INFO] finished tweaking crates.io crate serial_enumerator 0.2.12
[INFO] tweaked toml for crates.io crate serial_enumerator 0.2.12 written to /workspace/builds/worker-5-tc2/source/Cargo.toml
[INFO] crate crates.io crate serial_enumerator 0.2.12 already has a lockfile, it will not be regenerated
[INFO] running `Command { std: CARGO_HOME="/workspace/cargo-home" RUSTUP_HOME="/workspace/rustup-home" "/workspace/cargo-home/bin/cargo" "+beta-2023-12-22" "fetch" "--manifest-path" "Cargo.toml", kill_on_drop: false }`
[INFO] running `Command { std: "docker" "create" "-v" "/var/lib/crater-agent-workspace/builds/worker-5-tc2/target:/opt/rustwide/target:rw,Z" "-v" "/var/lib/crater-agent-workspace/builds/worker-5-tc2/source:/opt/rustwide/workdir:ro,Z" "-v" "/var/lib/crater-agent-workspace/cargo-home:/opt/rustwide/cargo-home:ro,Z" "-v" "/var/lib/crater-agent-workspace/rustup-home:/opt/rustwide/rustup-home:ro,Z" "-e" "SOURCE_DIR=/opt/rustwide/workdir" "-e" "CARGO_TARGET_DIR=/opt/rustwide/target" "-e" "CARGO_HOME=/opt/rustwide/cargo-home" "-e" "RUSTUP_HOME=/opt/rustwide/rustup-home" "-w" "/opt/rustwide/workdir" "-m" "1610612736" "--user" "0:0" "--network" "none" "ghcr.io/rust-lang/crates-build-env/linux@sha256:2788e3201cd34a07e3172128adcd8b3090168a8e3bcc40d7c032b9dda1df7d1c" "/opt/rustwide/cargo-home/bin/cargo" "+beta-2023-12-22" "metadata" "--no-deps" "--format-version=1", kill_on_drop: false }`
[INFO] [stdout] 383aa0a0b9fea64ff63ec725d8a0dafe1896be617a2f09162fe33c5aee14c595
[INFO] running `Command { std: "docker" "start" "-a" "383aa0a0b9fea64ff63ec725d8a0dafe1896be617a2f09162fe33c5aee14c595", kill_on_drop: false }`
[INFO] running `Command { std: "docker" "inspect" "383aa0a0b9fea64ff63ec725d8a0dafe1896be617a2f09162fe33c5aee14c595", kill_on_drop: false }`
[INFO] running `Command { std: "docker" "rm" "-f" "383aa0a0b9fea64ff63ec725d8a0dafe1896be617a2f09162fe33c5aee14c595", kill_on_drop: false }`
[INFO] [stdout] 383aa0a0b9fea64ff63ec725d8a0dafe1896be617a2f09162fe33c5aee14c595
[INFO] running `Command { std: "docker" "create" "-v" "/var/lib/crater-agent-workspace/builds/worker-5-tc2/target:/opt/rustwide/target:rw,Z" "-v" "/var/lib/crater-agent-workspace/builds/worker-5-tc2/source:/opt/rustwide/workdir:ro,Z" "-v" "/var/lib/crater-agent-workspace/cargo-home:/opt/rustwide/cargo-home:ro,Z" "-v" "/var/lib/crater-agent-workspace/rustup-home:/opt/rustwide/rustup-home:ro,Z" "-e" "SOURCE_DIR=/opt/rustwide/workdir" "-e" "CARGO_TARGET_DIR=/opt/rustwide/target" "-e" "CARGO_INCREMENTAL=0" "-e" "RUST_BACKTRACE=full" "-e" "RUSTFLAGS=--cap-lints=warn" "-e" "RUSTDOCFLAGS=--cap-lints=warn" "-e" "CARGO_HOME=/opt/rustwide/cargo-home" "-e" "RUSTUP_HOME=/opt/rustwide/rustup-home" "-w" "/opt/rustwide/workdir" "-m" "1610612736" "--user" "0:0" "--network" "none" "ghcr.io/rust-lang/crates-build-env/linux@sha256:2788e3201cd34a07e3172128adcd8b3090168a8e3bcc40d7c032b9dda1df7d1c" "/opt/rustwide/cargo-home/bin/cargo" "+beta-2023-12-22" "build" "--frozen" "--message-format=json", kill_on_drop: false }`
[INFO] [stdout] 23fa3ebfe117f8062a82fe435913043b3f08496e9c85aa784588b7b407f8c314
[INFO] running `Command { std: "docker" "start" "-a" "23fa3ebfe117f8062a82fe435913043b3f08496e9c85aa784588b7b407f8c314", kill_on_drop: false }`
[INFO] [stderr]    Compiling memchr v2.5.0
[INFO] [stderr]    Compiling minimal-lexical v0.2.1
[INFO] [stderr]    Compiling nom v7.1.3
[INFO] [stderr]    Compiling serial_enumerator v0.2.12 (/opt/rustwide/workdir)
[INFO] [stderr]     Finished dev [unoptimized + debuginfo] target(s) in 1.95s
[INFO] running `Command { std: "docker" "inspect" "23fa3ebfe117f8062a82fe435913043b3f08496e9c85aa784588b7b407f8c314", kill_on_drop: false }`
[INFO] running `Command { std: "docker" "rm" "-f" "23fa3ebfe117f8062a82fe435913043b3f08496e9c85aa784588b7b407f8c314", kill_on_drop: false }`
[INFO] [stdout] 23fa3ebfe117f8062a82fe435913043b3f08496e9c85aa784588b7b407f8c314
[INFO] running `Command { std: "docker" "create" "-v" "/var/lib/crater-agent-workspace/builds/worker-5-tc2/target:/opt/rustwide/target:rw,Z" "-v" "/var/lib/crater-agent-workspace/builds/worker-5-tc2/source:/opt/rustwide/workdir:ro,Z" "-v" "/var/lib/crater-agent-workspace/cargo-home:/opt/rustwide/cargo-home:ro,Z" "-v" "/var/lib/crater-agent-workspace/rustup-home:/opt/rustwide/rustup-home:ro,Z" "-e" "SOURCE_DIR=/opt/rustwide/workdir" "-e" "CARGO_TARGET_DIR=/opt/rustwide/target" "-e" "CARGO_INCREMENTAL=0" "-e" "RUST_BACKTRACE=full" "-e" "RUSTFLAGS=--cap-lints=warn" "-e" "RUSTDOCFLAGS=--cap-lints=warn" "-e" "CARGO_HOME=/opt/rustwide/cargo-home" "-e" "RUSTUP_HOME=/opt/rustwide/rustup-home" "-w" "/opt/rustwide/workdir" "-m" "1610612736" "--user" "0:0" "--network" "none" "ghcr.io/rust-lang/crates-build-env/linux@sha256:2788e3201cd34a07e3172128adcd8b3090168a8e3bcc40d7c032b9dda1df7d1c" "/opt/rustwide/cargo-home/bin/cargo" "+beta-2023-12-22" "test" "--frozen" "--no-run" "--message-format=json", kill_on_drop: false }`
[INFO] [stdout] 59ae9e937dfe32ed729c7262aae2d76a53c5c31111331a88c7977d813a407625
[INFO] running `Command { std: "docker" "start" "-a" "59ae9e937dfe32ed729c7262aae2d76a53c5c31111331a88c7977d813a407625", kill_on_drop: false }`
[INFO] [stderr]    Compiling serial_enumerator v0.2.12 (/opt/rustwide/workdir)
[INFO] [stderr]     Finished test [unoptimized + debuginfo] target(s) in 0.27s
[INFO] running `Command { std: "docker" "inspect" "59ae9e937dfe32ed729c7262aae2d76a53c5c31111331a88c7977d813a407625", kill_on_drop: false }`
[INFO] running `Command { std: "docker" "rm" "-f" "59ae9e937dfe32ed729c7262aae2d76a53c5c31111331a88c7977d813a407625", kill_on_drop: false }`
[INFO] [stdout] 59ae9e937dfe32ed729c7262aae2d76a53c5c31111331a88c7977d813a407625
[INFO] running `Command { std: "docker" "create" "-v" "/var/lib/crater-agent-workspace/builds/worker-5-tc2/target:/opt/rustwide/target:rw,Z" "-v" "/var/lib/crater-agent-workspace/builds/worker-5-tc2/source:/opt/rustwide/workdir:ro,Z" "-v" "/var/lib/crater-agent-workspace/cargo-home:/opt/rustwide/cargo-home:ro,Z" "-v" "/var/lib/crater-agent-workspace/rustup-home:/opt/rustwide/rustup-home:ro,Z" "-e" "SOURCE_DIR=/opt/rustwide/workdir" "-e" "CARGO_TARGET_DIR=/opt/rustwide/target" "-e" "CARGO_INCREMENTAL=0" "-e" "RUST_BACKTRACE=full" "-e" "RUSTFLAGS=--cap-lints=warn" "-e" "RUSTDOCFLAGS=--cap-lints=warn" "-e" "CARGO_HOME=/opt/rustwide/cargo-home" "-e" "RUSTUP_HOME=/opt/rustwide/rustup-home" "-w" "/opt/rustwide/workdir" "-m" "1610612736" "--user" "0:0" "--network" "none" "ghcr.io/rust-lang/crates-build-env/linux@sha256:2788e3201cd34a07e3172128adcd8b3090168a8e3bcc40d7c032b9dda1df7d1c" "/opt/rustwide/cargo-home/bin/cargo" "+beta-2023-12-22" "test" "--frozen", kill_on_drop: false }`
[INFO] [stdout] 8144ff012546baf57b74b5515f21751d0a1536e2765d1d7c0a96053ab0bf6734
[INFO] running `Command { std: "docker" "start" "-a" "8144ff012546baf57b74b5515f21751d0a1536e2765d1d7c0a96053ab0bf6734", kill_on_drop: false }`
[INFO] [stderr]     Finished test [unoptimized + debuginfo] target(s) in 0.01s
[INFO] [stderr]      Running unittests src/lib.rs (/opt/rustwide/target/debug/deps/serial_enumerator-18c968548ea3b36c)
[INFO] [stdout] 
[INFO] [stdout] running 1 test
[INFO] [stdout] test linux::tty_drivers_parser::tests::test_drivers_line_parse ... ok
[INFO] [stdout] 
[INFO] [stdout] test result: ok. 1 passed; 0 failed; 0 ignored; 0 measured; 0 filtered out; finished in 0.00s
[INFO] [stdout] 
[INFO] [stderr]    Doc-tests serial_enumerator
[INFO] [stdout] 
[INFO] [stdout] running 1 test
[INFO] [stdout] test src/lib.rs - (line 12) ... FAILED
[INFO] [stdout] 
[INFO] [stdout] failures:
[INFO] [stdout] 
[INFO] [stdout] ---- src/lib.rs - (line 12) stdout ----
[INFO] [stdout] error[E0433]: failed to resolve: use of undeclared crate or module `cli_table`
[INFO] [stdout]  --> src/lib.rs:14:5
[INFO] [stdout]   |
[INFO] [stdout] 4 | use cli_table::{format::Justify, print_stdout, Table, WithTitle};
[INFO] [stdout]   |     ^^^^^^^^^ use of undeclared crate or module `cli_table`
[INFO] [stdout] 
[INFO] [stdout] error[E0432]: unresolved import `cli_table`
[INFO] [stdout]  --> src/lib.rs:14:5
[INFO] [stdout]   |
[INFO] [stdout] 4 | use cli_table::{format::Justify, print_stdout, Table, WithTitle};
[INFO] [stdout]   |     ^^^^^^^^^ use of undeclared crate or module `cli_table`
[INFO] [stdout] 
[INFO] [stdout] error: cannot determine resolution for the derive macro `Table`
[INFO] [stdout]  --> src/lib.rs:17:10
[INFO] [stdout]   |
[INFO] [stdout] 7 | #[derive(Table)]
[INFO] [stdout]   |          ^^^^^
[INFO] [stdout]   |
[INFO] [stdout]   = note: import resolution is stuck, try simplifying macro imports
[INFO] [stdout] 
[INFO] [stdout] error: cannot find attribute `table` in this scope
[INFO] [stdout]  --> src/lib.rs:19:7
[INFO] [stdout]   |
[INFO] [stdout] 9 |     #[table(title = "Name")]
[INFO] [stdout]   |       ^^^^^ help: a built-in attribute with a similar name exists: `stable`
[INFO] [stdout] 
[INFO] [stdout] error: cannot find attribute `table` in this scope
[INFO] [stdout]   --> src/lib.rs:21:7
[INFO] [stdout]    |
[INFO] [stdout] 11 |     #[table(title = "Vendor", justify = "Justify::Center")]
[INFO] [stdout]    |       ^^^^^ help: a built-in attribute with a similar name exists: `stable`
[INFO] [stdout] 
[INFO] [stdout] error: cannot find attribute `table` in this scope
[INFO] [stdout]   --> src/lib.rs:23:7
[INFO] [stdout]    |
[INFO] [stdout] 13 |     #[table(title = "Product", justify = "Justify::Center")]
[INFO] [stdout]    |       ^^^^^ help: a built-in attribute with a similar name exists: `stable`
[INFO] [stdout] 
[INFO] [stdout] error: cannot find attribute `table` in this scope
[INFO] [stdout]   --> src/lib.rs:25:7
[INFO] [stdout]    |
[INFO] [stdout] 15 |     #[table(title = "USB", justify = "Justify::Center")]
[INFO] [stdout]    |       ^^^^^ help: a built-in attribute with a similar name exists: `stable`
[INFO] [stdout] 
[INFO] [stdout] error[E0599]: no method named `with_title` found for struct `Vec<SerialItem>` in the current scope
[INFO] [stdout]   --> src/lib.rs:51:32
[INFO] [stdout]    |
[INFO] [stdout] 41 |     print_stdout(serials_table.with_title()).unwrap();
[INFO] [stdout]    |                                ^^^^^^^^^^ method not found in `Vec<SerialItem>`
[INFO] [stdout] 
[INFO] [stdout] error: aborting due to 8 previous errors
[INFO] [stdout] 
[INFO] [stdout] Some errors have detailed explanations: E0432, E0433, E0599.
[INFO] [stdout] For more information about an error, try `rustc --explain E0432`.
[INFO] [stdout] Couldn't compile the test.
[INFO] [stdout] 
[INFO] [stdout] failures:
[INFO] [stdout]     src/lib.rs - (line 12)
[INFO] [stdout] 
[INFO] [stdout] test result: FAILED. 0 passed; 1 failed; 0 ignored; 0 measured; 0 filtered out; finished in 0.11s
[INFO] [stdout] 
[INFO] [stderr] error: doctest failed, to rerun pass `--doc`
[INFO] running `Command { std: "docker" "inspect" "8144ff012546baf57b74b5515f21751d0a1536e2765d1d7c0a96053ab0bf6734", kill_on_drop: false }`
[INFO] running `Command { std: "docker" "rm" "-f" "8144ff012546baf57b74b5515f21751d0a1536e2765d1d7c0a96053ab0bf6734", kill_on_drop: false }`
[INFO] [stdout] 8144ff012546baf57b74b5515f21751d0a1536e2765d1d7c0a96053ab0bf6734
