[INFO] fetching crate serde_single_or_vec2 1.0.0...
[INFO] testing serde_single_or_vec2-1.0.0 against 1.75.0 for beta-1.76-1
[INFO] extracting crate serde_single_or_vec2 1.0.0 into /workspace/builds/worker-4-tc1/source
[INFO] validating manifest of crates.io crate serde_single_or_vec2 1.0.0 on toolchain 1.75.0
[INFO] running `Command { std: CARGO_HOME="/workspace/cargo-home" RUSTUP_HOME="/workspace/rustup-home" "/workspace/cargo-home/bin/cargo" "+1.75.0" "metadata" "--manifest-path" "Cargo.toml" "--no-deps", kill_on_drop: false }`
[INFO] started tweaking crates.io crate serde_single_or_vec2 1.0.0
[INFO] finished tweaking crates.io crate serde_single_or_vec2 1.0.0
[INFO] tweaked toml for crates.io crate serde_single_or_vec2 1.0.0 written to /workspace/builds/worker-4-tc1/source/Cargo.toml
[INFO] running `Command { std: CARGO_HOME="/workspace/cargo-home" RUSTUP_HOME="/workspace/rustup-home" "/workspace/cargo-home/bin/cargo" "+1.75.0" "generate-lockfile" "--manifest-path" "Cargo.toml", kill_on_drop: false }`
[INFO] [stderr]     Updating crates.io index
[INFO] running `Command { std: CARGO_HOME="/workspace/cargo-home" RUSTUP_HOME="/workspace/rustup-home" "/workspace/cargo-home/bin/cargo" "+1.75.0" "fetch" "--manifest-path" "Cargo.toml", kill_on_drop: false }`
[INFO] running `Command { std: "docker" "create" "-v" "/var/lib/crater-agent-workspace/builds/worker-4-tc1/target:/opt/rustwide/target:rw,Z" "-v" "/var/lib/crater-agent-workspace/builds/worker-4-tc1/source:/opt/rustwide/workdir:ro,Z" "-v" "/var/lib/crater-agent-workspace/cargo-home:/opt/rustwide/cargo-home:ro,Z" "-v" "/var/lib/crater-agent-workspace/rustup-home:/opt/rustwide/rustup-home:ro,Z" "-e" "SOURCE_DIR=/opt/rustwide/workdir" "-e" "CARGO_TARGET_DIR=/opt/rustwide/target" "-e" "CARGO_HOME=/opt/rustwide/cargo-home" "-e" "RUSTUP_HOME=/opt/rustwide/rustup-home" "-w" "/opt/rustwide/workdir" "-m" "1610612736" "--user" "0:0" "--network" "none" "ghcr.io/rust-lang/crates-build-env/linux@sha256:2788e3201cd34a07e3172128adcd8b3090168a8e3bcc40d7c032b9dda1df7d1c" "/opt/rustwide/cargo-home/bin/cargo" "+1.75.0" "metadata" "--no-deps" "--format-version=1", kill_on_drop: false }`
[INFO] [stdout] 61271742144f4ee4f9370f99b5cea78a25973ca94aedaf8a073b1cb9e44cb678
[INFO] running `Command { std: "docker" "start" "-a" "61271742144f4ee4f9370f99b5cea78a25973ca94aedaf8a073b1cb9e44cb678", kill_on_drop: false }`
[INFO] running `Command { std: "docker" "inspect" "61271742144f4ee4f9370f99b5cea78a25973ca94aedaf8a073b1cb9e44cb678", kill_on_drop: false }`
[INFO] running `Command { std: "docker" "rm" "-f" "61271742144f4ee4f9370f99b5cea78a25973ca94aedaf8a073b1cb9e44cb678", kill_on_drop: false }`
[INFO] [stdout] 61271742144f4ee4f9370f99b5cea78a25973ca94aedaf8a073b1cb9e44cb678
[INFO] running `Command { std: "docker" "create" "-v" "/var/lib/crater-agent-workspace/builds/worker-4-tc1/target:/opt/rustwide/target:rw,Z" "-v" "/var/lib/crater-agent-workspace/builds/worker-4-tc1/source:/opt/rustwide/workdir:ro,Z" "-v" "/var/lib/crater-agent-workspace/cargo-home:/opt/rustwide/cargo-home:ro,Z" "-v" "/var/lib/crater-agent-workspace/rustup-home:/opt/rustwide/rustup-home:ro,Z" "-e" "SOURCE_DIR=/opt/rustwide/workdir" "-e" "CARGO_TARGET_DIR=/opt/rustwide/target" "-e" "CARGO_INCREMENTAL=0" "-e" "RUST_BACKTRACE=full" "-e" "RUSTFLAGS=--cap-lints=warn" "-e" "RUSTDOCFLAGS=--cap-lints=warn" "-e" "CARGO_HOME=/opt/rustwide/cargo-home" "-e" "RUSTUP_HOME=/opt/rustwide/rustup-home" "-w" "/opt/rustwide/workdir" "-m" "1610612736" "--user" "0:0" "--network" "none" "ghcr.io/rust-lang/crates-build-env/linux@sha256:2788e3201cd34a07e3172128adcd8b3090168a8e3bcc40d7c032b9dda1df7d1c" "/opt/rustwide/cargo-home/bin/cargo" "+1.75.0" "build" "--frozen" "--message-format=json", kill_on_drop: false }`
[INFO] [stdout] 14e170c9d72dd7afef4e2aa77ec98fda5e9ad592e756252c298ee23f32d1fc47
[INFO] running `Command { std: "docker" "start" "-a" "14e170c9d72dd7afef4e2aa77ec98fda5e9ad592e756252c298ee23f32d1fc47", kill_on_drop: false }`
[INFO] [stderr]    Compiling serde v1.0.194
[INFO] [stderr]    Compiling syn v2.0.48
[INFO] [stderr]    Compiling serde_derive v1.0.194
[INFO] [stderr]    Compiling serde_single_or_vec2 v1.0.0 (/opt/rustwide/workdir)
[INFO] [stderr]     Finished dev [unoptimized + debuginfo] target(s) in 5.54s
[INFO] running `Command { std: "docker" "inspect" "14e170c9d72dd7afef4e2aa77ec98fda5e9ad592e756252c298ee23f32d1fc47", kill_on_drop: false }`
[INFO] running `Command { std: "docker" "rm" "-f" "14e170c9d72dd7afef4e2aa77ec98fda5e9ad592e756252c298ee23f32d1fc47", kill_on_drop: false }`
[INFO] [stdout] 14e170c9d72dd7afef4e2aa77ec98fda5e9ad592e756252c298ee23f32d1fc47
[INFO] running `Command { std: "docker" "create" "-v" "/var/lib/crater-agent-workspace/builds/worker-4-tc1/target:/opt/rustwide/target:rw,Z" "-v" "/var/lib/crater-agent-workspace/builds/worker-4-tc1/source:/opt/rustwide/workdir:ro,Z" "-v" "/var/lib/crater-agent-workspace/cargo-home:/opt/rustwide/cargo-home:ro,Z" "-v" "/var/lib/crater-agent-workspace/rustup-home:/opt/rustwide/rustup-home:ro,Z" "-e" "SOURCE_DIR=/opt/rustwide/workdir" "-e" "CARGO_TARGET_DIR=/opt/rustwide/target" "-e" "CARGO_INCREMENTAL=0" "-e" "RUST_BACKTRACE=full" "-e" "RUSTFLAGS=--cap-lints=warn" "-e" "RUSTDOCFLAGS=--cap-lints=warn" "-e" "CARGO_HOME=/opt/rustwide/cargo-home" "-e" "RUSTUP_HOME=/opt/rustwide/rustup-home" "-w" "/opt/rustwide/workdir" "-m" "1610612736" "--user" "0:0" "--network" "none" "ghcr.io/rust-lang/crates-build-env/linux@sha256:2788e3201cd34a07e3172128adcd8b3090168a8e3bcc40d7c032b9dda1df7d1c" "/opt/rustwide/cargo-home/bin/cargo" "+1.75.0" "test" "--frozen" "--no-run" "--message-format=json", kill_on_drop: false }`
[INFO] [stdout] f2d478d5d3b9470d0b463046e4e94290a8f5791f042cff8ac1ab4d90fb402491
[INFO] running `Command { std: "docker" "start" "-a" "f2d478d5d3b9470d0b463046e4e94290a8f5791f042cff8ac1ab4d90fb402491", kill_on_drop: false }`
[INFO] [stderr]    Compiling serde_json v1.0.111
[INFO] [stderr]    Compiling arrayvec v0.5.2
[INFO] [stderr]    Compiling serde_single_or_vec2 v1.0.0 (/opt/rustwide/workdir)
[INFO] [stderr]     Finished test [unoptimized + debuginfo] target(s) in 2.07s
[INFO] running `Command { std: "docker" "inspect" "f2d478d5d3b9470d0b463046e4e94290a8f5791f042cff8ac1ab4d90fb402491", kill_on_drop: false }`
[INFO] running `Command { std: "docker" "rm" "-f" "f2d478d5d3b9470d0b463046e4e94290a8f5791f042cff8ac1ab4d90fb402491", kill_on_drop: false }`
[INFO] [stdout] f2d478d5d3b9470d0b463046e4e94290a8f5791f042cff8ac1ab4d90fb402491
[INFO] running `Command { std: "docker" "create" "-v" "/var/lib/crater-agent-workspace/builds/worker-4-tc1/target:/opt/rustwide/target:rw,Z" "-v" "/var/lib/crater-agent-workspace/builds/worker-4-tc1/source:/opt/rustwide/workdir:ro,Z" "-v" "/var/lib/crater-agent-workspace/cargo-home:/opt/rustwide/cargo-home:ro,Z" "-v" "/var/lib/crater-agent-workspace/rustup-home:/opt/rustwide/rustup-home:ro,Z" "-e" "SOURCE_DIR=/opt/rustwide/workdir" "-e" "CARGO_TARGET_DIR=/opt/rustwide/target" "-e" "CARGO_INCREMENTAL=0" "-e" "RUST_BACKTRACE=full" "-e" "RUSTFLAGS=--cap-lints=warn" "-e" "RUSTDOCFLAGS=--cap-lints=warn" "-e" "CARGO_HOME=/opt/rustwide/cargo-home" "-e" "RUSTUP_HOME=/opt/rustwide/rustup-home" "-w" "/opt/rustwide/workdir" "-m" "1610612736" "--user" "0:0" "--network" "none" "ghcr.io/rust-lang/crates-build-env/linux@sha256:2788e3201cd34a07e3172128adcd8b3090168a8e3bcc40d7c032b9dda1df7d1c" "/opt/rustwide/cargo-home/bin/cargo" "+1.75.0" "test" "--frozen", kill_on_drop: false }`
[INFO] [stdout] 5e8e1715836e84d7a94cdccd312ba694f2f9f53e7185f6fa5ce4973c754985f4
[INFO] running `Command { std: "docker" "start" "-a" "5e8e1715836e84d7a94cdccd312ba694f2f9f53e7185f6fa5ce4973c754985f4", kill_on_drop: false }`
[INFO] [stderr]     Finished test [unoptimized + debuginfo] target(s) in 0.01s
[INFO] [stderr]      Running unittests src/lib.rs (/opt/rustwide/target/debug/deps/serde_single_or_vec2-e3fb5ea75d35d7e5)
[INFO] [stdout] 
[INFO] [stdout] running 23 tests
[INFO] [stdout] test tests::empty ... ok
[INFO] [stdout] test tests::bytes_buf ... ok
[INFO] [stdout] test tests::char ... ok
[INFO] [stdout] test tests::bool ... ok
[INFO] [stdout] test tests::enm ... ok
[INFO] [stdout] test tests::f32 ... ok
[INFO] [stdout] test tests::f64 ... ok
[INFO] [stdout] test tests::i16 ... ok
[INFO] [stdout] test tests::i32 ... ok
[INFO] [stdout] test tests::i64 ... ok
[INFO] [stdout] test tests::none ... ok
[INFO] [stdout] test tests::i8 ... ok
[INFO] [stdout] test tests::str ... ok
[INFO] [stdout] test tests::some ... ok
[INFO] [stdout] test tests::rec ... ok
[INFO] [stdout] test tests::strct ... ok
[INFO] [stdout] test tests::seq ... ok
[INFO] [stdout] test tests::u16 ... ok
[INFO] [stdout] test tests::u64 ... ok
[INFO] [stdout] test tests::unit ... ok
[INFO] [stdout] test tests::u8 ... ok
[INFO] [stdout] test tests::string ... ok
[INFO] [stdout] test tests::u32 ... ok
[INFO] [stdout] 
[INFO] [stdout] test result: ok. 23 passed; 0 failed; 0 ignored; 0 measured; 0 filtered out; finished in 0.00s
[INFO] [stdout] 
[INFO] [stderr]    Doc-tests serde_single_or_vec2
[INFO] [stdout] 
[INFO] [stdout] running 4 tests
[INFO] [stdout] test src/lib.rs - (line 76) ... FAILED
[INFO] [stdout] test src/lib.rs - (line 64) ... FAILED
[INFO] [stdout] test src/lib.rs - (line 8) ... FAILED
[INFO] [stdout] test src/lib.rs - (line 36) ... FAILED
[INFO] [stdout] 
[INFO] [stdout] failures:
[INFO] [stdout] 
[INFO] [stdout] ---- src/lib.rs - (line 76) stdout ----
[INFO] [stdout] error[E0432]: unresolved import `serde_single_or_vec`
[INFO] [stdout]  --> src/lib.rs:77:5
[INFO] [stdout]   |
[INFO] [stdout] 3 | use serde_single_or_vec::{SingleOrVec, PreferSingle, Storage};
[INFO] [stdout]   |     ^^^^^^^^^^^^^^^^^^^ use of undeclared crate or module `serde_single_or_vec`
[INFO] [stdout]   |
[INFO] [stdout] help: there is a crate or module with a similar name
[INFO] [stdout]   |
[INFO] [stdout] 3 | use serde_single_or_vec2::{SingleOrVec, PreferSingle, Storage};
[INFO] [stdout]   |     ~~~~~~~~~~~~~~~~~~~~
[INFO] [stdout] 
[INFO] [stdout] error: aborting due to previous error
[INFO] [stdout] 
[INFO] [stdout] For more information about this error, try `rustc --explain E0432`.
[INFO] [stdout] Couldn't compile the test.
[INFO] [stdout] ---- src/lib.rs - (line 64) stdout ----
[INFO] [stdout] error[E0432]: unresolved import `serde_single_or_vec`
[INFO] [stdout]  --> src/lib.rs:66:5
[INFO] [stdout]   |
[INFO] [stdout] 4 | use serde_single_or_vec::{SingleOrVec, PreferSingle};
[INFO] [stdout]   |     ^^^^^^^^^^^^^^^^^^^ use of undeclared crate or module `serde_single_or_vec`
[INFO] [stdout]   |
[INFO] [stdout] help: there is a crate or module with a similar name
[INFO] [stdout]   |
[INFO] [stdout] 4 | use serde_single_or_vec2::{SingleOrVec, PreferSingle};
[INFO] [stdout]   |     ~~~~~~~~~~~~~~~~~~~~
[INFO] [stdout] 
[INFO] [stdout] error: aborting due to previous error
[INFO] [stdout] 
[INFO] [stdout] For more information about this error, try `rustc --explain E0432`.
[INFO] [stdout] Couldn't compile the test.
[INFO] [stdout] ---- src/lib.rs - (line 8) stdout ----
[INFO] [stdout] error[E0432]: unresolved import `serde_single_or_vec`
[INFO] [stdout]  --> src/lib.rs:9:5
[INFO] [stdout]   |
[INFO] [stdout] 3 | use serde_single_or_vec::SingleOrVec;
[INFO] [stdout]   |     ^^^^^^^^^^^^^^^^^^^ use of undeclared crate or module `serde_single_or_vec`
[INFO] [stdout]   |
[INFO] [stdout] help: there is a crate or module with a similar name
[INFO] [stdout]   |
[INFO] [stdout] 3 | use serde_single_or_vec2::SingleOrVec;
[INFO] [stdout]   |     ~~~~~~~~~~~~~~~~~~~~
[INFO] [stdout] 
[INFO] [stdout] error: aborting due to previous error
[INFO] [stdout] 
[INFO] [stdout] For more information about this error, try `rustc --explain E0432`.
[INFO] [stdout] Couldn't compile the test.
[INFO] [stdout] ---- src/lib.rs - (line 36) stdout ----
[INFO] [stdout] error[E0432]: unresolved import `serde_single_or_vec`
[INFO] [stdout]  --> src/lib.rs:37:5
[INFO] [stdout]   |
[INFO] [stdout] 3 | use serde_single_or_vec::{SingleOrVec, PreferSingle, AlwaysVector};
[INFO] [stdout]   |     ^^^^^^^^^^^^^^^^^^^ use of undeclared crate or module `serde_single_or_vec`
[INFO] [stdout]   |
[INFO] [stdout] help: there is a crate or module with a similar name
[INFO] [stdout]   |
[INFO] [stdout] 3 | use serde_single_or_vec2::{SingleOrVec, PreferSingle, AlwaysVector};
[INFO] [stdout]   |     ~~~~~~~~~~~~~~~~~~~~
[INFO] [stdout] 
[INFO] [stdout] error: aborting due to previous error
[INFO] [stdout] 
[INFO] [stdout] For more information about this error, try `rustc --explain E0432`.
[INFO] [stdout] Couldn't compile the test.
[INFO] [stdout] 
[INFO] [stdout] failures:
[INFO] [stdout]     src/lib.rs - (line 36)
[INFO] [stdout]     src/lib.rs - (line 64)
[INFO] [stdout]     src/lib.rs - (line 76)
[INFO] [stdout]     src/lib.rs - (line 8)
[INFO] [stdout] 
[INFO] [stdout] test result: FAILED. 0 passed; 4 failed; 0 ignored; 0 measured; 0 filtered out; finished in 0.05s
[INFO] [stdout] 
[INFO] [stderr] error: doctest failed, to rerun pass `--doc`
[INFO] running `Command { std: "docker" "inspect" "5e8e1715836e84d7a94cdccd312ba694f2f9f53e7185f6fa5ce4973c754985f4", kill_on_drop: false }`
[INFO] running `Command { std: "docker" "rm" "-f" "5e8e1715836e84d7a94cdccd312ba694f2f9f53e7185f6fa5ce4973c754985f4", kill_on_drop: false }`
[INFO] [stdout] 5e8e1715836e84d7a94cdccd312ba694f2f9f53e7185f6fa5ce4973c754985f4
