[INFO] fetching crate serde_encom 0.3.2...
[INFO] testing serde_encom-0.3.2 against 1.75.0 for beta-1.76-1
[INFO] extracting crate serde_encom 0.3.2 into /workspace/builds/worker-6-tc1/source
[INFO] validating manifest of crates.io crate serde_encom 0.3.2 on toolchain 1.75.0
[INFO] running `Command { std: CARGO_HOME="/workspace/cargo-home" RUSTUP_HOME="/workspace/rustup-home" "/workspace/cargo-home/bin/cargo" "+1.75.0" "metadata" "--manifest-path" "Cargo.toml" "--no-deps", kill_on_drop: false }`
[INFO] started tweaking crates.io crate serde_encom 0.3.2
[INFO] finished tweaking crates.io crate serde_encom 0.3.2
[INFO] tweaked toml for crates.io crate serde_encom 0.3.2 written to /workspace/builds/worker-6-tc1/source/Cargo.toml
[INFO] running `Command { std: CARGO_HOME="/workspace/cargo-home" RUSTUP_HOME="/workspace/rustup-home" "/workspace/cargo-home/bin/cargo" "+1.75.0" "generate-lockfile" "--manifest-path" "Cargo.toml", kill_on_drop: false }`
[INFO] [stderr]     Updating crates.io index
[INFO] running `Command { std: CARGO_HOME="/workspace/cargo-home" RUSTUP_HOME="/workspace/rustup-home" "/workspace/cargo-home/bin/cargo" "+1.75.0" "fetch" "--manifest-path" "Cargo.toml", kill_on_drop: false }`
[INFO] [stderr]  Downloading crates ...
[INFO] [stderr]   Downloaded atoi_simd v0.15.6
[INFO] running `Command { std: "docker" "create" "-v" "/var/lib/crater-agent-workspace/builds/worker-6-tc1/target:/opt/rustwide/target:rw,Z" "-v" "/var/lib/crater-agent-workspace/builds/worker-6-tc1/source:/opt/rustwide/workdir:ro,Z" "-v" "/var/lib/crater-agent-workspace/cargo-home:/opt/rustwide/cargo-home:ro,Z" "-v" "/var/lib/crater-agent-workspace/rustup-home:/opt/rustwide/rustup-home:ro,Z" "-e" "SOURCE_DIR=/opt/rustwide/workdir" "-e" "CARGO_TARGET_DIR=/opt/rustwide/target" "-e" "CARGO_HOME=/opt/rustwide/cargo-home" "-e" "RUSTUP_HOME=/opt/rustwide/rustup-home" "-w" "/opt/rustwide/workdir" "-m" "1610612736" "--user" "0:0" "--network" "none" "ghcr.io/rust-lang/crates-build-env/linux@sha256:2788e3201cd34a07e3172128adcd8b3090168a8e3bcc40d7c032b9dda1df7d1c" "/opt/rustwide/cargo-home/bin/cargo" "+1.75.0" "metadata" "--no-deps" "--format-version=1", kill_on_drop: false }`
[INFO] [stdout] 5cb650de50e829ad5fa08c063af929cecdf76c34cfed2d1fa4e956f9fe3bcd52
[INFO] running `Command { std: "docker" "start" "-a" "5cb650de50e829ad5fa08c063af929cecdf76c34cfed2d1fa4e956f9fe3bcd52", kill_on_drop: false }`
[INFO] running `Command { std: "docker" "inspect" "5cb650de50e829ad5fa08c063af929cecdf76c34cfed2d1fa4e956f9fe3bcd52", kill_on_drop: false }`
[INFO] running `Command { std: "docker" "rm" "-f" "5cb650de50e829ad5fa08c063af929cecdf76c34cfed2d1fa4e956f9fe3bcd52", kill_on_drop: false }`
[INFO] [stdout] 5cb650de50e829ad5fa08c063af929cecdf76c34cfed2d1fa4e956f9fe3bcd52
[INFO] running `Command { std: "docker" "create" "-v" "/var/lib/crater-agent-workspace/builds/worker-6-tc1/target:/opt/rustwide/target:rw,Z" "-v" "/var/lib/crater-agent-workspace/builds/worker-6-tc1/source:/opt/rustwide/workdir:ro,Z" "-v" "/var/lib/crater-agent-workspace/cargo-home:/opt/rustwide/cargo-home:ro,Z" "-v" "/var/lib/crater-agent-workspace/rustup-home:/opt/rustwide/rustup-home:ro,Z" "-e" "SOURCE_DIR=/opt/rustwide/workdir" "-e" "CARGO_TARGET_DIR=/opt/rustwide/target" "-e" "CARGO_INCREMENTAL=0" "-e" "RUST_BACKTRACE=full" "-e" "RUSTFLAGS=--cap-lints=warn" "-e" "RUSTDOCFLAGS=--cap-lints=warn" "-e" "CARGO_HOME=/opt/rustwide/cargo-home" "-e" "RUSTUP_HOME=/opt/rustwide/rustup-home" "-w" "/opt/rustwide/workdir" "-m" "1610612736" "--user" "0:0" "--network" "none" "ghcr.io/rust-lang/crates-build-env/linux@sha256:2788e3201cd34a07e3172128adcd8b3090168a8e3bcc40d7c032b9dda1df7d1c" "/opt/rustwide/cargo-home/bin/cargo" "+1.75.0" "build" "--frozen" "--message-format=json", kill_on_drop: false }`
[INFO] [stdout] a34d9c27cc5af65d63cb2f7aa990854b0e5f5825fc61ab2f82603dd9d46296c0
[INFO] running `Command { std: "docker" "start" "-a" "a34d9c27cc5af65d63cb2f7aa990854b0e5f5825fc61ab2f82603dd9d46296c0", kill_on_drop: false }`
[INFO] [stderr]    Compiling serde v1.0.194
[INFO] [stderr]    Compiling atoi_simd v0.15.6
[INFO] [stderr]    Compiling ryu v1.0.16
[INFO] [stderr]    Compiling itoa v1.0.10
[INFO] [stderr]    Compiling serde_encom v0.3.2 (/opt/rustwide/workdir)
[INFO] [stdout] warning: unused variable: `validate`
[INFO] [stdout]    --> src/des/read.rs:229:48
[INFO] [stdout]     |
[INFO] [stdout] 229 |     fn parse_str_bytes<'s, T, F>(&'s mut self, validate: bool, result: F) -> Result<T>
[INFO] [stdout]     |                                                ^^^^^^^^ help: if this is intentional, prefix it with an underscore: `_validate`
[INFO] [stdout]     |
[INFO] [stdout]     = note: `#[warn(unused_variables)]` on by default
[INFO] [stdout] 
[INFO] [stdout] 
[INFO] [stdout] warning: unused variable: `result`
[INFO] [stdout]    --> src/des/read.rs:229:64
[INFO] [stdout]     |
[INFO] [stdout] 229 |     fn parse_str_bytes<'s, T, F>(&'s mut self, validate: bool, result: F) -> Result<T>
[INFO] [stdout]     |                                                                ^^^^^^ help: if this is intentional, prefix it with an underscore: `_result`
[INFO] [stdout] 
[INFO] [stdout] 
[INFO] [stdout] warning: 2 warnings emitted
[INFO] [stdout] 
[INFO] [stdout] 
[INFO] [stderr]     Finished dev [unoptimized + debuginfo] target(s) in 3.14s
[INFO] running `Command { std: "docker" "inspect" "a34d9c27cc5af65d63cb2f7aa990854b0e5f5825fc61ab2f82603dd9d46296c0", kill_on_drop: false }`
[INFO] running `Command { std: "docker" "rm" "-f" "a34d9c27cc5af65d63cb2f7aa990854b0e5f5825fc61ab2f82603dd9d46296c0", kill_on_drop: false }`
[INFO] [stdout] a34d9c27cc5af65d63cb2f7aa990854b0e5f5825fc61ab2f82603dd9d46296c0
[INFO] running `Command { std: "docker" "create" "-v" "/var/lib/crater-agent-workspace/builds/worker-6-tc1/target:/opt/rustwide/target:rw,Z" "-v" "/var/lib/crater-agent-workspace/builds/worker-6-tc1/source:/opt/rustwide/workdir:ro,Z" "-v" "/var/lib/crater-agent-workspace/cargo-home:/opt/rustwide/cargo-home:ro,Z" "-v" "/var/lib/crater-agent-workspace/rustup-home:/opt/rustwide/rustup-home:ro,Z" "-e" "SOURCE_DIR=/opt/rustwide/workdir" "-e" "CARGO_TARGET_DIR=/opt/rustwide/target" "-e" "CARGO_INCREMENTAL=0" "-e" "RUST_BACKTRACE=full" "-e" "RUSTFLAGS=--cap-lints=warn" "-e" "RUSTDOCFLAGS=--cap-lints=warn" "-e" "CARGO_HOME=/opt/rustwide/cargo-home" "-e" "RUSTUP_HOME=/opt/rustwide/rustup-home" "-w" "/opt/rustwide/workdir" "-m" "1610612736" "--user" "0:0" "--network" "none" "ghcr.io/rust-lang/crates-build-env/linux@sha256:2788e3201cd34a07e3172128adcd8b3090168a8e3bcc40d7c032b9dda1df7d1c" "/opt/rustwide/cargo-home/bin/cargo" "+1.75.0" "test" "--frozen" "--no-run" "--message-format=json", kill_on_drop: false }`
[INFO] [stdout] 8d5f6f8f7b15bbd919200ac52aebd577780049e09ece4cf740275c9d8661735a
[INFO] running `Command { std: "docker" "start" "-a" "8d5f6f8f7b15bbd919200ac52aebd577780049e09ece4cf740275c9d8661735a", kill_on_drop: false }`
[INFO] [stderr]    Compiling serde v1.0.194
[INFO] [stderr]    Compiling serde_derive v1.0.194
[INFO] [stderr]    Compiling serde_bytes v0.11.14
[INFO] [stderr]    Compiling serde_encom v0.3.2 (/opt/rustwide/workdir)
[INFO] [stdout] warning: unused import: `Number`
[INFO] [stdout]  --> src/test/value/seq.rs:1:30
[INFO] [stdout]   |
[INFO] [stdout] 1 | use crate::{encom_from_json, Number, Value};
[INFO] [stdout]   |                              ^^^^^^
[INFO] [stdout]   |
[INFO] [stdout]   = note: `#[warn(unused_imports)]` on by default
[INFO] [stdout] 
[INFO] [stdout] 
[INFO] [stdout] warning: unused variable: `validate`
[INFO] [stdout]    --> src/des/read.rs:229:48
[INFO] [stdout]     |
[INFO] [stdout] 229 |     fn parse_str_bytes<'s, T, F>(&'s mut self, validate: bool, result: F) -> Result<T>
[INFO] [stdout]     |                                                ^^^^^^^^ help: if this is intentional, prefix it with an underscore: `_validate`
[INFO] [stdout]     |
[INFO] [stdout]     = note: `#[warn(unused_variables)]` on by default
[INFO] [stdout] 
[INFO] [stdout] 
[INFO] [stdout] warning: unused variable: `result`
[INFO] [stdout]    --> src/des/read.rs:229:64
[INFO] [stdout]     |
[INFO] [stdout] 229 |     fn parse_str_bytes<'s, T, F>(&'s mut self, validate: bool, result: F) -> Result<T>
[INFO] [stdout]     |                                                                ^^^^^^ help: if this is intentional, prefix it with an underscore: `_result`
[INFO] [stdout] 
[INFO] [stdout] 
[INFO] [stdout] warning: unused variable: `validate`
[INFO] [stdout]    --> src/des/read.rs:229:48
[INFO] [stdout]     |
[INFO] [stdout] 229 |     fn parse_str_bytes<'s, T, F>(&'s mut self, validate: bool, result: F) -> Result<T>
[INFO] [stdout]     |                                                ^^^^^^^^ help: if this is intentional, prefix it with an underscore: `_validate`
[INFO] [stdout]     |
[INFO] [stdout]     = note: `#[warn(unused_variables)]` on by default
[INFO] [stdout] 
[INFO] [stdout] 
[INFO] [stdout] warning: unused variable: `result`
[INFO] [stdout]    --> src/des/read.rs:229:64
[INFO] [stdout]     |
[INFO] [stdout] 229 |     fn parse_str_bytes<'s, T, F>(&'s mut self, validate: bool, result: F) -> Result<T>
[INFO] [stdout]     |                                                                ^^^^^^ help: if this is intentional, prefix it with an underscore: `_result`
[INFO] [stdout] 
[INFO] [stdout] 
[INFO] [stdout] warning: 2 warnings emitted
[INFO] [stdout] 
[INFO] [stdout] 
[INFO] [stdout] warning: 3 warnings emitted
[INFO] [stdout] 
[INFO] [stdout] 
[INFO] [stderr]     Finished test [unoptimized + debuginfo] target(s) in 5.72s
[INFO] running `Command { std: "docker" "inspect" "8d5f6f8f7b15bbd919200ac52aebd577780049e09ece4cf740275c9d8661735a", kill_on_drop: false }`
[INFO] running `Command { std: "docker" "rm" "-f" "8d5f6f8f7b15bbd919200ac52aebd577780049e09ece4cf740275c9d8661735a", kill_on_drop: false }`
[INFO] [stdout] 8d5f6f8f7b15bbd919200ac52aebd577780049e09ece4cf740275c9d8661735a
[INFO] running `Command { std: "docker" "create" "-v" "/var/lib/crater-agent-workspace/builds/worker-6-tc1/target:/opt/rustwide/target:rw,Z" "-v" "/var/lib/crater-agent-workspace/builds/worker-6-tc1/source:/opt/rustwide/workdir:ro,Z" "-v" "/var/lib/crater-agent-workspace/cargo-home:/opt/rustwide/cargo-home:ro,Z" "-v" "/var/lib/crater-agent-workspace/rustup-home:/opt/rustwide/rustup-home:ro,Z" "-e" "SOURCE_DIR=/opt/rustwide/workdir" "-e" "CARGO_TARGET_DIR=/opt/rustwide/target" "-e" "CARGO_INCREMENTAL=0" "-e" "RUST_BACKTRACE=full" "-e" "RUSTFLAGS=--cap-lints=warn" "-e" "RUSTDOCFLAGS=--cap-lints=warn" "-e" "CARGO_HOME=/opt/rustwide/cargo-home" "-e" "RUSTUP_HOME=/opt/rustwide/rustup-home" "-w" "/opt/rustwide/workdir" "-m" "1610612736" "--user" "0:0" "--network" "none" "ghcr.io/rust-lang/crates-build-env/linux@sha256:2788e3201cd34a07e3172128adcd8b3090168a8e3bcc40d7c032b9dda1df7d1c" "/opt/rustwide/cargo-home/bin/cargo" "+1.75.0" "test" "--frozen", kill_on_drop: false }`
[INFO] [stdout] 33e4c432602baf02282c0162d40c656cdeec38d1058c2db89fc71888a7defd39
[INFO] running `Command { std: "docker" "start" "-a" "33e4c432602baf02282c0162d40c656cdeec38d1058c2db89fc71888a7defd39", kill_on_drop: false }`
[INFO] [stderr] warning: unused variable: `validate`
[INFO] [stderr]    --> src/des/read.rs:229:48
[INFO] [stderr]     |
[INFO] [stderr] 229 |     fn parse_str_bytes<'s, T, F>(&'s mut self, validate: bool, result: F) -> Result<T>
[INFO] [stderr]     |                                                ^^^^^^^^ help: if this is intentional, prefix it with an underscore: `_validate`
[INFO] [stderr]     |
[INFO] [stderr]     = note: `#[warn(unused_variables)]` on by default
[INFO] [stderr] 
[INFO] [stderr] warning: unused variable: `result`
[INFO] [stderr]    --> src/des/read.rs:229:64
[INFO] [stderr]     |
[INFO] [stderr] 229 |     fn parse_str_bytes<'s, T, F>(&'s mut self, validate: bool, result: F) -> Result<T>
[INFO] [stderr]     |                                                                ^^^^^^ help: if this is intentional, prefix it with an underscore: `_result`
[INFO] [stderr] 
[INFO] [stderr] warning: `serde_encom` (lib) generated 2 warnings (run `cargo fix --lib -p serde_encom` to apply 2 suggestions)
[INFO] [stderr] warning: unused import: `Number`
[INFO] [stderr]  --> src/test/value/seq.rs:1:30
[INFO] [stderr]   |
[INFO] [stderr] 1 | use crate::{encom_from_json, Number, Value};
[INFO] [stderr]   |                              ^^^^^^
[INFO] [stderr]   |
[INFO] [stderr]   = note: `#[warn(unused_imports)]` on by default
[INFO] [stderr] 
[INFO] [stderr] warning: `serde_encom` (lib test) generated 3 warnings (2 duplicates) (run `cargo fix --lib -p serde_encom --tests` to apply 1 suggestion)
[INFO] [stderr]     Finished test [unoptimized + debuginfo] target(s) in 0.01s
[INFO] [stderr]      Running unittests src/lib.rs (/opt/rustwide/target/debug/deps/serde_encom-f89705b589cb63d8)
[INFO] [stdout] 
[INFO] [stdout] running 50 tests
[INFO] [stdout] test test::bytes::look_at_bytes ... ok
[INFO] [stdout] test test::int::i64 ... ok
[INFO] [stdout] test test::example_json ... ok
[INFO] [stdout] test test::example_json_compact ... ok
[INFO] [stdout] test test::int::i64_err ... ok
[INFO] [stdout] test test::int::u64 ... ok
[INFO] [stdout] test test::int::u64_err ... ok
[INFO] [stdout] test test::option_int::self_test ... ok
[INFO] [stdout] test test::option_int::self_test_none ... ok
[INFO] [stdout] test test::struc::option_string::self_test ... ok
[INFO] [stdout] test test::struc::big::self_test ... ok
[INFO] [stdout] test test::struc::bytes::self_test ... ok
[INFO] [stdout] test test::struc::option_int::self_test ... ok
[INFO] [stdout] test test::struc::bool::self_test ... ok
[INFO] [stdout] test test::struc::small_rename::self_test ... ok
[INFO] [stdout] test test::struc::big_rename::self_test_no_none ... ok
[INFO] [stdout] test test::value::map::test_data2 ... ok
[INFO] [stdout] test test::struc::vec_str::self_test ... ok
[INFO] [stdout] test test::struc::str_slice::self_test ... ok
[INFO] [stdout] test test::value::map::test_map ... ok
[INFO] [stdout] test test::value::map::test_null ... ok
[INFO] [stdout] test test::struc::big_rename::self_test ... ok
[INFO] [stdout] test test::value::map::test_null2 ... ok
[INFO] [stdout] test test::value::map::test_number_neg ... ok
[INFO] [stdout] test test::value::map::test_number_float ... ok
[INFO] [stdout] test test::struc::big_rename::self_test_preaty ... ok
[INFO] [stdout] test test::value::map::test_data ... ok
[INFO] [stdout] test test::value::map::test_number_neg_float ... ok
[INFO] [stdout] test test::value::seq::test_bytes ... ok
[INFO] [stdout] test test::value::map::test_zero_str ... ok
[INFO] [stdout] test test::value::map::test_str ... ok
[INFO] [stdout] test test::value::seq::test_bytes2 ... ok
[INFO] [stdout] test test::value::seq::test_map2 ... ok
[INFO] [stdout] test test::value::seq::test_enum ... ok
[INFO] [stdout] test test::value::map::test_zero_str2 ... ok
[INFO] [stdout] test test::value::seq::test_number2 ... ok
[INFO] [stdout] test test::value::seq::test_number_neg_err ... ok
[INFO] [stdout] test test::value::seq::test_number_neg ... ok
[INFO] [stdout] test test::value::seq::test_number ... ok
[INFO] [stdout] test test::value::seq::test_str ... ok
[INFO] [stdout] test test::value::seq::test_number_neg_float ... ok
[INFO] [stdout] test test::value::seq::test_zero_str ... ok
[INFO] [stdout] test test::value::seq::test_str2 ... ok
[INFO] [stdout] test test::vec_int::self_test ... ok
[INFO] [stdout] test test::value::seq::test_zero_str2 ... ok
[INFO] [stdout] test test::vec_option_int::self_test_none ... ok
[INFO] [stdout] test test::value::seq::test_number_float ... ok
[INFO] [stdout] test test::vec_int::self_test2 ... ok
[INFO] [stdout] test test::vec_str::self_test ... ok
[INFO] [stdout] test test::vec_option_int::self_test ... ok
[INFO] [stdout] 
[INFO] [stdout] test result: ok. 50 passed; 0 failed; 0 ignored; 0 measured; 0 filtered out; finished in 0.01s
[INFO] [stdout] 
[INFO] [stderr]    Doc-tests serde_encom
[INFO] [stdout] 
[INFO] [stdout] running 94 tests
[INFO] [stdout] test src/des/mod.rs - des::from_reader (line 82) ... ok
[INFO] [stdout] test src/des/mod.rs - des::from_reader (line 118) ... ok
[INFO] [stdout] test src/des/mod.rs - des::from_str (line 212) ... ok
[INFO] [stdout] test src/des/mod.rs - des::from_slice (line 171) ... ok
[INFO] [stdout] test src/error.rs - error::io::Error::from (line 196) ... ok
[INFO] [stdout] test src/des/stream_deserializer.rs - des::stream_deserializer::StreamDeserializer (line 17) ... FAILED
[INFO] [stdout] test src/des/stream_deserializer.rs - des::stream_deserializer::StreamDeserializer<'de,R,T>::byte_offset (line 67) ... FAILED
[INFO] [stdout] test src/des/deserializer.rs - des::deserializer::&'amutDeserializer<R>::deserialize_bytes (line 1709) ... ok
[INFO] [stdout] test src/error.rs - error::Error::io_error_kind (line 120) ... FAILED
[INFO] [stdout] test src/value/from.rs - value::from::Value::from (line 115) ... ok
[INFO] [stdout] test src/macros.rs - macros::encom_from_json (line 3) ... ok
[INFO] [stdout] test src/macros.rs - macros::encom_from_json (line 42) ... ok
[INFO] [stdout] test src/macros.rs - macros::encom_from_json (line 25) ... ok
[INFO] [stdout] test src/value/from.rs - value::from::Value::from (line 123) ... ok
[INFO] [stdout] test src/value/from.rs - value::from::Value::from (line 140) ... ok
[INFO] [stdout] test src/value/from.rs - value::from::Value::from (line 173) ... ok
[INFO] [stdout] test src/value/from.rs - value::from::Value::from (line 156) ... ok
[INFO] [stdout] test src/value/from.rs - value::from::Value::from (line 255) ... ok
[INFO] [stdout] test src/value/from.rs - value::from::Value::from (line 189) ... ok
[INFO] [stdout] test src/value/from.rs - value::from::Value::from (line 35) ... ok
[INFO] [stdout] test src/value/from.rs - value::from::Value::from (line 51) ... ok
[INFO] [stdout] test src/value/from.rs - value::from::Value::from (line 67) ... ok
[INFO] [stdout] test src/value/from.rs - value::from::Value::from (line 83) ... ok
[INFO] [stdout] test src/value/from.rs - value::from::Value::from (line 99) ... ok
[INFO] [stdout] test src/value/from.rs - value::from::Value::from_iter (line 212) ... ok
[INFO] [stdout] test src/value/from.rs - value::from::Value::from_iter (line 205) ... ok
[INFO] [stdout] test src/value/index.rs - value::index::Value::index (line 198) ... ok
[INFO] [stdout] test src/value/from.rs - value::from::Value::from_iter (line 235) ... ok
[INFO] [stdout] test src/value/from.rs - value::from::Value::from_iter (line 219) ... ok
[INFO] [stdout] test src/value/index.rs - value::index::Index (line 24) ... ok
[INFO] [stdout] test src/value/index.rs - value::index::Value::index_mut (line 237) ... ok
[INFO] [stdout] test src/value/map.rs - value::map::Entry<'a>::and_modify (line 553) ... ok
[INFO] [stdout] test src/value/map.rs - value::map::Entry<'a>::key (line 493) ... ok
[INFO] [stdout] test src/value/map.rs - value::map::Map<String,Value> (line 286) ... ok
[INFO] [stdout] test src/value/map.rs - value::map::Entry<'a>::or_insert (line 509) ... ok
[INFO] [stdout] test src/value/map.rs - value::map::Entry<'a>::or_insert_with (line 530) ... ok
[INFO] [stdout] test src/value/map.rs - value::map::Map<String,Value> (line 314) ... ok
[INFO] [stdout] test src/value/map.rs - value::map::OccupiedEntry<'a>::get_mut (line 684) ... ok
[INFO] [stdout] test src/value/map.rs - value::map::OccupiedEntry<'a>::get (line 660) ... ok
[INFO] [stdout] test src/value/map.rs - value::map::OccupiedEntry<'a>::insert (line 737) ... ok
[INFO] [stdout] test src/value/map.rs - value::map::OccupiedEntry<'a>::into_mut (line 710) ... ok
[INFO] [stdout] test src/value/map.rs - value::map::OccupiedEntry<'a>::key (line 636) ... ok
[INFO] [stdout] test src/value/map.rs - value::map::VacantEntry<'a>::key (line 589) ... ok
[INFO] [stdout] test src/value/map.rs - value::map::VacantEntry<'a>::insert (line 611) ... ok
[INFO] [stdout] test src/value/map.rs - value::map::OccupiedEntry<'a>::remove (line 762) ... ok
[INFO] [stdout] test src/value/mod.rs - value (line 61) ... ok
[INFO] [stdout] test src/value/mod.rs - value (line 37) ... ok
[INFO] [stdout] test src/value/mod.rs - value (line 8) ... ok
[INFO] [stdout] test src/value/mod.rs - value::Value::Bytes (line 158) ... ok
[INFO] [stdout] test src/value/mod.rs - value::Value::Array (line 167) ... ok
[INFO] [stdout] test src/value/mod.rs - value::Value (line 883) ... ok
[INFO] [stdout] test src/value/mod.rs - value::Value::Null (line 122) ... ok
[INFO] [stdout] test src/value/mod.rs - value::Value::Bool (line 131) ... ok
[INFO] [stdout] test src/value/mod.rs - value::Value::Number (line 140) ... ok
[INFO] [stdout] test src/value/mod.rs - value::Value::String (line 149) ... ok
[INFO] [stdout] test src/value/mod.rs - value::Value::Object (line 182) ... ok
[INFO] [stdout] test src/value/mod.rs - value::Value::as_bool (line 709) ... ok
[INFO] [stdout] test src/value/mod.rs - value::Value::as_array_mut (line 446) ... ok
[INFO] [stdout] test src/value/mod.rs - value::Value::as_f64 (line 671) ... ok
[INFO] [stdout] test src/value/mod.rs - value::Value::as_i64 (line 632) ... ok
[INFO] [stdout] test src/value/mod.rs - value::Value::as_array (line 425) ... ok
[INFO] [stdout] test src/value/mod.rs - value::Value::as_null (line 747) ... ok
[INFO] [stdout] test src/value/mod.rs - value::Value::as_number (line 532) ... ok
[INFO] [stdout] test src/value/mod.rs - value::Value::as_object (line 366) ... ok
[INFO] [stdout] test src/value/mod.rs - value::Value::as_object_mut (line 387) ... ok
[INFO] [stdout] test src/value/mod.rs - value::Value::as_str (line 483) ... ok
[INFO] [stdout] test src/value/mod.rs - value::Value::get (line 287) ... ok
[INFO] [stdout] test src/value/mod.rs - value::Value::as_u64 (line 652) ... ok
[INFO] [stdout] test src/value/mod.rs - value::Value::fmt (line 213) ... ok
[INFO] [stdout] test src/value/mod.rs - value::Value::get (line 303) ... ok
[INFO] [stdout] test src/value/mod.rs - value::Value::get_mut (line 329) ... ok
[INFO] [stdout] test src/value/mod.rs - value::Value::is_array (line 408) ... ok
[INFO] [stdout] test src/value/mod.rs - value::Value::is_i64 (line 557) ... ok
[INFO] [stdout] test src/value/mod.rs - value::Value::is_number (line 512) ... ok
[INFO] [stdout] test src/value/mod.rs - value::Value::is_f64 (line 611) ... ok
[INFO] [stdout] test src/value/mod.rs - value::Value::is_boolean (line 692) ... ok
[INFO] [stdout] test src/value/mod.rs - value::Value::is_object (line 348) ... ok
[INFO] [stdout] test src/value/mod.rs - value::Value::is_string (line 466) ... ok
[INFO] [stdout] test src/value/mod.rs - value::Value::is_null (line 731) ... ok
[INFO] [stdout] test src/value/mod.rs - value::Value::is_u64 (line 583) ... ok
[INFO] [stdout] test src/value/mod.rs - value::Value::pointer_mut (line 823) ... ok
[INFO] [stdout] test src/value/mod.rs - value::Value::pointer (line 778) ... ok
[INFO] [stdout] test src/value/mod.rs - value::Value::take (line 865) ... ok
[INFO] [stdout] test src/value/mod.rs - value::from_value (line 985) ... ok
[INFO] [stdout] test src/value/mod.rs - value::to_value (line 923) ... ok
[INFO] [stdout] test src/value/number.rs - value::number::Number::as_f64 (line 230) ... ok
[INFO] [stdout] test src/value/number.rs - value::number::Number::from_f64 (line 254) ... ok
[INFO] [stdout] test src/value/mod.rs - value::to_value (line 961) ... ok
[INFO] [stdout] test src/value/number.rs - value::number::Number::as_i64 (line 177) ... ok
[INFO] [stdout] test src/value/number.rs - value::number::Number::as_u64 (line 208) ... ok
[INFO] [stdout] test src/value/number.rs - value::number::Number::is_f64 (line 145) ... ok
[INFO] [stdout] test src/value/number.rs - value::number::Number::is_i64 (line 82) ... ok
[INFO] [stdout] test src/value/number.rs - value::number::Number::is_u64 (line 113) ... ok
[INFO] [stdout] test src/value/ser.rs - value::ser::Serializer (line 46) ... ok
[INFO] [stdout] 
[INFO] [stdout] failures:
[INFO] [stdout] 
[INFO] [stdout] ---- src/des/stream_deserializer.rs - des::stream_deserializer::StreamDeserializer (line 17) stdout ----
[INFO] [stdout] Test executable failed (exit status: 101).
[INFO] [stdout] 
[INFO] [stdout] stdout:
[INFO] [stdout] "k":3
[INFO] [stdout] 
[INFO] [stdout] stderr:
[INFO] [stdout] thread 'main' panicked at src/des/stream_deserializer.rs:12:30:
[INFO] [stdout] called `Result::unwrap()` on an `Err` value: Error("expected ident", line: 1, column: 9)
[INFO] [stdout] stack backtrace:
[INFO] [stdout]    0:     0x55d88bef31fc - std::backtrace_rs::backtrace::libunwind::trace::ha637c64ce894333a
[INFO] [stdout]                                at /rustc/82e1608dfa6e0b5569232559e3d385fea5a93112/library/std/src/../../backtrace/src/backtrace/libunwind.rs:104:5
[INFO] [stdout]    1:     0x55d88bef31fc - std::backtrace_rs::backtrace::trace_unsynchronized::h47f62dea28e0c88d
[INFO] [stdout]                                at /rustc/82e1608dfa6e0b5569232559e3d385fea5a93112/library/std/src/../../backtrace/src/backtrace/mod.rs:66:5
[INFO] [stdout]    2:     0x55d88bef31fc - std::sys_common::backtrace::_print_fmt::h9eef0abe20ede486
[INFO] [stdout]                                at /rustc/82e1608dfa6e0b5569232559e3d385fea5a93112/library/std/src/sys_common/backtrace.rs:67:5
[INFO] [stdout]    3:     0x55d88bef31fc - <std::sys_common::backtrace::_print::DisplayBacktrace as core::fmt::Display>::fmt::hed7f999df88cc644
[INFO] [stdout]                                at /rustc/82e1608dfa6e0b5569232559e3d385fea5a93112/library/std/src/sys_common/backtrace.rs:44:22
[INFO] [stdout]    4:     0x55d88bf167e0 - core::fmt::rt::Argument::fmt::h1539a9308b8d058d
[INFO] [stdout]                                at /rustc/82e1608dfa6e0b5569232559e3d385fea5a93112/library/core/src/fmt/rt.rs:142:9
[INFO] [stdout]    5:     0x55d88bf167e0 - core::fmt::write::h3a39390d8560d9c9
[INFO] [stdout]                                at /rustc/82e1608dfa6e0b5569232559e3d385fea5a93112/library/core/src/fmt/mod.rs:1120:17
[INFO] [stdout]    6:     0x55d88bef165f - std::io::Write::write_fmt::h5fc9997dfe05f882
[INFO] [stdout]                                at /rustc/82e1608dfa6e0b5569232559e3d385fea5a93112/library/std/src/io/mod.rs:1762:15
[INFO] [stdout]    7:     0x55d88bef2fe4 - std::sys_common::backtrace::_print::h894006fb5c6f3d45
[INFO] [stdout]                                at /rustc/82e1608dfa6e0b5569232559e3d385fea5a93112/library/std/src/sys_common/backtrace.rs:47:5
[INFO] [stdout]    8:     0x55d88bef2fe4 - std::sys_common::backtrace::print::h23a2d212c6fff936
[INFO] [stdout]                                at /rustc/82e1608dfa6e0b5569232559e3d385fea5a93112/library/std/src/sys_common/backtrace.rs:34:9
[INFO] [stdout]    9:     0x55d88bef44f7 - std::panicking::default_hook::{{closure}}::h8a1d2ee00185001a
[INFO] [stdout]   10:     0x55d88bef425f - std::panicking::default_hook::h6038f2eba384e475
[INFO] [stdout]                                at /rustc/82e1608dfa6e0b5569232559e3d385fea5a93112/library/std/src/panicking.rs:292:9
[INFO] [stdout]   11:     0x55d88bef4978 - std::panicking::rust_panic_with_hook::h2b5517d590cab22e
[INFO] [stdout]                                at /rustc/82e1608dfa6e0b5569232559e3d385fea5a93112/library/std/src/panicking.rs:779:13
[INFO] [stdout]   12:     0x55d88bef485e - std::panicking::begin_panic_handler::{{closure}}::h233112c06e0ef43e
[INFO] [stdout]                                at /rustc/82e1608dfa6e0b5569232559e3d385fea5a93112/library/std/src/panicking.rs:657:13
[INFO] [stdout]   13:     0x55d88bef36c6 - std::sys_common::backtrace::__rust_end_short_backtrace::h6e893f24d7ebbff8
[INFO] [stdout]                                at /rustc/82e1608dfa6e0b5569232559e3d385fea5a93112/library/std/src/sys_common/backtrace.rs:170:18
[INFO] [stdout]   14:     0x55d88bef45c2 - rust_begin_unwind
[INFO] [stdout]                                at /rustc/82e1608dfa6e0b5569232559e3d385fea5a93112/library/std/src/panicking.rs:645:5
[INFO] [stdout]   15:     0x55d88bea4105 - core::panicking::panic_fmt::hbf0e066aabfa482c
[INFO] [stdout]                                at /rustc/82e1608dfa6e0b5569232559e3d385fea5a93112/library/core/src/panicking.rs:72:14
[INFO] [stdout]   16:     0x55d88bea4693 - core::result::unwrap_failed::hddb4fea594200c52
[INFO] [stdout]                                at /rustc/82e1608dfa6e0b5569232559e3d385fea5a93112/library/core/src/result.rs:1653:5
[INFO] [stdout]   17:     0x55d88bea52b0 - core::result::Result<T,E>::unwrap::hc639b82d6682ce7b
[INFO] [stdout]   18:     0x55d88bea54e0 - rust_out::main::hc20c0d07e2402830
[INFO] [stdout]   19:     0x55d88bea50e3 - core::ops::function::FnOnce::call_once::hbc459743598298c4
[INFO] [stdout]   20:     0x55d88bea4f66 - std::sys_common::backtrace::__rust_begin_short_backtrace::h62debe7d3058b76a
[INFO] [stdout]   21:     0x55d88bea4fb9 - std::rt::lang_start::{{closure}}::h8f486f3e1e6418b2
[INFO] [stdout]   22:     0x55d88beeeeb7 - core::ops::function::impls::<impl core::ops::function::FnOnce<A> for &F>::call_once::hd95060ecd5e1ca24
[INFO] [stdout]                                at /rustc/82e1608dfa6e0b5569232559e3d385fea5a93112/library/core/src/ops/function.rs:284:13
[INFO] [stdout]   23:     0x55d88beeeeb7 - std::panicking::try::do_call::h6e8cf51db32a6e4b
[INFO] [stdout]                                at /rustc/82e1608dfa6e0b5569232559e3d385fea5a93112/library/std/src/panicking.rs:552:40
[INFO] [stdout]   24:     0x55d88beeeeb7 - std::panicking::try::h3a52eefe24fe3c29
[INFO] [stdout]                                at /rustc/82e1608dfa6e0b5569232559e3d385fea5a93112/library/std/src/panicking.rs:516:19
[INFO] [stdout]   25:     0x55d88beeeeb7 - std::panic::catch_unwind::h24c28c23c02c3841
[INFO] [stdout]                                at /rustc/82e1608dfa6e0b5569232559e3d385fea5a93112/library/std/src/panic.rs:142:14
[INFO] [stdout]   26:     0x55d88beeeeb7 - std::rt::lang_start_internal::{{closure}}::h705d3c9cbc06ef47
[INFO] [stdout]                                at /rustc/82e1608dfa6e0b5569232559e3d385fea5a93112/library/std/src/rt.rs:148:48
[INFO] [stdout]   27:     0x55d88beeeeb7 - std::panicking::try::do_call::ha21f52ba13158470
[INFO] [stdout]                                at /rustc/82e1608dfa6e0b5569232559e3d385fea5a93112/library/std/src/panicking.rs:552:40
[INFO] [stdout]   28:     0x55d88beeeeb7 - std::panicking::try::h5581346bf6aeb1f8
[INFO] [stdout]                                at /rustc/82e1608dfa6e0b5569232559e3d385fea5a93112/library/std/src/panicking.rs:516:19
[INFO] [stdout]   29:     0x55d88beeeeb7 - std::panic::catch_unwind::h7919645a6b72e25b
[INFO] [stdout]                                at /rustc/82e1608dfa6e0b5569232559e3d385fea5a93112/library/std/src/panic.rs:142:14
[INFO] [stdout]   30:     0x55d88beeeeb7 - std::rt::lang_start_internal::h12de51168669836e
[INFO] [stdout]                                at /rustc/82e1608dfa6e0b5569232559e3d385fea5a93112/library/std/src/rt.rs:148:20
[INFO] [stdout]   31:     0x55d88bea4f97 - std::rt::lang_start::h2c48f91a7bf85629
[INFO] [stdout]   32:     0x55d88bea55e5 - main
[INFO] [stdout]   33:     0x7f956cda5d90 - <unknown>
[INFO] [stdout]   34:     0x7f956cda5e40 - __libc_start_main
[INFO] [stdout]   35:     0x55d88bea4955 - _start
[INFO] [stdout]   36:                0x0 - <unknown>
[INFO] [stdout] 
[INFO] [stdout] 
[INFO] [stdout] ---- src/des/stream_deserializer.rs - des::stream_deserializer::StreamDeserializer<'de,R,T>::byte_offset (line 67) stdout ----
[INFO] [stdout] Test executable failed (exit status: 101).
[INFO] [stdout] 
[INFO] [stdout] stdout:
[INFO] [stdout] Some(Err(Error("invalid type: integer `0`, expected a sequence", line: 1, column: 1)))
[INFO] [stdout] 
[INFO] [stdout] stderr:
[INFO] [stdout] thread 'main' panicked at src/des/stream_deserializer.rs:12:1:
[INFO] [stdout] assertion `left == right` failed
[INFO] [stdout]   left: 3
[INFO] [stdout]  right: 0
[INFO] [stdout] stack backtrace:
[INFO] [stdout]    0:     0x55a0076bdf3c - std::backtrace_rs::backtrace::libunwind::trace::ha637c64ce894333a
[INFO] [stdout]                                at /rustc/82e1608dfa6e0b5569232559e3d385fea5a93112/library/std/src/../../backtrace/src/backtrace/libunwind.rs:104:5
[INFO] [stdout]    1:     0x55a0076bdf3c - std::backtrace_rs::backtrace::trace_unsynchronized::h47f62dea28e0c88d
[INFO] [stdout]                                at /rustc/82e1608dfa6e0b5569232559e3d385fea5a93112/library/std/src/../../backtrace/src/backtrace/mod.rs:66:5
[INFO] [stdout]    2:     0x55a0076bdf3c - std::sys_common::backtrace::_print_fmt::h9eef0abe20ede486
[INFO] [stdout]                                at /rustc/82e1608dfa6e0b5569232559e3d385fea5a93112/library/std/src/sys_common/backtrace.rs:67:5
[INFO] [stdout]    3:     0x55a0076bdf3c - <std::sys_common::backtrace::_print::DisplayBacktrace as core::fmt::Display>::fmt::hed7f999df88cc644
[INFO] [stdout]                                at /rustc/82e1608dfa6e0b5569232559e3d385fea5a93112/library/std/src/sys_common/backtrace.rs:44:22
[INFO] [stdout]    4:     0x55a0076e14e0 - core::fmt::rt::Argument::fmt::h1539a9308b8d058d
[INFO] [stdout]                                at /rustc/82e1608dfa6e0b5569232559e3d385fea5a93112/library/core/src/fmt/rt.rs:142:9
[INFO] [stdout]    5:     0x55a0076e14e0 - core::fmt::write::h3a39390d8560d9c9
[INFO] [stdout]                                at /rustc/82e1608dfa6e0b5569232559e3d385fea5a93112/library/core/src/fmt/mod.rs:1120:17
[INFO] [stdout]    6:     0x55a0076bc39f - std::io::Write::write_fmt::h5fc9997dfe05f882
[INFO] [stdout]                                at /rustc/82e1608dfa6e0b5569232559e3d385fea5a93112/library/std/src/io/mod.rs:1762:15
[INFO] [stdout]    7:     0x55a0076bdd24 - std::sys_common::backtrace::_print::h894006fb5c6f3d45
[INFO] [stdout]                                at /rustc/82e1608dfa6e0b5569232559e3d385fea5a93112/library/std/src/sys_common/backtrace.rs:47:5
[INFO] [stdout]    8:     0x55a0076bdd24 - std::sys_common::backtrace::print::h23a2d212c6fff936
[INFO] [stdout]                                at /rustc/82e1608dfa6e0b5569232559e3d385fea5a93112/library/std/src/sys_common/backtrace.rs:34:9
[INFO] [stdout]    9:     0x55a0076bf237 - std::panicking::default_hook::{{closure}}::h8a1d2ee00185001a
[INFO] [stdout]   10:     0x55a0076bef9f - std::panicking::default_hook::h6038f2eba384e475
[INFO] [stdout]                                at /rustc/82e1608dfa6e0b5569232559e3d385fea5a93112/library/std/src/panicking.rs:292:9
[INFO] [stdout]   11:     0x55a0076bf6b8 - std::panicking::rust_panic_with_hook::h2b5517d590cab22e
[INFO] [stdout]                                at /rustc/82e1608dfa6e0b5569232559e3d385fea5a93112/library/std/src/panicking.rs:779:13
[INFO] [stdout]   12:     0x55a0076bf59e - std::panicking::begin_panic_handler::{{closure}}::h233112c06e0ef43e
[INFO] [stdout]                                at /rustc/82e1608dfa6e0b5569232559e3d385fea5a93112/library/std/src/panicking.rs:657:13
[INFO] [stdout]   13:     0x55a0076be406 - std::sys_common::backtrace::__rust_end_short_backtrace::h6e893f24d7ebbff8
[INFO] [stdout]                                at /rustc/82e1608dfa6e0b5569232559e3d385fea5a93112/library/std/src/sys_common/backtrace.rs:170:18
[INFO] [stdout]   14:     0x55a0076bf302 - rust_begin_unwind
[INFO] [stdout]                                at /rustc/82e1608dfa6e0b5569232559e3d385fea5a93112/library/std/src/panicking.rs:645:5
[INFO] [stdout]   15:     0x55a007690105 - core::panicking::panic_fmt::hbf0e066aabfa482c
[INFO] [stdout]                                at /rustc/82e1608dfa6e0b5569232559e3d385fea5a93112/library/core/src/panicking.rs:72:14
[INFO] [stdout]   16:     0x55a00769051b - core::panicking::assert_failed_inner::h0bba8b7c26ee4492
[INFO] [stdout]   17:     0x55a007693f8a - core::panicking::assert_failed::h4ec7a5202b65bb21
[INFO] [stdout]   18:     0x55a0076957f1 - rust_out::main::_doctest_main_src_des_stream_deserializer_rs_67_0::hfe195cadaf5b2e1b
[INFO] [stdout]   19:     0x55a0076955a6 - rust_out::main::hc20c0d07e2402830
[INFO] [stdout]   20:     0x55a007693af3 - core::ops::function::FnOnce::call_once::hbc459743598298c4
[INFO] [stdout]   21:     0x55a007693616 - std::sys_common::backtrace::__rust_begin_short_backtrace::h62debe7d3058b76a
[INFO] [stdout]   22:     0x55a007693669 - std::rt::lang_start::{{closure}}::h8f486f3e1e6418b2
[INFO] [stdout]   23:     0x55a0076b9c77 - core::ops::function::impls::<impl core::ops::function::FnOnce<A> for &F>::call_once::hd95060ecd5e1ca24
[INFO] [stdout]                                at /rustc/82e1608dfa6e0b5569232559e3d385fea5a93112/library/core/src/ops/function.rs:284:13
[INFO] [stdout]   24:     0x55a0076b9c77 - std::panicking::try::do_call::h6e8cf51db32a6e4b
[INFO] [stdout]                                at /rustc/82e1608dfa6e0b5569232559e3d385fea5a93112/library/std/src/panicking.rs:552:40
[INFO] [stdout]   25:     0x55a0076b9c77 - std::panicking::try::h3a52eefe24fe3c29
[INFO] [stdout]                                at /rustc/82e1608dfa6e0b5569232559e3d385fea5a93112/library/std/src/panicking.rs:516:19
[INFO] [stdout]   26:     0x55a0076b9c77 - std::panic::catch_unwind::h24c28c23c02c3841
[INFO] [stdout]                                at /rustc/82e1608dfa6e0b5569232559e3d385fea5a93112/library/std/src/panic.rs:142:14
[INFO] [stdout]   27:     0x55a0076b9c77 - std::rt::lang_start_internal::{{closure}}::h705d3c9cbc06ef47
[INFO] [stdout]                                at /rustc/82e1608dfa6e0b5569232559e3d385fea5a93112/library/std/src/rt.rs:148:48
[INFO] [stdout]   28:     0x55a0076b9c77 - std::panicking::try::do_call::ha21f52ba13158470
[INFO] [stdout]                                at /rustc/82e1608dfa6e0b5569232559e3d385fea5a93112/library/std/src/panicking.rs:552:40
[INFO] [stdout]   29:     0x55a0076b9c77 - std::panicking::try::h5581346bf6aeb1f8
[INFO] [stdout]                                at /rustc/82e1608dfa6e0b5569232559e3d385fea5a93112/library/std/src/panicking.rs:516:19
[INFO] [stdout]   30:     0x55a0076b9c77 - std::panic::catch_unwind::h7919645a6b72e25b
[INFO] [stdout]                                at /rustc/82e1608dfa6e0b5569232559e3d385fea5a93112/library/std/src/panic.rs:142:14
[INFO] [stdout]   31:     0x55a0076b9c77 - std::rt::lang_start_internal::h12de51168669836e
[INFO] [stdout]                                at /rustc/82e1608dfa6e0b5569232559e3d385fea5a93112/library/std/src/rt.rs:148:20
[INFO] [stdout]   32:     0x55a007693647 - std::rt::lang_start::h2c48f91a7bf85629
[INFO] [stdout]   33:     0x55a007695b45 - main
[INFO] [stdout]   34:     0x7f6af8b90d90 - <unknown>
[INFO] [stdout]   35:     0x7f6af8b90e40 - __libc_start_main
[INFO] [stdout]   36:     0x55a007690955 - _start
[INFO] [stdout]   37:                0x0 - <unknown>
[INFO] [stdout] 
[INFO] [stdout] 
[INFO] [stdout] ---- src/error.rs - error::Error::io_error_kind (line 120) stdout ----
[INFO] [stdout] Test executable failed (exit status: 101).
[INFO] [stdout] 
[INFO] [stdout] stderr:
[INFO] [stdout] thread 'main' panicked at /opt/rustwide/workdir/src/des/read.rs:449:9:
[INFO] [stdout] not implemented
[INFO] [stdout] stack backtrace:
[INFO] [stdout]    0:     0x561a93c9d1ac - std::backtrace_rs::backtrace::libunwind::trace::ha637c64ce894333a
[INFO] [stdout]                                at /rustc/82e1608dfa6e0b5569232559e3d385fea5a93112/library/std/src/../../backtrace/src/backtrace/libunwind.rs:104:5
[INFO] [stdout]    1:     0x561a93c9d1ac - std::backtrace_rs::backtrace::trace_unsynchronized::h47f62dea28e0c88d
[INFO] [stdout]                                at /rustc/82e1608dfa6e0b5569232559e3d385fea5a93112/library/std/src/../../backtrace/src/backtrace/mod.rs:66:5
[INFO] [stdout]    2:     0x561a93c9d1ac - std::sys_common::backtrace::_print_fmt::h9eef0abe20ede486
[INFO] [stdout]                                at /rustc/82e1608dfa6e0b5569232559e3d385fea5a93112/library/std/src/sys_common/backtrace.rs:67:5
[INFO] [stdout]    3:     0x561a93c9d1ac - <std::sys_common::backtrace::_print::DisplayBacktrace as core::fmt::Display>::fmt::hed7f999df88cc644
[INFO] [stdout]                                at /rustc/82e1608dfa6e0b5569232559e3d385fea5a93112/library/std/src/sys_common/backtrace.rs:44:22
[INFO] [stdout]    4:     0x561a93cc07a0 - core::fmt::rt::Argument::fmt::h1539a9308b8d058d
[INFO] [stdout]                                at /rustc/82e1608dfa6e0b5569232559e3d385fea5a93112/library/core/src/fmt/rt.rs:142:9
[INFO] [stdout]    5:     0x561a93cc07a0 - core::fmt::write::h3a39390d8560d9c9
[INFO] [stdout]                                at /rustc/82e1608dfa6e0b5569232559e3d385fea5a93112/library/core/src/fmt/mod.rs:1120:17
[INFO] [stdout]    6:     0x561a93c9b5af - std::io::Write::write_fmt::h5fc9997dfe05f882
[INFO] [stdout]                                at /rustc/82e1608dfa6e0b5569232559e3d385fea5a93112/library/std/src/io/mod.rs:1762:15
[INFO] [stdout]    7:     0x561a93c9cf94 - std::sys_common::backtrace::_print::h894006fb5c6f3d45
[INFO] [stdout]                                at /rustc/82e1608dfa6e0b5569232559e3d385fea5a93112/library/std/src/sys_common/backtrace.rs:47:5
[INFO] [stdout]    8:     0x561a93c9cf94 - std::sys_common::backtrace::print::h23a2d212c6fff936
[INFO] [stdout]                                at /rustc/82e1608dfa6e0b5569232559e3d385fea5a93112/library/std/src/sys_common/backtrace.rs:34:9
[INFO] [stdout]    9:     0x561a93c9e4a7 - std::panicking::default_hook::{{closure}}::h8a1d2ee00185001a
[INFO] [stdout]   10:     0x561a93c9e20f - std::panicking::default_hook::h6038f2eba384e475
[INFO] [stdout]                                at /rustc/82e1608dfa6e0b5569232559e3d385fea5a93112/library/std/src/panicking.rs:292:9
[INFO] [stdout]   11:     0x561a93c9e928 - std::panicking::rust_panic_with_hook::h2b5517d590cab22e
[INFO] [stdout]                                at /rustc/82e1608dfa6e0b5569232559e3d385fea5a93112/library/std/src/panicking.rs:779:13
[INFO] [stdout]   12:     0x561a93c9e7d9 - std::panicking::begin_panic_handler::{{closure}}::h233112c06e0ef43e
[INFO] [stdout]                                at /rustc/82e1608dfa6e0b5569232559e3d385fea5a93112/library/std/src/panicking.rs:649:13
[INFO] [stdout]   13:     0x561a93c9d676 - std::sys_common::backtrace::__rust_end_short_backtrace::h6e893f24d7ebbff8
[INFO] [stdout]                                at /rustc/82e1608dfa6e0b5569232559e3d385fea5a93112/library/std/src/sys_common/backtrace.rs:170:18
[INFO] [stdout]   14:     0x561a93c9e572 - rust_begin_unwind
[INFO] [stdout]                                at /rustc/82e1608dfa6e0b5569232559e3d385fea5a93112/library/std/src/panicking.rs:645:5
[INFO] [stdout]   15:     0x561a93c5de05 - core::panicking::panic_fmt::hbf0e066aabfa482c
[INFO] [stdout]                                at /rustc/82e1608dfa6e0b5569232559e3d385fea5a93112/library/core/src/panicking.rs:72:14
[INFO] [stdout]   16:     0x561a93c5dea3 - core::panicking::panic::h195fc2a96298d4c3
[INFO] [stdout]                                at /rustc/82e1608dfa6e0b5569232559e3d385fea5a93112/library/core/src/panicking.rs:127:5
[INFO] [stdout]   17:     0x561a93c6936d - <serde_encom::des::read::IoRead<R> as serde_encom::des::read::Read>::save_start::h6acdf6eaf38c012d
[INFO] [stdout]   18:     0x561a93c6279e - serde_encom::des::deserializer::Deserializer<R>::any_after_x7b::h13509058cbf685c3
[INFO] [stdout]   19:     0x561a93c600d9 - <&mut serde_encom::des::deserializer::Deserializer<R> as serde::de::Deserializer>::deserialize_any::hc04832b1f1da4172
[INFO] [stdout]   20:     0x561a93c6522d - serde_encom::value::des::<impl serde::de::Deserialize for serde_encom::value::Value>::deserialize::h14492a157dc3b5bb
[INFO] [stdout]   21:     0x561a93c6921d - <core::marker::PhantomData<T> as serde::de::DeserializeSeed>::deserialize::hc6a84a4e6bf7ddff
[INFO] [stdout]   22:     0x561a93c6aa03 - <serde_encom::des::access::init_seq::InitSeqAccess<R> as serde::de::SeqAccess>::next_element_seed::h23aa70f0e0b7878b
[INFO] [stdout]   23:     0x561a93c6620d - serde::de::SeqAccess::next_element::h072122bdcc6c1a03
[INFO] [stdout]   24:     0x561a93c68095 - <serde_encom::value::des::ValueVisitor as serde::de::Visitor>::visit_seq::ha1b107c4b3eeebd7
[INFO] [stdout]   25:     0x561a93c5f362 - <serde_encom::des::wrapper::init::InitDeserializer<R> as serde::de::Deserializer>::deserialize_any::h9adedf8d6aebdbea
[INFO] [stdout]   26:     0x561a93c6526d - serde_encom::value::des::<impl serde::de::Deserialize for serde_encom::value::Value>::deserialize::h8791b2fdeebc4cbd
[INFO] [stdout]   27:     0x561a93c61f72 - serde_encom::des::from_trait::h4de7e63200399424
[INFO] [stdout]   28:     0x561a93c62187 - serde_encom::des::from_reader::h89d4ab44c0e23541
[INFO] [stdout]   29:     0x561a93c6ae50 - rust_out::main::hc20c0d07e2402830
[INFO] [stdout]   30:     0x561a93c65903 - core::ops::function::FnOnce::call_once::hbc459743598298c4
[INFO] [stdout]   31:     0x561a93c652e6 - std::sys_common::backtrace::__rust_begin_short_backtrace::h62debe7d3058b76a
[INFO] [stdout]   32:     0x561a93c65729 - std::rt::lang_start::{{closure}}::h8f486f3e1e6418b2
[INFO] [stdout]   33:     0x561a93c98fa7 - core::ops::function::impls::<impl core::ops::function::FnOnce<A> for &F>::call_once::hd95060ecd5e1ca24
[INFO] [stdout]                                at /rustc/82e1608dfa6e0b5569232559e3d385fea5a93112/library/core/src/ops/function.rs:284:13
[INFO] [stdout]   34:     0x561a93c98fa7 - std::panicking::try::do_call::h6e8cf51db32a6e4b
[INFO] [stdout]                                at /rustc/82e1608dfa6e0b5569232559e3d385fea5a93112/library/std/src/panicking.rs:552:40
[INFO] [stdout]   35:     0x561a93c98fa7 - std::panicking::try::h3a52eefe24fe3c29
[INFO] [stdout]                                at /rustc/82e1608dfa6e0b5569232559e3d385fea5a93112/library/std/src/panicking.rs:516:19
[INFO] [stdout]   36:     0x561a93c98fa7 - std::panic::catch_unwind::h24c28c23c02c3841
[INFO] [stdout]                                at /rustc/82e1608dfa6e0b5569232559e3d385fea5a93112/library/std/src/panic.rs:142:14
[INFO] [stdout]   37:     0x561a93c98fa7 - std::rt::lang_start_internal::{{closure}}::h705d3c9cbc06ef47
[INFO] [stdout]                                at /rustc/82e1608dfa6e0b5569232559e3d385fea5a93112/library/std/src/rt.rs:148:48
[INFO] [stdout]   38:     0x561a93c98fa7 - std::panicking::try::do_call::ha21f52ba13158470
[INFO] [stdout]                                at /rustc/82e1608dfa6e0b5569232559e3d385fea5a93112/library/std/src/panicking.rs:552:40
[INFO] [stdout]   39:     0x561a93c98fa7 - std::panicking::try::h5581346bf6aeb1f8
[INFO] [stdout]                                at /rustc/82e1608dfa6e0b5569232559e3d385fea5a93112/library/std/src/panicking.rs:516:19
[INFO] [stdout]   40:     0x561a93c98fa7 - std::panic::catch_unwind::h7919645a6b72e25b
[INFO] [stdout]                                at /rustc/82e1608dfa6e0b5569232559e3d385fea5a93112/library/std/src/panic.rs:142:14
[INFO] [stdout]   41:     0x561a93c98fa7 - std::rt::lang_start_internal::h12de51168669836e
[INFO] [stdout]                                at /rustc/82e1608dfa6e0b5569232559e3d385fea5a93112/library/std/src/rt.rs:148:20
[INFO] [stdout]   42:     0x561a93c65707 - std::rt::lang_start::h2c48f91a7bf85629
[INFO] [stdout]   43:     0x561a93c6b035 - main
[INFO] [stdout]   44:     0x7f463b754d90 - <unknown>
[INFO] [stdout]   45:     0x7f463b754e40 - __libc_start_main
[INFO] [stdout]   46:     0x561a93c5e655 - _start
[INFO] [stdout]   47:                0x0 - <unknown>
[INFO] [stdout] 
[INFO] [stdout] 
[INFO] [stdout] 
[INFO] [stdout] failures:
[INFO] [stdout]     src/des/stream_deserializer.rs - des::stream_deserializer::StreamDeserializer (line 17)
[INFO] [stdout]     src/des/stream_deserializer.rs - des::stream_deserializer::StreamDeserializer<'de,R,T>::byte_offset (line 67)
[INFO] [stdout]     src/error.rs - error::Error::io_error_kind (line 120)
[INFO] [stdout] 
[INFO] [stdout] test result: FAILED. 91 passed; 3 failed; 0 ignored; 0 measured; 0 filtered out; finished in 5.07s
[INFO] [stdout] 
[INFO] [stderr] error: doctest failed, to rerun pass `--doc`
[INFO] running `Command { std: "docker" "inspect" "33e4c432602baf02282c0162d40c656cdeec38d1058c2db89fc71888a7defd39", kill_on_drop: false }`
[INFO] running `Command { std: "docker" "rm" "-f" "33e4c432602baf02282c0162d40c656cdeec38d1058c2db89fc71888a7defd39", kill_on_drop: false }`
[INFO] [stdout] 33e4c432602baf02282c0162d40c656cdeec38d1058c2db89fc71888a7defd39
[INFO] testing serde_encom-0.3.2 against beta-2023-12-22 for beta-1.76-1
[INFO] extracting crate serde_encom 0.3.2 into /workspace/builds/worker-6-tc2/source
[INFO] validating manifest of crates.io crate serde_encom 0.3.2 on toolchain beta-2023-12-22
[INFO] running `Command { std: CARGO_HOME="/workspace/cargo-home" RUSTUP_HOME="/workspace/rustup-home" "/workspace/cargo-home/bin/cargo" "+beta-2023-12-22" "metadata" "--manifest-path" "Cargo.toml" "--no-deps", kill_on_drop: false }`
[INFO] started tweaking crates.io crate serde_encom 0.3.2
[INFO] finished tweaking crates.io crate serde_encom 0.3.2
[INFO] tweaked toml for crates.io crate serde_encom 0.3.2 written to /workspace/builds/worker-6-tc2/source/Cargo.toml
[INFO] running `Command { std: CARGO_HOME="/workspace/cargo-home" RUSTUP_HOME="/workspace/rustup-home" "/workspace/cargo-home/bin/cargo" "+beta-2023-12-22" "generate-lockfile" "--manifest-path" "Cargo.toml", kill_on_drop: false }`
[INFO] [stderr]     Updating crates.io index
[INFO] running `Command { std: CARGO_HOME="/workspace/cargo-home" RUSTUP_HOME="/workspace/rustup-home" "/workspace/cargo-home/bin/cargo" "+beta-2023-12-22" "fetch" "--manifest-path" "Cargo.toml", kill_on_drop: false }`
[INFO] running `Command { std: "docker" "create" "-v" "/var/lib/crater-agent-workspace/builds/worker-6-tc2/target:/opt/rustwide/target:rw,Z" "-v" "/var/lib/crater-agent-workspace/builds/worker-6-tc2/source:/opt/rustwide/workdir:ro,Z" "-v" "/var/lib/crater-agent-workspace/cargo-home:/opt/rustwide/cargo-home:ro,Z" "-v" "/var/lib/crater-agent-workspace/rustup-home:/opt/rustwide/rustup-home:ro,Z" "-e" "SOURCE_DIR=/opt/rustwide/workdir" "-e" "CARGO_TARGET_DIR=/opt/rustwide/target" "-e" "CARGO_HOME=/opt/rustwide/cargo-home" "-e" "RUSTUP_HOME=/opt/rustwide/rustup-home" "-w" "/opt/rustwide/workdir" "-m" "1610612736" "--user" "0:0" "--network" "none" "ghcr.io/rust-lang/crates-build-env/linux@sha256:2788e3201cd34a07e3172128adcd8b3090168a8e3bcc40d7c032b9dda1df7d1c" "/opt/rustwide/cargo-home/bin/cargo" "+beta-2023-12-22" "metadata" "--no-deps" "--format-version=1", kill_on_drop: false }`
[INFO] [stdout] 6950ce0fea911b619747664aa8cae4e8d746c8ef79885770ea5432aaee8bd7f2
[INFO] running `Command { std: "docker" "start" "-a" "6950ce0fea911b619747664aa8cae4e8d746c8ef79885770ea5432aaee8bd7f2", kill_on_drop: false }`
[INFO] running `Command { std: "docker" "inspect" "6950ce0fea911b619747664aa8cae4e8d746c8ef79885770ea5432aaee8bd7f2", kill_on_drop: false }`
[INFO] running `Command { std: "docker" "rm" "-f" "6950ce0fea911b619747664aa8cae4e8d746c8ef79885770ea5432aaee8bd7f2", kill_on_drop: false }`
[INFO] [stdout] 6950ce0fea911b619747664aa8cae4e8d746c8ef79885770ea5432aaee8bd7f2
[INFO] running `Command { std: "docker" "create" "-v" "/var/lib/crater-agent-workspace/builds/worker-6-tc2/target:/opt/rustwide/target:rw,Z" "-v" "/var/lib/crater-agent-workspace/builds/worker-6-tc2/source:/opt/rustwide/workdir:ro,Z" "-v" "/var/lib/crater-agent-workspace/cargo-home:/opt/rustwide/cargo-home:ro,Z" "-v" "/var/lib/crater-agent-workspace/rustup-home:/opt/rustwide/rustup-home:ro,Z" "-e" "SOURCE_DIR=/opt/rustwide/workdir" "-e" "CARGO_TARGET_DIR=/opt/rustwide/target" "-e" "CARGO_INCREMENTAL=0" "-e" "RUST_BACKTRACE=full" "-e" "RUSTFLAGS=--cap-lints=warn" "-e" "RUSTDOCFLAGS=--cap-lints=warn" "-e" "CARGO_HOME=/opt/rustwide/cargo-home" "-e" "RUSTUP_HOME=/opt/rustwide/rustup-home" "-w" "/opt/rustwide/workdir" "-m" "1610612736" "--user" "0:0" "--network" "none" "ghcr.io/rust-lang/crates-build-env/linux@sha256:2788e3201cd34a07e3172128adcd8b3090168a8e3bcc40d7c032b9dda1df7d1c" "/opt/rustwide/cargo-home/bin/cargo" "+beta-2023-12-22" "build" "--frozen" "--message-format=json", kill_on_drop: false }`
[INFO] [stdout] 5a9c91535405cd22257da19ced2dc6114736cc0acb64a28509414c734357962a
[INFO] running `Command { std: "docker" "start" "-a" "5a9c91535405cd22257da19ced2dc6114736cc0acb64a28509414c734357962a", kill_on_drop: false }`
[INFO] [stderr]    Compiling serde v1.0.194
[INFO] [stderr]    Compiling ryu v1.0.16
[INFO] [stderr]    Compiling itoa v1.0.10
[INFO] [stderr]    Compiling atoi_simd v0.15.6
[INFO] [stderr]    Compiling serde_encom v0.3.2 (/opt/rustwide/workdir)
[INFO] [stdout] warning: unused variable: `validate`
[INFO] [stdout]    --> src/des/read.rs:229:48
[INFO] [stdout]     |
[INFO] [stdout] 229 |     fn parse_str_bytes<'s, T, F>(&'s mut self, validate: bool, result: F) -> Result<T>
[INFO] [stdout]     |                                                ^^^^^^^^ help: if this is intentional, prefix it with an underscore: `_validate`
[INFO] [stdout]     |
[INFO] [stdout]     = note: `#[warn(unused_variables)]` on by default
[INFO] [stdout] 
[INFO] [stdout] 
[INFO] [stdout] warning: unused variable: `result`
[INFO] [stdout]    --> src/des/read.rs:229:64
[INFO] [stdout]     |
[INFO] [stdout] 229 |     fn parse_str_bytes<'s, T, F>(&'s mut self, validate: bool, result: F) -> Result<T>
[INFO] [stdout]     |                                                                ^^^^^^ help: if this is intentional, prefix it with an underscore: `_result`
[INFO] [stdout] 
[INFO] [stdout] 
[INFO] [stdout] warning: 2 warnings emitted
[INFO] [stdout] 
[INFO] [stdout] 
[INFO] [stderr]     Finished dev [unoptimized + debuginfo] target(s) in 2.87s
[INFO] running `Command { std: "docker" "inspect" "5a9c91535405cd22257da19ced2dc6114736cc0acb64a28509414c734357962a", kill_on_drop: false }`
[INFO] running `Command { std: "docker" "rm" "-f" "5a9c91535405cd22257da19ced2dc6114736cc0acb64a28509414c734357962a", kill_on_drop: false }`
[INFO] [stdout] 5a9c91535405cd22257da19ced2dc6114736cc0acb64a28509414c734357962a
[INFO] running `Command { std: "docker" "create" "-v" "/var/lib/crater-agent-workspace/builds/worker-6-tc2/target:/opt/rustwide/target:rw,Z" "-v" "/var/lib/crater-agent-workspace/builds/worker-6-tc2/source:/opt/rustwide/workdir:ro,Z" "-v" "/var/lib/crater-agent-workspace/cargo-home:/opt/rustwide/cargo-home:ro,Z" "-v" "/var/lib/crater-agent-workspace/rustup-home:/opt/rustwide/rustup-home:ro,Z" "-e" "SOURCE_DIR=/opt/rustwide/workdir" "-e" "CARGO_TARGET_DIR=/opt/rustwide/target" "-e" "CARGO_INCREMENTAL=0" "-e" "RUST_BACKTRACE=full" "-e" "RUSTFLAGS=--cap-lints=warn" "-e" "RUSTDOCFLAGS=--cap-lints=warn" "-e" "CARGO_HOME=/opt/rustwide/cargo-home" "-e" "RUSTUP_HOME=/opt/rustwide/rustup-home" "-w" "/opt/rustwide/workdir" "-m" "1610612736" "--user" "0:0" "--network" "none" "ghcr.io/rust-lang/crates-build-env/linux@sha256:2788e3201cd34a07e3172128adcd8b3090168a8e3bcc40d7c032b9dda1df7d1c" "/opt/rustwide/cargo-home/bin/cargo" "+beta-2023-12-22" "test" "--frozen" "--no-run" "--message-format=json", kill_on_drop: false }`
[INFO] [stdout] 26971265e00a55d232b3f14490abdbae24127fafda248f394be53b01cf20bf3c
[INFO] running `Command { std: "docker" "start" "-a" "26971265e00a55d232b3f14490abdbae24127fafda248f394be53b01cf20bf3c", kill_on_drop: false }`
[INFO] [stderr]    Compiling serde v1.0.194
[INFO] [stderr]    Compiling serde_derive v1.0.194
[INFO] [stderr]    Compiling serde_bytes v0.11.14
[INFO] [stderr]    Compiling serde_encom v0.3.2 (/opt/rustwide/workdir)
[INFO] [stdout] warning: unused import: `Number`
[INFO] [stdout]  --> src/test/value/seq.rs:1:30
[INFO] [stdout]   |
[INFO] [stdout] 1 | use crate::{encom_from_json, Number, Value};
[INFO] [stdout]   |                              ^^^^^^
[INFO] [stdout]   |
[INFO] [stdout]   = note: `#[warn(unused_imports)]` on by default
[INFO] [stdout] 
[INFO] [stdout] 
[INFO] [stdout] warning: unused variable: `validate`
[INFO] [stdout]    --> src/des/read.rs:229:48
[INFO] [stdout]     |
[INFO] [stdout] 229 |     fn parse_str_bytes<'s, T, F>(&'s mut self, validate: bool, result: F) -> Result<T>
[INFO] [stdout]     |                                                ^^^^^^^^ help: if this is intentional, prefix it with an underscore: `_validate`
[INFO] [stdout]     |
[INFO] [stdout]     = note: `#[warn(unused_variables)]` on by default
[INFO] [stdout] 
[INFO] [stdout] 
[INFO] [stdout] warning: unused variable: `result`
[INFO] [stdout]    --> src/des/read.rs:229:64
[INFO] [stdout]     |
[INFO] [stdout] 229 |     fn parse_str_bytes<'s, T, F>(&'s mut self, validate: bool, result: F) -> Result<T>
[INFO] [stdout]     |                                                                ^^^^^^ help: if this is intentional, prefix it with an underscore: `_result`
[INFO] [stdout] 
[INFO] [stdout] 
[INFO] [stdout] warning: unused variable: `validate`
[INFO] [stdout]    --> src/des/read.rs:229:48
[INFO] [stdout]     |
[INFO] [stdout] 229 |     fn parse_str_bytes<'s, T, F>(&'s mut self, validate: bool, result: F) -> Result<T>
[INFO] [stdout]     |                                                ^^^^^^^^ help: if this is intentional, prefix it with an underscore: `_validate`
[INFO] [stdout]     |
[INFO] [stdout]     = note: `#[warn(unused_variables)]` on by default
[INFO] [stdout] 
[INFO] [stdout] 
[INFO] [stdout] warning: unused variable: `result`
[INFO] [stdout]    --> src/des/read.rs:229:64
[INFO] [stdout]     |
[INFO] [stdout] 229 |     fn parse_str_bytes<'s, T, F>(&'s mut self, validate: bool, result: F) -> Result<T>
[INFO] [stdout]     |                                                                ^^^^^^ help: if this is intentional, prefix it with an underscore: `_result`
[INFO] [stdout] 
[INFO] [stdout] 
[INFO] [stdout] warning: 2 warnings emitted
[INFO] [stdout] 
[INFO] [stdout] 
[INFO] [stdout] warning: 3 warnings emitted
[INFO] [stdout] 
[INFO] [stdout] 
[INFO] [stderr]     Finished test [unoptimized + debuginfo] target(s) in 6.03s
[INFO] running `Command { std: "docker" "inspect" "26971265e00a55d232b3f14490abdbae24127fafda248f394be53b01cf20bf3c", kill_on_drop: false }`
[INFO] running `Command { std: "docker" "rm" "-f" "26971265e00a55d232b3f14490abdbae24127fafda248f394be53b01cf20bf3c", kill_on_drop: false }`
[INFO] [stdout] 26971265e00a55d232b3f14490abdbae24127fafda248f394be53b01cf20bf3c
[INFO] running `Command { std: "docker" "create" "-v" "/var/lib/crater-agent-workspace/builds/worker-6-tc2/target:/opt/rustwide/target:rw,Z" "-v" "/var/lib/crater-agent-workspace/builds/worker-6-tc2/source:/opt/rustwide/workdir:ro,Z" "-v" "/var/lib/crater-agent-workspace/cargo-home:/opt/rustwide/cargo-home:ro,Z" "-v" "/var/lib/crater-agent-workspace/rustup-home:/opt/rustwide/rustup-home:ro,Z" "-e" "SOURCE_DIR=/opt/rustwide/workdir" "-e" "CARGO_TARGET_DIR=/opt/rustwide/target" "-e" "CARGO_INCREMENTAL=0" "-e" "RUST_BACKTRACE=full" "-e" "RUSTFLAGS=--cap-lints=warn" "-e" "RUSTDOCFLAGS=--cap-lints=warn" "-e" "CARGO_HOME=/opt/rustwide/cargo-home" "-e" "RUSTUP_HOME=/opt/rustwide/rustup-home" "-w" "/opt/rustwide/workdir" "-m" "1610612736" "--user" "0:0" "--network" "none" "ghcr.io/rust-lang/crates-build-env/linux@sha256:2788e3201cd34a07e3172128adcd8b3090168a8e3bcc40d7c032b9dda1df7d1c" "/opt/rustwide/cargo-home/bin/cargo" "+beta-2023-12-22" "test" "--frozen", kill_on_drop: false }`
[INFO] [stdout] cf4742f88851d7077a8a8c68ea624a53fad5a17a471851c10f98b979835908de
[INFO] running `Command { std: "docker" "start" "-a" "cf4742f88851d7077a8a8c68ea624a53fad5a17a471851c10f98b979835908de", kill_on_drop: false }`
[INFO] [stderr] warning: unused variable: `validate`
[INFO] [stderr]    --> src/des/read.rs:229:48
[INFO] [stderr]     |
[INFO] [stderr] 229 |     fn parse_str_bytes<'s, T, F>(&'s mut self, validate: bool, result: F) -> Result<T>
[INFO] [stderr]     |                                                ^^^^^^^^ help: if this is intentional, prefix it with an underscore: `_validate`
[INFO] [stderr]     |
[INFO] [stderr]     = note: `#[warn(unused_variables)]` on by default
[INFO] [stderr] 
[INFO] [stderr] warning: unused variable: `result`
[INFO] [stderr]    --> src/des/read.rs:229:64
[INFO] [stderr]     |
[INFO] [stderr] 229 |     fn parse_str_bytes<'s, T, F>(&'s mut self, validate: bool, result: F) -> Result<T>
[INFO] [stderr]     |                                                                ^^^^^^ help: if this is intentional, prefix it with an underscore: `_result`
[INFO] [stderr] 
[INFO] [stderr] warning: `serde_encom` (lib) generated 2 warnings (run `cargo fix --lib -p serde_encom` to apply 2 suggestions)
[INFO] [stderr] warning: unused import: `Number`
[INFO] [stderr]  --> src/test/value/seq.rs:1:30
[INFO] [stderr]   |
[INFO] [stderr] 1 | use crate::{encom_from_json, Number, Value};
[INFO] [stderr]   |                              ^^^^^^
[INFO] [stderr]   |
[INFO] [stderr]   = note: `#[warn(unused_imports)]` on by default
[INFO] [stderr] 
[INFO] [stderr] warning: `serde_encom` (lib test) generated 3 warnings (2 duplicates) (run `cargo fix --lib -p serde_encom --tests` to apply 1 suggestion)
[INFO] [stderr]     Finished test [unoptimized + debuginfo] target(s) in 0.01s
[INFO] [stderr]      Running unittests src/lib.rs (/opt/rustwide/target/debug/deps/serde_encom-cf7186f03329bd52)
[INFO] [stdout] 
[INFO] [stdout] running 50 tests
[INFO] [stdout] test test::bytes::look_at_bytes ... ok
[INFO] [stdout] test test::int::i64_err ... ok
[INFO] [stdout] test test::example_json ... ok
[INFO] [stdout] test test::example_json_compact ... ok
[INFO] [stdout] test test::int::u64 ... ok
[INFO] [stdout] test test::int::u64_err ... ok
[INFO] [stdout] test test::int::i64 ... ok
[INFO] [stdout] test test::option_int::self_test ... ok
[INFO] [stdout] test test::option_int::self_test_none ... ok
[INFO] [stdout] test test::struc::bool::self_test ... ok
[INFO] [stdout] test test::struc::big_rename::self_test ... ok
[INFO] [stdout] test test::struc::big::self_test ... ok
[INFO] [stdout] test test::struc::option_int::self_test ... ok
[INFO] [stdout] test test::struc::option_string::self_test ... ok
[INFO] [stdout] test test::struc::str_slice::self_test ... ok
[INFO] [stdout] test test::value::map::test_data2 ... ok
[INFO] [stdout] test test::struc::bytes::self_test ... ok
[INFO] [stdout] test test::struc::small_rename::self_test ... ok
[INFO] [stdout] test test::struc::big_rename::self_test_no_none ... ok
[INFO] [stdout] test test::value::map::test_map ... ok
[INFO] [stdout] test test::struc::vec_str::self_test ... ok
[INFO] [stdout] test test::value::map::test_data ... ok
[INFO] [stdout] test test::struc::big_rename::self_test_preaty ... ok
[INFO] [stdout] test test::value::map::test_null ... ok
[INFO] [stdout] test test::value::map::test_null2 ... ok
[INFO] [stdout] test test::value::map::test_number_float ... ok
[INFO] [stdout] test test::value::map::test_number_neg ... ok
[INFO] [stdout] test test::value::map::test_str ... ok
[INFO] [stdout] test test::value::map::test_zero_str2 ... ok
[INFO] [stdout] test test::value::seq::test_bytes ... ok
[INFO] [stdout] test test::value::seq::test_bytes2 ... ok
[INFO] [stdout] test test::value::map::test_number_neg_float ... ok
[INFO] [stdout] test test::value::map::test_zero_str ... ok
[INFO] [stdout] test test::value::seq::test_number ... ok
[INFO] [stdout] test test::value::seq::test_enum ... ok
[INFO] [stdout] test test::value::seq::test_map2 ... ok
[INFO] [stdout] test test::value::seq::test_number_float ... ok
[INFO] [stdout] test test::value::seq::test_number2 ... ok
[INFO] [stdout] test test::value::seq::test_number_neg_err ... ok
[INFO] [stdout] test test::value::seq::test_number_neg ... ok
[INFO] [stdout] test test::value::seq::test_number_neg_float ... ok
[INFO] [stdout] test test::value::seq::test_str ... ok
[INFO] [stdout] test test::value::seq::test_str2 ... ok
[INFO] [stdout] test test::value::seq::test_zero_str2 ... ok
[INFO] [stdout] test test::vec_int::self_test ... ok
[INFO] [stdout] test test::value::seq::test_zero_str ... ok
[INFO] [stdout] test test::vec_int::self_test2 ... ok
[INFO] [stdout] test test::vec_option_int::self_test_none ... ok
[INFO] [stdout] test test::vec_option_int::self_test ... ok
[INFO] [stdout] test test::vec_str::self_test ... ok
[INFO] [stdout] 
[INFO] [stdout] test result: ok. 50 passed; 0 failed; 0 ignored; 0 measured; 0 filtered out; finished in 0.00s
[INFO] [stdout] 
[INFO] [stderr]    Doc-tests serde_encom
[INFO] [stdout] 
[INFO] [stdout] running 94 tests
[INFO] [stdout] test src/des/mod.rs - des::from_reader (line 82) ... ok
[INFO] [stdout] test src/des/mod.rs - des::from_reader (line 118) ... ok
[INFO] [stdout] test src/des/deserializer.rs - des::deserializer::&'amutDeserializer<R>::deserialize_bytes (line 1709) ... ok
[INFO] [stdout] test src/des/stream_deserializer.rs - des::stream_deserializer::StreamDeserializer (line 17) ... FAILED
[INFO] [stdout] test src/des/mod.rs - des::from_str (line 212) ... ok
[INFO] [stdout] test src/des/stream_deserializer.rs - des::stream_deserializer::StreamDeserializer<'de,R,T>::byte_offset (line 67) ... FAILED
[INFO] [stdout] test src/des/mod.rs - des::from_slice (line 171) ... ok
[INFO] [stdout] test src/error.rs - error::Error::io_error_kind (line 120) ... FAILED
[INFO] [stdout] test src/error.rs - error::io::Error::from (line 196) ... ok
[INFO] [stdout] test src/macros.rs - macros::encom_from_json (line 25) ... ok
[INFO] [stdout] test src/macros.rs - macros::encom_from_json (line 42) ... ok
[INFO] [stdout] test src/macros.rs - macros::encom_from_json (line 3) ... ok
[INFO] [stdout] test src/value/from.rs - value::from::Value::from (line 115) ... ok
[INFO] [stdout] test src/value/from.rs - value::from::Value::from (line 123) ... ok
[INFO] [stdout] test src/value/from.rs - value::from::Value::from (line 156) ... ok
[INFO] [stdout] test src/value/from.rs - value::from::Value::from (line 140) ... ok
[INFO] [stdout] test src/value/from.rs - value::from::Value::from (line 173) ... ok
[INFO] [stdout] test src/value/from.rs - value::from::Value::from (line 255) ... ok
[INFO] [stdout] test src/value/from.rs - value::from::Value::from (line 189) ... ok
[INFO] [stdout] test src/value/from.rs - value::from::Value::from (line 35) ... ok
[INFO] [stdout] test src/value/from.rs - value::from::Value::from (line 51) ... ok
[INFO] [stdout] test src/value/from.rs - value::from::Value::from (line 67) ... ok
[INFO] [stdout] test src/value/from.rs - value::from::Value::from (line 99) ... ok
[INFO] [stdout] test src/value/from.rs - value::from::Value::from (line 83) ... ok
[INFO] [stdout] test src/value/from.rs - value::from::Value::from_iter (line 205) ... ok
[INFO] [stdout] test src/value/from.rs - value::from::Value::from_iter (line 219) ... ok
[INFO] [stdout] test src/value/index.rs - value::index::Index (line 24) ... ok
[INFO] [stdout] test src/value/from.rs - value::from::Value::from_iter (line 212) ... ok
[INFO] [stdout] test src/value/index.rs - value::index::Value::index (line 198) ... ok
[INFO] [stdout] test src/value/from.rs - value::from::Value::from_iter (line 235) ... ok
[INFO] [stdout] test src/value/index.rs - value::index::Value::index_mut (line 237) ... ok
[INFO] [stdout] test src/value/map.rs - value::map::Entry<'a>::and_modify (line 553) ... ok
[INFO] [stdout] test src/value/map.rs - value::map::Entry<'a>::key (line 493) ... ok
[INFO] [stdout] test src/value/map.rs - value::map::Entry<'a>::or_insert (line 509) ... ok
[INFO] [stdout] test src/value/map.rs - value::map::Map<String,Value> (line 314) ... ok
[INFO] [stdout] test src/value/map.rs - value::map::Map<String,Value> (line 286) ... ok
[INFO] [stdout] test src/value/map.rs - value::map::Entry<'a>::or_insert_with (line 530) ... ok
[INFO] [stdout] test src/value/map.rs - value::map::OccupiedEntry<'a>::get (line 660) ... ok
[INFO] [stdout] test src/value/map.rs - value::map::OccupiedEntry<'a>::get_mut (line 684) ... ok
[INFO] [stdout] test src/value/map.rs - value::map::OccupiedEntry<'a>::insert (line 737) ... ok
[INFO] [stdout] test src/value/map.rs - value::map::OccupiedEntry<'a>::into_mut (line 710) ... ok
[INFO] [stdout] test src/value/map.rs - value::map::OccupiedEntry<'a>::key (line 636) ... ok
[INFO] [stdout] test src/value/map.rs - value::map::VacantEntry<'a>::key (line 589) ... ok
[INFO] [stdout] test src/value/map.rs - value::map::VacantEntry<'a>::insert (line 611) ... ok
[INFO] [stdout] test src/value/mod.rs - value (line 37) ... ok
[INFO] [stdout] test src/value/map.rs - value::map::OccupiedEntry<'a>::remove (line 762) ... ok
[INFO] [stdout] test src/value/mod.rs - value (line 61) ... ok
[INFO] [stdout] test src/value/mod.rs - value::Value::Bool (line 131) ... ok
[INFO] [stdout] test src/value/mod.rs - value::Value::Array (line 167) ... ok
[INFO] [stdout] test src/value/mod.rs - value (line 8) ... ok
[INFO] [stdout] test src/value/mod.rs - value::Value::Bytes (line 158) ... ok
[INFO] [stdout] test src/value/mod.rs - value::Value::Null (line 122) ... ok
[INFO] [stdout] test src/value/mod.rs - value::Value (line 883) ... ok
[INFO] [stdout] test src/value/mod.rs - value::Value::Number (line 140) ... ok
[INFO] [stdout] test src/value/mod.rs - value::Value::Object (line 182) ... ok
[INFO] [stdout] test src/value/mod.rs - value::Value::String (line 149) ... ok
[INFO] [stdout] test src/value/mod.rs - value::Value::as_array (line 425) ... ok
[INFO] [stdout] test src/value/mod.rs - value::Value::as_bool (line 709) ... ok
[INFO] [stdout] test src/value/mod.rs - value::Value::as_array_mut (line 446) ... ok
[INFO] [stdout] test src/value/mod.rs - value::Value::as_f64 (line 671) ... ok
[INFO] [stdout] test src/value/mod.rs - value::Value::as_i64 (line 632) ... ok
[INFO] [stdout] test src/value/mod.rs - value::Value::as_null (line 747) ... ok
[INFO] [stdout] test src/value/mod.rs - value::Value::as_number (line 532) ... ok
[INFO] [stdout] test src/value/mod.rs - value::Value::as_object (line 366) ... ok
[INFO] [stdout] test src/value/mod.rs - value::Value::as_object_mut (line 387) ... ok
[INFO] [stdout] test src/value/mod.rs - value::Value::as_str (line 483) ... ok
[INFO] [stdout] test src/value/mod.rs - value::Value::fmt (line 213) ... ok
[INFO] [stdout] test src/value/mod.rs - value::Value::as_u64 (line 652) ... ok
[INFO] [stdout] test src/value/mod.rs - value::Value::get (line 287) ... ok
[INFO] [stdout] test src/value/mod.rs - value::Value::get (line 303) ... ok
[INFO] [stdout] test src/value/mod.rs - value::Value::get_mut (line 329) ... ok
[INFO] [stdout] test src/value/mod.rs - value::Value::is_array (line 408) ... ok
[INFO] [stdout] test src/value/mod.rs - value::Value::is_f64 (line 611) ... ok
[INFO] [stdout] test src/value/mod.rs - value::Value::is_boolean (line 692) ... ok
[INFO] [stdout] test src/value/mod.rs - value::Value::is_null (line 731) ... ok
[INFO] [stdout] test src/value/mod.rs - value::Value::is_i64 (line 557) ... ok
[INFO] [stdout] test src/value/mod.rs - value::Value::is_number (line 512) ... ok
[INFO] [stdout] test src/value/mod.rs - value::Value::is_object (line 348) ... ok
[INFO] [stdout] test src/value/mod.rs - value::Value::is_string (line 466) ... ok
[INFO] [stdout] test src/value/mod.rs - value::Value::is_u64 (line 583) ... ok
[INFO] [stdout] test src/value/mod.rs - value::Value::pointer (line 778) ... ok
[INFO] [stdout] test src/value/mod.rs - value::Value::take (line 865) ... ok
[INFO] [stdout] test src/value/mod.rs - value::Value::pointer_mut (line 823) ... ok
[INFO] [stdout] test src/value/mod.rs - value::to_value (line 923) ... ok
[INFO] [stdout] test src/value/mod.rs - value::from_value (line 985) ... ok
[INFO] [stdout] test src/value/number.rs - value::number::Number::as_f64 (line 230) ... ok
[INFO] [stdout] test src/value/mod.rs - value::to_value (line 961) ... ok
[INFO] [stdout] test src/value/number.rs - value::number::Number::from_f64 (line 254) ... ok
[INFO] [stdout] test src/value/number.rs - value::number::Number::as_i64 (line 177) ... ok
[INFO] [stdout] test src/value/number.rs - value::number::Number::as_u64 (line 208) ... ok
[INFO] [stdout] test src/value/number.rs - value::number::Number::is_f64 (line 145) ... ok
[INFO] [stdout] test src/value/number.rs - value::number::Number::is_u64 (line 113) ... ok
[INFO] [stdout] test src/value/number.rs - value::number::Number::is_i64 (line 82) ... ok
[INFO] [stdout] test src/value/ser.rs - value::ser::Serializer (line 46) ... ok
[INFO] [stdout] 
[INFO] [stdout] failures:
[INFO] [stdout] 
[INFO] [stdout] ---- src/des/stream_deserializer.rs - des::stream_deserializer::StreamDeserializer (line 17) stdout ----
[INFO] [stdout] Test executable failed (exit status: 101).
[INFO] [stdout] 
[INFO] [stdout] stdout:
[INFO] [stdout] "k":3
[INFO] [stdout] 
[INFO] [stdout] stderr:
[INFO] [stdout] thread 'main' panicked at src/des/stream_deserializer.rs:12:30:
[INFO] [stdout] called `Result::unwrap()` on an `Err` value: Error("expected ident", line: 1, column: 9)
[INFO] [stdout] stack backtrace:
[INFO] [stdout]    0:     0x55d96eeb80d6 - std::backtrace_rs::backtrace::libunwind::trace::h261606ad26a499c1
[INFO] [stdout]                                at /rustc/0e09125c6c3c2fd70d7de961bcf0e51575235fad/library/std/src/../../backtrace/src/backtrace/libunwind.rs:104:5
[INFO] [stdout]    1:     0x55d96eeb80d6 - std::backtrace_rs::backtrace::trace_unsynchronized::hd183f0625477fb28
[INFO] [stdout]                                at /rustc/0e09125c6c3c2fd70d7de961bcf0e51575235fad/library/std/src/../../backtrace/src/backtrace/mod.rs:66:5
[INFO] [stdout]    2:     0x55d96eeb80d6 - std::sys_common::backtrace::_print_fmt::hd7f8fef21b4eda67
[INFO] [stdout]                                at /rustc/0e09125c6c3c2fd70d7de961bcf0e51575235fad/library/std/src/sys_common/backtrace.rs:68:5
[INFO] [stdout]    3:     0x55d96eeb80d6 - <std::sys_common::backtrace::_print::DisplayBacktrace as core::fmt::Display>::fmt::h623d9b51f2f453f1
[INFO] [stdout]                                at /rustc/0e09125c6c3c2fd70d7de961bcf0e51575235fad/library/std/src/sys_common/backtrace.rs:44:22
[INFO] [stdout]    4:     0x55d96eeda780 - core::fmt::rt::Argument::fmt::h9f417ac76a86f368
[INFO] [stdout]                                at /rustc/0e09125c6c3c2fd70d7de961bcf0e51575235fad/library/core/src/fmt/rt.rs:142:9
[INFO] [stdout]    5:     0x55d96eeda780 - core::fmt::write::hc9b6faf4ac2aeff7
[INFO] [stdout]                                at /rustc/0e09125c6c3c2fd70d7de961bcf0e51575235fad/library/core/src/fmt/mod.rs:1120:17
[INFO] [stdout]    6:     0x55d96eeb653f - std::io::Write::write_fmt::hfead1eee52c2e65e
[INFO] [stdout]                                at /rustc/0e09125c6c3c2fd70d7de961bcf0e51575235fad/library/std/src/io/mod.rs:1810:15
[INFO] [stdout]    7:     0x55d96eeb7eb4 - std::sys_common::backtrace::_print::hd5d66399c7df88a2
[INFO] [stdout]                                at /rustc/0e09125c6c3c2fd70d7de961bcf0e51575235fad/library/std/src/sys_common/backtrace.rs:47:5
[INFO] [stdout]    8:     0x55d96eeb7eb4 - std::sys_common::backtrace::print::he81ed2da642d37e5
[INFO] [stdout]                                at /rustc/0e09125c6c3c2fd70d7de961bcf0e51575235fad/library/std/src/sys_common/backtrace.rs:34:9
[INFO] [stdout]    9:     0x55d96eeb9417 - std::panicking::default_hook::{{closure}}::h85773f4fa117163d
[INFO] [stdout]   10:     0x55d96eeb9179 - std::panicking::default_hook::h6a1694a91d09b278
[INFO] [stdout]                                at /rustc/0e09125c6c3c2fd70d7de961bcf0e51575235fad/library/std/src/panicking.rs:292:9
[INFO] [stdout]   11:     0x55d96eeb98a8 - std::panicking::rust_panic_with_hook::h0a7ad96e90f7145b
[INFO] [stdout]                                at /rustc/0e09125c6c3c2fd70d7de961bcf0e51575235fad/library/std/src/panicking.rs:779:13
[INFO] [stdout]   12:     0x55d96eeb9782 - std::panicking::begin_panic_handler::{{closure}}::h7919090525c6485e
[INFO] [stdout]                                at /rustc/0e09125c6c3c2fd70d7de961bcf0e51575235fad/library/std/src/panicking.rs:657:13
[INFO] [stdout]   13:     0x55d96eeb85d6 - std::sys_common::backtrace::__rust_end_short_backtrace::hf3289479464f7dfe
[INFO] [stdout]                                at /rustc/0e09125c6c3c2fd70d7de961bcf0e51575235fad/library/std/src/sys_common/backtrace.rs:171:18
[INFO] [stdout]   14:     0x55d96eeb94e0 - rust_begin_unwind
[INFO] [stdout]                                at /rustc/0e09125c6c3c2fd70d7de961bcf0e51575235fad/library/std/src/panicking.rs:645:5
[INFO] [stdout]   15:     0x55d96ee690f5 - core::panicking::panic_fmt::hcc9f77c5c132af55
[INFO] [stdout]                                at /rustc/0e09125c6c3c2fd70d7de961bcf0e51575235fad/library/core/src/panicking.rs:72:14
[INFO] [stdout]   16:     0x55d96ee69693 - core::result::unwrap_failed::hbe14f498be1452f9
[INFO] [stdout]                                at /rustc/0e09125c6c3c2fd70d7de961bcf0e51575235fad/library/core/src/result.rs:1649:5
[INFO] [stdout]   17:     0x55d96ee6a290 - core::result::Result<T,E>::unwrap::h8b141c7c0ecdd068
[INFO] [stdout]   18:     0x55d96ee6a4c0 - rust_out::main::h71185a25be64b52e
[INFO] [stdout]   19:     0x55d96ee6a0c3 - core::ops::function::FnOnce::call_once::h0a5e8bc522cf7e26
[INFO] [stdout]   20:     0x55d96ee69f56 - std::sys_common::backtrace::__rust_begin_short_backtrace::h904992c6a2208b49
[INFO] [stdout]   21:     0x55d96ee69fa9 - std::rt::lang_start::{{closure}}::h95a4dad7805b7c7c
[INFO] [stdout]   22:     0x55d96eeb3c91 - core::ops::function::impls::<impl core::ops::function::FnOnce<A> for &F>::call_once::h4eb4c5e1620f29b0
[INFO] [stdout]                                at /rustc/0e09125c6c3c2fd70d7de961bcf0e51575235fad/library/core/src/ops/function.rs:284:13
[INFO] [stdout]   23:     0x55d96eeb3c91 - std::panicking::try::do_call::h73fd26535faffcdf
[INFO] [stdout]                                at /rustc/0e09125c6c3c2fd70d7de961bcf0e51575235fad/library/std/src/panicking.rs:552:40
[INFO] [stdout]   24:     0x55d96eeb3c91 - std::panicking::try::h77ff1d98f0fb9f39
[INFO] [stdout]                                at /rustc/0e09125c6c3c2fd70d7de961bcf0e51575235fad/library/std/src/panicking.rs:516:19
[INFO] [stdout]   25:     0x55d96eeb3c91 - std::panic::catch_unwind::hab3caf2448b95e37
[INFO] [stdout]                                at /rustc/0e09125c6c3c2fd70d7de961bcf0e51575235fad/library/std/src/panic.rs:142:14
[INFO] [stdout]   26:     0x55d96eeb3c91 - std::rt::lang_start_internal::{{closure}}::h8086711f9c783f78
[INFO] [stdout]                                at /rustc/0e09125c6c3c2fd70d7de961bcf0e51575235fad/library/std/src/rt.rs:148:48
[INFO] [stdout]   27:     0x55d96eeb3c91 - std::panicking::try::do_call::hf920d4dc291cd6ca
[INFO] [stdout]                                at /rustc/0e09125c6c3c2fd70d7de961bcf0e51575235fad/library/std/src/panicking.rs:552:40
[INFO] [stdout]   28:     0x55d96eeb3c91 - std::panicking::try::h2b806ccc0a85db74
[INFO] [stdout]                                at /rustc/0e09125c6c3c2fd70d7de961bcf0e51575235fad/library/std/src/panicking.rs:516:19
[INFO] [stdout]   29:     0x55d96eeb3c91 - std::panic::catch_unwind::h038489539c507df2
[INFO] [stdout]                                at /rustc/0e09125c6c3c2fd70d7de961bcf0e51575235fad/library/std/src/panic.rs:142:14
[INFO] [stdout]   30:     0x55d96eeb3c91 - std::rt::lang_start_internal::h28503b88912e8a5c
[INFO] [stdout]                                at /rustc/0e09125c6c3c2fd70d7de961bcf0e51575235fad/library/std/src/rt.rs:148:20
[INFO] [stdout]   31:     0x55d96ee69f87 - std::rt::lang_start::h9942cc54b4d5350a
[INFO] [stdout]   32:     0x55d96ee6a5c5 - main
[INFO] [stdout]   33:     0x7fc925d72d90 - <unknown>
[INFO] [stdout]   34:     0x7fc925d72e40 - __libc_start_main
[INFO] [stdout]   35:     0x55d96ee69955 - _start
[INFO] [stdout]   36:                0x0 - <unknown>
[INFO] [stdout] 
[INFO] [stdout] 
[INFO] [stdout] ---- src/des/stream_deserializer.rs - des::stream_deserializer::StreamDeserializer<'de,R,T>::byte_offset (line 67) stdout ----
[INFO] [stdout] Test executable failed (exit status: 101).
[INFO] [stdout] 
[INFO] [stdout] stdout:
[INFO] [stdout] Some(Err(Error("invalid type: integer `0`, expected a sequence", line: 1, column: 1)))
[INFO] [stdout] 
[INFO] [stdout] stderr:
[INFO] [stdout] thread 'main' panicked at src/des/stream_deserializer.rs:12:1:
[INFO] [stdout] assertion `left == right` failed
[INFO] [stdout]   left: 3
[INFO] [stdout]  right: 0
[INFO] [stdout] stack backtrace:
[INFO] [stdout]    0:     0x55eb29c07f96 - std::backtrace_rs::backtrace::libunwind::trace::h261606ad26a499c1
[INFO] [stdout]                                at /rustc/0e09125c6c3c2fd70d7de961bcf0e51575235fad/library/std/src/../../backtrace/src/backtrace/libunwind.rs:104:5
[INFO] [stdout]    1:     0x55eb29c07f96 - std::backtrace_rs::backtrace::trace_unsynchronized::hd183f0625477fb28
[INFO] [stdout]                                at /rustc/0e09125c6c3c2fd70d7de961bcf0e51575235fad/library/std/src/../../backtrace/src/backtrace/mod.rs:66:5
[INFO] [stdout]    2:     0x55eb29c07f96 - std::sys_common::backtrace::_print_fmt::hd7f8fef21b4eda67
[INFO] [stdout]                                at /rustc/0e09125c6c3c2fd70d7de961bcf0e51575235fad/library/std/src/sys_common/backtrace.rs:68:5
[INFO] [stdout]    3:     0x55eb29c07f96 - <std::sys_common::backtrace::_print::DisplayBacktrace as core::fmt::Display>::fmt::h623d9b51f2f453f1
[INFO] [stdout]                                at /rustc/0e09125c6c3c2fd70d7de961bcf0e51575235fad/library/std/src/sys_common/backtrace.rs:44:22
[INFO] [stdout]    4:     0x55eb29c2a600 - core::fmt::rt::Argument::fmt::h9f417ac76a86f368
[INFO] [stdout]                                at /rustc/0e09125c6c3c2fd70d7de961bcf0e51575235fad/library/core/src/fmt/rt.rs:142:9
[INFO] [stdout]    5:     0x55eb29c2a600 - core::fmt::write::hc9b6faf4ac2aeff7
[INFO] [stdout]                                at /rustc/0e09125c6c3c2fd70d7de961bcf0e51575235fad/library/core/src/fmt/mod.rs:1120:17
[INFO] [stdout]    6:     0x55eb29c063ff - std::io::Write::write_fmt::hfead1eee52c2e65e
[INFO] [stdout]                                at /rustc/0e09125c6c3c2fd70d7de961bcf0e51575235fad/library/std/src/io/mod.rs:1810:15
[INFO] [stdout]    7:     0x55eb29c07d74 - std::sys_common::backtrace::_print::hd5d66399c7df88a2
[INFO] [stdout]                                at /rustc/0e09125c6c3c2fd70d7de961bcf0e51575235fad/library/std/src/sys_common/backtrace.rs:47:5
[INFO] [stdout]    8:     0x55eb29c07d74 - std::sys_common::backtrace::print::he81ed2da642d37e5
[INFO] [stdout]                                at /rustc/0e09125c6c3c2fd70d7de961bcf0e51575235fad/library/std/src/sys_common/backtrace.rs:34:9
[INFO] [stdout]    9:     0x55eb29c092d7 - std::panicking::default_hook::{{closure}}::h85773f4fa117163d
[INFO] [stdout]   10:     0x55eb29c09039 - std::panicking::default_hook::h6a1694a91d09b278
[INFO] [stdout]                                at /rustc/0e09125c6c3c2fd70d7de961bcf0e51575235fad/library/std/src/panicking.rs:292:9
[INFO] [stdout]   11:     0x55eb29c09768 - std::panicking::rust_panic_with_hook::h0a7ad96e90f7145b
[INFO] [stdout]                                at /rustc/0e09125c6c3c2fd70d7de961bcf0e51575235fad/library/std/src/panicking.rs:779:13
[INFO] [stdout]   12:     0x55eb29c09642 - std::panicking::begin_panic_handler::{{closure}}::h7919090525c6485e
[INFO] [stdout]                                at /rustc/0e09125c6c3c2fd70d7de961bcf0e51575235fad/library/std/src/panicking.rs:657:13
[INFO] [stdout]   13:     0x55eb29c08496 - std::sys_common::backtrace::__rust_end_short_backtrace::hf3289479464f7dfe
[INFO] [stdout]                                at /rustc/0e09125c6c3c2fd70d7de961bcf0e51575235fad/library/std/src/sys_common/backtrace.rs:171:18
[INFO] [stdout]   14:     0x55eb29c093a0 - rust_begin_unwind
[INFO] [stdout]                                at /rustc/0e09125c6c3c2fd70d7de961bcf0e51575235fad/library/std/src/panicking.rs:645:5
[INFO] [stdout]   15:     0x55eb29bda0f5 - core::panicking::panic_fmt::hcc9f77c5c132af55
[INFO] [stdout]                                at /rustc/0e09125c6c3c2fd70d7de961bcf0e51575235fad/library/core/src/panicking.rs:72:14
[INFO] [stdout]   16:     0x55eb29bda52b - core::panicking::assert_failed_inner::h9f13e27dd63c3a08
[INFO] [stdout]                                at /rustc/0e09125c6c3c2fd70d7de961bcf0e51575235fad/library/core/src/panicking.rs:342:17
[INFO] [stdout]   17:     0x55eb29bddfaa - core::panicking::assert_failed::h519b7fa2b987cc12
[INFO] [stdout]   18:     0x55eb29bdf809 - rust_out::main::_doctest_main_src_des_stream_deserializer_rs_67_0::h44cec010f68ab00c
[INFO] [stdout]   19:     0x55eb29bdf5c6 - rust_out::main::h71185a25be64b52e
[INFO] [stdout]   20:     0x55eb29bddaf3 - core::ops::function::FnOnce::call_once::h0a5e8bc522cf7e26
[INFO] [stdout]   21:     0x55eb29bdd636 - std::sys_common::backtrace::__rust_begin_short_backtrace::h904992c6a2208b49
[INFO] [stdout]   22:     0x55eb29bdd689 - std::rt::lang_start::{{closure}}::h95a4dad7805b7c7c
[INFO] [stdout]   23:     0x55eb29c03bd1 - core::ops::function::impls::<impl core::ops::function::FnOnce<A> for &F>::call_once::h4eb4c5e1620f29b0
[INFO] [stdout]                                at /rustc/0e09125c6c3c2fd70d7de961bcf0e51575235fad/library/core/src/ops/function.rs:284:13
[INFO] [stdout]   24:     0x55eb29c03bd1 - std::panicking::try::do_call::h73fd26535faffcdf
[INFO] [stdout]                                at /rustc/0e09125c6c3c2fd70d7de961bcf0e51575235fad/library/std/src/panicking.rs:552:40
[INFO] [stdout]   25:     0x55eb29c03bd1 - std::panicking::try::h77ff1d98f0fb9f39
[INFO] [stdout]                                at /rustc/0e09125c6c3c2fd70d7de961bcf0e51575235fad/library/std/src/panicking.rs:516:19
[INFO] [stdout]   26:     0x55eb29c03bd1 - std::panic::catch_unwind::hab3caf2448b95e37
[INFO] [stdout]                                at /rustc/0e09125c6c3c2fd70d7de961bcf0e51575235fad/library/std/src/panic.rs:142:14
[INFO] [stdout]   27:     0x55eb29c03bd1 - std::rt::lang_start_internal::{{closure}}::h8086711f9c783f78
[INFO] [stdout]                                at /rustc/0e09125c6c3c2fd70d7de961bcf0e51575235fad/library/std/src/rt.rs:148:48
[INFO] [stdout]   28:     0x55eb29c03bd1 - std::panicking::try::do_call::hf920d4dc291cd6ca
[INFO] [stdout]                                at /rustc/0e09125c6c3c2fd70d7de961bcf0e51575235fad/library/std/src/panicking.rs:552:40
[INFO] [stdout]   29:     0x55eb29c03bd1 - std::panicking::try::h2b806ccc0a85db74
[INFO] [stdout]                                at /rustc/0e09125c6c3c2fd70d7de961bcf0e51575235fad/library/std/src/panicking.rs:516:19
[INFO] [stdout]   30:     0x55eb29c03bd1 - std::panic::catch_unwind::h038489539c507df2
[INFO] [stdout]                                at /rustc/0e09125c6c3c2fd70d7de961bcf0e51575235fad/library/std/src/panic.rs:142:14
[INFO] [stdout]   31:     0x55eb29c03bd1 - std::rt::lang_start_internal::h28503b88912e8a5c
[INFO] [stdout]                                at /rustc/0e09125c6c3c2fd70d7de961bcf0e51575235fad/library/std/src/rt.rs:148:20
[INFO] [stdout]   32:     0x55eb29bdd667 - std::rt::lang_start::h9942cc54b4d5350a
[INFO] [stdout]   33:     0x55eb29bdfb45 - main
[INFO] [stdout]   34:     0x7fc409c9bd90 - <unknown>
[INFO] [stdout]   35:     0x7fc409c9be40 - __libc_start_main
[INFO] [stdout]   36:     0x55eb29bda955 - _start
[INFO] [stdout]   37:                0x0 - <unknown>
[INFO] [stdout] 
[INFO] [stdout] 
[INFO] [stdout] ---- src/error.rs - error::Error::io_error_kind (line 120) stdout ----
[INFO] [stdout] Test executable failed (exit status: 101).
[INFO] [stdout] 
[INFO] [stdout] stderr:
[INFO] [stdout] thread 'main' panicked at /opt/rustwide/workdir/src/des/read.rs:449:9:
[INFO] [stdout] not implemented
[INFO] [stdout] stack backtrace:
[INFO] [stdout]    0:     0x5560155ca226 - std::backtrace_rs::backtrace::libunwind::trace::h261606ad26a499c1
[INFO] [stdout]                                at /rustc/0e09125c6c3c2fd70d7de961bcf0e51575235fad/library/std/src/../../backtrace/src/backtrace/libunwind.rs:104:5
[INFO] [stdout]    1:     0x5560155ca226 - std::backtrace_rs::backtrace::trace_unsynchronized::hd183f0625477fb28
[INFO] [stdout]                                at /rustc/0e09125c6c3c2fd70d7de961bcf0e51575235fad/library/std/src/../../backtrace/src/backtrace/mod.rs:66:5
[INFO] [stdout]    2:     0x5560155ca226 - std::sys_common::backtrace::_print_fmt::hd7f8fef21b4eda67
[INFO] [stdout]                                at /rustc/0e09125c6c3c2fd70d7de961bcf0e51575235fad/library/std/src/sys_common/backtrace.rs:68:5
[INFO] [stdout]    3:     0x5560155ca226 - <std::sys_common::backtrace::_print::DisplayBacktrace as core::fmt::Display>::fmt::h623d9b51f2f453f1
[INFO] [stdout]                                at /rustc/0e09125c6c3c2fd70d7de961bcf0e51575235fad/library/std/src/sys_common/backtrace.rs:44:22
[INFO] [stdout]    4:     0x5560155ec8e0 - core::fmt::rt::Argument::fmt::h9f417ac76a86f368
[INFO] [stdout]                                at /rustc/0e09125c6c3c2fd70d7de961bcf0e51575235fad/library/core/src/fmt/rt.rs:142:9
[INFO] [stdout]    5:     0x5560155ec8e0 - core::fmt::write::hc9b6faf4ac2aeff7
[INFO] [stdout]                                at /rustc/0e09125c6c3c2fd70d7de961bcf0e51575235fad/library/core/src/fmt/mod.rs:1120:17
[INFO] [stdout]    6:     0x5560155c864f - std::io::Write::write_fmt::hfead1eee52c2e65e
[INFO] [stdout]                                at /rustc/0e09125c6c3c2fd70d7de961bcf0e51575235fad/library/std/src/io/mod.rs:1810:15
[INFO] [stdout]    7:     0x5560155ca004 - std::sys_common::backtrace::_print::hd5d66399c7df88a2
[INFO] [stdout]                                at /rustc/0e09125c6c3c2fd70d7de961bcf0e51575235fad/library/std/src/sys_common/backtrace.rs:47:5
[INFO] [stdout]    8:     0x5560155ca004 - std::sys_common::backtrace::print::he81ed2da642d37e5
[INFO] [stdout]                                at /rustc/0e09125c6c3c2fd70d7de961bcf0e51575235fad/library/std/src/sys_common/backtrace.rs:34:9
[INFO] [stdout]    9:     0x5560155cb567 - std::panicking::default_hook::{{closure}}::h85773f4fa117163d
[INFO] [stdout]   10:     0x5560155cb2c9 - std::panicking::default_hook::h6a1694a91d09b278
[INFO] [stdout]                                at /rustc/0e09125c6c3c2fd70d7de961bcf0e51575235fad/library/std/src/panicking.rs:292:9
[INFO] [stdout]   11:     0x5560155cb9f8 - std::panicking::rust_panic_with_hook::h0a7ad96e90f7145b
[INFO] [stdout]                                at /rustc/0e09125c6c3c2fd70d7de961bcf0e51575235fad/library/std/src/panicking.rs:779:13
[INFO] [stdout]   12:     0x5560155cb899 - std::panicking::begin_panic_handler::{{closure}}::h7919090525c6485e
[INFO] [stdout]                                at /rustc/0e09125c6c3c2fd70d7de961bcf0e51575235fad/library/std/src/panicking.rs:649:13
[INFO] [stdout]   13:     0x5560155ca726 - std::sys_common::backtrace::__rust_end_short_backtrace::hf3289479464f7dfe
[INFO] [stdout]                                at /rustc/0e09125c6c3c2fd70d7de961bcf0e51575235fad/library/std/src/sys_common/backtrace.rs:171:18
[INFO] [stdout]   14:     0x5560155cb630 - rust_begin_unwind
[INFO] [stdout]                                at /rustc/0e09125c6c3c2fd70d7de961bcf0e51575235fad/library/std/src/panicking.rs:645:5
[INFO] [stdout]   15:     0x55601558ae05 - core::panicking::panic_fmt::hcc9f77c5c132af55
[INFO] [stdout]                                at /rustc/0e09125c6c3c2fd70d7de961bcf0e51575235fad/library/core/src/panicking.rs:72:14
[INFO] [stdout]   16:     0x55601558aec3 - core::panicking::panic::h5a1259c1164bd480
[INFO] [stdout]                                at /rustc/0e09125c6c3c2fd70d7de961bcf0e51575235fad/library/core/src/panicking.rs:144:5
[INFO] [stdout]   17:     0x55601559638d - <serde_encom::des::read::IoRead<R> as serde_encom::des::read::Read>::save_start::h602c26df08294092
[INFO] [stdout]   18:     0x55601558f77e - serde_encom::des::deserializer::Deserializer<R>::any_after_x7b::h2c823d4db41f9d34
[INFO] [stdout]   19:     0x55601558d0d9 - <&mut serde_encom::des::deserializer::Deserializer<R> as serde::de::Deserializer>::deserialize_any::h0c16605cb25b59be
[INFO] [stdout]   20:     0x55601559221d - serde_encom::value::des::<impl serde::de::Deserialize for serde_encom::value::Value>::deserialize::hf2ba1bf074e79620
[INFO] [stdout]   21:     0x55601559621d - <core::marker::PhantomData<T> as serde::de::DeserializeSeed>::deserialize::h8de3b3652c4ab1d2
[INFO] [stdout]   22:     0x556015597be3 - <serde_encom::des::access::init_seq::InitSeqAccess<R> as serde::de::SeqAccess>::next_element_seed::hf5d1150a4773b62b
[INFO] [stdout]   23:     0x55601559326d - serde::de::SeqAccess::next_element::hc0e1aaf948e3c881
[INFO] [stdout]   24:     0x556015594803 - <serde_encom::value::des::ValueVisitor as serde::de::Visitor>::visit_seq::h9e3facd9c4720fb5
[INFO] [stdout]   25:     0x55601558c370 - <serde_encom::des::wrapper::init::InitDeserializer<R> as serde::de::Deserializer>::deserialize_any::h2a217de0b5b26d20
[INFO] [stdout]   26:     0x5560155921dd - serde_encom::value::des::<impl serde::de::Deserialize for serde_encom::value::Value>::deserialize::h030954bc04e8b600
[INFO] [stdout]   27:     0x55601558ef52 - serde_encom::des::from_trait::hf7b5dfda4f414113
[INFO] [stdout]   28:     0x55601558f167 - serde_encom::des::from_reader::h8ac4c176d999948f
[INFO] [stdout]   29:     0x556015597e90 - rust_out::main::h71185a25be64b52e
[INFO] [stdout]   30:     0x556015592873 - core::ops::function::FnOnce::call_once::h0a5e8bc522cf7e26
[INFO] [stdout]   31:     0x556015592296 - std::sys_common::backtrace::__rust_begin_short_backtrace::h904992c6a2208b49
[INFO] [stdout]   32:     0x5560155926d9 - std::rt::lang_start::{{closure}}::h95a4dad7805b7c7c
[INFO] [stdout]   33:     0x5560155c5f31 - core::ops::function::impls::<impl core::ops::function::FnOnce<A> for &F>::call_once::h4eb4c5e1620f29b0
[INFO] [stdout]                                at /rustc/0e09125c6c3c2fd70d7de961bcf0e51575235fad/library/core/src/ops/function.rs:284:13
[INFO] [stdout]   34:     0x5560155c5f31 - std::panicking::try::do_call::h73fd26535faffcdf
[INFO] [stdout]                                at /rustc/0e09125c6c3c2fd70d7de961bcf0e51575235fad/library/std/src/panicking.rs:552:40
[INFO] [stdout]   35:     0x5560155c5f31 - std::panicking::try::h77ff1d98f0fb9f39
[INFO] [stdout]                                at /rustc/0e09125c6c3c2fd70d7de961bcf0e51575235fad/library/std/src/panicking.rs:516:19
[INFO] [stdout]   36:     0x5560155c5f31 - std::panic::catch_unwind::hab3caf2448b95e37
[INFO] [stdout]                                at /rustc/0e09125c6c3c2fd70d7de961bcf0e51575235fad/library/std/src/panic.rs:142:14
[INFO] [stdout]   37:     0x5560155c5f31 - std::rt::lang_start_internal::{{closure}}::h8086711f9c783f78
[INFO] [stdout]                                at /rustc/0e09125c6c3c2fd70d7de961bcf0e51575235fad/library/std/src/rt.rs:148:48
[INFO] [stdout]   38:     0x5560155c5f31 - std::panicking::try::do_call::hf920d4dc291cd6ca
[INFO] [stdout]                                at /rustc/0e09125c6c3c2fd70d7de961bcf0e51575235fad/library/std/src/panicking.rs:552:40
[INFO] [stdout]   39:     0x5560155c5f31 - std::panicking::try::h2b806ccc0a85db74
[INFO] [stdout]                                at /rustc/0e09125c6c3c2fd70d7de961bcf0e51575235fad/library/std/src/panicking.rs:516:19
[INFO] [stdout]   40:     0x5560155c5f31 - std::panic::catch_unwind::h038489539c507df2
[INFO] [stdout]                                at /rustc/0e09125c6c3c2fd70d7de961bcf0e51575235fad/library/std/src/panic.rs:142:14
[INFO] [stdout]   41:     0x5560155c5f31 - std::rt::lang_start_internal::h28503b88912e8a5c
[INFO] [stdout]                                at /rustc/0e09125c6c3c2fd70d7de961bcf0e51575235fad/library/std/src/rt.rs:148:20
[INFO] [stdout]   42:     0x5560155926b7 - std::rt::lang_start::h9942cc54b4d5350a
[INFO] [stdout]   43:     0x556015598075 - main
[INFO] [stdout]   44:     0x7fc7c4d93d90 - <unknown>
[INFO] [stdout]   45:     0x7fc7c4d93e40 - __libc_start_main
[INFO] [stdout]   46:     0x55601558b665 - _start
[INFO] [stdout]   47:                0x0 - <unknown>
[INFO] [stdout] 
[INFO] [stdout] 
[INFO] [stdout] 
[INFO] [stdout] failures:
[INFO] [stdout]     src/des/stream_deserializer.rs - des::stream_deserializer::StreamDeserializer (line 17)
[INFO] [stdout]     src/des/stream_deserializer.rs - des::stream_deserializer::StreamDeserializer<'de,R,T>::byte_offset (line 67)
[INFO] [stdout]     src/error.rs - error::Error::io_error_kind (line 120)
[INFO] [stdout] 
[INFO] [stdout] test result: FAILED. 91 passed; 3 failed; 0 ignored; 0 measured; 0 filtered out; finished in 3.19s
[INFO] [stdout] 
[INFO] [stderr] error: doctest failed, to rerun pass `--doc`
[INFO] running `Command { std: "docker" "inspect" "cf4742f88851d7077a8a8c68ea624a53fad5a17a471851c10f98b979835908de", kill_on_drop: false }`
[INFO] running `Command { std: "docker" "rm" "-f" "cf4742f88851d7077a8a8c68ea624a53fad5a17a471851c10f98b979835908de", kill_on_drop: false }`
[INFO] [stdout] cf4742f88851d7077a8a8c68ea624a53fad5a17a471851c10f98b979835908de
