[INFO] fetching crate serde_amqp_derive 0.2.1...
[INFO] testing serde_amqp_derive-0.2.1 against 1.75.0 for beta-1.76-1
[INFO] extracting crate serde_amqp_derive 0.2.1 into /workspace/builds/worker-4-tc1/source
[INFO] validating manifest of crates.io crate serde_amqp_derive 0.2.1 on toolchain 1.75.0
[INFO] running `Command { std: CARGO_HOME="/workspace/cargo-home" RUSTUP_HOME="/workspace/rustup-home" "/workspace/cargo-home/bin/cargo" "+1.75.0" "metadata" "--manifest-path" "Cargo.toml" "--no-deps", kill_on_drop: false }`
[INFO] started tweaking crates.io crate serde_amqp_derive 0.2.1
[INFO] finished tweaking crates.io crate serde_amqp_derive 0.2.1
[INFO] tweaked toml for crates.io crate serde_amqp_derive 0.2.1 written to /workspace/builds/worker-4-tc1/source/Cargo.toml
[INFO] running `Command { std: CARGO_HOME="/workspace/cargo-home" RUSTUP_HOME="/workspace/rustup-home" "/workspace/cargo-home/bin/cargo" "+1.75.0" "generate-lockfile" "--manifest-path" "Cargo.toml", kill_on_drop: false }`
[INFO] [stderr]     Updating crates.io index
[INFO] running `Command { std: CARGO_HOME="/workspace/cargo-home" RUSTUP_HOME="/workspace/rustup-home" "/workspace/cargo-home/bin/cargo" "+1.75.0" "fetch" "--manifest-path" "Cargo.toml", kill_on_drop: false }`
[INFO] running `Command { std: "docker" "create" "-v" "/var/lib/crater-agent-workspace/builds/worker-4-tc1/target:/opt/rustwide/target:rw,Z" "-v" "/var/lib/crater-agent-workspace/builds/worker-4-tc1/source:/opt/rustwide/workdir:ro,Z" "-v" "/var/lib/crater-agent-workspace/cargo-home:/opt/rustwide/cargo-home:ro,Z" "-v" "/var/lib/crater-agent-workspace/rustup-home:/opt/rustwide/rustup-home:ro,Z" "-e" "SOURCE_DIR=/opt/rustwide/workdir" "-e" "CARGO_TARGET_DIR=/opt/rustwide/target" "-e" "CARGO_HOME=/opt/rustwide/cargo-home" "-e" "RUSTUP_HOME=/opt/rustwide/rustup-home" "-w" "/opt/rustwide/workdir" "-m" "1610612736" "--user" "0:0" "--network" "none" "ghcr.io/rust-lang/crates-build-env/linux@sha256:2788e3201cd34a07e3172128adcd8b3090168a8e3bcc40d7c032b9dda1df7d1c" "/opt/rustwide/cargo-home/bin/cargo" "+1.75.0" "metadata" "--no-deps" "--format-version=1", kill_on_drop: false }`
[INFO] [stdout] 96724140360ca04f86895abec9b9023991eb7ab8b93cff330d0ae7cab4bd5738
[INFO] running `Command { std: "docker" "start" "-a" "96724140360ca04f86895abec9b9023991eb7ab8b93cff330d0ae7cab4bd5738", kill_on_drop: false }`
[INFO] running `Command { std: "docker" "inspect" "96724140360ca04f86895abec9b9023991eb7ab8b93cff330d0ae7cab4bd5738", kill_on_drop: false }`
[INFO] running `Command { std: "docker" "rm" "-f" "96724140360ca04f86895abec9b9023991eb7ab8b93cff330d0ae7cab4bd5738", kill_on_drop: false }`
[INFO] [stdout] 96724140360ca04f86895abec9b9023991eb7ab8b93cff330d0ae7cab4bd5738
[INFO] running `Command { std: "docker" "create" "-v" "/var/lib/crater-agent-workspace/builds/worker-4-tc1/target:/opt/rustwide/target:rw,Z" "-v" "/var/lib/crater-agent-workspace/builds/worker-4-tc1/source:/opt/rustwide/workdir:ro,Z" "-v" "/var/lib/crater-agent-workspace/cargo-home:/opt/rustwide/cargo-home:ro,Z" "-v" "/var/lib/crater-agent-workspace/rustup-home:/opt/rustwide/rustup-home:ro,Z" "-e" "SOURCE_DIR=/opt/rustwide/workdir" "-e" "CARGO_TARGET_DIR=/opt/rustwide/target" "-e" "CARGO_INCREMENTAL=0" "-e" "RUST_BACKTRACE=full" "-e" "RUSTFLAGS=--cap-lints=warn" "-e" "RUSTDOCFLAGS=--cap-lints=warn" "-e" "CARGO_HOME=/opt/rustwide/cargo-home" "-e" "RUSTUP_HOME=/opt/rustwide/rustup-home" "-w" "/opt/rustwide/workdir" "-m" "1610612736" "--user" "0:0" "--network" "none" "ghcr.io/rust-lang/crates-build-env/linux@sha256:2788e3201cd34a07e3172128adcd8b3090168a8e3bcc40d7c032b9dda1df7d1c" "/opt/rustwide/cargo-home/bin/cargo" "+1.75.0" "build" "--frozen" "--message-format=json", kill_on_drop: false }`
[INFO] [stdout] 83b025e24da72dc20050d968d581fbcc4c73ccffebf743298fd8aa26139d95c8
[INFO] running `Command { std: "docker" "start" "-a" "83b025e24da72dc20050d968d581fbcc4c73ccffebf743298fd8aa26139d95c8", kill_on_drop: false }`
[INFO] [stderr]    Compiling syn v1.0.109
[INFO] [stderr]    Compiling strsim v0.10.0
[INFO] [stderr]    Compiling fnv v1.0.7
[INFO] [stderr]    Compiling ident_case v1.0.1
[INFO] [stderr]    Compiling unicode-segmentation v1.10.1
[INFO] [stderr]    Compiling convert_case v0.6.0
[INFO] [stderr]    Compiling darling_core v0.14.4
[INFO] [stderr]    Compiling darling_macro v0.14.4
[INFO] [stderr]    Compiling darling v0.14.4
[INFO] [stderr]    Compiling serde_amqp_derive v0.2.1 (/opt/rustwide/workdir)
[INFO] [stderr]     Finished dev [unoptimized + debuginfo] target(s) in 4.85s
[INFO] running `Command { std: "docker" "inspect" "83b025e24da72dc20050d968d581fbcc4c73ccffebf743298fd8aa26139d95c8", kill_on_drop: false }`
[INFO] running `Command { std: "docker" "rm" "-f" "83b025e24da72dc20050d968d581fbcc4c73ccffebf743298fd8aa26139d95c8", kill_on_drop: false }`
[INFO] [stdout] 83b025e24da72dc20050d968d581fbcc4c73ccffebf743298fd8aa26139d95c8
[INFO] running `Command { std: "docker" "create" "-v" "/var/lib/crater-agent-workspace/builds/worker-4-tc1/target:/opt/rustwide/target:rw,Z" "-v" "/var/lib/crater-agent-workspace/builds/worker-4-tc1/source:/opt/rustwide/workdir:ro,Z" "-v" "/var/lib/crater-agent-workspace/cargo-home:/opt/rustwide/cargo-home:ro,Z" "-v" "/var/lib/crater-agent-workspace/rustup-home:/opt/rustwide/rustup-home:ro,Z" "-e" "SOURCE_DIR=/opt/rustwide/workdir" "-e" "CARGO_TARGET_DIR=/opt/rustwide/target" "-e" "CARGO_INCREMENTAL=0" "-e" "RUST_BACKTRACE=full" "-e" "RUSTFLAGS=--cap-lints=warn" "-e" "RUSTDOCFLAGS=--cap-lints=warn" "-e" "CARGO_HOME=/opt/rustwide/cargo-home" "-e" "RUSTUP_HOME=/opt/rustwide/rustup-home" "-w" "/opt/rustwide/workdir" "-m" "1610612736" "--user" "0:0" "--network" "none" "ghcr.io/rust-lang/crates-build-env/linux@sha256:2788e3201cd34a07e3172128adcd8b3090168a8e3bcc40d7c032b9dda1df7d1c" "/opt/rustwide/cargo-home/bin/cargo" "+1.75.0" "test" "--frozen" "--no-run" "--message-format=json", kill_on_drop: false }`
[INFO] [stdout] 72dc5584c61dea3a8644df693533f72905552004e04046c0b7d308d15e72a463
[INFO] running `Command { std: "docker" "start" "-a" "72dc5584c61dea3a8644df693533f72905552004e04046c0b7d308d15e72a463", kill_on_drop: false }`
[INFO] [stderr]    Compiling serde v1.0.194
[INFO] [stderr]    Compiling serde_amqp_derive v0.2.1 (/opt/rustwide/workdir)
[INFO] [stderr]     Finished test [unoptimized + debuginfo] target(s) in 2.38s
[INFO] running `Command { std: "docker" "inspect" "72dc5584c61dea3a8644df693533f72905552004e04046c0b7d308d15e72a463", kill_on_drop: false }`
[INFO] running `Command { std: "docker" "rm" "-f" "72dc5584c61dea3a8644df693533f72905552004e04046c0b7d308d15e72a463", kill_on_drop: false }`
[INFO] [stdout] 72dc5584c61dea3a8644df693533f72905552004e04046c0b7d308d15e72a463
[INFO] running `Command { std: "docker" "create" "-v" "/var/lib/crater-agent-workspace/builds/worker-4-tc1/target:/opt/rustwide/target:rw,Z" "-v" "/var/lib/crater-agent-workspace/builds/worker-4-tc1/source:/opt/rustwide/workdir:ro,Z" "-v" "/var/lib/crater-agent-workspace/cargo-home:/opt/rustwide/cargo-home:ro,Z" "-v" "/var/lib/crater-agent-workspace/rustup-home:/opt/rustwide/rustup-home:ro,Z" "-e" "SOURCE_DIR=/opt/rustwide/workdir" "-e" "CARGO_TARGET_DIR=/opt/rustwide/target" "-e" "CARGO_INCREMENTAL=0" "-e" "RUST_BACKTRACE=full" "-e" "RUSTFLAGS=--cap-lints=warn" "-e" "RUSTDOCFLAGS=--cap-lints=warn" "-e" "CARGO_HOME=/opt/rustwide/cargo-home" "-e" "RUSTUP_HOME=/opt/rustwide/rustup-home" "-w" "/opt/rustwide/workdir" "-m" "1610612736" "--user" "0:0" "--network" "none" "ghcr.io/rust-lang/crates-build-env/linux@sha256:2788e3201cd34a07e3172128adcd8b3090168a8e3bcc40d7c032b9dda1df7d1c" "/opt/rustwide/cargo-home/bin/cargo" "+1.75.0" "test" "--frozen", kill_on_drop: false }`
[INFO] [stdout] 064110ce7d42d3facf6299216ca520d1f86ed782ff763df9ca91b291c88d7d89
[INFO] running `Command { std: "docker" "start" "-a" "064110ce7d42d3facf6299216ca520d1f86ed782ff763df9ca91b291c88d7d89", kill_on_drop: false }`
[INFO] [stderr]     Finished test [unoptimized + debuginfo] target(s) in 0.01s
[INFO] [stderr]      Running unittests src/lib.rs (/opt/rustwide/target/debug/deps/serde_amqp_derive-c9b57fee536964d9)
[INFO] [stdout] 
[INFO] [stdout] running 0 tests
[INFO] [stdout] 
[INFO] [stdout] test result: ok. 0 passed; 0 failed; 0 ignored; 0 measured; 0 filtered out; finished in 0.00s
[INFO] [stdout] 
[INFO] [stderr]    Doc-tests serde_amqp_derive
[INFO] [stdout] 
[INFO] [stdout] running 2 tests
[INFO] [stdout] test src/lib.rs - (line 103) ... FAILED
[INFO] [stdout] test src/lib.rs - (line 42) ... FAILED
[INFO] [stdout] 
[INFO] [stdout] failures:
[INFO] [stdout] 
[INFO] [stdout] ---- src/lib.rs - (line 103) stdout ----
[INFO] [stdout] error: cannot find derive macro `SerializeComposite` in this scope
[INFO] [stdout]  --> src/lib.rs:108:24
[INFO] [stdout]   |
[INFO] [stdout] 7 | #[derive(Debug, Clone, SerializeComposite, DeserializeComposite)]
[INFO] [stdout]   |                        ^^^^^^^^^^^^^^^^^^
[INFO] [stdout]   |
[INFO] [stdout] help: consider importing this derive macro
[INFO] [stdout]   |
[INFO] [stdout] 2 + use serde_amqp_derive::SerializeComposite;
[INFO] [stdout]   |
[INFO] [stdout] 
[INFO] [stdout] error: cannot find derive macro `DeserializeComposite` in this scope
[INFO] [stdout]  --> src/lib.rs:108:44
[INFO] [stdout]   |
[INFO] [stdout] 7 | #[derive(Debug, Clone, SerializeComposite, DeserializeComposite)]
[INFO] [stdout]   |                                            ^^^^^^^^^^^^^^^^^^^^
[INFO] [stdout]   |
[INFO] [stdout] help: consider importing this derive macro
[INFO] [stdout]   |
[INFO] [stdout] 2 + use serde_amqp_derive::DeserializeComposite;
[INFO] [stdout]   |
[INFO] [stdout] 
[INFO] [stdout] error: cannot find attribute `amqp_contract` in this scope
[INFO] [stdout]  --> src/lib.rs:109:3
[INFO] [stdout]   |
[INFO] [stdout] 8 | #[amqp_contract(
[INFO] [stdout]   |   ^^^^^^^^^^^^^
[INFO] [stdout] 
[INFO] [stdout] error[E0412]: cannot find type `BTreeMap` in this scope
[INFO] [stdout]   --> src/lib.rs:114:38
[INFO] [stdout]    |
[INFO] [stdout] 13 | pub struct ApplicationProperties(pub BTreeMap<String, SimpleValue>);
[INFO] [stdout]    |                                      ^^^^^^^^ not found in this scope
[INFO] [stdout]    |
[INFO] [stdout] help: consider importing this struct
[INFO] [stdout]    |
[INFO] [stdout] 2  + use std::collections::BTreeMap;
[INFO] [stdout]    |
[INFO] [stdout] 
[INFO] [stdout] error[E0412]: cannot find type `SimpleValue` in this scope
[INFO] [stdout]   --> src/lib.rs:114:55
[INFO] [stdout]    |
[INFO] [stdout] 13 | pub struct ApplicationProperties(pub BTreeMap<String, SimpleValue>);
[INFO] [stdout]    |                                                       ^^^^^^^^^^^ not found in this scope
[INFO] [stdout]    |
[INFO] [stdout] help: you might be missing a type parameter
[INFO] [stdout]    |
[INFO] [stdout] 13 | pub struct ApplicationProperties<SimpleValue>(pub BTreeMap<String, SimpleValue>);
[INFO] [stdout]    |                                 +++++++++++++
[INFO] [stdout] 
[INFO] [stdout] error: aborting due to 5 previous errors
[INFO] [stdout] 
[INFO] [stdout] For more information about this error, try `rustc --explain E0412`.
[INFO] [stdout] Couldn't compile the test.
[INFO] [stdout] ---- src/lib.rs - (line 42) stdout ----
[INFO] [stdout] error: cannot find derive macro `DeserializeComposite` in this scope
[INFO] [stdout]  --> src/lib.rs:45:17
[INFO] [stdout]   |
[INFO] [stdout] 5 | #[derive(Debug, DeserializeComposite, SerializeComposite)]
[INFO] [stdout]   |                 ^^^^^^^^^^^^^^^^^^^^
[INFO] [stdout]   |
[INFO] [stdout] help: consider importing this derive macro
[INFO] [stdout]   |
[INFO] [stdout] 2 + use serde_amqp_derive::DeserializeComposite;
[INFO] [stdout]   |
[INFO] [stdout] 
[INFO] [stdout] error: cannot find derive macro `SerializeComposite` in this scope
[INFO] [stdout]  --> src/lib.rs:45:39
[INFO] [stdout]   |
[INFO] [stdout] 5 | #[derive(Debug, DeserializeComposite, SerializeComposite)]
[INFO] [stdout]   |                                       ^^^^^^^^^^^^^^^^^^
[INFO] [stdout]   |
[INFO] [stdout] help: consider importing this derive macro
[INFO] [stdout]   |
[INFO] [stdout] 2 + use serde_amqp_derive::SerializeComposite;
[INFO] [stdout]   |
[INFO] [stdout] 
[INFO] [stdout] error: cannot find attribute `amqp_contract` in this scope
[INFO] [stdout]  --> src/lib.rs:46:3
[INFO] [stdout]   |
[INFO] [stdout] 6 | #[amqp_contract(
[INFO] [stdout]   |   ^^^^^^^^^^^^^
[INFO] [stdout] 
[INFO] [stdout] error: cannot find attribute `amqp_contract` in this scope
[INFO] [stdout]   --> src/lib.rs:63:7
[INFO] [stdout]    |
[INFO] [stdout] 23 |     #[amqp_contract(default)]
[INFO] [stdout]    |       ^^^^^^^^^^^^^
[INFO] [stdout] 
[INFO] [stdout] error: cannot find attribute `amqp_contract` in this scope
[INFO] [stdout]   --> src/lib.rs:67:7
[INFO] [stdout]    |
[INFO] [stdout] 27 |     #[amqp_contract(default)]
[INFO] [stdout]    |       ^^^^^^^^^^^^^
[INFO] [stdout] 
[INFO] [stdout] error: cannot find attribute `amqp_contract` in this scope
[INFO] [stdout]   --> src/lib.rs:80:7
[INFO] [stdout]    |
[INFO] [stdout] 40 |     #[amqp_contract(default)]
[INFO] [stdout]    |       ^^^^^^^^^^^^^
[INFO] [stdout] 
[INFO] [stdout] error[E0412]: cannot find type `Handle` in this scope
[INFO] [stdout]   --> src/lib.rs:57:17
[INFO] [stdout]    |
[INFO] [stdout] 17 |     pub handle: Handle,
[INFO] [stdout]    |                 ^^^^^^ not found in this scope
[INFO] [stdout] 
[INFO] [stdout] error[E0412]: cannot find type `Role` in this scope
[INFO] [stdout]   --> src/lib.rs:60:15
[INFO] [stdout]    |
[INFO] [stdout] 20 |     pub role: Role,
[INFO] [stdout]    |               ^^^^ not found in this scope
[INFO] [stdout] 
[INFO] [stdout] error[E0412]: cannot find type `SenderSettleMode` in this scope
[INFO] [stdout]   --> src/lib.rs:64:26
[INFO] [stdout]    |
[INFO] [stdout] 24 |     pub snd_settle_mode: SenderSettleMode,
[INFO] [stdout]    |                          ^^^^^^^^^^^^^^^^ not found in this scope
[INFO] [stdout] 
[INFO] [stdout] error[E0412]: cannot find type `ReceiverSettleMode` in this scope
[INFO] [stdout]   --> src/lib.rs:68:26
[INFO] [stdout]    |
[INFO] [stdout] 28 |     pub rcv_settle_mode: ReceiverSettleMode,
[INFO] [stdout]    |                          ^^^^^^^^^^^^^^^^^^ not found in this scope
[INFO] [stdout] 
[INFO] [stdout] error[E0412]: cannot find type `Source` in this scope
[INFO] [stdout]   --> src/lib.rs:71:24
[INFO] [stdout]    |
[INFO] [stdout] 31 |     pub source: Option<Source>,
[INFO] [stdout]    |                        ^^^^^^ not found in this scope
[INFO] [stdout]    |
[INFO] [stdout] help: consider importing this struct
[INFO] [stdout]    |
[INFO] [stdout] 2  + use core::error::Source;
[INFO] [stdout]    |
[INFO] [stdout] 
[INFO] [stdout] error[E0412]: cannot find type `Target` in this scope
[INFO] [stdout]   --> src/lib.rs:74:24
[INFO] [stdout]    |
[INFO] [stdout] 34 |     pub target: Option<Target>,
[INFO] [stdout]    |                        ^^^^^^ not found in this scope
[INFO] [stdout]    |
[INFO] [stdout] help: you might be missing a type parameter
[INFO] [stdout]    |
[INFO] [stdout] 12 | pub struct Attach<Target> {
[INFO] [stdout]    |                  ++++++++
[INFO] [stdout] 
[INFO] [stdout] error[E0412]: cannot find type `BTreeMap` in this scope
[INFO] [stdout]   --> src/lib.rs:77:27
[INFO] [stdout]    |
[INFO] [stdout] 37 |     pub unsettled: Option<BTreeMap<DeliveryTag, DeliveryState>>,
[INFO] [stdout]    |                           ^^^^^^^^ not found in this scope
[INFO] [stdout]    |
[INFO] [stdout] help: consider importing this struct
[INFO] [stdout]    |
[INFO] [stdout] 2  + use std::collections::BTreeMap;
[INFO] [stdout]    |
[INFO] [stdout] 
[INFO] [stdout] error[E0412]: cannot find type `DeliveryTag` in this scope
[INFO] [stdout]   --> src/lib.rs:77:36
[INFO] [stdout]    |
[INFO] [stdout] 37 |     pub unsettled: Option<BTreeMap<DeliveryTag, DeliveryState>>,
[INFO] [stdout]    |                                    ^^^^^^^^^^^ not found in this scope
[INFO] [stdout]    |
[INFO] [stdout] help: you might be missing a type parameter
[INFO] [stdout]    |
[INFO] [stdout] 12 | pub struct Attach<DeliveryTag> {
[INFO] [stdout]    |                  +++++++++++++
[INFO] [stdout] 
[INFO] [stdout] error[E0412]: cannot find type `DeliveryState` in this scope
[INFO] [stdout]   --> src/lib.rs:77:49
[INFO] [stdout]    |
[INFO] [stdout] 37 |     pub unsettled: Option<BTreeMap<DeliveryTag, DeliveryState>>,
[INFO] [stdout]    |                                                 ^^^^^^^^^^^^^ not found in this scope
[INFO] [stdout]    |
[INFO] [stdout] help: you might be missing a type parameter
[INFO] [stdout]    |
[INFO] [stdout] 12 | pub struct Attach<DeliveryState> {
[INFO] [stdout]    |                  +++++++++++++++
[INFO] [stdout] 
[INFO] [stdout] error[E0412]: cannot find type `Boolean` in this scope
[INFO] [stdout]   --> src/lib.rs:81:31
[INFO] [stdout]    |
[INFO] [stdout] 41 |     pub incomplete_unsettled: Boolean,
[INFO] [stdout]    |                               ^^^^^^^
[INFO] [stdout]    |                               |
[INFO] [stdout]    |                               not found in this scope
[INFO] [stdout]    |                               help: perhaps you intended to use this type: `bool`
[INFO] [stdout] 
[INFO] [stdout] error[E0412]: cannot find type `SequenceNo` in this scope
[INFO] [stdout]   --> src/lib.rs:84:40
[INFO] [stdout]    |
[INFO] [stdout] 44 |     pub initial_delivery_count: Option<SequenceNo>,
[INFO] [stdout]    |                                        ^^^^^^^^^^ not found in this scope
[INFO] [stdout]    |
[INFO] [stdout] help: you might be missing a type parameter
[INFO] [stdout]    |
[INFO] [stdout] 12 | pub struct Attach<SequenceNo> {
[INFO] [stdout]    |                  ++++++++++++
[INFO] [stdout] 
[INFO] [stdout] error[E0412]: cannot find type `ULong` in this scope
[INFO] [stdout]   --> src/lib.rs:87:34
[INFO] [stdout]    |
[INFO] [stdout] 47 |     pub max_message_size: Option<ULong>,
[INFO] [stdout]    |                                  ^^^^^ not found in this scope
[INFO] [stdout]    |
[INFO] [stdout] help: you might be missing a type parameter
[INFO] [stdout]    |
[INFO] [stdout] 12 | pub struct Attach<ULong> {
[INFO] [stdout]    |                  +++++++
[INFO] [stdout] 
[INFO] [stdout] error[E0412]: cannot find type `Symbol` in this scope
[INFO] [stdout]   --> src/lib.rs:90:42
[INFO] [stdout]    |
[INFO] [stdout] 50 |     pub offered_capabilities: Option<Vec<Symbol>>,
[INFO] [stdout]    |                                          ^^^^^^ not found in this scope
[INFO] [stdout]    |
[INFO] [stdout] help: consider importing this trait
[INFO] [stdout]    |
[INFO] [stdout] 2  + use proc_macro::bridge::server::Symbol;
[INFO] [stdout]    |
[INFO] [stdout] 
[INFO] [stdout] error[E0412]: cannot find type `Symbol` in this scope
[INFO] [stdout]   --> src/lib.rs:93:42
[INFO] [stdout]    |
[INFO] [stdout] 53 |     pub desired_capabilities: Option<Vec<Symbol>>,
[INFO] [stdout]    |                                          ^^^^^^ not found in this scope
[INFO] [stdout]    |
[INFO] [stdout] help: consider importing this trait
[INFO] [stdout]    |
[INFO] [stdout] 2  + use proc_macro::bridge::server::Symbol;
[INFO] [stdout]    |
[INFO] [stdout] 
[INFO] [stdout] error[E0412]: cannot find type `Fields` in this scope
[INFO] [stdout]   --> src/lib.rs:96:28
[INFO] [stdout]    |
[INFO] [stdout] 56 |     pub properties: Option<Fields>,
[INFO] [stdout]    |                            ^^^^^^ not found in this scope
[INFO] [stdout]    |
[INFO] [stdout] help: consider importing one of these items
[INFO] [stdout]    |
[INFO] [stdout] 2  + use darling::ast::Fields;
[INFO] [stdout]    |
[INFO] [stdout] 2  + use syn::Fields;
[INFO] [stdout]    |
[INFO] [stdout] 
[INFO] [stdout] error: aborting due to 21 previous errors
[INFO] [stdout] 
[INFO] [stdout] For more information about this error, try `rustc --explain E0412`.
[INFO] [stdout] Couldn't compile the test.
[INFO] [stdout] 
[INFO] [stdout] failures:
[INFO] [stdout]     src/lib.rs - (line 103)
[INFO] [stdout]     src/lib.rs - (line 42)
[INFO] [stdout] 
[INFO] [stdout] test result: FAILED. 0 passed; 2 failed; 0 ignored; 0 measured; 0 filtered out; finished in 0.07s
[INFO] [stdout] 
[INFO] [stderr] error: doctest failed, to rerun pass `--doc`
[INFO] running `Command { std: "docker" "inspect" "064110ce7d42d3facf6299216ca520d1f86ed782ff763df9ca91b291c88d7d89", kill_on_drop: false }`
[INFO] running `Command { std: "docker" "rm" "-f" "064110ce7d42d3facf6299216ca520d1f86ed782ff763df9ca91b291c88d7d89", kill_on_drop: false }`
[INFO] [stdout] 064110ce7d42d3facf6299216ca520d1f86ed782ff763df9ca91b291c88d7d89
[INFO] testing serde_amqp_derive-0.2.1 against beta-2023-12-22 for beta-1.76-1
[INFO] extracting crate serde_amqp_derive 0.2.1 into /workspace/builds/worker-4-tc2/source
[INFO] validating manifest of crates.io crate serde_amqp_derive 0.2.1 on toolchain beta-2023-12-22
[INFO] running `Command { std: CARGO_HOME="/workspace/cargo-home" RUSTUP_HOME="/workspace/rustup-home" "/workspace/cargo-home/bin/cargo" "+beta-2023-12-22" "metadata" "--manifest-path" "Cargo.toml" "--no-deps", kill_on_drop: false }`
[INFO] started tweaking crates.io crate serde_amqp_derive 0.2.1
[INFO] finished tweaking crates.io crate serde_amqp_derive 0.2.1
[INFO] tweaked toml for crates.io crate serde_amqp_derive 0.2.1 written to /workspace/builds/worker-4-tc2/source/Cargo.toml
[INFO] running `Command { std: CARGO_HOME="/workspace/cargo-home" RUSTUP_HOME="/workspace/rustup-home" "/workspace/cargo-home/bin/cargo" "+beta-2023-12-22" "generate-lockfile" "--manifest-path" "Cargo.toml", kill_on_drop: false }`
[INFO] [stderr]     Updating crates.io index
[INFO] running `Command { std: CARGO_HOME="/workspace/cargo-home" RUSTUP_HOME="/workspace/rustup-home" "/workspace/cargo-home/bin/cargo" "+beta-2023-12-22" "fetch" "--manifest-path" "Cargo.toml", kill_on_drop: false }`
[INFO] running `Command { std: "docker" "create" "-v" "/var/lib/crater-agent-workspace/builds/worker-4-tc2/target:/opt/rustwide/target:rw,Z" "-v" "/var/lib/crater-agent-workspace/builds/worker-4-tc2/source:/opt/rustwide/workdir:ro,Z" "-v" "/var/lib/crater-agent-workspace/cargo-home:/opt/rustwide/cargo-home:ro,Z" "-v" "/var/lib/crater-agent-workspace/rustup-home:/opt/rustwide/rustup-home:ro,Z" "-e" "SOURCE_DIR=/opt/rustwide/workdir" "-e" "CARGO_TARGET_DIR=/opt/rustwide/target" "-e" "CARGO_HOME=/opt/rustwide/cargo-home" "-e" "RUSTUP_HOME=/opt/rustwide/rustup-home" "-w" "/opt/rustwide/workdir" "-m" "1610612736" "--user" "0:0" "--network" "none" "ghcr.io/rust-lang/crates-build-env/linux@sha256:2788e3201cd34a07e3172128adcd8b3090168a8e3bcc40d7c032b9dda1df7d1c" "/opt/rustwide/cargo-home/bin/cargo" "+beta-2023-12-22" "metadata" "--no-deps" "--format-version=1", kill_on_drop: false }`
[INFO] [stdout] 1ecedb8697b5c3d7e09e8424c4b90c36d4347bc6c6dd65f91b07eb85acc5861f
[INFO] running `Command { std: "docker" "start" "-a" "1ecedb8697b5c3d7e09e8424c4b90c36d4347bc6c6dd65f91b07eb85acc5861f", kill_on_drop: false }`
[INFO] running `Command { std: "docker" "inspect" "1ecedb8697b5c3d7e09e8424c4b90c36d4347bc6c6dd65f91b07eb85acc5861f", kill_on_drop: false }`
[INFO] running `Command { std: "docker" "rm" "-f" "1ecedb8697b5c3d7e09e8424c4b90c36d4347bc6c6dd65f91b07eb85acc5861f", kill_on_drop: false }`
[INFO] [stdout] 1ecedb8697b5c3d7e09e8424c4b90c36d4347bc6c6dd65f91b07eb85acc5861f
[INFO] running `Command { std: "docker" "create" "-v" "/var/lib/crater-agent-workspace/builds/worker-4-tc2/target:/opt/rustwide/target:rw,Z" "-v" "/var/lib/crater-agent-workspace/builds/worker-4-tc2/source:/opt/rustwide/workdir:ro,Z" "-v" "/var/lib/crater-agent-workspace/cargo-home:/opt/rustwide/cargo-home:ro,Z" "-v" "/var/lib/crater-agent-workspace/rustup-home:/opt/rustwide/rustup-home:ro,Z" "-e" "SOURCE_DIR=/opt/rustwide/workdir" "-e" "CARGO_TARGET_DIR=/opt/rustwide/target" "-e" "CARGO_INCREMENTAL=0" "-e" "RUST_BACKTRACE=full" "-e" "RUSTFLAGS=--cap-lints=warn" "-e" "RUSTDOCFLAGS=--cap-lints=warn" "-e" "CARGO_HOME=/opt/rustwide/cargo-home" "-e" "RUSTUP_HOME=/opt/rustwide/rustup-home" "-w" "/opt/rustwide/workdir" "-m" "1610612736" "--user" "0:0" "--network" "none" "ghcr.io/rust-lang/crates-build-env/linux@sha256:2788e3201cd34a07e3172128adcd8b3090168a8e3bcc40d7c032b9dda1df7d1c" "/opt/rustwide/cargo-home/bin/cargo" "+beta-2023-12-22" "build" "--frozen" "--message-format=json", kill_on_drop: false }`
[INFO] [stdout] e12c4f1eda5f20af9509485bba1e1261f7e1f2994349c3cb2c56043a97b2f0e9
[INFO] running `Command { std: "docker" "start" "-a" "e12c4f1eda5f20af9509485bba1e1261f7e1f2994349c3cb2c56043a97b2f0e9", kill_on_drop: false }`
[INFO] [stderr]    Compiling syn v1.0.109
[INFO] [stderr]    Compiling strsim v0.10.0
[INFO] [stderr]    Compiling fnv v1.0.7
[INFO] [stderr]    Compiling ident_case v1.0.1
[INFO] [stderr]    Compiling unicode-segmentation v1.10.1
[INFO] [stderr]    Compiling convert_case v0.6.0
[INFO] [stderr]    Compiling darling_core v0.14.4
[INFO] [stderr]    Compiling darling_macro v0.14.4
[INFO] [stderr]    Compiling darling v0.14.4
[INFO] [stderr]    Compiling serde_amqp_derive v0.2.1 (/opt/rustwide/workdir)
[INFO] [stderr]     Finished dev [unoptimized + debuginfo] target(s) in 4.73s
[INFO] running `Command { std: "docker" "inspect" "e12c4f1eda5f20af9509485bba1e1261f7e1f2994349c3cb2c56043a97b2f0e9", kill_on_drop: false }`
[INFO] running `Command { std: "docker" "rm" "-f" "e12c4f1eda5f20af9509485bba1e1261f7e1f2994349c3cb2c56043a97b2f0e9", kill_on_drop: false }`
[INFO] [stdout] e12c4f1eda5f20af9509485bba1e1261f7e1f2994349c3cb2c56043a97b2f0e9
[INFO] running `Command { std: "docker" "create" "-v" "/var/lib/crater-agent-workspace/builds/worker-4-tc2/target:/opt/rustwide/target:rw,Z" "-v" "/var/lib/crater-agent-workspace/builds/worker-4-tc2/source:/opt/rustwide/workdir:ro,Z" "-v" "/var/lib/crater-agent-workspace/cargo-home:/opt/rustwide/cargo-home:ro,Z" "-v" "/var/lib/crater-agent-workspace/rustup-home:/opt/rustwide/rustup-home:ro,Z" "-e" "SOURCE_DIR=/opt/rustwide/workdir" "-e" "CARGO_TARGET_DIR=/opt/rustwide/target" "-e" "CARGO_INCREMENTAL=0" "-e" "RUST_BACKTRACE=full" "-e" "RUSTFLAGS=--cap-lints=warn" "-e" "RUSTDOCFLAGS=--cap-lints=warn" "-e" "CARGO_HOME=/opt/rustwide/cargo-home" "-e" "RUSTUP_HOME=/opt/rustwide/rustup-home" "-w" "/opt/rustwide/workdir" "-m" "1610612736" "--user" "0:0" "--network" "none" "ghcr.io/rust-lang/crates-build-env/linux@sha256:2788e3201cd34a07e3172128adcd8b3090168a8e3bcc40d7c032b9dda1df7d1c" "/opt/rustwide/cargo-home/bin/cargo" "+beta-2023-12-22" "test" "--frozen" "--no-run" "--message-format=json", kill_on_drop: false }`
[INFO] [stdout] f8ca5a2719dbfd40b6fd6fb823465dea12430cdfc3168374b2a819f18d540768
[INFO] running `Command { std: "docker" "start" "-a" "f8ca5a2719dbfd40b6fd6fb823465dea12430cdfc3168374b2a819f18d540768", kill_on_drop: false }`
[INFO] [stderr]    Compiling serde v1.0.194
[INFO] [stderr]    Compiling serde_amqp_derive v0.2.1 (/opt/rustwide/workdir)
[INFO] [stderr]     Finished test [unoptimized + debuginfo] target(s) in 2.24s
[INFO] running `Command { std: "docker" "inspect" "f8ca5a2719dbfd40b6fd6fb823465dea12430cdfc3168374b2a819f18d540768", kill_on_drop: false }`
[INFO] running `Command { std: "docker" "rm" "-f" "f8ca5a2719dbfd40b6fd6fb823465dea12430cdfc3168374b2a819f18d540768", kill_on_drop: false }`
[INFO] [stdout] f8ca5a2719dbfd40b6fd6fb823465dea12430cdfc3168374b2a819f18d540768
[INFO] running `Command { std: "docker" "create" "-v" "/var/lib/crater-agent-workspace/builds/worker-4-tc2/target:/opt/rustwide/target:rw,Z" "-v" "/var/lib/crater-agent-workspace/builds/worker-4-tc2/source:/opt/rustwide/workdir:ro,Z" "-v" "/var/lib/crater-agent-workspace/cargo-home:/opt/rustwide/cargo-home:ro,Z" "-v" "/var/lib/crater-agent-workspace/rustup-home:/opt/rustwide/rustup-home:ro,Z" "-e" "SOURCE_DIR=/opt/rustwide/workdir" "-e" "CARGO_TARGET_DIR=/opt/rustwide/target" "-e" "CARGO_INCREMENTAL=0" "-e" "RUST_BACKTRACE=full" "-e" "RUSTFLAGS=--cap-lints=warn" "-e" "RUSTDOCFLAGS=--cap-lints=warn" "-e" "CARGO_HOME=/opt/rustwide/cargo-home" "-e" "RUSTUP_HOME=/opt/rustwide/rustup-home" "-w" "/opt/rustwide/workdir" "-m" "1610612736" "--user" "0:0" "--network" "none" "ghcr.io/rust-lang/crates-build-env/linux@sha256:2788e3201cd34a07e3172128adcd8b3090168a8e3bcc40d7c032b9dda1df7d1c" "/opt/rustwide/cargo-home/bin/cargo" "+beta-2023-12-22" "test" "--frozen", kill_on_drop: false }`
[INFO] [stdout] b7ea2442a689e09af92650524952643835d4f17585952b66d1a6bcd8f2e7e6b4
[INFO] running `Command { std: "docker" "start" "-a" "b7ea2442a689e09af92650524952643835d4f17585952b66d1a6bcd8f2e7e6b4", kill_on_drop: false }`
[INFO] [stderr]     Finished test [unoptimized + debuginfo] target(s) in 0.01s
[INFO] [stderr]      Running unittests src/lib.rs (/opt/rustwide/target/debug/deps/serde_amqp_derive-3c76de55ede682b2)
[INFO] [stdout] 
[INFO] [stdout] running 0 tests
[INFO] [stdout] 
[INFO] [stdout] test result: ok. 0 passed; 0 failed; 0 ignored; 0 measured; 0 filtered out; finished in 0.00s
[INFO] [stdout] 
[INFO] [stderr]    Doc-tests serde_amqp_derive
[INFO] [stdout] 
[INFO] [stdout] running 2 tests
[INFO] [stdout] test src/lib.rs - (line 103) ... FAILED
[INFO] [stdout] test src/lib.rs - (line 42) ... FAILED
[INFO] [stdout] 
[INFO] [stdout] failures:
[INFO] [stdout] 
[INFO] [stdout] ---- src/lib.rs - (line 103) stdout ----
[INFO] [stdout] error: cannot find derive macro `SerializeComposite` in this scope
[INFO] [stdout]  --> src/lib.rs:108:24
[INFO] [stdout]   |
[INFO] [stdout] 7 | #[derive(Debug, Clone, SerializeComposite, DeserializeComposite)]
[INFO] [stdout]   |                        ^^^^^^^^^^^^^^^^^^
[INFO] [stdout]   |
[INFO] [stdout] help: consider importing this derive macro
[INFO] [stdout]   |
[INFO] [stdout] 2 + use serde_amqp_derive::SerializeComposite;
[INFO] [stdout]   |
[INFO] [stdout] 
[INFO] [stdout] error: cannot find derive macro `DeserializeComposite` in this scope
[INFO] [stdout]  --> src/lib.rs:108:44
[INFO] [stdout]   |
[INFO] [stdout] 7 | #[derive(Debug, Clone, SerializeComposite, DeserializeComposite)]
[INFO] [stdout]   |                                            ^^^^^^^^^^^^^^^^^^^^
[INFO] [stdout]   |
[INFO] [stdout] help: consider importing this derive macro
[INFO] [stdout]   |
[INFO] [stdout] 2 + use serde_amqp_derive::DeserializeComposite;
[INFO] [stdout]   |
[INFO] [stdout] 
[INFO] [stdout] error: cannot find attribute `amqp_contract` in this scope
[INFO] [stdout]  --> src/lib.rs:109:3
[INFO] [stdout]   |
[INFO] [stdout] 8 | #[amqp_contract(
[INFO] [stdout]   |   ^^^^^^^^^^^^^
[INFO] [stdout] 
[INFO] [stdout] error[E0412]: cannot find type `BTreeMap` in this scope
[INFO] [stdout]   --> src/lib.rs:114:38
[INFO] [stdout]    |
[INFO] [stdout] 13 | pub struct ApplicationProperties(pub BTreeMap<String, SimpleValue>);
[INFO] [stdout]    |                                      ^^^^^^^^ not found in this scope
[INFO] [stdout]    |
[INFO] [stdout] help: consider importing this struct
[INFO] [stdout]    |
[INFO] [stdout] 2  + use std::collections::BTreeMap;
[INFO] [stdout]    |
[INFO] [stdout] 
[INFO] [stdout] error[E0412]: cannot find type `SimpleValue` in this scope
[INFO] [stdout]   --> src/lib.rs:114:55
[INFO] [stdout]    |
[INFO] [stdout] 13 | pub struct ApplicationProperties(pub BTreeMap<String, SimpleValue>);
[INFO] [stdout]    |                                                       ^^^^^^^^^^^ not found in this scope
[INFO] [stdout]    |
[INFO] [stdout] help: you might be missing a type parameter
[INFO] [stdout]    |
[INFO] [stdout] 13 | pub struct ApplicationProperties<SimpleValue>(pub BTreeMap<String, SimpleValue>);
[INFO] [stdout]    |                                 +++++++++++++
[INFO] [stdout] 
[INFO] [stdout] error: aborting due to 5 previous errors
[INFO] [stdout] 
[INFO] [stdout] For more information about this error, try `rustc --explain E0412`.
[INFO] [stdout] Couldn't compile the test.
[INFO] [stdout] ---- src/lib.rs - (line 42) stdout ----
[INFO] [stdout] error: cannot find derive macro `DeserializeComposite` in this scope
[INFO] [stdout]  --> src/lib.rs:45:17
[INFO] [stdout]   |
[INFO] [stdout] 5 | #[derive(Debug, DeserializeComposite, SerializeComposite)]
[INFO] [stdout]   |                 ^^^^^^^^^^^^^^^^^^^^
[INFO] [stdout]   |
[INFO] [stdout] help: consider importing this derive macro
[INFO] [stdout]   |
[INFO] [stdout] 2 + use serde_amqp_derive::DeserializeComposite;
[INFO] [stdout]   |
[INFO] [stdout] 
[INFO] [stdout] error: cannot find derive macro `SerializeComposite` in this scope
[INFO] [stdout]  --> src/lib.rs:45:39
[INFO] [stdout]   |
[INFO] [stdout] 5 | #[derive(Debug, DeserializeComposite, SerializeComposite)]
[INFO] [stdout]   |                                       ^^^^^^^^^^^^^^^^^^
[INFO] [stdout]   |
[INFO] [stdout] help: consider importing this derive macro
[INFO] [stdout]   |
[INFO] [stdout] 2 + use serde_amqp_derive::SerializeComposite;
[INFO] [stdout]   |
[INFO] [stdout] 
[INFO] [stdout] error: cannot find attribute `amqp_contract` in this scope
[INFO] [stdout]  --> src/lib.rs:46:3
[INFO] [stdout]   |
[INFO] [stdout] 6 | #[amqp_contract(
[INFO] [stdout]   |   ^^^^^^^^^^^^^
[INFO] [stdout] 
[INFO] [stdout] error: cannot find attribute `amqp_contract` in this scope
[INFO] [stdout]   --> src/lib.rs:63:7
[INFO] [stdout]    |
[INFO] [stdout] 23 |     #[amqp_contract(default)]
[INFO] [stdout]    |       ^^^^^^^^^^^^^
[INFO] [stdout] 
[INFO] [stdout] error: cannot find attribute `amqp_contract` in this scope
[INFO] [stdout]   --> src/lib.rs:67:7
[INFO] [stdout]    |
[INFO] [stdout] 27 |     #[amqp_contract(default)]
[INFO] [stdout]    |       ^^^^^^^^^^^^^
[INFO] [stdout] 
[INFO] [stdout] error: cannot find attribute `amqp_contract` in this scope
[INFO] [stdout]   --> src/lib.rs:80:7
[INFO] [stdout]    |
[INFO] [stdout] 40 |     #[amqp_contract(default)]
[INFO] [stdout]    |       ^^^^^^^^^^^^^
[INFO] [stdout] 
[INFO] [stdout] error[E0412]: cannot find type `Handle` in this scope
[INFO] [stdout]   --> src/lib.rs:57:17
[INFO] [stdout]    |
[INFO] [stdout] 17 |     pub handle: Handle,
[INFO] [stdout]    |                 ^^^^^^ not found in this scope
[INFO] [stdout] 
[INFO] [stdout] error[E0412]: cannot find type `Role` in this scope
[INFO] [stdout]   --> src/lib.rs:60:15
[INFO] [stdout]    |
[INFO] [stdout] 20 |     pub role: Role,
[INFO] [stdout]    |               ^^^^ not found in this scope
[INFO] [stdout] 
[INFO] [stdout] error[E0412]: cannot find type `SenderSettleMode` in this scope
[INFO] [stdout]   --> src/lib.rs:64:26
[INFO] [stdout]    |
[INFO] [stdout] 24 |     pub snd_settle_mode: SenderSettleMode,
[INFO] [stdout]    |                          ^^^^^^^^^^^^^^^^ not found in this scope
[INFO] [stdout] 
[INFO] [stdout] error[E0412]: cannot find type `ReceiverSettleMode` in this scope
[INFO] [stdout]   --> src/lib.rs:68:26
[INFO] [stdout]    |
[INFO] [stdout] 28 |     pub rcv_settle_mode: ReceiverSettleMode,
[INFO] [stdout]    |                          ^^^^^^^^^^^^^^^^^^ not found in this scope
[INFO] [stdout] 
[INFO] [stdout] error[E0412]: cannot find type `Source` in this scope
[INFO] [stdout]   --> src/lib.rs:71:24
[INFO] [stdout]    |
[INFO] [stdout] 31 |     pub source: Option<Source>,
[INFO] [stdout]    |                        ^^^^^^ not found in this scope
[INFO] [stdout]    |
[INFO] [stdout] help: consider importing this struct
[INFO] [stdout]    |
[INFO] [stdout] 2  + use core::error::Source;
[INFO] [stdout]    |
[INFO] [stdout] 
[INFO] [stdout] error[E0412]: cannot find type `Target` in this scope
[INFO] [stdout]   --> src/lib.rs:74:24
[INFO] [stdout]    |
[INFO] [stdout] 34 |     pub target: Option<Target>,
[INFO] [stdout]    |                        ^^^^^^ not found in this scope
[INFO] [stdout]    |
[INFO] [stdout] help: you might be missing a type parameter
[INFO] [stdout]    |
[INFO] [stdout] 12 | pub struct Attach<Target> {
[INFO] [stdout]    |                  ++++++++
[INFO] [stdout] 
[INFO] [stdout] error[E0412]: cannot find type `BTreeMap` in this scope
[INFO] [stdout]   --> src/lib.rs:77:27
[INFO] [stdout]    |
[INFO] [stdout] 37 |     pub unsettled: Option<BTreeMap<DeliveryTag, DeliveryState>>,
[INFO] [stdout]    |                           ^^^^^^^^ not found in this scope
[INFO] [stdout]    |
[INFO] [stdout] help: consider importing this struct
[INFO] [stdout]    |
[INFO] [stdout] 2  + use std::collections::BTreeMap;
[INFO] [stdout]    |
[INFO] [stdout] 
[INFO] [stdout] error[E0412]: cannot find type `DeliveryTag` in this scope
[INFO] [stdout]   --> src/lib.rs:77:36
[INFO] [stdout]    |
[INFO] [stdout] 37 |     pub unsettled: Option<BTreeMap<DeliveryTag, DeliveryState>>,
[INFO] [stdout]    |                                    ^^^^^^^^^^^ not found in this scope
[INFO] [stdout]    |
[INFO] [stdout] help: you might be missing a type parameter
[INFO] [stdout]    |
[INFO] [stdout] 12 | pub struct Attach<DeliveryTag> {
[INFO] [stdout]    |                  +++++++++++++
[INFO] [stdout] 
[INFO] [stdout] error[E0412]: cannot find type `DeliveryState` in this scope
[INFO] [stdout]   --> src/lib.rs:77:49
[INFO] [stdout]    |
[INFO] [stdout] 37 |     pub unsettled: Option<BTreeMap<DeliveryTag, DeliveryState>>,
[INFO] [stdout]    |                                                 ^^^^^^^^^^^^^ not found in this scope
[INFO] [stdout]    |
[INFO] [stdout] help: you might be missing a type parameter
[INFO] [stdout]    |
[INFO] [stdout] 12 | pub struct Attach<DeliveryState> {
[INFO] [stdout]    |                  +++++++++++++++
[INFO] [stdout] 
[INFO] [stdout] error[E0412]: cannot find type `Boolean` in this scope
[INFO] [stdout]   --> src/lib.rs:81:31
[INFO] [stdout]    |
[INFO] [stdout] 41 |     pub incomplete_unsettled: Boolean,
[INFO] [stdout]    |                               ^^^^^^^
[INFO] [stdout]    |                               |
[INFO] [stdout]    |                               not found in this scope
[INFO] [stdout]    |                               help: perhaps you intended to use this type: `bool`
[INFO] [stdout] 
[INFO] [stdout] error[E0412]: cannot find type `SequenceNo` in this scope
[INFO] [stdout]   --> src/lib.rs:84:40
[INFO] [stdout]    |
[INFO] [stdout] 44 |     pub initial_delivery_count: Option<SequenceNo>,
[INFO] [stdout]    |                                        ^^^^^^^^^^ not found in this scope
[INFO] [stdout]    |
[INFO] [stdout] help: you might be missing a type parameter
[INFO] [stdout]    |
[INFO] [stdout] 12 | pub struct Attach<SequenceNo> {
[INFO] [stdout]    |                  ++++++++++++
[INFO] [stdout] 
[INFO] [stdout] error[E0412]: cannot find type `ULong` in this scope
[INFO] [stdout]   --> src/lib.rs:87:34
[INFO] [stdout]    |
[INFO] [stdout] 47 |     pub max_message_size: Option<ULong>,
[INFO] [stdout]    |                                  ^^^^^ not found in this scope
[INFO] [stdout]    |
[INFO] [stdout] help: you might be missing a type parameter
[INFO] [stdout]    |
[INFO] [stdout] 12 | pub struct Attach<ULong> {
[INFO] [stdout]    |                  +++++++
[INFO] [stdout] 
[INFO] [stdout] error[E0412]: cannot find type `Symbol` in this scope
[INFO] [stdout]   --> src/lib.rs:90:42
[INFO] [stdout]    |
[INFO] [stdout] 50 |     pub offered_capabilities: Option<Vec<Symbol>>,
[INFO] [stdout]    |                                          ^^^^^^ not found in this scope
[INFO] [stdout]    |
[INFO] [stdout] help: consider importing this trait
[INFO] [stdout]    |
[INFO] [stdout] 2  + use proc_macro::bridge::server::Symbol;
[INFO] [stdout]    |
[INFO] [stdout] 
[INFO] [stdout] error[E0412]: cannot find type `Symbol` in this scope
[INFO] [stdout]   --> src/lib.rs:93:42
[INFO] [stdout]    |
[INFO] [stdout] 53 |     pub desired_capabilities: Option<Vec<Symbol>>,
[INFO] [stdout]    |                                          ^^^^^^ not found in this scope
[INFO] [stdout]    |
[INFO] [stdout] help: consider importing this trait
[INFO] [stdout]    |
[INFO] [stdout] 2  + use proc_macro::bridge::server::Symbol;
[INFO] [stdout]    |
[INFO] [stdout] 
[INFO] [stdout] error[E0412]: cannot find type `Fields` in this scope
[INFO] [stdout]   --> src/lib.rs:96:28
[INFO] [stdout]    |
[INFO] [stdout] 56 |     pub properties: Option<Fields>,
[INFO] [stdout]    |                            ^^^^^^ not found in this scope
[INFO] [stdout]    |
[INFO] [stdout] help: consider importing one of these items
[INFO] [stdout]    |
[INFO] [stdout] 2  + use darling::ast::Fields;
[INFO] [stdout]    |
[INFO] [stdout] 2  + use syn::Fields;
[INFO] [stdout]    |
[INFO] [stdout] 
[INFO] [stdout] error: aborting due to 21 previous errors
[INFO] [stdout] 
[INFO] [stdout] For more information about this error, try `rustc --explain E0412`.
[INFO] [stdout] Couldn't compile the test.
[INFO] [stdout] 
[INFO] [stdout] failures:
[INFO] [stdout]     src/lib.rs - (line 103)
[INFO] [stdout]     src/lib.rs - (line 42)
[INFO] [stdout] 
[INFO] [stdout] test result: FAILED. 0 passed; 2 failed; 0 ignored; 0 measured; 0 filtered out; finished in 0.07s
[INFO] [stdout] 
[INFO] [stderr] error: doctest failed, to rerun pass `--doc`
[INFO] running `Command { std: "docker" "inspect" "b7ea2442a689e09af92650524952643835d4f17585952b66d1a6bcd8f2e7e6b4", kill_on_drop: false }`
[INFO] running `Command { std: "docker" "rm" "-f" "b7ea2442a689e09af92650524952643835d4f17585952b66d1a6bcd8f2e7e6b4", kill_on_drop: false }`
[INFO] [stdout] b7ea2442a689e09af92650524952643835d4f17585952b66d1a6bcd8f2e7e6b4
