[INFO] fetching crate sequencer 0.1.1...
[INFO] testing sequencer-0.1.1 against 1.75.0 for beta-1.76-1
[INFO] extracting crate sequencer 0.1.1 into /workspace/builds/worker-5-tc1/source
[INFO] validating manifest of crates.io crate sequencer 0.1.1 on toolchain 1.75.0
[INFO] running `Command { std: CARGO_HOME="/workspace/cargo-home" RUSTUP_HOME="/workspace/rustup-home" "/workspace/cargo-home/bin/cargo" "+1.75.0" "metadata" "--manifest-path" "Cargo.toml" "--no-deps", kill_on_drop: false }`
[INFO] started tweaking crates.io crate sequencer 0.1.1
[INFO] finished tweaking crates.io crate sequencer 0.1.1
[INFO] tweaked toml for crates.io crate sequencer 0.1.1 written to /workspace/builds/worker-5-tc1/source/Cargo.toml
[INFO] crate crates.io crate sequencer 0.1.1 already has a lockfile, it will not be regenerated
[INFO] running `Command { std: CARGO_HOME="/workspace/cargo-home" RUSTUP_HOME="/workspace/rustup-home" "/workspace/cargo-home/bin/cargo" "+1.75.0" "fetch" "--manifest-path" "Cargo.toml", kill_on_drop: false }`
[INFO] running `Command { std: "docker" "create" "-v" "/var/lib/crater-agent-workspace/builds/worker-5-tc1/target:/opt/rustwide/target:rw,Z" "-v" "/var/lib/crater-agent-workspace/builds/worker-5-tc1/source:/opt/rustwide/workdir:ro,Z" "-v" "/var/lib/crater-agent-workspace/cargo-home:/opt/rustwide/cargo-home:ro,Z" "-v" "/var/lib/crater-agent-workspace/rustup-home:/opt/rustwide/rustup-home:ro,Z" "-e" "SOURCE_DIR=/opt/rustwide/workdir" "-e" "CARGO_TARGET_DIR=/opt/rustwide/target" "-e" "CARGO_HOME=/opt/rustwide/cargo-home" "-e" "RUSTUP_HOME=/opt/rustwide/rustup-home" "-w" "/opt/rustwide/workdir" "-m" "1610612736" "--user" "0:0" "--network" "none" "ghcr.io/rust-lang/crates-build-env/linux@sha256:2788e3201cd34a07e3172128adcd8b3090168a8e3bcc40d7c032b9dda1df7d1c" "/opt/rustwide/cargo-home/bin/cargo" "+1.75.0" "metadata" "--no-deps" "--format-version=1", kill_on_drop: false }`
[INFO] [stdout] 503160d9fa0d7a96d5a1e89f8b37723789d0a4ac0ad0b6cd7a5db3ed4e29381e
[INFO] running `Command { std: "docker" "start" "-a" "503160d9fa0d7a96d5a1e89f8b37723789d0a4ac0ad0b6cd7a5db3ed4e29381e", kill_on_drop: false }`
[INFO] running `Command { std: "docker" "inspect" "503160d9fa0d7a96d5a1e89f8b37723789d0a4ac0ad0b6cd7a5db3ed4e29381e", kill_on_drop: false }`
[INFO] running `Command { std: "docker" "rm" "-f" "503160d9fa0d7a96d5a1e89f8b37723789d0a4ac0ad0b6cd7a5db3ed4e29381e", kill_on_drop: false }`
[INFO] [stdout] 503160d9fa0d7a96d5a1e89f8b37723789d0a4ac0ad0b6cd7a5db3ed4e29381e
[INFO] running `Command { std: "docker" "create" "-v" "/var/lib/crater-agent-workspace/builds/worker-5-tc1/target:/opt/rustwide/target:rw,Z" "-v" "/var/lib/crater-agent-workspace/builds/worker-5-tc1/source:/opt/rustwide/workdir:ro,Z" "-v" "/var/lib/crater-agent-workspace/cargo-home:/opt/rustwide/cargo-home:ro,Z" "-v" "/var/lib/crater-agent-workspace/rustup-home:/opt/rustwide/rustup-home:ro,Z" "-e" "SOURCE_DIR=/opt/rustwide/workdir" "-e" "CARGO_TARGET_DIR=/opt/rustwide/target" "-e" "CARGO_INCREMENTAL=0" "-e" "RUST_BACKTRACE=full" "-e" "RUSTFLAGS=--cap-lints=warn" "-e" "RUSTDOCFLAGS=--cap-lints=warn" "-e" "CARGO_HOME=/opt/rustwide/cargo-home" "-e" "RUSTUP_HOME=/opt/rustwide/rustup-home" "-w" "/opt/rustwide/workdir" "-m" "1610612736" "--user" "0:0" "--network" "none" "ghcr.io/rust-lang/crates-build-env/linux@sha256:2788e3201cd34a07e3172128adcd8b3090168a8e3bcc40d7c032b9dda1df7d1c" "/opt/rustwide/cargo-home/bin/cargo" "+1.75.0" "build" "--frozen" "--message-format=json", kill_on_drop: false }`
[INFO] [stdout] 8d62d510f4ee005a0d12d0a4c63bd463d6a83f6b7a911a1f511d0279f25bfc46
[INFO] running `Command { std: "docker" "start" "-a" "8d62d510f4ee005a0d12d0a4c63bd463d6a83f6b7a911a1f511d0279f25bfc46", kill_on_drop: false }`
[INFO] [stderr]    Compiling slotmap v1.0.6
[INFO] [stderr]    Compiling log v0.4.14
[INFO] [stderr]    Compiling sequencer v0.1.1 (/opt/rustwide/workdir)
[INFO] [stderr]     Finished dev [unoptimized + debuginfo] target(s) in 0.46s
[INFO] running `Command { std: "docker" "inspect" "8d62d510f4ee005a0d12d0a4c63bd463d6a83f6b7a911a1f511d0279f25bfc46", kill_on_drop: false }`
[INFO] running `Command { std: "docker" "rm" "-f" "8d62d510f4ee005a0d12d0a4c63bd463d6a83f6b7a911a1f511d0279f25bfc46", kill_on_drop: false }`
[INFO] [stdout] 8d62d510f4ee005a0d12d0a4c63bd463d6a83f6b7a911a1f511d0279f25bfc46
[INFO] running `Command { std: "docker" "create" "-v" "/var/lib/crater-agent-workspace/builds/worker-5-tc1/target:/opt/rustwide/target:rw,Z" "-v" "/var/lib/crater-agent-workspace/builds/worker-5-tc1/source:/opt/rustwide/workdir:ro,Z" "-v" "/var/lib/crater-agent-workspace/cargo-home:/opt/rustwide/cargo-home:ro,Z" "-v" "/var/lib/crater-agent-workspace/rustup-home:/opt/rustwide/rustup-home:ro,Z" "-e" "SOURCE_DIR=/opt/rustwide/workdir" "-e" "CARGO_TARGET_DIR=/opt/rustwide/target" "-e" "CARGO_INCREMENTAL=0" "-e" "RUST_BACKTRACE=full" "-e" "RUSTFLAGS=--cap-lints=warn" "-e" "RUSTDOCFLAGS=--cap-lints=warn" "-e" "CARGO_HOME=/opt/rustwide/cargo-home" "-e" "RUSTUP_HOME=/opt/rustwide/rustup-home" "-w" "/opt/rustwide/workdir" "-m" "1610612736" "--user" "0:0" "--network" "none" "ghcr.io/rust-lang/crates-build-env/linux@sha256:2788e3201cd34a07e3172128adcd8b3090168a8e3bcc40d7c032b9dda1df7d1c" "/opt/rustwide/cargo-home/bin/cargo" "+1.75.0" "test" "--frozen" "--no-run" "--message-format=json", kill_on_drop: false }`
[INFO] [stdout] 5cd69acfc4760b5fba636b4e80292d5ee504ed079bc440b22c22ce0b1156fb61
[INFO] running `Command { std: "docker" "start" "-a" "5cd69acfc4760b5fba636b4e80292d5ee504ed079bc440b22c22ce0b1156fb61", kill_on_drop: false }`
[INFO] [stderr]    Compiling sequencer v0.1.1 (/opt/rustwide/workdir)
[INFO] [stderr]     Finished test [unoptimized + debuginfo] target(s) in 0.41s
[INFO] running `Command { std: "docker" "inspect" "5cd69acfc4760b5fba636b4e80292d5ee504ed079bc440b22c22ce0b1156fb61", kill_on_drop: false }`
[INFO] running `Command { std: "docker" "rm" "-f" "5cd69acfc4760b5fba636b4e80292d5ee504ed079bc440b22c22ce0b1156fb61", kill_on_drop: false }`
[INFO] [stdout] 5cd69acfc4760b5fba636b4e80292d5ee504ed079bc440b22c22ce0b1156fb61
[INFO] running `Command { std: "docker" "create" "-v" "/var/lib/crater-agent-workspace/builds/worker-5-tc1/target:/opt/rustwide/target:rw,Z" "-v" "/var/lib/crater-agent-workspace/builds/worker-5-tc1/source:/opt/rustwide/workdir:ro,Z" "-v" "/var/lib/crater-agent-workspace/cargo-home:/opt/rustwide/cargo-home:ro,Z" "-v" "/var/lib/crater-agent-workspace/rustup-home:/opt/rustwide/rustup-home:ro,Z" "-e" "SOURCE_DIR=/opt/rustwide/workdir" "-e" "CARGO_TARGET_DIR=/opt/rustwide/target" "-e" "CARGO_INCREMENTAL=0" "-e" "RUST_BACKTRACE=full" "-e" "RUSTFLAGS=--cap-lints=warn" "-e" "RUSTDOCFLAGS=--cap-lints=warn" "-e" "CARGO_HOME=/opt/rustwide/cargo-home" "-e" "RUSTUP_HOME=/opt/rustwide/rustup-home" "-w" "/opt/rustwide/workdir" "-m" "1610612736" "--user" "0:0" "--network" "none" "ghcr.io/rust-lang/crates-build-env/linux@sha256:2788e3201cd34a07e3172128adcd8b3090168a8e3bcc40d7c032b9dda1df7d1c" "/opt/rustwide/cargo-home/bin/cargo" "+1.75.0" "test" "--frozen", kill_on_drop: false }`
[INFO] [stdout] fc1b8bd86d9f0aaaf98e8435d1195c714936508b3b9a59568fce57ea605ab8cb
[INFO] running `Command { std: "docker" "start" "-a" "fc1b8bd86d9f0aaaf98e8435d1195c714936508b3b9a59568fce57ea605ab8cb", kill_on_drop: false }`
[INFO] [stderr]     Finished test [unoptimized + debuginfo] target(s) in 0.00s
[INFO] [stderr]      Running unittests src/lib.rs (/opt/rustwide/target/debug/deps/sequencer-8f402387fa4c1aa8)
[INFO] [stdout] 
[INFO] [stdout] running 9 tests
[INFO] [stdout] test tests::test_drain_queue ... ok
[INFO] [stdout] test tests::test_for_each_active ... ok
[INFO] [stdout] test tests::test_inject_seq ... ok
[INFO] [stdout] test tests::test_is_active ... ok
[INFO] [stdout] test tests::test_new_child_seq ... ok
[INFO] [stdout] test tests::test_new_node ... ok
[INFO] [stdout] test tests::test_new_seq ... ok
[INFO] [stdout] test tests::test_node_finished_seq ... ok
[INFO] [stdout] test tests::test_node_finished_singular ... ok
[INFO] [stdout] 
[INFO] [stdout] test result: ok. 9 passed; 0 failed; 0 ignored; 0 measured; 0 filtered out; finished in 0.00s
[INFO] [stdout] 
[INFO] [stderr]    Doc-tests sequencer
[INFO] [stdout] 
[INFO] [stdout] running 1 test
[INFO] [stdout] test src/lib.rs - (line 29) ... FAILED
[INFO] [stdout] 
[INFO] [stdout] failures:
[INFO] [stdout] 
[INFO] [stdout] ---- src/lib.rs - (line 29) stdout ----
[INFO] [stdout] error: expected one of `,`, `=`, or `}`, found `Print`
[INFO] [stdout]  --> src/lib.rs:33:5
[INFO] [stdout]   |
[INFO] [stdout] 5 |     Wait(usize)
[INFO] [stdout]   |                -
[INFO] [stdout]   |                |
[INFO] [stdout]   |                expected one of `,`, `=`, or `}`
[INFO] [stdout]   |                help: missing `,`
[INFO] [stdout] 6 |     Print(String)
[INFO] [stdout]   |     ^^^^^ unexpected token
[INFO] [stdout] 
[INFO] [stdout] error: unexpected `...`
[INFO] [stdout]   --> src/lib.rs:39:13
[INFO] [stdout]    |
[INFO] [stdout] 12 |             ...
[INFO] [stdout]    |             ^^^
[INFO] [stdout]    |             |
[INFO] [stdout]    |             not a valid pattern
[INFO] [stdout]    |             help: for a rest pattern, use `..` instead of `...`
[INFO] [stdout] 
[INFO] [stdout] error: expected one of `=>`, `if`, or `|`, found `}`
[INFO] [stdout]   --> src/lib.rs:40:9
[INFO] [stdout]    |
[INFO] [stdout] 12 |             ...
[INFO] [stdout]    |                - expected one of `=>`, `if`, or `|`
[INFO] [stdout] 13 |         }
[INFO] [stdout]    |         ^ unexpected token
[INFO] [stdout] 
[INFO] [stdout] error[E0433]: failed to resolve: use of undeclared type `Sequencer`
[INFO] [stdout]   --> src/lib.rs:45:25
[INFO] [stdout]    |
[INFO] [stdout] 18 |     let mut sequencer = Sequencer::default();
[INFO] [stdout]    |                         ^^^^^^^^^ use of undeclared type `Sequencer`
[INFO] [stdout]    |
[INFO] [stdout] help: consider importing this struct
[INFO] [stdout]    |
[INFO] [stdout] 2  + use sequencer::Sequencer;
[INFO] [stdout]    |
[INFO] [stdout] 
[INFO] [stdout] error[E0425]: cannot find function, tuple struct or tuple variant `Wait` in this scope
[INFO] [stdout]   --> src/lib.rs:46:28
[INFO] [stdout]    |
[INFO] [stdout] 19 |     sequencer.new_seq(vec![Wait(5usize), Print("Done waiting".to_string())]);
[INFO] [stdout]    |                            ^^^^ not found in this scope
[INFO] [stdout]    |
[INFO] [stdout] help: consider importing this tuple variant
[INFO] [stdout]    |
[INFO] [stdout] 2  + use crate::Actions::Wait;
[INFO] [stdout]    |
[INFO] [stdout] 
[INFO] [stdout] error[E0425]: cannot find function, tuple struct or tuple variant `Print` in this scope
[INFO] [stdout]   --> src/lib.rs:46:42
[INFO] [stdout]    |
[INFO] [stdout] 19 |     sequencer.new_seq(vec![Wait(5usize), Print("Done waiting".to_string())]);
[INFO] [stdout]    |                                          ^^^^^ not found in this scope
[INFO] [stdout]    |
[INFO] [stdout] help: consider importing this tuple variant
[INFO] [stdout]    |
[INFO] [stdout] 2  + use crate::Actions::Print;
[INFO] [stdout]    |
[INFO] [stdout] 
[INFO] [stdout] error: aborting due to 6 previous errors
[INFO] [stdout] 
[INFO] [stdout] Some errors have detailed explanations: E0425, E0433.
[INFO] [stdout] For more information about an error, try `rustc --explain E0425`.
[INFO] [stdout] Couldn't compile the test.
[INFO] [stdout] 
[INFO] [stdout] failures:
[INFO] [stdout]     src/lib.rs - (line 29)
[INFO] [stdout] 
[INFO] [stdout] test result: FAILED. 0 passed; 1 failed; 0 ignored; 0 measured; 0 filtered out; finished in 0.04s
[INFO] [stdout] 
[INFO] [stderr] error: doctest failed, to rerun pass `--doc`
[INFO] running `Command { std: "docker" "inspect" "fc1b8bd86d9f0aaaf98e8435d1195c714936508b3b9a59568fce57ea605ab8cb", kill_on_drop: false }`
[INFO] running `Command { std: "docker" "rm" "-f" "fc1b8bd86d9f0aaaf98e8435d1195c714936508b3b9a59568fce57ea605ab8cb", kill_on_drop: false }`
[INFO] [stdout] fc1b8bd86d9f0aaaf98e8435d1195c714936508b3b9a59568fce57ea605ab8cb
