[INFO] fetching crate senax-inflector 0.1.0...
[INFO] testing senax-inflector-0.1.0 against 1.75.0 for beta-1.76-1
[INFO] extracting crate senax-inflector 0.1.0 into /workspace/builds/worker-5-tc1/source
[INFO] validating manifest of crates.io crate senax-inflector 0.1.0 on toolchain 1.75.0
[INFO] running `Command { std: CARGO_HOME="/workspace/cargo-home" RUSTUP_HOME="/workspace/rustup-home" "/workspace/cargo-home/bin/cargo" "+1.75.0" "metadata" "--manifest-path" "Cargo.toml" "--no-deps", kill_on_drop: false }`
[INFO] started tweaking crates.io crate senax-inflector 0.1.0
[INFO] finished tweaking crates.io crate senax-inflector 0.1.0
[INFO] tweaked toml for crates.io crate senax-inflector 0.1.0 written to /workspace/builds/worker-5-tc1/source/Cargo.toml
[INFO] running `Command { std: CARGO_HOME="/workspace/cargo-home" RUSTUP_HOME="/workspace/rustup-home" "/workspace/cargo-home/bin/cargo" "+1.75.0" "generate-lockfile" "--manifest-path" "Cargo.toml", kill_on_drop: false }`
[INFO] [stderr]     Updating crates.io index
[INFO] running `Command { std: CARGO_HOME="/workspace/cargo-home" RUSTUP_HOME="/workspace/rustup-home" "/workspace/cargo-home/bin/cargo" "+1.75.0" "fetch" "--manifest-path" "Cargo.toml", kill_on_drop: false }`
[INFO] running `Command { std: "docker" "create" "-v" "/var/lib/crater-agent-workspace/builds/worker-5-tc1/target:/opt/rustwide/target:rw,Z" "-v" "/var/lib/crater-agent-workspace/builds/worker-5-tc1/source:/opt/rustwide/workdir:ro,Z" "-v" "/var/lib/crater-agent-workspace/cargo-home:/opt/rustwide/cargo-home:ro,Z" "-v" "/var/lib/crater-agent-workspace/rustup-home:/opt/rustwide/rustup-home:ro,Z" "-e" "SOURCE_DIR=/opt/rustwide/workdir" "-e" "CARGO_TARGET_DIR=/opt/rustwide/target" "-e" "CARGO_HOME=/opt/rustwide/cargo-home" "-e" "RUSTUP_HOME=/opt/rustwide/rustup-home" "-w" "/opt/rustwide/workdir" "-m" "1610612736" "--user" "0:0" "--network" "none" "ghcr.io/rust-lang/crates-build-env/linux@sha256:2788e3201cd34a07e3172128adcd8b3090168a8e3bcc40d7c032b9dda1df7d1c" "/opt/rustwide/cargo-home/bin/cargo" "+1.75.0" "metadata" "--no-deps" "--format-version=1", kill_on_drop: false }`
[INFO] [stdout] ca815c36de8741cf6827a783d4354bd5d6c9bca498f8116b1f690a092c0898d1
[INFO] running `Command { std: "docker" "start" "-a" "ca815c36de8741cf6827a783d4354bd5d6c9bca498f8116b1f690a092c0898d1", kill_on_drop: false }`
[INFO] running `Command { std: "docker" "inspect" "ca815c36de8741cf6827a783d4354bd5d6c9bca498f8116b1f690a092c0898d1", kill_on_drop: false }`
[INFO] running `Command { std: "docker" "rm" "-f" "ca815c36de8741cf6827a783d4354bd5d6c9bca498f8116b1f690a092c0898d1", kill_on_drop: false }`
[INFO] [stdout] ca815c36de8741cf6827a783d4354bd5d6c9bca498f8116b1f690a092c0898d1
[INFO] running `Command { std: "docker" "create" "-v" "/var/lib/crater-agent-workspace/builds/worker-5-tc1/target:/opt/rustwide/target:rw,Z" "-v" "/var/lib/crater-agent-workspace/builds/worker-5-tc1/source:/opt/rustwide/workdir:ro,Z" "-v" "/var/lib/crater-agent-workspace/cargo-home:/opt/rustwide/cargo-home:ro,Z" "-v" "/var/lib/crater-agent-workspace/rustup-home:/opt/rustwide/rustup-home:ro,Z" "-e" "SOURCE_DIR=/opt/rustwide/workdir" "-e" "CARGO_TARGET_DIR=/opt/rustwide/target" "-e" "CARGO_INCREMENTAL=0" "-e" "RUST_BACKTRACE=full" "-e" "RUSTFLAGS=--cap-lints=warn" "-e" "RUSTDOCFLAGS=--cap-lints=warn" "-e" "CARGO_HOME=/opt/rustwide/cargo-home" "-e" "RUSTUP_HOME=/opt/rustwide/rustup-home" "-w" "/opt/rustwide/workdir" "-m" "1610612736" "--user" "0:0" "--network" "none" "ghcr.io/rust-lang/crates-build-env/linux@sha256:2788e3201cd34a07e3172128adcd8b3090168a8e3bcc40d7c032b9dda1df7d1c" "/opt/rustwide/cargo-home/bin/cargo" "+1.75.0" "build" "--frozen" "--message-format=json", kill_on_drop: false }`
[INFO] [stdout] a81ad319a4c3f744c41c0f207200e7caf23f8830b335b87332e70ca19b66e2fe
[INFO] running `Command { std: "docker" "start" "-a" "a81ad319a4c3f744c41c0f207200e7caf23f8830b335b87332e70ca19b66e2fe", kill_on_drop: false }`
[INFO] [stderr]    Compiling senax-inflector v0.1.0 (/opt/rustwide/workdir)
[INFO] [stderr]     Finished dev [unoptimized + debuginfo] target(s) in 0.12s
[INFO] running `Command { std: "docker" "inspect" "a81ad319a4c3f744c41c0f207200e7caf23f8830b335b87332e70ca19b66e2fe", kill_on_drop: false }`
[INFO] running `Command { std: "docker" "rm" "-f" "a81ad319a4c3f744c41c0f207200e7caf23f8830b335b87332e70ca19b66e2fe", kill_on_drop: false }`
[INFO] [stdout] a81ad319a4c3f744c41c0f207200e7caf23f8830b335b87332e70ca19b66e2fe
[INFO] running `Command { std: "docker" "create" "-v" "/var/lib/crater-agent-workspace/builds/worker-5-tc1/target:/opt/rustwide/target:rw,Z" "-v" "/var/lib/crater-agent-workspace/builds/worker-5-tc1/source:/opt/rustwide/workdir:ro,Z" "-v" "/var/lib/crater-agent-workspace/cargo-home:/opt/rustwide/cargo-home:ro,Z" "-v" "/var/lib/crater-agent-workspace/rustup-home:/opt/rustwide/rustup-home:ro,Z" "-e" "SOURCE_DIR=/opt/rustwide/workdir" "-e" "CARGO_TARGET_DIR=/opt/rustwide/target" "-e" "CARGO_INCREMENTAL=0" "-e" "RUST_BACKTRACE=full" "-e" "RUSTFLAGS=--cap-lints=warn" "-e" "RUSTDOCFLAGS=--cap-lints=warn" "-e" "CARGO_HOME=/opt/rustwide/cargo-home" "-e" "RUSTUP_HOME=/opt/rustwide/rustup-home" "-w" "/opt/rustwide/workdir" "-m" "1610612736" "--user" "0:0" "--network" "none" "ghcr.io/rust-lang/crates-build-env/linux@sha256:2788e3201cd34a07e3172128adcd8b3090168a8e3bcc40d7c032b9dda1df7d1c" "/opt/rustwide/cargo-home/bin/cargo" "+1.75.0" "test" "--frozen" "--no-run" "--message-format=json", kill_on_drop: false }`
[INFO] [stdout] 6ce05dede4557d61b4791c378ee5a07880e56317fc3fa93ff644e80f9e53cea4
[INFO] running `Command { std: "docker" "start" "-a" "6ce05dede4557d61b4791c378ee5a07880e56317fc3fa93ff644e80f9e53cea4", kill_on_drop: false }`
[INFO] [stderr]    Compiling senax-inflector v0.1.0 (/opt/rustwide/workdir)
[INFO] [stderr]     Finished test [unoptimized + debuginfo] target(s) in 0.85s
[INFO] running `Command { std: "docker" "inspect" "6ce05dede4557d61b4791c378ee5a07880e56317fc3fa93ff644e80f9e53cea4", kill_on_drop: false }`
[INFO] running `Command { std: "docker" "rm" "-f" "6ce05dede4557d61b4791c378ee5a07880e56317fc3fa93ff644e80f9e53cea4", kill_on_drop: false }`
[INFO] [stdout] 6ce05dede4557d61b4791c378ee5a07880e56317fc3fa93ff644e80f9e53cea4
[INFO] running `Command { std: "docker" "create" "-v" "/var/lib/crater-agent-workspace/builds/worker-5-tc1/target:/opt/rustwide/target:rw,Z" "-v" "/var/lib/crater-agent-workspace/builds/worker-5-tc1/source:/opt/rustwide/workdir:ro,Z" "-v" "/var/lib/crater-agent-workspace/cargo-home:/opt/rustwide/cargo-home:ro,Z" "-v" "/var/lib/crater-agent-workspace/rustup-home:/opt/rustwide/rustup-home:ro,Z" "-e" "SOURCE_DIR=/opt/rustwide/workdir" "-e" "CARGO_TARGET_DIR=/opt/rustwide/target" "-e" "CARGO_INCREMENTAL=0" "-e" "RUST_BACKTRACE=full" "-e" "RUSTFLAGS=--cap-lints=warn" "-e" "RUSTDOCFLAGS=--cap-lints=warn" "-e" "CARGO_HOME=/opt/rustwide/cargo-home" "-e" "RUSTUP_HOME=/opt/rustwide/rustup-home" "-w" "/opt/rustwide/workdir" "-m" "1610612736" "--user" "0:0" "--network" "none" "ghcr.io/rust-lang/crates-build-env/linux@sha256:2788e3201cd34a07e3172128adcd8b3090168a8e3bcc40d7c032b9dda1df7d1c" "/opt/rustwide/cargo-home/bin/cargo" "+1.75.0" "test" "--frozen", kill_on_drop: false }`
[INFO] [stdout] a1692bab7ba6405e572439a9f0c7b9fca4676fba28736ecb9b9a50810da924c4
[INFO] running `Command { std: "docker" "start" "-a" "a1692bab7ba6405e572439a9f0c7b9fca4676fba28736ecb9b9a50810da924c4", kill_on_drop: false }`
[INFO] [stderr]     Finished test [unoptimized + debuginfo] target(s) in 0.00s
[INFO] [stderr]      Running unittests src/lib.rs (/opt/rustwide/target/debug/deps/senax_inflector-64aeca3ee916d5b9)
[INFO] [stdout] 
[INFO] [stdout] running 18 tests
[INFO] [stdout] test pluralize::tests::ox ... ok
[INFO] [stdout] test pluralize::tests::boxes ... ok
[INFO] [stdout] test pluralize::tests::people ... ok
[INFO] [stdout] test pluralize::tests::mouse ... ok
[INFO] [stdout] test pluralize::tests::woman ... ok
[INFO] [stdout] test pluralize::tests::zoology ... ok
[INFO] [stdout] test pluralize::tests::elf ... ok
[INFO] [stdout] test pluralize::tests::person ... ok
[INFO] [stdout] test pluralize::tests::geometry ... ok
[INFO] [stdout] test pluralize::tests::knife ... ok
[INFO] [stdout] test singularize::singularize_string_if_a_regex_will_match ... ok
[INFO] [stdout] test singularize::singularize_string_returns_none_option_if_no_match ... ok
[INFO] [stdout] test pluralize::tests::axis ... ok
[INFO] [stdout] test pluralize::tests::agendum ... ok
[INFO] [stdout] test pluralize::tests::test ... ok
[INFO] [stdout] test singularize::singularize_ies_suffix ... ok
[INFO] [stdout] test singularize::singularize_others ... ok
[INFO] [stdout] test singularize::singularize_ss_suffix ... ok
[INFO] [stdout] 
[INFO] [stdout] test result: ok. 18 passed; 0 failed; 0 ignored; 0 measured; 0 filtered out; finished in 0.12s
[INFO] [stdout] 
[INFO] [stderr]    Doc-tests senax-inflector
[INFO] [stdout] 
[INFO] [stdout] running 14 tests
[INFO] [stdout] test src/pluralize.rs - pluralize::to_plural (line 92) ... FAILED
[INFO] [stdout] test src/pluralize.rs - pluralize::to_plural (line 100) ... FAILED
[INFO] [stdout] test src/pluralize.rs - pluralize::to_plural (line 116) ... FAILED
[INFO] [stdout] test src/pluralize.rs - pluralize::to_plural (line 76) ... FAILED
[INFO] [stdout] test src/singularize.rs - singularize::to_singular (line 21) ... FAILED
[INFO] [stdout] test src/pluralize.rs - pluralize::to_plural (line 108) ... FAILED
[INFO] [stdout] test src/pluralize.rs - pluralize::to_plural (line 68) ... FAILED
[INFO] [stdout] test src/pluralize.rs - pluralize::to_plural (line 84) ... FAILED
[INFO] [stdout] test src/singularize.rs - singularize::to_singular (line 29) ... FAILED
[INFO] [stdout] test src/singularize.rs - singularize::to_singular (line 69) ... FAILED
[INFO] [stdout] test src/singularize.rs - singularize::to_singular (line 45) ... FAILED
[INFO] [stdout] test src/singularize.rs - singularize::to_singular (line 53) ... FAILED
[INFO] [stdout] test src/singularize.rs - singularize::to_singular (line 37) ... FAILED
[INFO] [stdout] test src/singularize.rs - singularize::to_singular (line 61) ... FAILED
[INFO] [stdout] 
[INFO] [stdout] failures:
[INFO] [stdout] 
[INFO] [stdout] ---- src/pluralize.rs - pluralize::to_plural (line 92) stdout ----
[INFO] [stdout] error[E0433]: failed to resolve: use of undeclared crate or module `inflector`
[INFO] [stdout]  --> src/pluralize.rs:93:5
[INFO] [stdout]   |
[INFO] [stdout] 3 | use inflector::string::pluralize::to_plural;
[INFO] [stdout]   |     ^^^^^^^^^ use of undeclared crate or module `inflector`
[INFO] [stdout] 
[INFO] [stdout] error: aborting due to previous error
[INFO] [stdout] 
[INFO] [stdout] For more information about this error, try `rustc --explain E0433`.
[INFO] [stdout] Couldn't compile the test.
[INFO] [stdout] ---- src/pluralize.rs - pluralize::to_plural (line 100) stdout ----
[INFO] [stdout] error[E0433]: failed to resolve: use of undeclared crate or module `inflector`
[INFO] [stdout]  --> src/pluralize.rs:101:5
[INFO] [stdout]   |
[INFO] [stdout] 3 | use inflector::string::pluralize::to_plural;
[INFO] [stdout]   |     ^^^^^^^^^ use of undeclared crate or module `inflector`
[INFO] [stdout] 
[INFO] [stdout] error: aborting due to previous error
[INFO] [stdout] 
[INFO] [stdout] For more information about this error, try `rustc --explain E0433`.
[INFO] [stdout] Couldn't compile the test.
[INFO] [stdout] ---- src/pluralize.rs - pluralize::to_plural (line 116) stdout ----
[INFO] [stdout] error[E0433]: failed to resolve: use of undeclared crate or module `inflector`
[INFO] [stdout]  --> src/pluralize.rs:117:5
[INFO] [stdout]   |
[INFO] [stdout] 3 | use inflector::string::pluralize::to_plural;
[INFO] [stdout]   |     ^^^^^^^^^ use of undeclared crate or module `inflector`
[INFO] [stdout] 
[INFO] [stdout] error: aborting due to previous error
[INFO] [stdout] 
[INFO] [stdout] For more information about this error, try `rustc --explain E0433`.
[INFO] [stdout] Couldn't compile the test.
[INFO] [stdout] ---- src/pluralize.rs - pluralize::to_plural (line 76) stdout ----
[INFO] [stdout] error[E0433]: failed to resolve: use of undeclared crate or module `inflector`
[INFO] [stdout]  --> src/pluralize.rs:77:5
[INFO] [stdout]   |
[INFO] [stdout] 3 | use inflector::string::pluralize::to_plural;
[INFO] [stdout]   |     ^^^^^^^^^ use of undeclared crate or module `inflector`
[INFO] [stdout] 
[INFO] [stdout] error: aborting due to previous error
[INFO] [stdout] 
[INFO] [stdout] For more information about this error, try `rustc --explain E0433`.
[INFO] [stdout] Couldn't compile the test.
[INFO] [stdout] ---- src/singularize.rs - singularize::to_singular (line 21) stdout ----
[INFO] [stdout] error[E0433]: failed to resolve: use of undeclared crate or module `inflector`
[INFO] [stdout]  --> src/singularize.rs:22:5
[INFO] [stdout]   |
[INFO] [stdout] 3 | use inflector::string::singularize::to_singular;
[INFO] [stdout]   |     ^^^^^^^^^ use of undeclared crate or module `inflector`
[INFO] [stdout] 
[INFO] [stdout] error: aborting due to previous error
[INFO] [stdout] 
[INFO] [stdout] For more information about this error, try `rustc --explain E0433`.
[INFO] [stdout] Couldn't compile the test.
[INFO] [stdout] ---- src/pluralize.rs - pluralize::to_plural (line 108) stdout ----
[INFO] [stdout] error[E0433]: failed to resolve: use of undeclared crate or module `inflector`
[INFO] [stdout]  --> src/pluralize.rs:109:5
[INFO] [stdout]   |
[INFO] [stdout] 3 | use inflector::string::pluralize::to_plural;
[INFO] [stdout]   |     ^^^^^^^^^ use of undeclared crate or module `inflector`
[INFO] [stdout] 
[INFO] [stdout] error: aborting due to previous error
[INFO] [stdout] 
[INFO] [stdout] For more information about this error, try `rustc --explain E0433`.
[INFO] [stdout] Couldn't compile the test.
[INFO] [stdout] ---- src/pluralize.rs - pluralize::to_plural (line 68) stdout ----
[INFO] [stdout] error[E0433]: failed to resolve: use of undeclared crate or module `inflector`
[INFO] [stdout]  --> src/pluralize.rs:69:5
[INFO] [stdout]   |
[INFO] [stdout] 3 | use inflector::string::pluralize::to_plural;
[INFO] [stdout]   |     ^^^^^^^^^ use of undeclared crate or module `inflector`
[INFO] [stdout] 
[INFO] [stdout] error: aborting due to previous error
[INFO] [stdout] 
[INFO] [stdout] For more information about this error, try `rustc --explain E0433`.
[INFO] [stdout] Couldn't compile the test.
[INFO] [stdout] ---- src/pluralize.rs - pluralize::to_plural (line 84) stdout ----
[INFO] [stdout] error[E0433]: failed to resolve: use of undeclared crate or module `inflector`
[INFO] [stdout]  --> src/pluralize.rs:85:5
[INFO] [stdout]   |
[INFO] [stdout] 3 | use inflector::string::pluralize::to_plural;
[INFO] [stdout]   |     ^^^^^^^^^ use of undeclared crate or module `inflector`
[INFO] [stdout] 
[INFO] [stdout] error: aborting due to previous error
[INFO] [stdout] 
[INFO] [stdout] For more information about this error, try `rustc --explain E0433`.
[INFO] [stdout] Couldn't compile the test.
[INFO] [stdout] ---- src/singularize.rs - singularize::to_singular (line 29) stdout ----
[INFO] [stdout] error[E0433]: failed to resolve: use of undeclared crate or module `inflector`
[INFO] [stdout]  --> src/singularize.rs:30:5
[INFO] [stdout]   |
[INFO] [stdout] 3 | use inflector::string::singularize::to_singular;
[INFO] [stdout]   |     ^^^^^^^^^ use of undeclared crate or module `inflector`
[INFO] [stdout] 
[INFO] [stdout] error: aborting due to previous error
[INFO] [stdout] 
[INFO] [stdout] For more information about this error, try `rustc --explain E0433`.
[INFO] [stdout] Couldn't compile the test.
[INFO] [stdout] ---- src/singularize.rs - singularize::to_singular (line 69) stdout ----
[INFO] [stdout] error[E0433]: failed to resolve: use of undeclared crate or module `inflector`
[INFO] [stdout]  --> src/singularize.rs:70:5
[INFO] [stdout]   |
[INFO] [stdout] 3 | use inflector::string::singularize::to_singular;
[INFO] [stdout]   |     ^^^^^^^^^ use of undeclared crate or module `inflector`
[INFO] [stdout] 
[INFO] [stdout] error: aborting due to previous error
[INFO] [stdout] 
[INFO] [stdout] For more information about this error, try `rustc --explain E0433`.
[INFO] [stdout] Couldn't compile the test.
[INFO] [stdout] ---- src/singularize.rs - singularize::to_singular (line 45) stdout ----
[INFO] [stdout] error[E0433]: failed to resolve: use of undeclared crate or module `inflector`
[INFO] [stdout]  --> src/singularize.rs:46:5
[INFO] [stdout]   |
[INFO] [stdout] 3 | use inflector::string::singularize::to_singular;
[INFO] [stdout]   |     ^^^^^^^^^ use of undeclared crate or module `inflector`
[INFO] [stdout] 
[INFO] [stdout] error: aborting due to previous error
[INFO] [stdout] 
[INFO] [stdout] For more information about this error, try `rustc --explain E0433`.
[INFO] [stdout] Couldn't compile the test.
[INFO] [stdout] ---- src/singularize.rs - singularize::to_singular (line 53) stdout ----
[INFO] [stdout] error[E0433]: failed to resolve: use of undeclared crate or module `inflector`
[INFO] [stdout]  --> src/singularize.rs:54:5
[INFO] [stdout]   |
[INFO] [stdout] 3 | use inflector::string::singularize::to_singular;
[INFO] [stdout]   |     ^^^^^^^^^ use of undeclared crate or module `inflector`
[INFO] [stdout] 
[INFO] [stdout] error: aborting due to previous error
[INFO] [stdout] 
[INFO] [stdout] For more information about this error, try `rustc --explain E0433`.
[INFO] [stdout] Couldn't compile the test.
[INFO] [stdout] ---- src/singularize.rs - singularize::to_singular (line 37) stdout ----
[INFO] [stdout] error[E0433]: failed to resolve: use of undeclared crate or module `inflector`
[INFO] [stdout]  --> src/singularize.rs:38:5
[INFO] [stdout]   |
[INFO] [stdout] 3 | use inflector::string::singularize::to_singular;
[INFO] [stdout]   |     ^^^^^^^^^ use of undeclared crate or module `inflector`
[INFO] [stdout] 
[INFO] [stdout] error: aborting due to previous error
[INFO] [stdout] 
[INFO] [stdout] For more information about this error, try `rustc --explain E0433`.
[INFO] [stdout] Couldn't compile the test.
[INFO] [stdout] ---- src/singularize.rs - singularize::to_singular (line 61) stdout ----
[INFO] [stdout] error[E0433]: failed to resolve: use of undeclared crate or module `inflector`
[INFO] [stdout]  --> src/singularize.rs:62:5
[INFO] [stdout]   |
[INFO] [stdout] 3 | use inflector::string::singularize::to_singular;
[INFO] [stdout]   |     ^^^^^^^^^ use of undeclared crate or module `inflector`
[INFO] [stdout] 
[INFO] [stdout] error: aborting due to previous error
[INFO] [stdout] 
[INFO] [stdout] For more information about this error, try `rustc --explain E0433`.
[INFO] [stdout] Couldn't compile the test.
[INFO] [stdout] 
[INFO] [stdout] failures:
[INFO] [stdout]     src/pluralize.rs - pluralize::to_plural (line 100)
[INFO] [stdout]     src/pluralize.rs - pluralize::to_plural (line 108)
[INFO] [stdout]     src/pluralize.rs - pluralize::to_plural (line 116)
[INFO] [stdout]     src/pluralize.rs - pluralize::to_plural (line 68)
[INFO] [stdout]     src/pluralize.rs - pluralize::to_plural (line 76)
[INFO] [stdout]     src/pluralize.rs - pluralize::to_plural (line 84)
[INFO] [stdout]     src/pluralize.rs - pluralize::to_plural (line 92)
[INFO] [stdout]     src/singularize.rs - singularize::to_singular (line 21)
[INFO] [stdout]     src/singularize.rs - singularize::to_singular (line 29)
[INFO] [stdout]     src/singularize.rs - singularize::to_singular (line 37)
[INFO] [stdout]     src/singularize.rs - singularize::to_singular (line 45)
[INFO] [stdout]     src/singularize.rs - singularize::to_singular (line 53)
[INFO] [stdout]     src/singularize.rs - singularize::to_singular (line 61)
[INFO] [stdout]     src/singularize.rs - singularize::to_singular (line 69)
[INFO] [stdout] 
[INFO] [stdout] test result: FAILED. 0 passed; 14 failed; 0 ignored; 0 measured; 0 filtered out; finished in 0.07s
[INFO] [stdout] 
[INFO] [stderr] error: doctest failed, to rerun pass `--doc`
[INFO] running `Command { std: "docker" "inspect" "a1692bab7ba6405e572439a9f0c7b9fca4676fba28736ecb9b9a50810da924c4", kill_on_drop: false }`
[INFO] running `Command { std: "docker" "rm" "-f" "a1692bab7ba6405e572439a9f0c7b9fca4676fba28736ecb9b9a50810da924c4", kill_on_drop: false }`
[INFO] [stdout] a1692bab7ba6405e572439a9f0c7b9fca4676fba28736ecb9b9a50810da924c4
[INFO] testing senax-inflector-0.1.0 against beta-2023-12-22 for beta-1.76-1
[INFO] extracting crate senax-inflector 0.1.0 into /workspace/builds/worker-5-tc2/source
[INFO] validating manifest of crates.io crate senax-inflector 0.1.0 on toolchain beta-2023-12-22
[INFO] running `Command { std: CARGO_HOME="/workspace/cargo-home" RUSTUP_HOME="/workspace/rustup-home" "/workspace/cargo-home/bin/cargo" "+beta-2023-12-22" "metadata" "--manifest-path" "Cargo.toml" "--no-deps", kill_on_drop: false }`
[INFO] started tweaking crates.io crate senax-inflector 0.1.0
[INFO] finished tweaking crates.io crate senax-inflector 0.1.0
[INFO] tweaked toml for crates.io crate senax-inflector 0.1.0 written to /workspace/builds/worker-5-tc2/source/Cargo.toml
[INFO] running `Command { std: CARGO_HOME="/workspace/cargo-home" RUSTUP_HOME="/workspace/rustup-home" "/workspace/cargo-home/bin/cargo" "+beta-2023-12-22" "generate-lockfile" "--manifest-path" "Cargo.toml", kill_on_drop: false }`
[INFO] [stderr]     Updating crates.io index
[INFO] running `Command { std: CARGO_HOME="/workspace/cargo-home" RUSTUP_HOME="/workspace/rustup-home" "/workspace/cargo-home/bin/cargo" "+beta-2023-12-22" "fetch" "--manifest-path" "Cargo.toml", kill_on_drop: false }`
[INFO] running `Command { std: "docker" "create" "-v" "/var/lib/crater-agent-workspace/builds/worker-5-tc2/target:/opt/rustwide/target:rw,Z" "-v" "/var/lib/crater-agent-workspace/builds/worker-5-tc2/source:/opt/rustwide/workdir:ro,Z" "-v" "/var/lib/crater-agent-workspace/cargo-home:/opt/rustwide/cargo-home:ro,Z" "-v" "/var/lib/crater-agent-workspace/rustup-home:/opt/rustwide/rustup-home:ro,Z" "-e" "SOURCE_DIR=/opt/rustwide/workdir" "-e" "CARGO_TARGET_DIR=/opt/rustwide/target" "-e" "CARGO_HOME=/opt/rustwide/cargo-home" "-e" "RUSTUP_HOME=/opt/rustwide/rustup-home" "-w" "/opt/rustwide/workdir" "-m" "1610612736" "--user" "0:0" "--network" "none" "ghcr.io/rust-lang/crates-build-env/linux@sha256:2788e3201cd34a07e3172128adcd8b3090168a8e3bcc40d7c032b9dda1df7d1c" "/opt/rustwide/cargo-home/bin/cargo" "+beta-2023-12-22" "metadata" "--no-deps" "--format-version=1", kill_on_drop: false }`
[INFO] [stdout] 46b12cdaf40a28e8fcb4b5f1d72c6a7cdfe953bd2bb593814ca01d9fe148620e
[INFO] running `Command { std: "docker" "start" "-a" "46b12cdaf40a28e8fcb4b5f1d72c6a7cdfe953bd2bb593814ca01d9fe148620e", kill_on_drop: false }`
[INFO] running `Command { std: "docker" "inspect" "46b12cdaf40a28e8fcb4b5f1d72c6a7cdfe953bd2bb593814ca01d9fe148620e", kill_on_drop: false }`
[INFO] running `Command { std: "docker" "rm" "-f" "46b12cdaf40a28e8fcb4b5f1d72c6a7cdfe953bd2bb593814ca01d9fe148620e", kill_on_drop: false }`
[INFO] [stdout] 46b12cdaf40a28e8fcb4b5f1d72c6a7cdfe953bd2bb593814ca01d9fe148620e
[INFO] running `Command { std: "docker" "create" "-v" "/var/lib/crater-agent-workspace/builds/worker-5-tc2/target:/opt/rustwide/target:rw,Z" "-v" "/var/lib/crater-agent-workspace/builds/worker-5-tc2/source:/opt/rustwide/workdir:ro,Z" "-v" "/var/lib/crater-agent-workspace/cargo-home:/opt/rustwide/cargo-home:ro,Z" "-v" "/var/lib/crater-agent-workspace/rustup-home:/opt/rustwide/rustup-home:ro,Z" "-e" "SOURCE_DIR=/opt/rustwide/workdir" "-e" "CARGO_TARGET_DIR=/opt/rustwide/target" "-e" "CARGO_INCREMENTAL=0" "-e" "RUST_BACKTRACE=full" "-e" "RUSTFLAGS=--cap-lints=warn" "-e" "RUSTDOCFLAGS=--cap-lints=warn" "-e" "CARGO_HOME=/opt/rustwide/cargo-home" "-e" "RUSTUP_HOME=/opt/rustwide/rustup-home" "-w" "/opt/rustwide/workdir" "-m" "1610612736" "--user" "0:0" "--network" "none" "ghcr.io/rust-lang/crates-build-env/linux@sha256:2788e3201cd34a07e3172128adcd8b3090168a8e3bcc40d7c032b9dda1df7d1c" "/opt/rustwide/cargo-home/bin/cargo" "+beta-2023-12-22" "build" "--frozen" "--message-format=json", kill_on_drop: false }`
[INFO] [stdout] 9366eb993cba98460ec4d09f9b1573fd893c70c503fa18607eb368deaddf1040
[INFO] running `Command { std: "docker" "start" "-a" "9366eb993cba98460ec4d09f9b1573fd893c70c503fa18607eb368deaddf1040", kill_on_drop: false }`
[INFO] [stderr]    Compiling senax-inflector v0.1.0 (/opt/rustwide/workdir)
[INFO] [stderr]     Finished dev [unoptimized + debuginfo] target(s) in 0.14s
[INFO] running `Command { std: "docker" "inspect" "9366eb993cba98460ec4d09f9b1573fd893c70c503fa18607eb368deaddf1040", kill_on_drop: false }`
[INFO] running `Command { std: "docker" "rm" "-f" "9366eb993cba98460ec4d09f9b1573fd893c70c503fa18607eb368deaddf1040", kill_on_drop: false }`
[INFO] [stdout] 9366eb993cba98460ec4d09f9b1573fd893c70c503fa18607eb368deaddf1040
[INFO] running `Command { std: "docker" "create" "-v" "/var/lib/crater-agent-workspace/builds/worker-5-tc2/target:/opt/rustwide/target:rw,Z" "-v" "/var/lib/crater-agent-workspace/builds/worker-5-tc2/source:/opt/rustwide/workdir:ro,Z" "-v" "/var/lib/crater-agent-workspace/cargo-home:/opt/rustwide/cargo-home:ro,Z" "-v" "/var/lib/crater-agent-workspace/rustup-home:/opt/rustwide/rustup-home:ro,Z" "-e" "SOURCE_DIR=/opt/rustwide/workdir" "-e" "CARGO_TARGET_DIR=/opt/rustwide/target" "-e" "CARGO_INCREMENTAL=0" "-e" "RUST_BACKTRACE=full" "-e" "RUSTFLAGS=--cap-lints=warn" "-e" "RUSTDOCFLAGS=--cap-lints=warn" "-e" "CARGO_HOME=/opt/rustwide/cargo-home" "-e" "RUSTUP_HOME=/opt/rustwide/rustup-home" "-w" "/opt/rustwide/workdir" "-m" "1610612736" "--user" "0:0" "--network" "none" "ghcr.io/rust-lang/crates-build-env/linux@sha256:2788e3201cd34a07e3172128adcd8b3090168a8e3bcc40d7c032b9dda1df7d1c" "/opt/rustwide/cargo-home/bin/cargo" "+beta-2023-12-22" "test" "--frozen" "--no-run" "--message-format=json", kill_on_drop: false }`
[INFO] [stdout] 30be6422bd16b9b5e2d0a264d37fb5809f3a425a6a44666ff5da60f777da7530
[INFO] running `Command { std: "docker" "start" "-a" "30be6422bd16b9b5e2d0a264d37fb5809f3a425a6a44666ff5da60f777da7530", kill_on_drop: false }`
[INFO] [stderr]    Compiling senax-inflector v0.1.0 (/opt/rustwide/workdir)
[INFO] [stderr]     Finished test [unoptimized + debuginfo] target(s) in 0.95s
[INFO] running `Command { std: "docker" "inspect" "30be6422bd16b9b5e2d0a264d37fb5809f3a425a6a44666ff5da60f777da7530", kill_on_drop: false }`
[INFO] running `Command { std: "docker" "rm" "-f" "30be6422bd16b9b5e2d0a264d37fb5809f3a425a6a44666ff5da60f777da7530", kill_on_drop: false }`
[INFO] [stdout] 30be6422bd16b9b5e2d0a264d37fb5809f3a425a6a44666ff5da60f777da7530
[INFO] running `Command { std: "docker" "create" "-v" "/var/lib/crater-agent-workspace/builds/worker-5-tc2/target:/opt/rustwide/target:rw,Z" "-v" "/var/lib/crater-agent-workspace/builds/worker-5-tc2/source:/opt/rustwide/workdir:ro,Z" "-v" "/var/lib/crater-agent-workspace/cargo-home:/opt/rustwide/cargo-home:ro,Z" "-v" "/var/lib/crater-agent-workspace/rustup-home:/opt/rustwide/rustup-home:ro,Z" "-e" "SOURCE_DIR=/opt/rustwide/workdir" "-e" "CARGO_TARGET_DIR=/opt/rustwide/target" "-e" "CARGO_INCREMENTAL=0" "-e" "RUST_BACKTRACE=full" "-e" "RUSTFLAGS=--cap-lints=warn" "-e" "RUSTDOCFLAGS=--cap-lints=warn" "-e" "CARGO_HOME=/opt/rustwide/cargo-home" "-e" "RUSTUP_HOME=/opt/rustwide/rustup-home" "-w" "/opt/rustwide/workdir" "-m" "1610612736" "--user" "0:0" "--network" "none" "ghcr.io/rust-lang/crates-build-env/linux@sha256:2788e3201cd34a07e3172128adcd8b3090168a8e3bcc40d7c032b9dda1df7d1c" "/opt/rustwide/cargo-home/bin/cargo" "+beta-2023-12-22" "test" "--frozen", kill_on_drop: false }`
[INFO] [stdout] 1d0b460b9e05c96a8351696afe4321746d035b3f6cd4f5569fe5b87ff53d94c7
[INFO] running `Command { std: "docker" "start" "-a" "1d0b460b9e05c96a8351696afe4321746d035b3f6cd4f5569fe5b87ff53d94c7", kill_on_drop: false }`
[INFO] [stderr]     Finished test [unoptimized + debuginfo] target(s) in 0.01s
[INFO] [stderr]      Running unittests src/lib.rs (/opt/rustwide/target/debug/deps/senax_inflector-8d60ef24aad9a26d)
[INFO] [stdout] 
[INFO] [stdout] running 18 tests
[INFO] [stdout] test pluralize::tests::ox ... ok
[INFO] [stdout] test pluralize::tests::boxes ... ok
[INFO] [stdout] test pluralize::tests::mouse ... ok
[INFO] [stdout] test pluralize::tests::person ... ok
[INFO] [stdout] test pluralize::tests::woman ... ok
[INFO] [stdout] test pluralize::tests::zoology ... ok
[INFO] [stdout] test pluralize::tests::geometry ... ok
[INFO] [stdout] test pluralize::tests::agendum ... ok
[INFO] [stdout] test pluralize::tests::people ... ok
[INFO] [stdout] test singularize::singularize_string_if_a_regex_will_match ... ok
[INFO] [stdout] test pluralize::tests::elf ... ok
[INFO] [stdout] test pluralize::tests::knife ... ok
[INFO] [stdout] test pluralize::tests::test ... ok
[INFO] [stdout] test singularize::singularize_string_returns_none_option_if_no_match ... ok
[INFO] [stdout] test pluralize::tests::axis ... ok
[INFO] [stdout] test singularize::singularize_ies_suffix ... ok
[INFO] [stdout] test singularize::singularize_others ... ok
[INFO] [stdout] test singularize::singularize_ss_suffix ... ok
[INFO] [stdout] 
[INFO] [stdout] test result: ok. 18 passed; 0 failed; 0 ignored; 0 measured; 0 filtered out; finished in 0.24s
[INFO] [stdout] 
[INFO] [stderr]    Doc-tests senax-inflector
[INFO] [stdout] 
[INFO] [stdout] running 14 tests
[INFO] [stdout] test src/pluralize.rs - pluralize::to_plural (line 100) ... FAILED
[INFO] [stdout] test src/pluralize.rs - pluralize::to_plural (line 108) ... FAILED
[INFO] [stdout] test src/pluralize.rs - pluralize::to_plural (line 68) ... FAILED
[INFO] [stdout] test src/pluralize.rs - pluralize::to_plural (line 84) ... FAILED
[INFO] [stdout] test src/pluralize.rs - pluralize::to_plural (line 76) ... FAILED
[INFO] [stdout] test src/singularize.rs - singularize::to_singular (line 21) ... FAILED
[INFO] [stdout] test src/pluralize.rs - pluralize::to_plural (line 92) ... FAILED
[INFO] [stdout] test src/pluralize.rs - pluralize::to_plural (line 116) ... FAILED
[INFO] [stdout] test src/singularize.rs - singularize::to_singular (line 37) ... FAILED
[INFO] [stdout] test src/singularize.rs - singularize::to_singular (line 29) ... FAILED
[INFO] [stdout] test src/singularize.rs - singularize::to_singular (line 69) ... FAILED
[INFO] [stdout] test src/singularize.rs - singularize::to_singular (line 61) ... FAILED
[INFO] [stdout] test src/singularize.rs - singularize::to_singular (line 53) ... FAILED
[INFO] [stdout] test src/singularize.rs - singularize::to_singular (line 45) ... FAILED
[INFO] [stdout] 
[INFO] [stdout] failures:
[INFO] [stdout] 
[INFO] [stdout] ---- src/pluralize.rs - pluralize::to_plural (line 100) stdout ----
[INFO] [stdout] error[E0433]: failed to resolve: use of undeclared crate or module `inflector`
[INFO] [stdout]  --> src/pluralize.rs:101:5
[INFO] [stdout]   |
[INFO] [stdout] 3 | use inflector::string::pluralize::to_plural;
[INFO] [stdout]   |     ^^^^^^^^^ use of undeclared crate or module `inflector`
[INFO] [stdout] 
[INFO] [stdout] error: aborting due to 1 previous error
[INFO] [stdout] 
[INFO] [stdout] For more information about this error, try `rustc --explain E0433`.
[INFO] [stdout] Couldn't compile the test.
[INFO] [stdout] ---- src/pluralize.rs - pluralize::to_plural (line 108) stdout ----
[INFO] [stdout] error[E0433]: failed to resolve: use of undeclared crate or module `inflector`
[INFO] [stdout]  --> src/pluralize.rs:109:5
[INFO] [stdout]   |
[INFO] [stdout] 3 | use inflector::string::pluralize::to_plural;
[INFO] [stdout]   |     ^^^^^^^^^ use of undeclared crate or module `inflector`
[INFO] [stdout] 
[INFO] [stdout] error: aborting due to 1 previous error
[INFO] [stdout] 
[INFO] [stdout] For more information about this error, try `rustc --explain E0433`.
[INFO] [stdout] Couldn't compile the test.
[INFO] [stdout] ---- src/pluralize.rs - pluralize::to_plural (line 68) stdout ----
[INFO] [stdout] error[E0433]: failed to resolve: use of undeclared crate or module `inflector`
[INFO] [stdout]  --> src/pluralize.rs:69:5
[INFO] [stdout]   |
[INFO] [stdout] 3 | use inflector::string::pluralize::to_plural;
[INFO] [stdout]   |     ^^^^^^^^^ use of undeclared crate or module `inflector`
[INFO] [stdout] 
[INFO] [stdout] error: aborting due to 1 previous error
[INFO] [stdout] 
[INFO] [stdout] For more information about this error, try `rustc --explain E0433`.
[INFO] [stdout] Couldn't compile the test.
[INFO] [stdout] ---- src/pluralize.rs - pluralize::to_plural (line 84) stdout ----
[INFO] [stdout] error[E0433]: failed to resolve: use of undeclared crate or module `inflector`
[INFO] [stdout]  --> src/pluralize.rs:85:5
[INFO] [stdout]   |
[INFO] [stdout] 3 | use inflector::string::pluralize::to_plural;
[INFO] [stdout]   |     ^^^^^^^^^ use of undeclared crate or module `inflector`
[INFO] [stdout] 
[INFO] [stdout] error: aborting due to 1 previous error
[INFO] [stdout] 
[INFO] [stdout] For more information about this error, try `rustc --explain E0433`.
[INFO] [stdout] Couldn't compile the test.
[INFO] [stdout] ---- src/pluralize.rs - pluralize::to_plural (line 76) stdout ----
[INFO] [stdout] error[E0433]: failed to resolve: use of undeclared crate or module `inflector`
[INFO] [stdout]  --> src/pluralize.rs:77:5
[INFO] [stdout]   |
[INFO] [stdout] 3 | use inflector::string::pluralize::to_plural;
[INFO] [stdout]   |     ^^^^^^^^^ use of undeclared crate or module `inflector`
[INFO] [stdout] 
[INFO] [stdout] error: aborting due to 1 previous error
[INFO] [stdout] 
[INFO] [stdout] For more information about this error, try `rustc --explain E0433`.
[INFO] [stdout] Couldn't compile the test.
[INFO] [stdout] ---- src/singularize.rs - singularize::to_singular (line 21) stdout ----
[INFO] [stdout] error[E0433]: failed to resolve: use of undeclared crate or module `inflector`
[INFO] [stdout]  --> src/singularize.rs:22:5
[INFO] [stdout]   |
[INFO] [stdout] 3 | use inflector::string::singularize::to_singular;
[INFO] [stdout]   |     ^^^^^^^^^ use of undeclared crate or module `inflector`
[INFO] [stdout] 
[INFO] [stdout] error: aborting due to 1 previous error
[INFO] [stdout] 
[INFO] [stdout] For more information about this error, try `rustc --explain E0433`.
[INFO] [stdout] Couldn't compile the test.
[INFO] [stdout] ---- src/pluralize.rs - pluralize::to_plural (line 92) stdout ----
[INFO] [stdout] error[E0433]: failed to resolve: use of undeclared crate or module `inflector`
[INFO] [stdout]  --> src/pluralize.rs:93:5
[INFO] [stdout]   |
[INFO] [stdout] 3 | use inflector::string::pluralize::to_plural;
[INFO] [stdout]   |     ^^^^^^^^^ use of undeclared crate or module `inflector`
[INFO] [stdout] 
[INFO] [stdout] error: aborting due to 1 previous error
[INFO] [stdout] 
[INFO] [stdout] For more information about this error, try `rustc --explain E0433`.
[INFO] [stdout] Couldn't compile the test.
[INFO] [stdout] ---- src/pluralize.rs - pluralize::to_plural (line 116) stdout ----
[INFO] [stdout] error[E0433]: failed to resolve: use of undeclared crate or module `inflector`
[INFO] [stdout]  --> src/pluralize.rs:117:5
[INFO] [stdout]   |
[INFO] [stdout] 3 | use inflector::string::pluralize::to_plural;
[INFO] [stdout]   |     ^^^^^^^^^ use of undeclared crate or module `inflector`
[INFO] [stdout] 
[INFO] [stdout] error: aborting due to 1 previous error
[INFO] [stdout] 
[INFO] [stdout] For more information about this error, try `rustc --explain E0433`.
[INFO] [stdout] Couldn't compile the test.
[INFO] [stdout] ---- src/singularize.rs - singularize::to_singular (line 37) stdout ----
[INFO] [stdout] error[E0433]: failed to resolve: use of undeclared crate or module `inflector`
[INFO] [stdout]  --> src/singularize.rs:38:5
[INFO] [stdout]   |
[INFO] [stdout] 3 | use inflector::string::singularize::to_singular;
[INFO] [stdout]   |     ^^^^^^^^^ use of undeclared crate or module `inflector`
[INFO] [stdout] 
[INFO] [stdout] error: aborting due to 1 previous error
[INFO] [stdout] 
[INFO] [stdout] For more information about this error, try `rustc --explain E0433`.
[INFO] [stdout] Couldn't compile the test.
[INFO] [stdout] ---- src/singularize.rs - singularize::to_singular (line 29) stdout ----
[INFO] [stdout] error[E0433]: failed to resolve: use of undeclared crate or module `inflector`
[INFO] [stdout]  --> src/singularize.rs:30:5
[INFO] [stdout]   |
[INFO] [stdout] 3 | use inflector::string::singularize::to_singular;
[INFO] [stdout]   |     ^^^^^^^^^ use of undeclared crate or module `inflector`
[INFO] [stdout] 
[INFO] [stdout] error: aborting due to 1 previous error
[INFO] [stdout] 
[INFO] [stdout] For more information about this error, try `rustc --explain E0433`.
[INFO] [stdout] Couldn't compile the test.
[INFO] [stdout] ---- src/singularize.rs - singularize::to_singular (line 69) stdout ----
[INFO] [stdout] error[E0433]: failed to resolve: use of undeclared crate or module `inflector`
[INFO] [stdout]  --> src/singularize.rs:70:5
[INFO] [stdout]   |
[INFO] [stdout] 3 | use inflector::string::singularize::to_singular;
[INFO] [stdout]   |     ^^^^^^^^^ use of undeclared crate or module `inflector`
[INFO] [stdout] 
[INFO] [stdout] error: aborting due to 1 previous error
[INFO] [stdout] 
[INFO] [stdout] For more information about this error, try `rustc --explain E0433`.
[INFO] [stdout] Couldn't compile the test.
[INFO] [stdout] ---- src/singularize.rs - singularize::to_singular (line 61) stdout ----
[INFO] [stdout] error[E0433]: failed to resolve: use of undeclared crate or module `inflector`
[INFO] [stdout]  --> src/singularize.rs:62:5
[INFO] [stdout]   |
[INFO] [stdout] 3 | use inflector::string::singularize::to_singular;
[INFO] [stdout]   |     ^^^^^^^^^ use of undeclared crate or module `inflector`
[INFO] [stdout] 
[INFO] [stdout] error: aborting due to 1 previous error
[INFO] [stdout] 
[INFO] [stdout] For more information about this error, try `rustc --explain E0433`.
[INFO] [stdout] Couldn't compile the test.
[INFO] [stdout] ---- src/singularize.rs - singularize::to_singular (line 53) stdout ----
[INFO] [stdout] error[E0433]: failed to resolve: use of undeclared crate or module `inflector`
[INFO] [stdout]  --> src/singularize.rs:54:5
[INFO] [stdout]   |
[INFO] [stdout] 3 | use inflector::string::singularize::to_singular;
[INFO] [stdout]   |     ^^^^^^^^^ use of undeclared crate or module `inflector`
[INFO] [stdout] 
[INFO] [stdout] error: aborting due to 1 previous error
[INFO] [stdout] 
[INFO] [stdout] For more information about this error, try `rustc --explain E0433`.
[INFO] [stdout] Couldn't compile the test.
[INFO] [stdout] ---- src/singularize.rs - singularize::to_singular (line 45) stdout ----
[INFO] [stdout] error[E0433]: failed to resolve: use of undeclared crate or module `inflector`
[INFO] [stdout]  --> src/singularize.rs:46:5
[INFO] [stdout]   |
[INFO] [stdout] 3 | use inflector::string::singularize::to_singular;
[INFO] [stdout]   |     ^^^^^^^^^ use of undeclared crate or module `inflector`
[INFO] [stdout] 
[INFO] [stdout] error: aborting due to 1 previous error
[INFO] [stdout] 
[INFO] [stdout] For more information about this error, try `rustc --explain E0433`.
[INFO] [stdout] Couldn't compile the test.
[INFO] [stdout] 
[INFO] [stdout] failures:
[INFO] [stdout]     src/pluralize.rs - pluralize::to_plural (line 100)
[INFO] [stdout]     src/pluralize.rs - pluralize::to_plural (line 108)
[INFO] [stdout]     src/pluralize.rs - pluralize::to_plural (line 116)
[INFO] [stdout]     src/pluralize.rs - pluralize::to_plural (line 68)
[INFO] [stdout]     src/pluralize.rs - pluralize::to_plural (line 76)
[INFO] [stdout]     src/pluralize.rs - pluralize::to_plural (line 84)
[INFO] [stdout]     src/pluralize.rs - pluralize::to_plural (line 92)
[INFO] [stdout]     src/singularize.rs - singularize::to_singular (line 21)
[INFO] [stdout]     src/singularize.rs - singularize::to_singular (line 29)
[INFO] [stdout]     src/singularize.rs - singularize::to_singular (line 37)
[INFO] [stdout]     src/singularize.rs - singularize::to_singular (line 45)
[INFO] [stdout]     src/singularize.rs - singularize::to_singular (line 53)
[INFO] [stdout]     src/singularize.rs - singularize::to_singular (line 61)
[INFO] [stdout]     src/singularize.rs - singularize::to_singular (line 69)
[INFO] [stdout] 
[INFO] [stdout] test result: FAILED. 0 passed; 14 failed; 0 ignored; 0 measured; 0 filtered out; finished in 0.15s
[INFO] [stdout] 
[INFO] [stderr] error: doctest failed, to rerun pass `--doc`
[INFO] running `Command { std: "docker" "inspect" "1d0b460b9e05c96a8351696afe4321746d035b3f6cd4f5569fe5b87ff53d94c7", kill_on_drop: false }`
[INFO] running `Command { std: "docker" "rm" "-f" "1d0b460b9e05c96a8351696afe4321746d035b3f6cd4f5569fe5b87ff53d94c7", kill_on_drop: false }`
[INFO] [stdout] 1d0b460b9e05c96a8351696afe4321746d035b3f6cd4f5569fe5b87ff53d94c7
