[INFO] fetching crate selection 1.1.0...
[INFO] testing selection-1.1.0 against 1.75.0 for beta-1.76-1
[INFO] extracting crate selection 1.1.0 into /workspace/builds/worker-0-tc1/source
[INFO] validating manifest of crates.io crate selection 1.1.0 on toolchain 1.75.0
[INFO] running `Command { std: CARGO_HOME="/workspace/cargo-home" RUSTUP_HOME="/workspace/rustup-home" "/workspace/cargo-home/bin/cargo" "+1.75.0" "metadata" "--manifest-path" "Cargo.toml" "--no-deps", kill_on_drop: false }`
[INFO] started tweaking crates.io crate selection 1.1.0
[INFO] finished tweaking crates.io crate selection 1.1.0
[INFO] tweaked toml for crates.io crate selection 1.1.0 written to /workspace/builds/worker-0-tc1/source/Cargo.toml
[INFO] running `Command { std: CARGO_HOME="/workspace/cargo-home" RUSTUP_HOME="/workspace/rustup-home" "/workspace/cargo-home/bin/cargo" "+1.75.0" "generate-lockfile" "--manifest-path" "Cargo.toml", kill_on_drop: false }`
[INFO] [stderr]     Blocking waiting for file lock on package cache
[INFO] [stderr]     Updating crates.io index
[INFO] running `Command { std: CARGO_HOME="/workspace/cargo-home" RUSTUP_HOME="/workspace/rustup-home" "/workspace/cargo-home/bin/cargo" "+1.75.0" "fetch" "--manifest-path" "Cargo.toml", kill_on_drop: false }`
[INFO] [stderr]     Blocking waiting for file lock on package cache
[INFO] [stderr]  Downloading crates ...
[INFO] [stderr]   Downloaded winapi-wsapoll v0.1.1
[INFO] [stderr]   Downloaded gethostname v0.3.0
[INFO] [stderr]   Downloaded x11rb v0.10.1
[INFO] [stderr]   Downloaded wayland-commons v0.29.5
[INFO] [stderr]   Downloaded bytecount v0.6.7
[INFO] [stderr]   Downloaded x11rb v0.12.0
[INFO] [stderr]   Downloaded os_pipe v1.1.5
[INFO] [stderr]   Downloaded arboard v3.3.0
[INFO] [stderr]   Downloaded clipboard-win v4.5.0
[INFO] [stderr]   Downloaded wayland-client v0.29.5
[INFO] [stderr]   Downloaded wayland-sys v0.29.5
[INFO] [stderr]   Downloaded error-code v2.3.1
[INFO] [stderr]   Downloaded x11-clipboard v0.7.1
[INFO] [stderr]   Downloaded str-buf v1.0.6
[INFO] [stderr]   Downloaded derive-new v0.5.9
[INFO] [stderr]   Downloaded x11rb-protocol v0.10.0
[INFO] [stderr]   Downloaded wayland-protocols v0.29.5
[INFO] [stderr]   Downloaded x11rb-protocol v0.12.0
[INFO] [stderr]   Downloaded enigo v0.1.3
[INFO] [stderr]   Downloaded tree_magic_mini v3.0.3
[INFO] [stderr]   Downloaded wl-clipboard-rs v0.7.0
[INFO] running `Command { std: "docker" "create" "-v" "/var/lib/crater-agent-workspace/builds/worker-0-tc1/target:/opt/rustwide/target:rw,Z" "-v" "/var/lib/crater-agent-workspace/builds/worker-0-tc1/source:/opt/rustwide/workdir:ro,Z" "-v" "/var/lib/crater-agent-workspace/cargo-home:/opt/rustwide/cargo-home:ro,Z" "-v" "/var/lib/crater-agent-workspace/rustup-home:/opt/rustwide/rustup-home:ro,Z" "-e" "SOURCE_DIR=/opt/rustwide/workdir" "-e" "CARGO_TARGET_DIR=/opt/rustwide/target" "-e" "CARGO_HOME=/opt/rustwide/cargo-home" "-e" "RUSTUP_HOME=/opt/rustwide/rustup-home" "-w" "/opt/rustwide/workdir" "-m" "1610612736" "--user" "0:0" "--network" "none" "ghcr.io/rust-lang/crates-build-env/linux@sha256:2788e3201cd34a07e3172128adcd8b3090168a8e3bcc40d7c032b9dda1df7d1c" "/opt/rustwide/cargo-home/bin/cargo" "+1.75.0" "metadata" "--no-deps" "--format-version=1", kill_on_drop: false }`
[INFO] [stdout] d6b2edb332da7d804eb2ddb2b54daae0222a27f88ac8b4a4b8cce471703bdc41
[INFO] running `Command { std: "docker" "start" "-a" "d6b2edb332da7d804eb2ddb2b54daae0222a27f88ac8b4a4b8cce471703bdc41", kill_on_drop: false }`
[INFO] running `Command { std: "docker" "inspect" "d6b2edb332da7d804eb2ddb2b54daae0222a27f88ac8b4a4b8cce471703bdc41", kill_on_drop: false }`
[INFO] running `Command { std: "docker" "rm" "-f" "d6b2edb332da7d804eb2ddb2b54daae0222a27f88ac8b4a4b8cce471703bdc41", kill_on_drop: false }`
[INFO] [stdout] d6b2edb332da7d804eb2ddb2b54daae0222a27f88ac8b4a4b8cce471703bdc41
[INFO] running `Command { std: "docker" "create" "-v" "/var/lib/crater-agent-workspace/builds/worker-0-tc1/target:/opt/rustwide/target:rw,Z" "-v" "/var/lib/crater-agent-workspace/builds/worker-0-tc1/source:/opt/rustwide/workdir:ro,Z" "-v" "/var/lib/crater-agent-workspace/cargo-home:/opt/rustwide/cargo-home:ro,Z" "-v" "/var/lib/crater-agent-workspace/rustup-home:/opt/rustwide/rustup-home:ro,Z" "-e" "SOURCE_DIR=/opt/rustwide/workdir" "-e" "CARGO_TARGET_DIR=/opt/rustwide/target" "-e" "CARGO_INCREMENTAL=0" "-e" "RUST_BACKTRACE=full" "-e" "RUSTFLAGS=--cap-lints=warn" "-e" "RUSTDOCFLAGS=--cap-lints=warn" "-e" "CARGO_HOME=/opt/rustwide/cargo-home" "-e" "RUSTUP_HOME=/opt/rustwide/rustup-home" "-w" "/opt/rustwide/workdir" "-m" "1610612736" "--user" "0:0" "--network" "none" "ghcr.io/rust-lang/crates-build-env/linux@sha256:2788e3201cd34a07e3172128adcd8b3090168a8e3bcc40d7c032b9dda1df7d1c" "/opt/rustwide/cargo-home/bin/cargo" "+1.75.0" "build" "--frozen" "--message-format=json", kill_on_drop: false }`
[INFO] [stdout] 93d361e54b99900f95ca75d0fe3a41057630032dee0bff84c247e9b739496fe4
[INFO] running `Command { std: "docker" "start" "-a" "93d361e54b99900f95ca75d0fe3a41057630032dee0bff84c247e9b739496fe4", kill_on_drop: false }`
[INFO] [stderr]    Compiling proc-macro2 v1.0.75
[INFO] [stderr]    Compiling unicode-ident v1.0.12
[INFO] [stderr]    Compiling libc v0.2.151
[INFO] [stderr]    Compiling autocfg v1.1.0
[INFO] [stderr]    Compiling cfg-if v1.0.0
[INFO] [stderr]    Compiling xml-rs v0.8.19
[INFO] [stderr]    Compiling bitflags v1.3.2
[INFO] [stderr]    Compiling pkg-config v0.3.28
[INFO] [stderr]    Compiling once_cell v1.19.0
[INFO] [stderr]    Compiling equivalent v1.0.1
[INFO] [stderr]    Compiling rustix v0.38.28
[INFO] [stderr]    Compiling smallvec v1.11.2
[INFO] [stderr]    Compiling hashbrown v0.14.3
[INFO] [stderr]    Compiling syn v1.0.109
[INFO] [stderr]    Compiling thiserror v1.0.56
[INFO] [stderr]    Compiling fixedbitset v0.4.2
[INFO] [stderr]    Compiling linux-raw-sys v0.4.12
[INFO] [stderr]    Compiling minimal-lexical v0.2.1
[INFO] [stderr]    Compiling bitflags v2.4.1
[INFO] [stderr]    Compiling memchr v2.7.1
[INFO] [stderr]    Compiling downcast-rs v1.2.0
[INFO] [stderr]    Compiling lazy_static v1.4.0
[INFO] [stderr]    Compiling fastrand v2.0.1
[INFO] [stderr]    Compiling fnv v1.0.7
[INFO] [stderr]    Compiling bytecount v0.6.7
[INFO] [stderr]    Compiling log v0.4.20
[INFO] [stderr]    Compiling memoffset v0.6.5
[INFO] [stderr]    Compiling wayland-sys v0.29.5
[INFO] [stderr]    Compiling indexmap v2.1.0
[INFO] [stderr]    Compiling nom v7.1.3
[INFO] [stderr]    Compiling quote v1.0.35
[INFO] [stderr]    Compiling wayland-scanner v0.29.5
[INFO] [stderr]    Compiling syn v2.0.48
[INFO] [stderr]    Compiling petgraph v0.6.4
[INFO] [stderr]    Compiling nix v0.24.3
[INFO] [stderr]    Compiling gethostname v0.2.3
[INFO] [stderr]    Compiling os_pipe v1.1.5
[INFO] [stderr]    Compiling wayland-client v0.29.5
[INFO] [stderr]    Compiling wayland-protocols v0.29.5
[INFO] [stderr]    Compiling tempfile v3.9.0
[INFO] [stderr]    Compiling derive-new v0.5.9
[INFO] [stderr]    Compiling tree_magic_mini v3.0.3
[INFO] [stderr]    Compiling thiserror-impl v1.0.56
[INFO] [stderr]    Compiling wayland-commons v0.29.5
[INFO] [stderr]    Compiling x11rb-protocol v0.10.0
[INFO] [stderr]    Compiling x11rb v0.10.1
[INFO] [stderr]    Compiling x11-clipboard v0.7.1
[INFO] [stderr]    Compiling wl-clipboard-rs v0.7.0
[INFO] [stderr]    Compiling selection v1.1.0 (/opt/rustwide/workdir)
[INFO] [stderr]     Finished dev [unoptimized + debuginfo] target(s) in 56.35s
[INFO] running `Command { std: "docker" "inspect" "93d361e54b99900f95ca75d0fe3a41057630032dee0bff84c247e9b739496fe4", kill_on_drop: false }`
[INFO] running `Command { std: "docker" "rm" "-f" "93d361e54b99900f95ca75d0fe3a41057630032dee0bff84c247e9b739496fe4", kill_on_drop: false }`
[INFO] [stdout] 93d361e54b99900f95ca75d0fe3a41057630032dee0bff84c247e9b739496fe4
[INFO] running `Command { std: "docker" "create" "-v" "/var/lib/crater-agent-workspace/builds/worker-0-tc1/target:/opt/rustwide/target:rw,Z" "-v" "/var/lib/crater-agent-workspace/builds/worker-0-tc1/source:/opt/rustwide/workdir:ro,Z" "-v" "/var/lib/crater-agent-workspace/cargo-home:/opt/rustwide/cargo-home:ro,Z" "-v" "/var/lib/crater-agent-workspace/rustup-home:/opt/rustwide/rustup-home:ro,Z" "-e" "SOURCE_DIR=/opt/rustwide/workdir" "-e" "CARGO_TARGET_DIR=/opt/rustwide/target" "-e" "CARGO_INCREMENTAL=0" "-e" "RUST_BACKTRACE=full" "-e" "RUSTFLAGS=--cap-lints=warn" "-e" "RUSTDOCFLAGS=--cap-lints=warn" "-e" "CARGO_HOME=/opt/rustwide/cargo-home" "-e" "RUSTUP_HOME=/opt/rustwide/rustup-home" "-w" "/opt/rustwide/workdir" "-m" "1610612736" "--user" "0:0" "--network" "none" "ghcr.io/rust-lang/crates-build-env/linux@sha256:2788e3201cd34a07e3172128adcd8b3090168a8e3bcc40d7c032b9dda1df7d1c" "/opt/rustwide/cargo-home/bin/cargo" "+1.75.0" "test" "--frozen" "--no-run" "--message-format=json", kill_on_drop: false }`
[INFO] [stdout] aed35f26d82d5cfb07fe0323fa6bc42f80abdf036ff455cdfe87df4ec035a18c
[INFO] running `Command { std: "docker" "start" "-a" "aed35f26d82d5cfb07fe0323fa6bc42f80abdf036ff455cdfe87df4ec035a18c", kill_on_drop: false }`
[INFO] [stderr]    Compiling selection v1.1.0 (/opt/rustwide/workdir)
[INFO] [stderr]     Finished test [unoptimized + debuginfo] target(s) in 1.92s
[INFO] running `Command { std: "docker" "inspect" "aed35f26d82d5cfb07fe0323fa6bc42f80abdf036ff455cdfe87df4ec035a18c", kill_on_drop: false }`
[INFO] running `Command { std: "docker" "rm" "-f" "aed35f26d82d5cfb07fe0323fa6bc42f80abdf036ff455cdfe87df4ec035a18c", kill_on_drop: false }`
[INFO] [stdout] aed35f26d82d5cfb07fe0323fa6bc42f80abdf036ff455cdfe87df4ec035a18c
[INFO] running `Command { std: "docker" "create" "-v" "/var/lib/crater-agent-workspace/builds/worker-0-tc1/target:/opt/rustwide/target:rw,Z" "-v" "/var/lib/crater-agent-workspace/builds/worker-0-tc1/source:/opt/rustwide/workdir:ro,Z" "-v" "/var/lib/crater-agent-workspace/cargo-home:/opt/rustwide/cargo-home:ro,Z" "-v" "/var/lib/crater-agent-workspace/rustup-home:/opt/rustwide/rustup-home:ro,Z" "-e" "SOURCE_DIR=/opt/rustwide/workdir" "-e" "CARGO_TARGET_DIR=/opt/rustwide/target" "-e" "CARGO_INCREMENTAL=0" "-e" "RUST_BACKTRACE=full" "-e" "RUSTFLAGS=--cap-lints=warn" "-e" "RUSTDOCFLAGS=--cap-lints=warn" "-e" "CARGO_HOME=/opt/rustwide/cargo-home" "-e" "RUSTUP_HOME=/opt/rustwide/rustup-home" "-w" "/opt/rustwide/workdir" "-m" "1610612736" "--user" "0:0" "--network" "none" "ghcr.io/rust-lang/crates-build-env/linux@sha256:2788e3201cd34a07e3172128adcd8b3090168a8e3bcc40d7c032b9dda1df7d1c" "/opt/rustwide/cargo-home/bin/cargo" "+1.75.0" "test" "--frozen", kill_on_drop: false }`
[INFO] [stdout] 52c583f486fe4555680052fae2d1bd89aff74469e16b82c7e98b1b2d9f08b6cb
[INFO] running `Command { std: "docker" "start" "-a" "52c583f486fe4555680052fae2d1bd89aff74469e16b82c7e98b1b2d9f08b6cb", kill_on_drop: false }`
[INFO] [stderr]     Finished test [unoptimized + debuginfo] target(s) in 0.06s
[INFO] [stderr]      Running unittests src/lib.rs (/opt/rustwide/target/debug/deps/selection-99b4027f31dddbfa)
[INFO] [stdout] 
[INFO] [stdout] running 1 test
[INFO] [stdout] test tests::it_works ... ok
[INFO] [stdout] 
[INFO] [stdout] test result: ok. 1 passed; 0 failed; 0 ignored; 0 measured; 0 filtered out; finished in 0.00s
[INFO] [stdout] 
[INFO] [stderr]    Doc-tests selection
[INFO] [stdout] 
[INFO] [stdout] running 1 test
[INFO] [stdout] test src/lib.rs - get_text (line 18) ... FAILED
[INFO] [stdout] 
[INFO] [stdout] failures:
[INFO] [stdout] 
[INFO] [stdout] ---- src/lib.rs - get_text (line 18) stdout ----
[INFO] [stdout] error[E0603]: module `linux` is private
[INFO] [stdout]  --> src/lib.rs:20:16
[INFO] [stdout]   |
[INFO] [stdout] 5 | use selection::linux::get_text;
[INFO] [stdout]   |                ^^^^^ private module
[INFO] [stdout]   |
[INFO] [stdout] note: the module `linux` is defined here
[INFO] [stdout]  --> /opt/rustwide/workdir/src/lib.rs:7:1
[INFO] [stdout]   |
[INFO] [stdout] 7 | mod linux;
[INFO] [stdout]   | ^^^^^^^^^
[INFO] [stdout] 
[INFO] [stdout] error: aborting due to previous error
[INFO] [stdout] 
[INFO] [stdout] For more information about this error, try `rustc --explain E0603`.
[INFO] [stdout] Couldn't compile the test.
[INFO] [stdout] 
[INFO] [stdout] failures:
[INFO] [stdout]     src/lib.rs - get_text (line 18)
[INFO] [stdout] 
[INFO] [stdout] test result: FAILED. 0 passed; 1 failed; 0 ignored; 0 measured; 0 filtered out; finished in 0.06s
[INFO] [stdout] 
[INFO] [stderr] error: doctest failed, to rerun pass `--doc`
[INFO] running `Command { std: "docker" "inspect" "52c583f486fe4555680052fae2d1bd89aff74469e16b82c7e98b1b2d9f08b6cb", kill_on_drop: false }`
[INFO] running `Command { std: "docker" "rm" "-f" "52c583f486fe4555680052fae2d1bd89aff74469e16b82c7e98b1b2d9f08b6cb", kill_on_drop: false }`
[INFO] [stdout] 52c583f486fe4555680052fae2d1bd89aff74469e16b82c7e98b1b2d9f08b6cb
[INFO] testing selection-1.1.0 against beta-2023-12-22 for beta-1.76-1
[INFO] extracting crate selection 1.1.0 into /workspace/builds/worker-0-tc2/source
[INFO] validating manifest of crates.io crate selection 1.1.0 on toolchain beta-2023-12-22
[INFO] running `Command { std: CARGO_HOME="/workspace/cargo-home" RUSTUP_HOME="/workspace/rustup-home" "/workspace/cargo-home/bin/cargo" "+beta-2023-12-22" "metadata" "--manifest-path" "Cargo.toml" "--no-deps", kill_on_drop: false }`
[INFO] started tweaking crates.io crate selection 1.1.0
[INFO] finished tweaking crates.io crate selection 1.1.0
[INFO] tweaked toml for crates.io crate selection 1.1.0 written to /workspace/builds/worker-0-tc2/source/Cargo.toml
[INFO] running `Command { std: CARGO_HOME="/workspace/cargo-home" RUSTUP_HOME="/workspace/rustup-home" "/workspace/cargo-home/bin/cargo" "+beta-2023-12-22" "generate-lockfile" "--manifest-path" "Cargo.toml", kill_on_drop: false }`
[INFO] [stderr]     Updating crates.io index
[INFO] running `Command { std: CARGO_HOME="/workspace/cargo-home" RUSTUP_HOME="/workspace/rustup-home" "/workspace/cargo-home/bin/cargo" "+beta-2023-12-22" "fetch" "--manifest-path" "Cargo.toml", kill_on_drop: false }`
[INFO] running `Command { std: "docker" "create" "-v" "/var/lib/crater-agent-workspace/builds/worker-0-tc2/target:/opt/rustwide/target:rw,Z" "-v" "/var/lib/crater-agent-workspace/builds/worker-0-tc2/source:/opt/rustwide/workdir:ro,Z" "-v" "/var/lib/crater-agent-workspace/cargo-home:/opt/rustwide/cargo-home:ro,Z" "-v" "/var/lib/crater-agent-workspace/rustup-home:/opt/rustwide/rustup-home:ro,Z" "-e" "SOURCE_DIR=/opt/rustwide/workdir" "-e" "CARGO_TARGET_DIR=/opt/rustwide/target" "-e" "CARGO_HOME=/opt/rustwide/cargo-home" "-e" "RUSTUP_HOME=/opt/rustwide/rustup-home" "-w" "/opt/rustwide/workdir" "-m" "1610612736" "--user" "0:0" "--network" "none" "ghcr.io/rust-lang/crates-build-env/linux@sha256:2788e3201cd34a07e3172128adcd8b3090168a8e3bcc40d7c032b9dda1df7d1c" "/opt/rustwide/cargo-home/bin/cargo" "+beta-2023-12-22" "metadata" "--no-deps" "--format-version=1", kill_on_drop: false }`
[INFO] [stdout] 029c7e67547e6cedc1716fbed84f108bb598601b19137f78ec99f8572b27b0a6
[INFO] running `Command { std: "docker" "start" "-a" "029c7e67547e6cedc1716fbed84f108bb598601b19137f78ec99f8572b27b0a6", kill_on_drop: false }`
[INFO] running `Command { std: "docker" "inspect" "029c7e67547e6cedc1716fbed84f108bb598601b19137f78ec99f8572b27b0a6", kill_on_drop: false }`
[INFO] running `Command { std: "docker" "rm" "-f" "029c7e67547e6cedc1716fbed84f108bb598601b19137f78ec99f8572b27b0a6", kill_on_drop: false }`
[INFO] [stdout] 029c7e67547e6cedc1716fbed84f108bb598601b19137f78ec99f8572b27b0a6
[INFO] running `Command { std: "docker" "create" "-v" "/var/lib/crater-agent-workspace/builds/worker-0-tc2/target:/opt/rustwide/target:rw,Z" "-v" "/var/lib/crater-agent-workspace/builds/worker-0-tc2/source:/opt/rustwide/workdir:ro,Z" "-v" "/var/lib/crater-agent-workspace/cargo-home:/opt/rustwide/cargo-home:ro,Z" "-v" "/var/lib/crater-agent-workspace/rustup-home:/opt/rustwide/rustup-home:ro,Z" "-e" "SOURCE_DIR=/opt/rustwide/workdir" "-e" "CARGO_TARGET_DIR=/opt/rustwide/target" "-e" "CARGO_INCREMENTAL=0" "-e" "RUST_BACKTRACE=full" "-e" "RUSTFLAGS=--cap-lints=warn" "-e" "RUSTDOCFLAGS=--cap-lints=warn" "-e" "CARGO_HOME=/opt/rustwide/cargo-home" "-e" "RUSTUP_HOME=/opt/rustwide/rustup-home" "-w" "/opt/rustwide/workdir" "-m" "1610612736" "--user" "0:0" "--network" "none" "ghcr.io/rust-lang/crates-build-env/linux@sha256:2788e3201cd34a07e3172128adcd8b3090168a8e3bcc40d7c032b9dda1df7d1c" "/opt/rustwide/cargo-home/bin/cargo" "+beta-2023-12-22" "build" "--frozen" "--message-format=json", kill_on_drop: false }`
[INFO] [stdout] 5795bc139eab803d782a32cf50631859b2643aaf5322e1bbf69eefc20aaa8305
[INFO] running `Command { std: "docker" "start" "-a" "5795bc139eab803d782a32cf50631859b2643aaf5322e1bbf69eefc20aaa8305", kill_on_drop: false }`
[INFO] [stderr]    Compiling proc-macro2 v1.0.75
[INFO] [stderr]    Compiling unicode-ident v1.0.12
[INFO] [stderr]    Compiling libc v0.2.151
[INFO] [stderr]    Compiling autocfg v1.1.0
[INFO] [stderr]    Compiling cfg-if v1.0.0
[INFO] [stderr]    Compiling xml-rs v0.8.19
[INFO] [stderr]    Compiling bitflags v1.3.2
[INFO] [stderr]    Compiling pkg-config v0.3.28
[INFO] [stderr]    Compiling once_cell v1.19.0
[INFO] [stderr]    Compiling syn v1.0.109
[INFO] [stderr]    Compiling hashbrown v0.14.3
[INFO] [stderr]    Compiling equivalent v1.0.1
[INFO] [stderr]    Compiling rustix v0.38.28
[INFO] [stderr]    Compiling smallvec v1.11.2
[INFO] [stderr]    Compiling fixedbitset v0.4.2
[INFO] [stderr]    Compiling downcast-rs v1.2.0
[INFO] [stderr]    Compiling minimal-lexical v0.2.1
[INFO] [stderr]    Compiling bitflags v2.4.1
[INFO] [stderr]    Compiling linux-raw-sys v0.4.12
[INFO] [stderr]    Compiling thiserror v1.0.56
[INFO] [stderr]    Compiling memchr v2.7.1
[INFO] [stderr]    Compiling lazy_static v1.4.0
[INFO] [stderr]    Compiling fastrand v2.0.1
[INFO] [stderr]    Compiling fnv v1.0.7
[INFO] [stderr]    Compiling bytecount v0.6.7
[INFO] [stderr]    Compiling log v0.4.20
[INFO] [stderr]    Compiling memoffset v0.6.5
[INFO] [stderr]    Compiling wayland-sys v0.29.5
[INFO] [stderr]    Compiling indexmap v2.1.0
[INFO] [stderr]    Compiling nom v7.1.3
[INFO] [stderr]    Compiling quote v1.0.35
[INFO] [stderr]    Compiling wayland-scanner v0.29.5
[INFO] [stderr]    Compiling syn v2.0.48
[INFO] [stderr]    Compiling petgraph v0.6.4
[INFO] [stderr]    Compiling nix v0.24.3
[INFO] [stderr]    Compiling gethostname v0.2.3
[INFO] [stderr]    Compiling os_pipe v1.1.5
[INFO] [stderr]    Compiling wayland-client v0.29.5
[INFO] [stderr]    Compiling wayland-protocols v0.29.5
[INFO] [stderr]    Compiling tempfile v3.9.0
[INFO] [stderr]    Compiling tree_magic_mini v3.0.3
[INFO] [stderr]    Compiling thiserror-impl v1.0.56
[INFO] [stderr]    Compiling derive-new v0.5.9
[INFO] [stderr]    Compiling wayland-commons v0.29.5
[INFO] [stderr]    Compiling x11rb-protocol v0.10.0
[INFO] [stderr]    Compiling x11rb v0.10.1
[INFO] [stderr]    Compiling x11-clipboard v0.7.1
[INFO] [stderr]    Compiling wl-clipboard-rs v0.7.0
[INFO] [stderr]    Compiling selection v1.1.0 (/opt/rustwide/workdir)
[INFO] [stderr]     Finished dev [unoptimized + debuginfo] target(s) in 48.58s
[INFO] running `Command { std: "docker" "inspect" "5795bc139eab803d782a32cf50631859b2643aaf5322e1bbf69eefc20aaa8305", kill_on_drop: false }`
[INFO] running `Command { std: "docker" "rm" "-f" "5795bc139eab803d782a32cf50631859b2643aaf5322e1bbf69eefc20aaa8305", kill_on_drop: false }`
[INFO] [stdout] 5795bc139eab803d782a32cf50631859b2643aaf5322e1bbf69eefc20aaa8305
[INFO] running `Command { std: "docker" "create" "-v" "/var/lib/crater-agent-workspace/builds/worker-0-tc2/target:/opt/rustwide/target:rw,Z" "-v" "/var/lib/crater-agent-workspace/builds/worker-0-tc2/source:/opt/rustwide/workdir:ro,Z" "-v" "/var/lib/crater-agent-workspace/cargo-home:/opt/rustwide/cargo-home:ro,Z" "-v" "/var/lib/crater-agent-workspace/rustup-home:/opt/rustwide/rustup-home:ro,Z" "-e" "SOURCE_DIR=/opt/rustwide/workdir" "-e" "CARGO_TARGET_DIR=/opt/rustwide/target" "-e" "CARGO_INCREMENTAL=0" "-e" "RUST_BACKTRACE=full" "-e" "RUSTFLAGS=--cap-lints=warn" "-e" "RUSTDOCFLAGS=--cap-lints=warn" "-e" "CARGO_HOME=/opt/rustwide/cargo-home" "-e" "RUSTUP_HOME=/opt/rustwide/rustup-home" "-w" "/opt/rustwide/workdir" "-m" "1610612736" "--user" "0:0" "--network" "none" "ghcr.io/rust-lang/crates-build-env/linux@sha256:2788e3201cd34a07e3172128adcd8b3090168a8e3bcc40d7c032b9dda1df7d1c" "/opt/rustwide/cargo-home/bin/cargo" "+beta-2023-12-22" "test" "--frozen" "--no-run" "--message-format=json", kill_on_drop: false }`
[INFO] [stdout] 2f6cc7b6d8325311bc89a9b3a8c976f7b3273b47b342efb0fb252bc2423bf5b6
[INFO] running `Command { std: "docker" "start" "-a" "2f6cc7b6d8325311bc89a9b3a8c976f7b3273b47b342efb0fb252bc2423bf5b6", kill_on_drop: false }`
[INFO] [stderr]    Compiling selection v1.1.0 (/opt/rustwide/workdir)
[INFO] [stderr]     Finished test [unoptimized + debuginfo] target(s) in 1.48s
[INFO] running `Command { std: "docker" "inspect" "2f6cc7b6d8325311bc89a9b3a8c976f7b3273b47b342efb0fb252bc2423bf5b6", kill_on_drop: false }`
[INFO] running `Command { std: "docker" "rm" "-f" "2f6cc7b6d8325311bc89a9b3a8c976f7b3273b47b342efb0fb252bc2423bf5b6", kill_on_drop: false }`
[INFO] [stdout] 2f6cc7b6d8325311bc89a9b3a8c976f7b3273b47b342efb0fb252bc2423bf5b6
[INFO] running `Command { std: "docker" "create" "-v" "/var/lib/crater-agent-workspace/builds/worker-0-tc2/target:/opt/rustwide/target:rw,Z" "-v" "/var/lib/crater-agent-workspace/builds/worker-0-tc2/source:/opt/rustwide/workdir:ro,Z" "-v" "/var/lib/crater-agent-workspace/cargo-home:/opt/rustwide/cargo-home:ro,Z" "-v" "/var/lib/crater-agent-workspace/rustup-home:/opt/rustwide/rustup-home:ro,Z" "-e" "SOURCE_DIR=/opt/rustwide/workdir" "-e" "CARGO_TARGET_DIR=/opt/rustwide/target" "-e" "CARGO_INCREMENTAL=0" "-e" "RUST_BACKTRACE=full" "-e" "RUSTFLAGS=--cap-lints=warn" "-e" "RUSTDOCFLAGS=--cap-lints=warn" "-e" "CARGO_HOME=/opt/rustwide/cargo-home" "-e" "RUSTUP_HOME=/opt/rustwide/rustup-home" "-w" "/opt/rustwide/workdir" "-m" "1610612736" "--user" "0:0" "--network" "none" "ghcr.io/rust-lang/crates-build-env/linux@sha256:2788e3201cd34a07e3172128adcd8b3090168a8e3bcc40d7c032b9dda1df7d1c" "/opt/rustwide/cargo-home/bin/cargo" "+beta-2023-12-22" "test" "--frozen", kill_on_drop: false }`
[INFO] [stdout] 9bed042a3b0fb549254ea37edf0451db5ee84277b872c90b1d026713712d4a80
[INFO] running `Command { std: "docker" "start" "-a" "9bed042a3b0fb549254ea37edf0451db5ee84277b872c90b1d026713712d4a80", kill_on_drop: false }`
[INFO] [stderr]     Finished test [unoptimized + debuginfo] target(s) in 0.05s
[INFO] [stderr]      Running unittests src/lib.rs (/opt/rustwide/target/debug/deps/selection-5fb7a407b1d9b2b9)
[INFO] [stdout] 
[INFO] [stdout] running 1 test
[INFO] [stdout] test tests::it_works ... ok
[INFO] [stdout] 
[INFO] [stdout] test result: ok. 1 passed; 0 failed; 0 ignored; 0 measured; 0 filtered out; finished in 0.00s
[INFO] [stdout] 
[INFO] [stderr]    Doc-tests selection
[INFO] [stdout] 
[INFO] [stdout] running 1 test
[INFO] [stdout] test src/lib.rs - get_text (line 18) ... FAILED
[INFO] [stdout] 
[INFO] [stdout] failures:
[INFO] [stdout] 
[INFO] [stdout] ---- src/lib.rs - get_text (line 18) stdout ----
[INFO] [stdout] error[E0603]: module `linux` is private
[INFO] [stdout]  --> src/lib.rs:20:16
[INFO] [stdout]   |
[INFO] [stdout] 5 | use selection::linux::get_text;
[INFO] [stdout]   |                ^^^^^ private module
[INFO] [stdout]   |
[INFO] [stdout] note: the module `linux` is defined here
[INFO] [stdout]  --> /opt/rustwide/workdir/src/lib.rs:7:1
[INFO] [stdout]   |
[INFO] [stdout] 7 | mod linux;
[INFO] [stdout]   | ^^^^^^^^^
[INFO] [stdout] 
[INFO] [stdout] error: aborting due to 1 previous error
[INFO] [stdout] 
[INFO] [stdout] For more information about this error, try `rustc --explain E0603`.
[INFO] [stdout] Couldn't compile the test.
[INFO] [stdout] 
[INFO] [stdout] failures:
[INFO] [stdout]     src/lib.rs - get_text (line 18)
[INFO] [stdout] 
[INFO] [stdout] test result: FAILED. 0 passed; 1 failed; 0 ignored; 0 measured; 0 filtered out; finished in 0.06s
[INFO] [stdout] 
[INFO] [stderr] error: doctest failed, to rerun pass `--doc`
[INFO] running `Command { std: "docker" "inspect" "9bed042a3b0fb549254ea37edf0451db5ee84277b872c90b1d026713712d4a80", kill_on_drop: false }`
[INFO] running `Command { std: "docker" "rm" "-f" "9bed042a3b0fb549254ea37edf0451db5ee84277b872c90b1d026713712d4a80", kill_on_drop: false }`
[INFO] [stdout] 9bed042a3b0fb549254ea37edf0451db5ee84277b872c90b1d026713712d4a80
