[INFO] fetching crate segment-display 0.1.0...
[INFO] testing segment-display-0.1.0 against 1.75.0 for beta-1.76-1
[INFO] extracting crate segment-display 0.1.0 into /workspace/builds/worker-4-tc1/source
[INFO] validating manifest of crates.io crate segment-display 0.1.0 on toolchain 1.75.0
[INFO] running `Command { std: CARGO_HOME="/workspace/cargo-home" RUSTUP_HOME="/workspace/rustup-home" "/workspace/cargo-home/bin/cargo" "+1.75.0" "metadata" "--manifest-path" "Cargo.toml" "--no-deps", kill_on_drop: false }`
[INFO] started tweaking crates.io crate segment-display 0.1.0
[INFO] finished tweaking crates.io crate segment-display 0.1.0
[INFO] tweaked toml for crates.io crate segment-display 0.1.0 written to /workspace/builds/worker-4-tc1/source/Cargo.toml
[INFO] running `Command { std: CARGO_HOME="/workspace/cargo-home" RUSTUP_HOME="/workspace/rustup-home" "/workspace/cargo-home/bin/cargo" "+1.75.0" "generate-lockfile" "--manifest-path" "Cargo.toml", kill_on_drop: false }`
[INFO] [stderr]     Updating crates.io index
[INFO] running `Command { std: CARGO_HOME="/workspace/cargo-home" RUSTUP_HOME="/workspace/rustup-home" "/workspace/cargo-home/bin/cargo" "+1.75.0" "fetch" "--manifest-path" "Cargo.toml", kill_on_drop: false }`
[INFO] running `Command { std: "docker" "create" "-v" "/var/lib/crater-agent-workspace/builds/worker-4-tc1/target:/opt/rustwide/target:rw,Z" "-v" "/var/lib/crater-agent-workspace/builds/worker-4-tc1/source:/opt/rustwide/workdir:ro,Z" "-v" "/var/lib/crater-agent-workspace/cargo-home:/opt/rustwide/cargo-home:ro,Z" "-v" "/var/lib/crater-agent-workspace/rustup-home:/opt/rustwide/rustup-home:ro,Z" "-e" "SOURCE_DIR=/opt/rustwide/workdir" "-e" "CARGO_TARGET_DIR=/opt/rustwide/target" "-e" "CARGO_HOME=/opt/rustwide/cargo-home" "-e" "RUSTUP_HOME=/opt/rustwide/rustup-home" "-w" "/opt/rustwide/workdir" "-m" "1610612736" "--user" "0:0" "--network" "none" "ghcr.io/rust-lang/crates-build-env/linux@sha256:2788e3201cd34a07e3172128adcd8b3090168a8e3bcc40d7c032b9dda1df7d1c" "/opt/rustwide/cargo-home/bin/cargo" "+1.75.0" "metadata" "--no-deps" "--format-version=1", kill_on_drop: false }`
[INFO] [stdout] adaca9e4d4b3028b15a777e59fd118554ebc02634e70038a79779715cf821bf0
[INFO] running `Command { std: "docker" "start" "-a" "adaca9e4d4b3028b15a777e59fd118554ebc02634e70038a79779715cf821bf0", kill_on_drop: false }`
[INFO] running `Command { std: "docker" "inspect" "adaca9e4d4b3028b15a777e59fd118554ebc02634e70038a79779715cf821bf0", kill_on_drop: false }`
[INFO] running `Command { std: "docker" "rm" "-f" "adaca9e4d4b3028b15a777e59fd118554ebc02634e70038a79779715cf821bf0", kill_on_drop: false }`
[INFO] [stdout] adaca9e4d4b3028b15a777e59fd118554ebc02634e70038a79779715cf821bf0
[INFO] running `Command { std: "docker" "create" "-v" "/var/lib/crater-agent-workspace/builds/worker-4-tc1/target:/opt/rustwide/target:rw,Z" "-v" "/var/lib/crater-agent-workspace/builds/worker-4-tc1/source:/opt/rustwide/workdir:ro,Z" "-v" "/var/lib/crater-agent-workspace/cargo-home:/opt/rustwide/cargo-home:ro,Z" "-v" "/var/lib/crater-agent-workspace/rustup-home:/opt/rustwide/rustup-home:ro,Z" "-e" "SOURCE_DIR=/opt/rustwide/workdir" "-e" "CARGO_TARGET_DIR=/opt/rustwide/target" "-e" "CARGO_INCREMENTAL=0" "-e" "RUST_BACKTRACE=full" "-e" "RUSTFLAGS=--cap-lints=warn" "-e" "RUSTDOCFLAGS=--cap-lints=warn" "-e" "CARGO_HOME=/opt/rustwide/cargo-home" "-e" "RUSTUP_HOME=/opt/rustwide/rustup-home" "-w" "/opt/rustwide/workdir" "-m" "1610612736" "--user" "0:0" "--network" "none" "ghcr.io/rust-lang/crates-build-env/linux@sha256:2788e3201cd34a07e3172128adcd8b3090168a8e3bcc40d7c032b9dda1df7d1c" "/opt/rustwide/cargo-home/bin/cargo" "+1.75.0" "build" "--frozen" "--message-format=json", kill_on_drop: false }`
[INFO] [stdout] 1e2afca4c0def34a6e31aeaaea96e9be4db42d740a2f4465954a7106e84c47da
[INFO] running `Command { std: "docker" "start" "-a" "1e2afca4c0def34a6e31aeaaea96e9be4db42d740a2f4465954a7106e84c47da", kill_on_drop: false }`
[INFO] [stderr]    Compiling nb v1.1.0
[INFO] [stderr]    Compiling void v1.0.2
[INFO] [stderr]    Compiling nb v0.1.3
[INFO] [stderr]    Compiling embedded-hal v0.2.7
[INFO] [stderr]    Compiling segment-display v0.1.0 (/opt/rustwide/workdir)
[INFO] [stdout] warning: use of deprecated trait `embedded_hal::digital::OutputPin`: Deprecated because the methods cannot return errors. Users should use the traits in digital::v2.
[INFO] [stdout]   --> src/lib.rs:68:28
[INFO] [stdout]    |
[INFO] [stdout] 68 | use embedded_hal::digital::OutputPin;
[INFO] [stdout]    |                            ^^^^^^^^^
[INFO] [stdout]    |
[INFO] [stdout]    = note: `#[warn(deprecated)]` on by default
[INFO] [stdout] 
[INFO] [stdout] 
[INFO] [stdout] warning: use of deprecated trait `embedded_hal::digital::OutputPin`: Deprecated because the methods cannot return errors. Users should use the traits in digital::v2.
[INFO] [stdout]   --> src/lib.rs:80:10
[INFO] [stdout]    |
[INFO] [stdout] 80 |     PIN: OutputPin,
[INFO] [stdout]    |          ^^^^^^^^^
[INFO] [stdout] 
[INFO] [stdout] 
[INFO] [stdout] warning: use of deprecated method `embedded_hal::digital::OutputPin::set_low`: Deprecated because the methods cannot return errors. Users should use the traits in digital::v2.
[INFO] [stdout]    --> src/lib.rs:109:24
[INFO] [stdout]     |
[INFO] [stdout] 109 |         self.latch_pin.set_low();
[INFO] [stdout]     |                        ^^^^^^^
[INFO] [stdout] 
[INFO] [stdout] 
[INFO] [stdout] warning: use of deprecated method `embedded_hal::digital::OutputPin::set_high`: Deprecated because the methods cannot return errors. Users should use the traits in digital::v2.
[INFO] [stdout]    --> src/lib.rs:111:24
[INFO] [stdout]     |
[INFO] [stdout] 111 |         self.latch_pin.set_high();
[INFO] [stdout]     |                        ^^^^^^^^
[INFO] [stdout] 
[INFO] [stdout] 
[INFO] [stdout] warning: use of deprecated method `embedded_hal::digital::OutputPin::set_low`: Deprecated because the methods cannot return errors. Users should use the traits in digital::v2.
[INFO] [stdout]    --> src/lib.rs:129:24
[INFO] [stdout]     |
[INFO] [stdout] 129 |         self.latch_pin.set_low();
[INFO] [stdout]     |                        ^^^^^^^
[INFO] [stdout] 
[INFO] [stdout] 
[INFO] [stdout] warning: use of deprecated method `embedded_hal::digital::OutputPin::set_high`: Deprecated because the methods cannot return errors. Users should use the traits in digital::v2.
[INFO] [stdout]    --> src/lib.rs:132:24
[INFO] [stdout]     |
[INFO] [stdout] 132 |         self.latch_pin.set_high();
[INFO] [stdout]     |                        ^^^^^^^^
[INFO] [stdout] 
[INFO] [stdout] 
[INFO] [stdout] warning: 6 warnings emitted
[INFO] [stdout] 
[INFO] [stdout] 
[INFO] [stderr]     Finished dev [unoptimized + debuginfo] target(s) in 0.19s
[INFO] running `Command { std: "docker" "inspect" "1e2afca4c0def34a6e31aeaaea96e9be4db42d740a2f4465954a7106e84c47da", kill_on_drop: false }`
[INFO] running `Command { std: "docker" "rm" "-f" "1e2afca4c0def34a6e31aeaaea96e9be4db42d740a2f4465954a7106e84c47da", kill_on_drop: false }`
[INFO] [stdout] 1e2afca4c0def34a6e31aeaaea96e9be4db42d740a2f4465954a7106e84c47da
[INFO] running `Command { std: "docker" "create" "-v" "/var/lib/crater-agent-workspace/builds/worker-4-tc1/target:/opt/rustwide/target:rw,Z" "-v" "/var/lib/crater-agent-workspace/builds/worker-4-tc1/source:/opt/rustwide/workdir:ro,Z" "-v" "/var/lib/crater-agent-workspace/cargo-home:/opt/rustwide/cargo-home:ro,Z" "-v" "/var/lib/crater-agent-workspace/rustup-home:/opt/rustwide/rustup-home:ro,Z" "-e" "SOURCE_DIR=/opt/rustwide/workdir" "-e" "CARGO_TARGET_DIR=/opt/rustwide/target" "-e" "CARGO_INCREMENTAL=0" "-e" "RUST_BACKTRACE=full" "-e" "RUSTFLAGS=--cap-lints=warn" "-e" "RUSTDOCFLAGS=--cap-lints=warn" "-e" "CARGO_HOME=/opt/rustwide/cargo-home" "-e" "RUSTUP_HOME=/opt/rustwide/rustup-home" "-w" "/opt/rustwide/workdir" "-m" "1610612736" "--user" "0:0" "--network" "none" "ghcr.io/rust-lang/crates-build-env/linux@sha256:2788e3201cd34a07e3172128adcd8b3090168a8e3bcc40d7c032b9dda1df7d1c" "/opt/rustwide/cargo-home/bin/cargo" "+1.75.0" "test" "--frozen" "--no-run" "--message-format=json", kill_on_drop: false }`
[INFO] [stdout] 3ce69a5116a48f3bfcd11a583b343d3e0cd0fc07d441cfc5522c26a2e5108d1b
[INFO] running `Command { std: "docker" "start" "-a" "3ce69a5116a48f3bfcd11a583b343d3e0cd0fc07d441cfc5522c26a2e5108d1b", kill_on_drop: false }`
[INFO] [stdout] warning: use of deprecated trait `embedded_hal::digital::OutputPin`: Deprecated because the methods cannot return errors. Users should use the traits in digital::v2.
[INFO] [stdout]   --> src/lib.rs:68:28
[INFO] [stdout]    |
[INFO] [stdout] 68 | use embedded_hal::digital::OutputPin;
[INFO] [stdout]    |                            ^^^^^^^^^
[INFO] [stdout]    |
[INFO] [stdout]    = note: `#[warn(deprecated)]` on by default
[INFO] [stdout] 
[INFO] [stdout] 
[INFO] [stderr]    Compiling segment-display v0.1.0 (/opt/rustwide/workdir)
[INFO] [stdout] warning: use of deprecated trait `embedded_hal::digital::OutputPin`: Deprecated because the methods cannot return errors. Users should use the traits in digital::v2.
[INFO] [stdout]   --> src/lib.rs:80:10
[INFO] [stdout]    |
[INFO] [stdout] 80 |     PIN: OutputPin,
[INFO] [stdout]    |          ^^^^^^^^^
[INFO] [stdout] 
[INFO] [stdout] 
[INFO] [stdout] warning: use of deprecated method `embedded_hal::digital::OutputPin::set_low`: Deprecated because the methods cannot return errors. Users should use the traits in digital::v2.
[INFO] [stdout]    --> src/lib.rs:109:24
[INFO] [stdout]     |
[INFO] [stdout] 109 |         self.latch_pin.set_low();
[INFO] [stdout]     |                        ^^^^^^^
[INFO] [stdout] 
[INFO] [stdout] 
[INFO] [stdout] warning: use of deprecated method `embedded_hal::digital::OutputPin::set_high`: Deprecated because the methods cannot return errors. Users should use the traits in digital::v2.
[INFO] [stdout]    --> src/lib.rs:111:24
[INFO] [stdout]     |
[INFO] [stdout] 111 |         self.latch_pin.set_high();
[INFO] [stdout]     |                        ^^^^^^^^
[INFO] [stdout] 
[INFO] [stdout] 
[INFO] [stdout] warning: use of deprecated method `embedded_hal::digital::OutputPin::set_low`: Deprecated because the methods cannot return errors. Users should use the traits in digital::v2.
[INFO] [stdout]    --> src/lib.rs:129:24
[INFO] [stdout]     |
[INFO] [stdout] 129 |         self.latch_pin.set_low();
[INFO] [stdout]     |                        ^^^^^^^
[INFO] [stdout] 
[INFO] [stdout] 
[INFO] [stdout] warning: use of deprecated method `embedded_hal::digital::OutputPin::set_high`: Deprecated because the methods cannot return errors. Users should use the traits in digital::v2.
[INFO] [stdout]    --> src/lib.rs:132:24
[INFO] [stdout]     |
[INFO] [stdout] 132 |         self.latch_pin.set_high();
[INFO] [stdout]     |                        ^^^^^^^^
[INFO] [stdout] 
[INFO] [stdout] 
[INFO] [stdout] warning: 6 warnings emitted
[INFO] [stdout] 
[INFO] [stdout] 
[INFO] [stdout] warning: use of deprecated trait `embedded_hal::digital::OutputPin`: Deprecated because the methods cannot return errors. Users should use the traits in digital::v2.
[INFO] [stdout]   --> src/lib.rs:68:28
[INFO] [stdout]    |
[INFO] [stdout] 68 | use embedded_hal::digital::OutputPin;
[INFO] [stdout]    |                            ^^^^^^^^^
[INFO] [stdout]    |
[INFO] [stdout]    = note: `#[warn(deprecated)]` on by default
[INFO] [stdout] 
[INFO] [stdout] 
[INFO] [stdout] warning: use of deprecated trait `embedded_hal::digital::OutputPin`: Deprecated because the methods cannot return errors. Users should use the traits in digital::v2.
[INFO] [stdout]   --> src/lib.rs:80:10
[INFO] [stdout]    |
[INFO] [stdout] 80 |     PIN: OutputPin,
[INFO] [stdout]    |          ^^^^^^^^^
[INFO] [stdout] 
[INFO] [stdout] 
[INFO] [stdout] warning: use of deprecated method `embedded_hal::digital::OutputPin::set_low`: Deprecated because the methods cannot return errors. Users should use the traits in digital::v2.
[INFO] [stdout]    --> src/lib.rs:109:24
[INFO] [stdout]     |
[INFO] [stdout] 109 |         self.latch_pin.set_low();
[INFO] [stdout]     |                        ^^^^^^^
[INFO] [stdout] 
[INFO] [stdout] 
[INFO] [stdout] warning: use of deprecated method `embedded_hal::digital::OutputPin::set_high`: Deprecated because the methods cannot return errors. Users should use the traits in digital::v2.
[INFO] [stdout]    --> src/lib.rs:111:24
[INFO] [stdout]     |
[INFO] [stdout] 111 |         self.latch_pin.set_high();
[INFO] [stdout]     |                        ^^^^^^^^
[INFO] [stdout] 
[INFO] [stdout] 
[INFO] [stdout] warning: use of deprecated method `embedded_hal::digital::OutputPin::set_low`: Deprecated because the methods cannot return errors. Users should use the traits in digital::v2.
[INFO] [stdout]    --> src/lib.rs:129:24
[INFO] [stdout]     |
[INFO] [stdout] 129 |         self.latch_pin.set_low();
[INFO] [stdout]     |                        ^^^^^^^
[INFO] [stdout] 
[INFO] [stdout] 
[INFO] [stdout] warning: use of deprecated method `embedded_hal::digital::OutputPin::set_high`: Deprecated because the methods cannot return errors. Users should use the traits in digital::v2.
[INFO] [stdout]    --> src/lib.rs:132:24
[INFO] [stdout]     |
[INFO] [stdout] 132 |         self.latch_pin.set_high();
[INFO] [stdout]     |                        ^^^^^^^^
[INFO] [stdout] 
[INFO] [stdout] 
[INFO] [stdout] warning: 6 warnings emitted
[INFO] [stdout] 
[INFO] [stdout] 
[INFO] [stderr]     Finished test [unoptimized + debuginfo] target(s) in 0.21s
[INFO] running `Command { std: "docker" "inspect" "3ce69a5116a48f3bfcd11a583b343d3e0cd0fc07d441cfc5522c26a2e5108d1b", kill_on_drop: false }`
[INFO] running `Command { std: "docker" "rm" "-f" "3ce69a5116a48f3bfcd11a583b343d3e0cd0fc07d441cfc5522c26a2e5108d1b", kill_on_drop: false }`
[INFO] [stdout] 3ce69a5116a48f3bfcd11a583b343d3e0cd0fc07d441cfc5522c26a2e5108d1b
[INFO] running `Command { std: "docker" "create" "-v" "/var/lib/crater-agent-workspace/builds/worker-4-tc1/target:/opt/rustwide/target:rw,Z" "-v" "/var/lib/crater-agent-workspace/builds/worker-4-tc1/source:/opt/rustwide/workdir:ro,Z" "-v" "/var/lib/crater-agent-workspace/cargo-home:/opt/rustwide/cargo-home:ro,Z" "-v" "/var/lib/crater-agent-workspace/rustup-home:/opt/rustwide/rustup-home:ro,Z" "-e" "SOURCE_DIR=/opt/rustwide/workdir" "-e" "CARGO_TARGET_DIR=/opt/rustwide/target" "-e" "CARGO_INCREMENTAL=0" "-e" "RUST_BACKTRACE=full" "-e" "RUSTFLAGS=--cap-lints=warn" "-e" "RUSTDOCFLAGS=--cap-lints=warn" "-e" "CARGO_HOME=/opt/rustwide/cargo-home" "-e" "RUSTUP_HOME=/opt/rustwide/rustup-home" "-w" "/opt/rustwide/workdir" "-m" "1610612736" "--user" "0:0" "--network" "none" "ghcr.io/rust-lang/crates-build-env/linux@sha256:2788e3201cd34a07e3172128adcd8b3090168a8e3bcc40d7c032b9dda1df7d1c" "/opt/rustwide/cargo-home/bin/cargo" "+1.75.0" "test" "--frozen", kill_on_drop: false }`
[INFO] [stdout] ed32ae0129420476211620686723539f8b8619324d7e00522d952d3e04c50a2b
[INFO] running `Command { std: "docker" "start" "-a" "ed32ae0129420476211620686723539f8b8619324d7e00522d952d3e04c50a2b", kill_on_drop: false }`
[INFO] [stderr] warning: use of deprecated trait `embedded_hal::digital::OutputPin`: Deprecated because the methods cannot return errors. Users should use the traits in digital::v2.
[INFO] [stderr]   --> src/lib.rs:68:28
[INFO] [stderr]    |
[INFO] [stderr] 68 | use embedded_hal::digital::OutputPin;
[INFO] [stderr]    |                            ^^^^^^^^^
[INFO] [stderr]    |
[INFO] [stderr]    = note: `#[warn(deprecated)]` on by default
[INFO] [stderr] 
[INFO] [stderr] warning: use of deprecated trait `embedded_hal::digital::OutputPin`: Deprecated because the methods cannot return errors. Users should use the traits in digital::v2.
[INFO] [stderr]   --> src/lib.rs:80:10
[INFO] [stderr]    |
[INFO] [stderr] 80 |     PIN: OutputPin,
[INFO] [stderr]    |          ^^^^^^^^^
[INFO] [stderr] 
[INFO] [stderr] warning: use of deprecated method `embedded_hal::digital::OutputPin::set_low`: Deprecated because the methods cannot return errors. Users should use the traits in digital::v2.
[INFO] [stderr]    --> src/lib.rs:109:24
[INFO] [stderr]     |
[INFO] [stderr] 109 |         self.latch_pin.set_low();
[INFO] [stderr]     |                        ^^^^^^^
[INFO] [stderr] 
[INFO] [stderr] warning: use of deprecated method `embedded_hal::digital::OutputPin::set_high`: Deprecated because the methods cannot return errors. Users should use the traits in digital::v2.
[INFO] [stderr]    --> src/lib.rs:111:24
[INFO] [stderr]     |
[INFO] [stderr] 111 |         self.latch_pin.set_high();
[INFO] [stderr]     |                        ^^^^^^^^
[INFO] [stderr] 
[INFO] [stderr] warning: use of deprecated method `embedded_hal::digital::OutputPin::set_low`: Deprecated because the methods cannot return errors. Users should use the traits in digital::v2.
[INFO] [stderr]    --> src/lib.rs:129:24
[INFO] [stderr]     |
[INFO] [stderr] 129 |         self.latch_pin.set_low();
[INFO] [stderr]     |                        ^^^^^^^
[INFO] [stderr] 
[INFO] [stderr] warning: use of deprecated method `embedded_hal::digital::OutputPin::set_high`: Deprecated because the methods cannot return errors. Users should use the traits in digital::v2.
[INFO] [stderr]    --> src/lib.rs:132:24
[INFO] [stderr]     |
[INFO] [stderr] 132 |         self.latch_pin.set_high();
[INFO] [stderr]     |                        ^^^^^^^^
[INFO] [stderr] 
[INFO] [stderr] warning: `segment-display` (lib) generated 6 warnings
[INFO] [stderr] warning: `segment-display` (lib test) generated 6 warnings (6 duplicates)
[INFO] [stderr]     Finished test [unoptimized + debuginfo] target(s) in 0.00s
[INFO] [stderr]      Running unittests src/lib.rs (/opt/rustwide/target/debug/deps/segment_display-b5fac6f491746473)
[INFO] [stdout] 
[INFO] [stdout] running 0 tests
[INFO] [stdout] 
[INFO] [stdout] test result: ok. 0 passed; 0 failed; 0 ignored; 0 measured; 0 filtered out; finished in 0.00s
[INFO] [stdout] 
[INFO] [stderr]    Doc-tests segment-display
[INFO] [stdout] 
[INFO] [stdout] running 1 test
[INFO] [stdout] test src/lib.rs - (line 10) - compile ... FAILED
[INFO] [stdout] 
[INFO] [stdout] failures:
[INFO] [stdout] 
[INFO] [stdout] ---- src/lib.rs - (line 10) stdout ----
[INFO] [stdout] error[E0463]: can't find crate for `cortex_m`
[INFO] [stdout]  --> src/lib.rs:14:1
[INFO] [stdout]   |
[INFO] [stdout] 6 | extern crate cortex_m;
[INFO] [stdout]   | ^^^^^^^^^^^^^^^^^^^^^^ can't find crate
[INFO] [stdout] 
[INFO] [stdout] error[E0463]: can't find crate for `cortex_m_rt`
[INFO] [stdout]  --> src/lib.rs:15:1
[INFO] [stdout]   |
[INFO] [stdout] 7 | extern crate cortex_m_rt;
[INFO] [stdout]   | ^^^^^^^^^^^^^^^^^^^^^^^^^ can't find crate
[INFO] [stdout] 
[INFO] [stdout] error[E0463]: can't find crate for `nucleo_f401re`
[INFO] [stdout]  --> src/lib.rs:16:1
[INFO] [stdout]   |
[INFO] [stdout] 8 | extern crate nucleo_f401re as board;
[INFO] [stdout]   | ^^^^^^^^^^^^^^^^^^^^^^^^^^^^^^^^^^^^ can't find crate
[INFO] [stdout] 
[INFO] [stdout] error[E0463]: can't find crate for `panic_semihosting`
[INFO] [stdout]  --> src/lib.rs:17:1
[INFO] [stdout]   |
[INFO] [stdout] 9 | extern crate panic_semihosting;
[INFO] [stdout]   | ^^^^^^^^^^^^^^^^^^^^^^^^^^^^^^^ can't find crate
[INFO] [stdout] 
[INFO] [stdout] error: cannot determine resolution for the attribute macro `entry`
[INFO] [stdout]   --> src/lib.rs:32:3
[INFO] [stdout]    |
[INFO] [stdout] 24 | #[entry]
[INFO] [stdout]    |   ^^^^^
[INFO] [stdout]    |
[INFO] [stdout]    = note: import resolution is stuck, try simplifying macro imports
[INFO] [stdout] 
[INFO] [stdout] error: `#[panic_handler]` function required, but not found
[INFO] [stdout] 
[INFO] [stdout] error: language item required, but not found: `eh_personality`
[INFO] [stdout]   |
[INFO] [stdout]   = note: this can occur when a binary crate with `#![no_std]` is compiled for a target where `eh_personality` is defined in the standard library
[INFO] [stdout]   = help: you may be able to compile for a target that doesn't need `eh_personality`, specify a target with `--target` or in `.cargo/config`
[INFO] [stdout] 
[INFO] [stdout] error: aborting due to 7 previous errors
[INFO] [stdout] 
[INFO] [stdout] For more information about this error, try `rustc --explain E0463`.
[INFO] [stdout] Couldn't compile the test.
[INFO] [stdout] 
[INFO] [stdout] failures:
[INFO] [stdout]     src/lib.rs - (line 10)
[INFO] [stdout] 
[INFO] [stdout] test result: FAILED. 0 passed; 1 failed; 0 ignored; 0 measured; 0 filtered out; finished in 0.03s
[INFO] [stdout] 
[INFO] [stderr] error: doctest failed, to rerun pass `--doc`
[INFO] running `Command { std: "docker" "inspect" "ed32ae0129420476211620686723539f8b8619324d7e00522d952d3e04c50a2b", kill_on_drop: false }`
[INFO] running `Command { std: "docker" "rm" "-f" "ed32ae0129420476211620686723539f8b8619324d7e00522d952d3e04c50a2b", kill_on_drop: false }`
[INFO] [stdout] ed32ae0129420476211620686723539f8b8619324d7e00522d952d3e04c50a2b
