[INFO] fetching crate secret-toolkit-incubator 0.10.0...
[INFO] testing secret-toolkit-incubator-0.10.0 against 1.75.0 for beta-1.76-1
[INFO] extracting crate secret-toolkit-incubator 0.10.0 into /workspace/builds/worker-3-tc1/source
[INFO] validating manifest of crates.io crate secret-toolkit-incubator 0.10.0 on toolchain 1.75.0
[INFO] running `Command { std: CARGO_HOME="/workspace/cargo-home" RUSTUP_HOME="/workspace/rustup-home" "/workspace/cargo-home/bin/cargo" "+1.75.0" "metadata" "--manifest-path" "Cargo.toml" "--no-deps", kill_on_drop: false }`
[INFO] started tweaking crates.io crate secret-toolkit-incubator 0.10.0
[INFO] finished tweaking crates.io crate secret-toolkit-incubator 0.10.0
[INFO] tweaked toml for crates.io crate secret-toolkit-incubator 0.10.0 written to /workspace/builds/worker-3-tc1/source/Cargo.toml
[INFO] running `Command { std: CARGO_HOME="/workspace/cargo-home" RUSTUP_HOME="/workspace/rustup-home" "/workspace/cargo-home/bin/cargo" "+1.75.0" "generate-lockfile" "--manifest-path" "Cargo.toml", kill_on_drop: false }`
[INFO] [stderr]     Updating crates.io index
[INFO] running `Command { std: CARGO_HOME="/workspace/cargo-home" RUSTUP_HOME="/workspace/rustup-home" "/workspace/cargo-home/bin/cargo" "+1.75.0" "fetch" "--manifest-path" "Cargo.toml", kill_on_drop: false }`
[INFO] [stderr]  Downloading crates ...
[INFO] [stderr]   Downloaded secret-cosmwasm-crypto v1.1.11
[INFO] [stderr]   Downloaded bincode2 v2.0.1
[INFO] [stderr]   Downloaded secret-toolkit-serialization v0.10.0
[INFO] [stderr]   Downloaded secret-cosmwasm-std v1.1.11
[INFO] running `Command { std: "docker" "create" "-v" "/var/lib/crater-agent-workspace/builds/worker-3-tc1/target:/opt/rustwide/target:rw,Z" "-v" "/var/lib/crater-agent-workspace/builds/worker-3-tc1/source:/opt/rustwide/workdir:ro,Z" "-v" "/var/lib/crater-agent-workspace/cargo-home:/opt/rustwide/cargo-home:ro,Z" "-v" "/var/lib/crater-agent-workspace/rustup-home:/opt/rustwide/rustup-home:ro,Z" "-e" "SOURCE_DIR=/opt/rustwide/workdir" "-e" "CARGO_TARGET_DIR=/opt/rustwide/target" "-e" "CARGO_HOME=/opt/rustwide/cargo-home" "-e" "RUSTUP_HOME=/opt/rustwide/rustup-home" "-w" "/opt/rustwide/workdir" "-m" "1610612736" "--user" "0:0" "--network" "none" "ghcr.io/rust-lang/crates-build-env/linux@sha256:2788e3201cd34a07e3172128adcd8b3090168a8e3bcc40d7c032b9dda1df7d1c" "/opt/rustwide/cargo-home/bin/cargo" "+1.75.0" "metadata" "--no-deps" "--format-version=1", kill_on_drop: false }`
[INFO] [stdout] 9f89e549f13d8ba9a8c81e4dd6d30ec1a1e800cd47a403a6deb6aa38e847b73e
[INFO] running `Command { std: "docker" "start" "-a" "9f89e549f13d8ba9a8c81e4dd6d30ec1a1e800cd47a403a6deb6aa38e847b73e", kill_on_drop: false }`
[INFO] running `Command { std: "docker" "inspect" "9f89e549f13d8ba9a8c81e4dd6d30ec1a1e800cd47a403a6deb6aa38e847b73e", kill_on_drop: false }`
[INFO] running `Command { std: "docker" "rm" "-f" "9f89e549f13d8ba9a8c81e4dd6d30ec1a1e800cd47a403a6deb6aa38e847b73e", kill_on_drop: false }`
[INFO] [stdout] 9f89e549f13d8ba9a8c81e4dd6d30ec1a1e800cd47a403a6deb6aa38e847b73e
[INFO] running `Command { std: "docker" "create" "-v" "/var/lib/crater-agent-workspace/builds/worker-3-tc1/target:/opt/rustwide/target:rw,Z" "-v" "/var/lib/crater-agent-workspace/builds/worker-3-tc1/source:/opt/rustwide/workdir:ro,Z" "-v" "/var/lib/crater-agent-workspace/cargo-home:/opt/rustwide/cargo-home:ro,Z" "-v" "/var/lib/crater-agent-workspace/rustup-home:/opt/rustwide/rustup-home:ro,Z" "-e" "SOURCE_DIR=/opt/rustwide/workdir" "-e" "CARGO_TARGET_DIR=/opt/rustwide/target" "-e" "CARGO_INCREMENTAL=0" "-e" "RUST_BACKTRACE=full" "-e" "RUSTFLAGS=--cap-lints=warn" "-e" "RUSTDOCFLAGS=--cap-lints=warn" "-e" "CARGO_HOME=/opt/rustwide/cargo-home" "-e" "RUSTUP_HOME=/opt/rustwide/rustup-home" "-w" "/opt/rustwide/workdir" "-m" "1610612736" "--user" "0:0" "--network" "none" "ghcr.io/rust-lang/crates-build-env/linux@sha256:2788e3201cd34a07e3172128adcd8b3090168a8e3bcc40d7c032b9dda1df7d1c" "/opt/rustwide/cargo-home/bin/cargo" "+1.75.0" "build" "--frozen" "--message-format=json", kill_on_drop: false }`
[INFO] [stdout] 3bfb5ea439c605f65cd81172373ce7c9d5223cc936172b5cd89de562ff434236
[INFO] running `Command { std: "docker" "start" "-a" "3bfb5ea439c605f65cd81172373ce7c9d5223cc936172b5cd89de562ff434236", kill_on_drop: false }`
[INFO] [stderr]    Compiling secret-toolkit-incubator v0.10.0 (/opt/rustwide/workdir)
[INFO] [stderr]     Finished dev [unoptimized + debuginfo] target(s) in 0.05s
[INFO] running `Command { std: "docker" "inspect" "3bfb5ea439c605f65cd81172373ce7c9d5223cc936172b5cd89de562ff434236", kill_on_drop: false }`
[INFO] running `Command { std: "docker" "rm" "-f" "3bfb5ea439c605f65cd81172373ce7c9d5223cc936172b5cd89de562ff434236", kill_on_drop: false }`
[INFO] [stdout] 3bfb5ea439c605f65cd81172373ce7c9d5223cc936172b5cd89de562ff434236
[INFO] running `Command { std: "docker" "create" "-v" "/var/lib/crater-agent-workspace/builds/worker-3-tc1/target:/opt/rustwide/target:rw,Z" "-v" "/var/lib/crater-agent-workspace/builds/worker-3-tc1/source:/opt/rustwide/workdir:ro,Z" "-v" "/var/lib/crater-agent-workspace/cargo-home:/opt/rustwide/cargo-home:ro,Z" "-v" "/var/lib/crater-agent-workspace/rustup-home:/opt/rustwide/rustup-home:ro,Z" "-e" "SOURCE_DIR=/opt/rustwide/workdir" "-e" "CARGO_TARGET_DIR=/opt/rustwide/target" "-e" "CARGO_INCREMENTAL=0" "-e" "RUST_BACKTRACE=full" "-e" "RUSTFLAGS=--cap-lints=warn" "-e" "RUSTDOCFLAGS=--cap-lints=warn" "-e" "CARGO_HOME=/opt/rustwide/cargo-home" "-e" "RUSTUP_HOME=/opt/rustwide/rustup-home" "-w" "/opt/rustwide/workdir" "-m" "1610612736" "--user" "0:0" "--network" "none" "ghcr.io/rust-lang/crates-build-env/linux@sha256:2788e3201cd34a07e3172128adcd8b3090168a8e3bcc40d7c032b9dda1df7d1c" "/opt/rustwide/cargo-home/bin/cargo" "+1.75.0" "test" "--frozen" "--no-run" "--message-format=json", kill_on_drop: false }`
[INFO] [stdout] 0750fed62500c1251ae2236e201cf906c4bae22057bbca4ff49ee550bb3388c4
[INFO] running `Command { std: "docker" "start" "-a" "0750fed62500c1251ae2236e201cf906c4bae22057bbca4ff49ee550bb3388c4", kill_on_drop: false }`
[INFO] [stderr]    Compiling secret-toolkit-incubator v0.10.0 (/opt/rustwide/workdir)
[INFO] [stderr]     Finished test [unoptimized + debuginfo] target(s) in 0.23s
[INFO] running `Command { std: "docker" "inspect" "0750fed62500c1251ae2236e201cf906c4bae22057bbca4ff49ee550bb3388c4", kill_on_drop: false }`
[INFO] running `Command { std: "docker" "rm" "-f" "0750fed62500c1251ae2236e201cf906c4bae22057bbca4ff49ee550bb3388c4", kill_on_drop: false }`
[INFO] [stdout] 0750fed62500c1251ae2236e201cf906c4bae22057bbca4ff49ee550bb3388c4
[INFO] running `Command { std: "docker" "create" "-v" "/var/lib/crater-agent-workspace/builds/worker-3-tc1/target:/opt/rustwide/target:rw,Z" "-v" "/var/lib/crater-agent-workspace/builds/worker-3-tc1/source:/opt/rustwide/workdir:ro,Z" "-v" "/var/lib/crater-agent-workspace/cargo-home:/opt/rustwide/cargo-home:ro,Z" "-v" "/var/lib/crater-agent-workspace/rustup-home:/opt/rustwide/rustup-home:ro,Z" "-e" "SOURCE_DIR=/opt/rustwide/workdir" "-e" "CARGO_TARGET_DIR=/opt/rustwide/target" "-e" "CARGO_INCREMENTAL=0" "-e" "RUST_BACKTRACE=full" "-e" "RUSTFLAGS=--cap-lints=warn" "-e" "RUSTDOCFLAGS=--cap-lints=warn" "-e" "CARGO_HOME=/opt/rustwide/cargo-home" "-e" "RUSTUP_HOME=/opt/rustwide/rustup-home" "-w" "/opt/rustwide/workdir" "-m" "1610612736" "--user" "0:0" "--network" "none" "ghcr.io/rust-lang/crates-build-env/linux@sha256:2788e3201cd34a07e3172128adcd8b3090168a8e3bcc40d7c032b9dda1df7d1c" "/opt/rustwide/cargo-home/bin/cargo" "+1.75.0" "test" "--frozen", kill_on_drop: false }`
[INFO] [stdout] f165805080e4a025bce6d8c2fbdfe2757524ab5ccbd8d40708083189aa9fe643
[INFO] running `Command { std: "docker" "start" "-a" "f165805080e4a025bce6d8c2fbdfe2757524ab5ccbd8d40708083189aa9fe643", kill_on_drop: false }`
[INFO] [stderr]     Finished test [unoptimized + debuginfo] target(s) in 0.02s
[INFO] [stderr]      Running unittests src/lib.rs (/opt/rustwide/target/debug/deps/secret_toolkit_incubator-c18b4e391a256c9f)
[INFO] [stdout] 
[INFO] [stdout] running 0 tests
[INFO] [stdout] 
[INFO] [stdout] test result: ok. 0 passed; 0 failed; 0 ignored; 0 measured; 0 filtered out; finished in 0.00s
[INFO] [stdout] 
[INFO] [stderr]    Doc-tests secret-toolkit-incubator
[INFO] [stdout] 
[INFO] [stdout] running 3 tests
[INFO] [stdout] test src/lib.rs - (line 20) ... FAILED
[INFO] [stdout] test src/lib.rs - (line 121) ... FAILED
[INFO] [stdout] test src/lib.rs - (line 41) ... FAILED
[INFO] [stdout] 
[INFO] [stdout] failures:
[INFO] [stdout] 
[INFO] [stdout] ---- src/lib.rs - (line 20) stdout ----
[INFO] [stdout] error[E0432]: unresolved import `secret_toolkit_incubator::maxheap`
[INFO] [stdout]  --> src/lib.rs:23:31
[INFO] [stdout]   |
[INFO] [stdout] 6 | use secret_toolkit_incubator::maxheap::MaxHeapStoreMut;
[INFO] [stdout]   |                               ^^^^^^^ could not find `maxheap` in `secret_toolkit_incubator`
[INFO] [stdout] 
[INFO] [stdout] error[E0433]: failed to resolve: use of undeclared crate or module `cosmwasm_std`
[INFO] [stdout]  --> src/lib.rs:22:5
[INFO] [stdout]   |
[INFO] [stdout] 5 | use cosmwasm_std::{StdError, testing::MockStorage};
[INFO] [stdout]   |     ^^^^^^^^^^^^ use of undeclared crate or module `cosmwasm_std`
[INFO] [stdout] 
[INFO] [stdout] error[E0432]: unresolved import `cosmwasm_std`
[INFO] [stdout]  --> src/lib.rs:22:5
[INFO] [stdout]   |
[INFO] [stdout] 5 | use cosmwasm_std::{StdError, testing::MockStorage};
[INFO] [stdout]   |     ^^^^^^^^^^^^ use of undeclared crate or module `cosmwasm_std`
[INFO] [stdout] 
[INFO] [stdout] error: aborting due to 3 previous errors
[INFO] [stdout] 
[INFO] [stdout] Some errors have detailed explanations: E0432, E0433.
[INFO] [stdout] For more information about an error, try `rustc --explain E0432`.
[INFO] [stdout] Couldn't compile the test.
[INFO] [stdout] ---- src/lib.rs - (line 121) stdout ----
[INFO] [stdout] error[E0432]: unresolved import `secret_toolkit_incubator::generational_store`
[INFO] [stdout]  --> src/lib.rs:124:31
[INFO] [stdout]   |
[INFO] [stdout] 6 | use secret_toolkit_incubator::generational_store::{GenerationalStoreMut, Index};
[INFO] [stdout]   |                               ^^^^^^^^^^^^^^^^^^ could not find `generational_store` in `secret_toolkit_incubator`
[INFO] [stdout] 
[INFO] [stdout] error[E0433]: failed to resolve: use of undeclared crate or module `cosmwasm_std`
[INFO] [stdout]  --> src/lib.rs:123:5
[INFO] [stdout]   |
[INFO] [stdout] 5 | use cosmwasm_std::{StdError, testing::MockStorage};
[INFO] [stdout]   |     ^^^^^^^^^^^^ use of undeclared crate or module `cosmwasm_std`
[INFO] [stdout] 
[INFO] [stdout] error[E0432]: unresolved import `cosmwasm_std`
[INFO] [stdout]  --> src/lib.rs:123:5
[INFO] [stdout]   |
[INFO] [stdout] 5 | use cosmwasm_std::{StdError, testing::MockStorage};
[INFO] [stdout]   |     ^^^^^^^^^^^^ use of undeclared crate or module `cosmwasm_std`
[INFO] [stdout] 
[INFO] [stdout] error: aborting due to 3 previous errors
[INFO] [stdout] 
[INFO] [stdout] Some errors have detailed explanations: E0432, E0433.
[INFO] [stdout] For more information about an error, try `rustc --explain E0432`.
[INFO] [stdout] Couldn't compile the test.
[INFO] [stdout] ---- src/lib.rs - (line 41) stdout ----
[INFO] [stdout] error[E0432]: unresolved import `secret_toolkit_incubator::maxheap`
[INFO] [stdout]  --> src/lib.rs:44:31
[INFO] [stdout]   |
[INFO] [stdout] 6 | use secret_toolkit_incubator::maxheap::MaxHeapStoreMut;
[INFO] [stdout]   |                               ^^^^^^^ could not find `maxheap` in `secret_toolkit_incubator`
[INFO] [stdout] 
[INFO] [stdout] error[E0433]: failed to resolve: use of undeclared crate or module `cosmwasm_std`
[INFO] [stdout]  --> src/lib.rs:43:5
[INFO] [stdout]   |
[INFO] [stdout] 5 | use cosmwasm_std::{StdError, testing::MockStorage, Addr};
[INFO] [stdout]   |     ^^^^^^^^^^^^ use of undeclared crate or module `cosmwasm_std`
[INFO] [stdout] 
[INFO] [stdout] error[E0432]: unresolved import `cosmwasm_std`
[INFO] [stdout]  --> src/lib.rs:43:5
[INFO] [stdout]   |
[INFO] [stdout] 5 | use cosmwasm_std::{StdError, testing::MockStorage, Addr};
[INFO] [stdout]   |     ^^^^^^^^^^^^ use of undeclared crate or module `cosmwasm_std`
[INFO] [stdout] 
[INFO] [stdout] error[E0432]: unresolved import `serde`
[INFO] [stdout]  --> src/lib.rs:45:5
[INFO] [stdout]   |
[INFO] [stdout] 7 | use serde::{Serialize, Deserialize};
[INFO] [stdout]   |     ^^^^^ use of undeclared crate or module `serde`
[INFO] [stdout] 
[INFO] [stdout] error: cannot determine resolution for the derive macro `Serialize`
[INFO] [stdout]  --> src/lib.rs:47:10
[INFO] [stdout]   |
[INFO] [stdout] 9 | #[derive(Serialize, Deserialize, Clone, Debug, Eq)]
[INFO] [stdout]   |          ^^^^^^^^^
[INFO] [stdout]   |
[INFO] [stdout]   = note: import resolution is stuck, try simplifying macro imports
[INFO] [stdout] 
[INFO] [stdout] error: cannot determine resolution for the derive macro `Deserialize`
[INFO] [stdout]  --> src/lib.rs:47:21
[INFO] [stdout]   |
[INFO] [stdout] 9 | #[derive(Serialize, Deserialize, Clone, Debug, Eq)]
[INFO] [stdout]   |                     ^^^^^^^^^^^
[INFO] [stdout]   |
[INFO] [stdout]   = note: import resolution is stuck, try simplifying macro imports
[INFO] [stdout] 
[INFO] [stdout] error: aborting due to 6 previous errors
[INFO] [stdout] 
[INFO] [stdout] Some errors have detailed explanations: E0432, E0433.
[INFO] [stdout] For more information about an error, try `rustc --explain E0432`.
[INFO] [stdout] Couldn't compile the test.
[INFO] [stdout] 
[INFO] [stdout] failures:
[INFO] [stdout]     src/lib.rs - (line 121)
[INFO] [stdout]     src/lib.rs - (line 20)
[INFO] [stdout]     src/lib.rs - (line 41)
[INFO] [stdout] 
[INFO] [stdout] test result: FAILED. 0 passed; 3 failed; 0 ignored; 0 measured; 0 filtered out; finished in 0.06s
[INFO] [stdout] 
[INFO] [stderr] error: doctest failed, to rerun pass `--doc`
[INFO] running `Command { std: "docker" "inspect" "f165805080e4a025bce6d8c2fbdfe2757524ab5ccbd8d40708083189aa9fe643", kill_on_drop: false }`
[INFO] running `Command { std: "docker" "rm" "-f" "f165805080e4a025bce6d8c2fbdfe2757524ab5ccbd8d40708083189aa9fe643", kill_on_drop: false }`
[INFO] [stdout] f165805080e4a025bce6d8c2fbdfe2757524ab5ccbd8d40708083189aa9fe643
