[INFO] fetching crate sea-bae 0.2.0...
[INFO] testing sea-bae-0.2.0 against 1.75.0 for beta-1.76-1
[INFO] extracting crate sea-bae 0.2.0 into /workspace/builds/worker-6-tc1/source
[INFO] validating manifest of crates.io crate sea-bae 0.2.0 on toolchain 1.75.0
[INFO] running `Command { std: CARGO_HOME="/workspace/cargo-home" RUSTUP_HOME="/workspace/rustup-home" "/workspace/cargo-home/bin/cargo" "+1.75.0" "metadata" "--manifest-path" "Cargo.toml" "--no-deps", kill_on_drop: false }`
[INFO] started tweaking crates.io crate sea-bae 0.2.0
[INFO] finished tweaking crates.io crate sea-bae 0.2.0
[INFO] tweaked toml for crates.io crate sea-bae 0.2.0 written to /workspace/builds/worker-6-tc1/source/Cargo.toml
[INFO] running `Command { std: CARGO_HOME="/workspace/cargo-home" RUSTUP_HOME="/workspace/rustup-home" "/workspace/cargo-home/bin/cargo" "+1.75.0" "generate-lockfile" "--manifest-path" "Cargo.toml", kill_on_drop: false }`
[INFO] [stderr]     Updating crates.io index
[INFO] running `Command { std: CARGO_HOME="/workspace/cargo-home" RUSTUP_HOME="/workspace/rustup-home" "/workspace/cargo-home/bin/cargo" "+1.75.0" "fetch" "--manifest-path" "Cargo.toml", kill_on_drop: false }`
[INFO] running `Command { std: "docker" "create" "-v" "/var/lib/crater-agent-workspace/builds/worker-6-tc1/target:/opt/rustwide/target:rw,Z" "-v" "/var/lib/crater-agent-workspace/builds/worker-6-tc1/source:/opt/rustwide/workdir:ro,Z" "-v" "/var/lib/crater-agent-workspace/cargo-home:/opt/rustwide/cargo-home:ro,Z" "-v" "/var/lib/crater-agent-workspace/rustup-home:/opt/rustwide/rustup-home:ro,Z" "-e" "SOURCE_DIR=/opt/rustwide/workdir" "-e" "CARGO_TARGET_DIR=/opt/rustwide/target" "-e" "CARGO_HOME=/opt/rustwide/cargo-home" "-e" "RUSTUP_HOME=/opt/rustwide/rustup-home" "-w" "/opt/rustwide/workdir" "-m" "1610612736" "--user" "0:0" "--network" "none" "ghcr.io/rust-lang/crates-build-env/linux@sha256:2788e3201cd34a07e3172128adcd8b3090168a8e3bcc40d7c032b9dda1df7d1c" "/opt/rustwide/cargo-home/bin/cargo" "+1.75.0" "metadata" "--no-deps" "--format-version=1", kill_on_drop: false }`
[INFO] [stdout] bb4701b52a4f59093e1d2bee6b3b123d7deb59154913660ba0956219e8652618
[INFO] running `Command { std: "docker" "start" "-a" "bb4701b52a4f59093e1d2bee6b3b123d7deb59154913660ba0956219e8652618", kill_on_drop: false }`
[INFO] running `Command { std: "docker" "inspect" "bb4701b52a4f59093e1d2bee6b3b123d7deb59154913660ba0956219e8652618", kill_on_drop: false }`
[INFO] running `Command { std: "docker" "rm" "-f" "bb4701b52a4f59093e1d2bee6b3b123d7deb59154913660ba0956219e8652618", kill_on_drop: false }`
[INFO] [stdout] bb4701b52a4f59093e1d2bee6b3b123d7deb59154913660ba0956219e8652618
[INFO] running `Command { std: "docker" "create" "-v" "/var/lib/crater-agent-workspace/builds/worker-6-tc1/target:/opt/rustwide/target:rw,Z" "-v" "/var/lib/crater-agent-workspace/builds/worker-6-tc1/source:/opt/rustwide/workdir:ro,Z" "-v" "/var/lib/crater-agent-workspace/cargo-home:/opt/rustwide/cargo-home:ro,Z" "-v" "/var/lib/crater-agent-workspace/rustup-home:/opt/rustwide/rustup-home:ro,Z" "-e" "SOURCE_DIR=/opt/rustwide/workdir" "-e" "CARGO_TARGET_DIR=/opt/rustwide/target" "-e" "CARGO_INCREMENTAL=0" "-e" "RUST_BACKTRACE=full" "-e" "RUSTFLAGS=--cap-lints=warn" "-e" "RUSTDOCFLAGS=--cap-lints=warn" "-e" "CARGO_HOME=/opt/rustwide/cargo-home" "-e" "RUSTUP_HOME=/opt/rustwide/rustup-home" "-w" "/opt/rustwide/workdir" "-m" "1610612736" "--user" "0:0" "--network" "none" "ghcr.io/rust-lang/crates-build-env/linux@sha256:2788e3201cd34a07e3172128adcd8b3090168a8e3bcc40d7c032b9dda1df7d1c" "/opt/rustwide/cargo-home/bin/cargo" "+1.75.0" "build" "--frozen" "--message-format=json", kill_on_drop: false }`
[INFO] [stdout] 899945af98ba1d2b22d7af8b9a261db0df977105a63b9749619c208a8f5be6d1
[INFO] running `Command { std: "docker" "start" "-a" "899945af98ba1d2b22d7af8b9a261db0df977105a63b9749619c208a8f5be6d1", kill_on_drop: false }`
[INFO] [stderr]    Compiling syn v1.0.109
[INFO] [stderr]    Compiling proc-macro-error-attr v1.0.4
[INFO] [stderr]    Compiling syn v2.0.48
[INFO] [stderr]    Compiling proc-macro-error v1.0.4
[INFO] [stderr]    Compiling sea-bae v0.2.0 (/opt/rustwide/workdir)
[INFO] [stderr]     Finished dev [unoptimized + debuginfo] target(s) in 3.46s
[INFO] running `Command { std: "docker" "inspect" "899945af98ba1d2b22d7af8b9a261db0df977105a63b9749619c208a8f5be6d1", kill_on_drop: false }`
[INFO] running `Command { std: "docker" "rm" "-f" "899945af98ba1d2b22d7af8b9a261db0df977105a63b9749619c208a8f5be6d1", kill_on_drop: false }`
[INFO] [stdout] 899945af98ba1d2b22d7af8b9a261db0df977105a63b9749619c208a8f5be6d1
[INFO] running `Command { std: "docker" "create" "-v" "/var/lib/crater-agent-workspace/builds/worker-6-tc1/target:/opt/rustwide/target:rw,Z" "-v" "/var/lib/crater-agent-workspace/builds/worker-6-tc1/source:/opt/rustwide/workdir:ro,Z" "-v" "/var/lib/crater-agent-workspace/cargo-home:/opt/rustwide/cargo-home:ro,Z" "-v" "/var/lib/crater-agent-workspace/rustup-home:/opt/rustwide/rustup-home:ro,Z" "-e" "SOURCE_DIR=/opt/rustwide/workdir" "-e" "CARGO_TARGET_DIR=/opt/rustwide/target" "-e" "CARGO_INCREMENTAL=0" "-e" "RUST_BACKTRACE=full" "-e" "RUSTFLAGS=--cap-lints=warn" "-e" "RUSTDOCFLAGS=--cap-lints=warn" "-e" "CARGO_HOME=/opt/rustwide/cargo-home" "-e" "RUSTUP_HOME=/opt/rustwide/rustup-home" "-w" "/opt/rustwide/workdir" "-m" "1610612736" "--user" "0:0" "--network" "none" "ghcr.io/rust-lang/crates-build-env/linux@sha256:2788e3201cd34a07e3172128adcd8b3090168a8e3bcc40d7c032b9dda1df7d1c" "/opt/rustwide/cargo-home/bin/cargo" "+1.75.0" "test" "--frozen" "--no-run" "--message-format=json", kill_on_drop: false }`
[INFO] [stdout] 46ade7f9fea7aabe097d7688e9c8482333b6d1255589a07d1b9eddc907383d43
[INFO] running `Command { std: "docker" "start" "-a" "46ade7f9fea7aabe097d7688e9c8482333b6d1255589a07d1b9eddc907383d43", kill_on_drop: false }`
[INFO] [stderr]    Compiling serde v1.0.194
[INFO] [stderr]    Compiling ryu v1.0.16
[INFO] [stderr]    Compiling trybuild v1.0.87
[INFO] [stderr]    Compiling itoa v1.0.10
[INFO] [stderr]    Compiling termcolor v1.4.0
[INFO] [stderr]    Compiling once_cell v1.19.0
[INFO] [stderr]    Compiling serde_json v1.0.111
[INFO] [stderr]    Compiling serde_derive v1.0.194
[INFO] [stderr]    Compiling sea-bae v0.2.0 (/opt/rustwide/workdir)
[INFO] [stderr]    Compiling basic-toml v0.1.8
[INFO] [stderr]     Finished test [unoptimized + debuginfo] target(s) in 4.95s
[INFO] running `Command { std: "docker" "inspect" "46ade7f9fea7aabe097d7688e9c8482333b6d1255589a07d1b9eddc907383d43", kill_on_drop: false }`
[INFO] running `Command { std: "docker" "rm" "-f" "46ade7f9fea7aabe097d7688e9c8482333b6d1255589a07d1b9eddc907383d43", kill_on_drop: false }`
[INFO] [stdout] 46ade7f9fea7aabe097d7688e9c8482333b6d1255589a07d1b9eddc907383d43
[INFO] running `Command { std: "docker" "create" "-v" "/var/lib/crater-agent-workspace/builds/worker-6-tc1/target:/opt/rustwide/target:rw,Z" "-v" "/var/lib/crater-agent-workspace/builds/worker-6-tc1/source:/opt/rustwide/workdir:ro,Z" "-v" "/var/lib/crater-agent-workspace/cargo-home:/opt/rustwide/cargo-home:ro,Z" "-v" "/var/lib/crater-agent-workspace/rustup-home:/opt/rustwide/rustup-home:ro,Z" "-e" "SOURCE_DIR=/opt/rustwide/workdir" "-e" "CARGO_TARGET_DIR=/opt/rustwide/target" "-e" "CARGO_INCREMENTAL=0" "-e" "RUST_BACKTRACE=full" "-e" "RUSTFLAGS=--cap-lints=warn" "-e" "RUSTDOCFLAGS=--cap-lints=warn" "-e" "CARGO_HOME=/opt/rustwide/cargo-home" "-e" "RUSTUP_HOME=/opt/rustwide/rustup-home" "-w" "/opt/rustwide/workdir" "-m" "1610612736" "--user" "0:0" "--network" "none" "ghcr.io/rust-lang/crates-build-env/linux@sha256:2788e3201cd34a07e3172128adcd8b3090168a8e3bcc40d7c032b9dda1df7d1c" "/opt/rustwide/cargo-home/bin/cargo" "+1.75.0" "test" "--frozen", kill_on_drop: false }`
[INFO] [stdout] 33c3bef1ccd8a00ae47c7718476e0e3158345bcb27de5a571afdb832acbefe0b
[INFO] running `Command { std: "docker" "start" "-a" "33c3bef1ccd8a00ae47c7718476e0e3158345bcb27de5a571afdb832acbefe0b", kill_on_drop: false }`
[INFO] [stderr]     Finished test [unoptimized + debuginfo] target(s) in 0.02s
[INFO] [stderr]      Running unittests src/lib.rs (/opt/rustwide/target/debug/deps/sea_bae-8ba227cec4613f56)
[INFO] [stdout] 
[INFO] [stdout] running 1 test
[INFO] [stderr]    Compiling proc-macro2 v1.0.75
[INFO] [stderr]    Compiling version_check v0.9.4
[INFO] [stderr]    Compiling unicode-ident v1.0.12
[INFO] [stderr]    Compiling syn v1.0.109
[INFO] [stderr]    Compiling heck v0.4.1
[INFO] [stderr]    Compiling proc-macro-error v1.0.4
[INFO] [stderr]    Compiling proc-macro-error-attr v1.0.4
[INFO] [stderr]     Checking quote v1.0.35
[INFO] [stderr]     Checking syn v2.0.48
[INFO] [stderr]    Compiling sea-bae v0.2.0 (/opt/rustwide/workdir)
[INFO] [stderr]     Checking sea-bae-tests v0.0.0 (/opt/rustwide/target/tests/trybuild/sea-bae)
[INFO] [stderr]     Finished dev [unoptimized + debuginfo] target(s) in 5.73s
[INFO] [stderr] 
[INFO] [stderr] 
[INFO] [stderr] There are no trybuild tests enabled yet.
[INFO] [stderr] 
[INFO] [stderr] 
[INFO] [stdout] test test::test_ui ... ok
[INFO] [stdout] 
[INFO] [stdout] test result: ok. 1 passed; 0 failed; 0 ignored; 0 measured; 0 filtered out; finished in 5.79s
[INFO] [stdout] 
[INFO] [stderr]    Doc-tests sea-bae
[INFO] [stdout] 
[INFO] [stdout] running 1 test
[INFO] [stdout] test src/lib.rs - (line 5) ... FAILED
[INFO] [stdout] 
[INFO] [stdout] failures:
[INFO] [stdout] 
[INFO] [stdout] ---- src/lib.rs - (line 5) stdout ----
[INFO] [stdout] error: expected one of `::`, `;`, or `as`, found `-`
[INFO] [stdout]  --> src/lib.rs:6:8
[INFO] [stdout]   |
[INFO] [stdout] 3 | use sea-bae::FromAttributes;
[INFO] [stdout]   |        ^ expected one of `::`, `;`, or `as`
[INFO] [stdout] 
[INFO] [stdout] error: aborting due to previous error
[INFO] [stdout] 
[INFO] [stdout] Couldn't compile the test.
[INFO] [stdout] 
[INFO] [stdout] failures:
[INFO] [stdout]     src/lib.rs - (line 5)
[INFO] [stdout] 
[INFO] [stdout] test result: FAILED. 0 passed; 1 failed; 0 ignored; 0 measured; 0 filtered out; finished in 0.03s
[INFO] [stdout] 
[INFO] [stderr] error: doctest failed, to rerun pass `--doc`
[INFO] running `Command { std: "docker" "inspect" "33c3bef1ccd8a00ae47c7718476e0e3158345bcb27de5a571afdb832acbefe0b", kill_on_drop: false }`
[INFO] running `Command { std: "docker" "rm" "-f" "33c3bef1ccd8a00ae47c7718476e0e3158345bcb27de5a571afdb832acbefe0b", kill_on_drop: false }`
[INFO] [stdout] 33c3bef1ccd8a00ae47c7718476e0e3158345bcb27de5a571afdb832acbefe0b
[INFO] testing sea-bae-0.2.0 against beta-2023-12-22 for beta-1.76-1
[INFO] extracting crate sea-bae 0.2.0 into /workspace/builds/worker-6-tc2/source
[INFO] validating manifest of crates.io crate sea-bae 0.2.0 on toolchain beta-2023-12-22
[INFO] running `Command { std: CARGO_HOME="/workspace/cargo-home" RUSTUP_HOME="/workspace/rustup-home" "/workspace/cargo-home/bin/cargo" "+beta-2023-12-22" "metadata" "--manifest-path" "Cargo.toml" "--no-deps", kill_on_drop: false }`
[INFO] started tweaking crates.io crate sea-bae 0.2.0
[INFO] finished tweaking crates.io crate sea-bae 0.2.0
[INFO] tweaked toml for crates.io crate sea-bae 0.2.0 written to /workspace/builds/worker-6-tc2/source/Cargo.toml
[INFO] running `Command { std: CARGO_HOME="/workspace/cargo-home" RUSTUP_HOME="/workspace/rustup-home" "/workspace/cargo-home/bin/cargo" "+beta-2023-12-22" "generate-lockfile" "--manifest-path" "Cargo.toml", kill_on_drop: false }`
[INFO] [stderr]     Updating crates.io index
[INFO] running `Command { std: CARGO_HOME="/workspace/cargo-home" RUSTUP_HOME="/workspace/rustup-home" "/workspace/cargo-home/bin/cargo" "+beta-2023-12-22" "fetch" "--manifest-path" "Cargo.toml", kill_on_drop: false }`
[INFO] running `Command { std: "docker" "create" "-v" "/var/lib/crater-agent-workspace/builds/worker-6-tc2/target:/opt/rustwide/target:rw,Z" "-v" "/var/lib/crater-agent-workspace/builds/worker-6-tc2/source:/opt/rustwide/workdir:ro,Z" "-v" "/var/lib/crater-agent-workspace/cargo-home:/opt/rustwide/cargo-home:ro,Z" "-v" "/var/lib/crater-agent-workspace/rustup-home:/opt/rustwide/rustup-home:ro,Z" "-e" "SOURCE_DIR=/opt/rustwide/workdir" "-e" "CARGO_TARGET_DIR=/opt/rustwide/target" "-e" "CARGO_HOME=/opt/rustwide/cargo-home" "-e" "RUSTUP_HOME=/opt/rustwide/rustup-home" "-w" "/opt/rustwide/workdir" "-m" "1610612736" "--user" "0:0" "--network" "none" "ghcr.io/rust-lang/crates-build-env/linux@sha256:2788e3201cd34a07e3172128adcd8b3090168a8e3bcc40d7c032b9dda1df7d1c" "/opt/rustwide/cargo-home/bin/cargo" "+beta-2023-12-22" "metadata" "--no-deps" "--format-version=1", kill_on_drop: false }`
[INFO] [stdout] bae0b5465481e89079d87bf3c1d6ed41d36b1049d1ee09ee0a24a063790dc298
[INFO] running `Command { std: "docker" "start" "-a" "bae0b5465481e89079d87bf3c1d6ed41d36b1049d1ee09ee0a24a063790dc298", kill_on_drop: false }`
[INFO] running `Command { std: "docker" "inspect" "bae0b5465481e89079d87bf3c1d6ed41d36b1049d1ee09ee0a24a063790dc298", kill_on_drop: false }`
[INFO] running `Command { std: "docker" "rm" "-f" "bae0b5465481e89079d87bf3c1d6ed41d36b1049d1ee09ee0a24a063790dc298", kill_on_drop: false }`
[INFO] [stdout] bae0b5465481e89079d87bf3c1d6ed41d36b1049d1ee09ee0a24a063790dc298
[INFO] running `Command { std: "docker" "create" "-v" "/var/lib/crater-agent-workspace/builds/worker-6-tc2/target:/opt/rustwide/target:rw,Z" "-v" "/var/lib/crater-agent-workspace/builds/worker-6-tc2/source:/opt/rustwide/workdir:ro,Z" "-v" "/var/lib/crater-agent-workspace/cargo-home:/opt/rustwide/cargo-home:ro,Z" "-v" "/var/lib/crater-agent-workspace/rustup-home:/opt/rustwide/rustup-home:ro,Z" "-e" "SOURCE_DIR=/opt/rustwide/workdir" "-e" "CARGO_TARGET_DIR=/opt/rustwide/target" "-e" "CARGO_INCREMENTAL=0" "-e" "RUST_BACKTRACE=full" "-e" "RUSTFLAGS=--cap-lints=warn" "-e" "RUSTDOCFLAGS=--cap-lints=warn" "-e" "CARGO_HOME=/opt/rustwide/cargo-home" "-e" "RUSTUP_HOME=/opt/rustwide/rustup-home" "-w" "/opt/rustwide/workdir" "-m" "1610612736" "--user" "0:0" "--network" "none" "ghcr.io/rust-lang/crates-build-env/linux@sha256:2788e3201cd34a07e3172128adcd8b3090168a8e3bcc40d7c032b9dda1df7d1c" "/opt/rustwide/cargo-home/bin/cargo" "+beta-2023-12-22" "build" "--frozen" "--message-format=json", kill_on_drop: false }`
[INFO] [stdout] 050d18b23ba4367da9da3f7306f577a4df4dfba7702e683084d6c942671b33bc
[INFO] running `Command { std: "docker" "start" "-a" "050d18b23ba4367da9da3f7306f577a4df4dfba7702e683084d6c942671b33bc", kill_on_drop: false }`
[INFO] [stderr]    Compiling syn v1.0.109
[INFO] [stderr]    Compiling proc-macro-error-attr v1.0.4
[INFO] [stderr]    Compiling syn v2.0.48
[INFO] [stderr]    Compiling proc-macro-error v1.0.4
[INFO] [stderr]    Compiling sea-bae v0.2.0 (/opt/rustwide/workdir)
[INFO] [stderr]     Finished dev [unoptimized + debuginfo] target(s) in 3.38s
[INFO] running `Command { std: "docker" "inspect" "050d18b23ba4367da9da3f7306f577a4df4dfba7702e683084d6c942671b33bc", kill_on_drop: false }`
[INFO] running `Command { std: "docker" "rm" "-f" "050d18b23ba4367da9da3f7306f577a4df4dfba7702e683084d6c942671b33bc", kill_on_drop: false }`
[INFO] [stdout] 050d18b23ba4367da9da3f7306f577a4df4dfba7702e683084d6c942671b33bc
[INFO] running `Command { std: "docker" "create" "-v" "/var/lib/crater-agent-workspace/builds/worker-6-tc2/target:/opt/rustwide/target:rw,Z" "-v" "/var/lib/crater-agent-workspace/builds/worker-6-tc2/source:/opt/rustwide/workdir:ro,Z" "-v" "/var/lib/crater-agent-workspace/cargo-home:/opt/rustwide/cargo-home:ro,Z" "-v" "/var/lib/crater-agent-workspace/rustup-home:/opt/rustwide/rustup-home:ro,Z" "-e" "SOURCE_DIR=/opt/rustwide/workdir" "-e" "CARGO_TARGET_DIR=/opt/rustwide/target" "-e" "CARGO_INCREMENTAL=0" "-e" "RUST_BACKTRACE=full" "-e" "RUSTFLAGS=--cap-lints=warn" "-e" "RUSTDOCFLAGS=--cap-lints=warn" "-e" "CARGO_HOME=/opt/rustwide/cargo-home" "-e" "RUSTUP_HOME=/opt/rustwide/rustup-home" "-w" "/opt/rustwide/workdir" "-m" "1610612736" "--user" "0:0" "--network" "none" "ghcr.io/rust-lang/crates-build-env/linux@sha256:2788e3201cd34a07e3172128adcd8b3090168a8e3bcc40d7c032b9dda1df7d1c" "/opt/rustwide/cargo-home/bin/cargo" "+beta-2023-12-22" "test" "--frozen" "--no-run" "--message-format=json", kill_on_drop: false }`
[INFO] [stdout] f2513edf92ce6d974b65ef20a5e9ca20cbbbc6e67d2f38429f91465ea0566755
[INFO] running `Command { std: "docker" "start" "-a" "f2513edf92ce6d974b65ef20a5e9ca20cbbbc6e67d2f38429f91465ea0566755", kill_on_drop: false }`
[INFO] [stderr]    Compiling serde v1.0.194
[INFO] [stderr]    Compiling trybuild v1.0.87
[INFO] [stderr]    Compiling serde_json v1.0.111
[INFO] [stderr]    Compiling ryu v1.0.16
[INFO] [stderr]    Compiling itoa v1.0.10
[INFO] [stderr]    Compiling once_cell v1.19.0
[INFO] [stderr]    Compiling termcolor v1.4.0
[INFO] [stderr]    Compiling serde_derive v1.0.194
[INFO] [stderr]    Compiling sea-bae v0.2.0 (/opt/rustwide/workdir)
[INFO] [stderr]    Compiling basic-toml v0.1.8
[INFO] [stderr]     Finished test [unoptimized + debuginfo] target(s) in 4.25s
[INFO] running `Command { std: "docker" "inspect" "f2513edf92ce6d974b65ef20a5e9ca20cbbbc6e67d2f38429f91465ea0566755", kill_on_drop: false }`
[INFO] running `Command { std: "docker" "rm" "-f" "f2513edf92ce6d974b65ef20a5e9ca20cbbbc6e67d2f38429f91465ea0566755", kill_on_drop: false }`
[INFO] [stdout] f2513edf92ce6d974b65ef20a5e9ca20cbbbc6e67d2f38429f91465ea0566755
[INFO] running `Command { std: "docker" "create" "-v" "/var/lib/crater-agent-workspace/builds/worker-6-tc2/target:/opt/rustwide/target:rw,Z" "-v" "/var/lib/crater-agent-workspace/builds/worker-6-tc2/source:/opt/rustwide/workdir:ro,Z" "-v" "/var/lib/crater-agent-workspace/cargo-home:/opt/rustwide/cargo-home:ro,Z" "-v" "/var/lib/crater-agent-workspace/rustup-home:/opt/rustwide/rustup-home:ro,Z" "-e" "SOURCE_DIR=/opt/rustwide/workdir" "-e" "CARGO_TARGET_DIR=/opt/rustwide/target" "-e" "CARGO_INCREMENTAL=0" "-e" "RUST_BACKTRACE=full" "-e" "RUSTFLAGS=--cap-lints=warn" "-e" "RUSTDOCFLAGS=--cap-lints=warn" "-e" "CARGO_HOME=/opt/rustwide/cargo-home" "-e" "RUSTUP_HOME=/opt/rustwide/rustup-home" "-w" "/opt/rustwide/workdir" "-m" "1610612736" "--user" "0:0" "--network" "none" "ghcr.io/rust-lang/crates-build-env/linux@sha256:2788e3201cd34a07e3172128adcd8b3090168a8e3bcc40d7c032b9dda1df7d1c" "/opt/rustwide/cargo-home/bin/cargo" "+beta-2023-12-22" "test" "--frozen", kill_on_drop: false }`
[INFO] [stdout] 6b468611fc54fbb6a823deea08c70008089f213f0b80b734f0b3cd8e6fdbad50
[INFO] running `Command { std: "docker" "start" "-a" "6b468611fc54fbb6a823deea08c70008089f213f0b80b734f0b3cd8e6fdbad50", kill_on_drop: false }`
[INFO] [stderr]     Finished test [unoptimized + debuginfo] target(s) in 0.02s
[INFO] [stderr]      Running unittests src/lib.rs (/opt/rustwide/target/debug/deps/sea_bae-6bf7d825742b834a)
[INFO] [stdout] 
[INFO] [stdout] running 1 test
[INFO] [stderr]    Compiling proc-macro2 v1.0.75
[INFO] [stderr]    Compiling version_check v0.9.4
[INFO] [stderr]    Compiling unicode-ident v1.0.12
[INFO] [stderr]    Compiling syn v1.0.109
[INFO] [stderr]    Compiling heck v0.4.1
[INFO] [stderr]    Compiling proc-macro-error-attr v1.0.4
[INFO] [stderr]    Compiling proc-macro-error v1.0.4
[INFO] [stderr]     Checking quote v1.0.35
[INFO] [stderr]     Checking syn v2.0.48
[INFO] [stderr]    Compiling sea-bae v0.2.0 (/opt/rustwide/workdir)
[INFO] [stderr]     Checking sea-bae-tests v0.0.0 (/opt/rustwide/target/tests/trybuild/sea-bae)
[INFO] [stderr]     Finished dev [unoptimized + debuginfo] target(s) in 4.22s
[INFO] [stderr] 
[INFO] [stdout] test test::test_ui ... ok
[INFO] [stderr] 
[INFO] [stdout] 
[INFO] [stderr] There are no trybuild tests enabled yet.
[INFO] [stdout] test result: ok. 1 passed; 0 failed; 0 ignored; 0 measured; 0 filtered out; finished in 4.26s
[INFO] [stderr] 
[INFO] [stdout] 
[INFO] [stderr] 
[INFO] [stderr]    Doc-tests sea-bae
[INFO] [stdout] 
[INFO] [stdout] running 1 test
[INFO] [stdout] test src/lib.rs - (line 5) ... FAILED
[INFO] [stdout] 
[INFO] [stdout] failures:
[INFO] [stdout] 
[INFO] [stdout] ---- src/lib.rs - (line 5) stdout ----
[INFO] [stdout] error: expected one of `::`, `;`, or `as`, found `-`
[INFO] [stdout]  --> src/lib.rs:6:8
[INFO] [stdout]   |
[INFO] [stdout] 3 | use sea-bae::FromAttributes;
[INFO] [stdout]   |        ^ expected one of `::`, `;`, or `as`
[INFO] [stdout] 
[INFO] [stdout] error: aborting due to 1 previous error
[INFO] [stdout] 
[INFO] [stdout] Couldn't compile the test.
[INFO] [stdout] 
[INFO] [stdout] failures:
[INFO] [stdout]     src/lib.rs - (line 5)
[INFO] [stdout] 
[INFO] [stdout] test result: FAILED. 0 passed; 1 failed; 0 ignored; 0 measured; 0 filtered out; finished in 0.02s
[INFO] [stdout] 
[INFO] [stderr] error: doctest failed, to rerun pass `--doc`
[INFO] running `Command { std: "docker" "inspect" "6b468611fc54fbb6a823deea08c70008089f213f0b80b734f0b3cd8e6fdbad50", kill_on_drop: false }`
[INFO] running `Command { std: "docker" "rm" "-f" "6b468611fc54fbb6a823deea08c70008089f213f0b80b734f0b3cd8e6fdbad50", kill_on_drop: false }`
[INFO] [stdout] 6b468611fc54fbb6a823deea08c70008089f213f0b80b734f0b3cd8e6fdbad50
