[INFO] fetching crate sdio_sdhc 0.2.3...
[INFO] testing sdio_sdhc-0.2.3 against 1.75.0 for beta-1.76-1
[INFO] extracting crate sdio_sdhc 0.2.3 into /workspace/builds/worker-5-tc1/source
[INFO] validating manifest of crates.io crate sdio_sdhc 0.2.3 on toolchain 1.75.0
[INFO] running `Command { std: CARGO_HOME="/workspace/cargo-home" RUSTUP_HOME="/workspace/rustup-home" "/workspace/cargo-home/bin/cargo" "+1.75.0" "metadata" "--manifest-path" "Cargo.toml" "--no-deps", kill_on_drop: false }`
[INFO] started tweaking crates.io crate sdio_sdhc 0.2.3
[INFO] finished tweaking crates.io crate sdio_sdhc 0.2.3
[INFO] tweaked toml for crates.io crate sdio_sdhc 0.2.3 written to /workspace/builds/worker-5-tc1/source/Cargo.toml
[INFO] running `Command { std: CARGO_HOME="/workspace/cargo-home" RUSTUP_HOME="/workspace/rustup-home" "/workspace/cargo-home/bin/cargo" "+1.75.0" "generate-lockfile" "--manifest-path" "Cargo.toml", kill_on_drop: false }`
[INFO] [stderr]     Updating crates.io index
[INFO] running `Command { std: CARGO_HOME="/workspace/cargo-home" RUSTUP_HOME="/workspace/rustup-home" "/workspace/cargo-home/bin/cargo" "+1.75.0" "fetch" "--manifest-path" "Cargo.toml", kill_on_drop: false }`
[INFO] [stderr]  Downloading crates ...
[INFO] [stderr]   Downloaded block_device v0.1.3
[INFO] [stderr]   Downloaded stm32f4xx-hal v0.8.3
[INFO] [stderr]   Downloaded stm32f4 v0.11.0
[INFO] running `Command { std: "docker" "create" "-v" "/var/lib/crater-agent-workspace/builds/worker-5-tc1/target:/opt/rustwide/target:rw,Z" "-v" "/var/lib/crater-agent-workspace/builds/worker-5-tc1/source:/opt/rustwide/workdir:ro,Z" "-v" "/var/lib/crater-agent-workspace/cargo-home:/opt/rustwide/cargo-home:ro,Z" "-v" "/var/lib/crater-agent-workspace/rustup-home:/opt/rustwide/rustup-home:ro,Z" "-e" "SOURCE_DIR=/opt/rustwide/workdir" "-e" "CARGO_TARGET_DIR=/opt/rustwide/target" "-e" "CARGO_HOME=/opt/rustwide/cargo-home" "-e" "RUSTUP_HOME=/opt/rustwide/rustup-home" "-w" "/opt/rustwide/workdir" "-m" "1610612736" "--user" "0:0" "--network" "none" "ghcr.io/rust-lang/crates-build-env/linux@sha256:2788e3201cd34a07e3172128adcd8b3090168a8e3bcc40d7c032b9dda1df7d1c" "/opt/rustwide/cargo-home/bin/cargo" "+1.75.0" "metadata" "--no-deps" "--format-version=1", kill_on_drop: false }`
[INFO] [stdout] 1d3cf44a3c4ee4f8f0165a3bfb503571cac09728c67083bb10829a2089c8c5ca
[INFO] running `Command { std: "docker" "start" "-a" "1d3cf44a3c4ee4f8f0165a3bfb503571cac09728c67083bb10829a2089c8c5ca", kill_on_drop: false }`
[INFO] running `Command { std: "docker" "inspect" "1d3cf44a3c4ee4f8f0165a3bfb503571cac09728c67083bb10829a2089c8c5ca", kill_on_drop: false }`
[INFO] running `Command { std: "docker" "rm" "-f" "1d3cf44a3c4ee4f8f0165a3bfb503571cac09728c67083bb10829a2089c8c5ca", kill_on_drop: false }`
[INFO] [stdout] 1d3cf44a3c4ee4f8f0165a3bfb503571cac09728c67083bb10829a2089c8c5ca
[INFO] running `Command { std: "docker" "create" "-v" "/var/lib/crater-agent-workspace/builds/worker-5-tc1/target:/opt/rustwide/target:rw,Z" "-v" "/var/lib/crater-agent-workspace/builds/worker-5-tc1/source:/opt/rustwide/workdir:ro,Z" "-v" "/var/lib/crater-agent-workspace/cargo-home:/opt/rustwide/cargo-home:ro,Z" "-v" "/var/lib/crater-agent-workspace/rustup-home:/opt/rustwide/rustup-home:ro,Z" "-e" "SOURCE_DIR=/opt/rustwide/workdir" "-e" "CARGO_TARGET_DIR=/opt/rustwide/target" "-e" "CARGO_INCREMENTAL=0" "-e" "RUST_BACKTRACE=full" "-e" "RUSTFLAGS=--cap-lints=warn" "-e" "RUSTDOCFLAGS=--cap-lints=warn" "-e" "CARGO_HOME=/opt/rustwide/cargo-home" "-e" "RUSTUP_HOME=/opt/rustwide/rustup-home" "-w" "/opt/rustwide/workdir" "-m" "1610612736" "--user" "0:0" "--network" "none" "ghcr.io/rust-lang/crates-build-env/linux@sha256:2788e3201cd34a07e3172128adcd8b3090168a8e3bcc40d7c032b9dda1df7d1c" "/opt/rustwide/cargo-home/bin/cargo" "+1.75.0" "build" "--frozen" "--message-format=json", kill_on_drop: false }`
[INFO] [stdout] 13b494f9b448545f6473e038a5eb19261d6e7a9d754b1df1bf2192028144c562
[INFO] running `Command { std: "docker" "start" "-a" "13b494f9b448545f6473e038a5eb19261d6e7a9d754b1df1bf2192028144c562", kill_on_drop: false }`
[INFO] [stderr]    Compiling cortex-m v0.7.7
[INFO] [stderr]    Compiling nb v1.1.0
[INFO] [stderr]    Compiling vcell v0.1.3
[INFO] [stderr]    Compiling stable_deref_trait v1.2.0
[INFO] [stderr]    Compiling void v1.0.2
[INFO] [stderr]    Compiling syn v1.0.109
[INFO] [stderr]    Compiling bitfield v0.13.2
[INFO] [stderr]    Compiling cortex-m v0.6.7
[INFO] [stderr]    Compiling cortex-m-rt v0.6.15
[INFO] [stderr]    Compiling stm32f4 v0.11.0
[INFO] [stderr]    Compiling r0 v0.2.2
[INFO] [stderr]    Compiling generic-array v0.14.7
[INFO] [stderr]    Compiling generic-array v0.13.3
[INFO] [stderr]    Compiling bare-metal v0.2.5
[INFO] [stderr]    Compiling rand_core v0.5.1
[INFO] [stderr]    Compiling cast v0.2.7
[INFO] [stderr]    Compiling nb v0.1.3
[INFO] [stderr]    Compiling volatile-register v0.2.2
[INFO] [stderr]    Compiling embedded-hal v0.2.7
[INFO] [stderr]    Compiling as-slice v0.1.5
[INFO] [stderr]    Compiling aligned v0.3.5
[INFO] [stderr]    Compiling cortex-m-rt-macros v0.6.15
[INFO] [stderr]    Compiling stm32f4xx-hal v0.8.3
[INFO] [stderr]    Compiling sdio_sdhc v0.2.3 (/opt/rustwide/workdir)
[INFO] [stderr]     Finished dev [unoptimized + debuginfo] target(s) in 14.90s
[INFO] running `Command { std: "docker" "inspect" "13b494f9b448545f6473e038a5eb19261d6e7a9d754b1df1bf2192028144c562", kill_on_drop: false }`
[INFO] running `Command { std: "docker" "rm" "-f" "13b494f9b448545f6473e038a5eb19261d6e7a9d754b1df1bf2192028144c562", kill_on_drop: false }`
[INFO] [stdout] 13b494f9b448545f6473e038a5eb19261d6e7a9d754b1df1bf2192028144c562
[INFO] running `Command { std: "docker" "create" "-v" "/var/lib/crater-agent-workspace/builds/worker-5-tc1/target:/opt/rustwide/target:rw,Z" "-v" "/var/lib/crater-agent-workspace/builds/worker-5-tc1/source:/opt/rustwide/workdir:ro,Z" "-v" "/var/lib/crater-agent-workspace/cargo-home:/opt/rustwide/cargo-home:ro,Z" "-v" "/var/lib/crater-agent-workspace/rustup-home:/opt/rustwide/rustup-home:ro,Z" "-e" "SOURCE_DIR=/opt/rustwide/workdir" "-e" "CARGO_TARGET_DIR=/opt/rustwide/target" "-e" "CARGO_INCREMENTAL=0" "-e" "RUST_BACKTRACE=full" "-e" "RUSTFLAGS=--cap-lints=warn" "-e" "RUSTDOCFLAGS=--cap-lints=warn" "-e" "CARGO_HOME=/opt/rustwide/cargo-home" "-e" "RUSTUP_HOME=/opt/rustwide/rustup-home" "-w" "/opt/rustwide/workdir" "-m" "1610612736" "--user" "0:0" "--network" "none" "ghcr.io/rust-lang/crates-build-env/linux@sha256:2788e3201cd34a07e3172128adcd8b3090168a8e3bcc40d7c032b9dda1df7d1c" "/opt/rustwide/cargo-home/bin/cargo" "+1.75.0" "test" "--frozen" "--no-run" "--message-format=json", kill_on_drop: false }`
[INFO] [stdout] 4725a4ef8f9c315824b65f13d6c62c5c751cbed605a6ad995987fbafc60e0eca
[INFO] running `Command { std: "docker" "start" "-a" "4725a4ef8f9c315824b65f13d6c62c5c751cbed605a6ad995987fbafc60e0eca", kill_on_drop: false }`
[INFO] [stderr]    Compiling sdio_sdhc v0.2.3 (/opt/rustwide/workdir)
[INFO] [stderr]     Finished test [unoptimized + debuginfo] target(s) in 0.30s
[INFO] running `Command { std: "docker" "inspect" "4725a4ef8f9c315824b65f13d6c62c5c751cbed605a6ad995987fbafc60e0eca", kill_on_drop: false }`
[INFO] running `Command { std: "docker" "rm" "-f" "4725a4ef8f9c315824b65f13d6c62c5c751cbed605a6ad995987fbafc60e0eca", kill_on_drop: false }`
[INFO] [stdout] 4725a4ef8f9c315824b65f13d6c62c5c751cbed605a6ad995987fbafc60e0eca
[INFO] running `Command { std: "docker" "create" "-v" "/var/lib/crater-agent-workspace/builds/worker-5-tc1/target:/opt/rustwide/target:rw,Z" "-v" "/var/lib/crater-agent-workspace/builds/worker-5-tc1/source:/opt/rustwide/workdir:ro,Z" "-v" "/var/lib/crater-agent-workspace/cargo-home:/opt/rustwide/cargo-home:ro,Z" "-v" "/var/lib/crater-agent-workspace/rustup-home:/opt/rustwide/rustup-home:ro,Z" "-e" "SOURCE_DIR=/opt/rustwide/workdir" "-e" "CARGO_TARGET_DIR=/opt/rustwide/target" "-e" "CARGO_INCREMENTAL=0" "-e" "RUST_BACKTRACE=full" "-e" "RUSTFLAGS=--cap-lints=warn" "-e" "RUSTDOCFLAGS=--cap-lints=warn" "-e" "CARGO_HOME=/opt/rustwide/cargo-home" "-e" "RUSTUP_HOME=/opt/rustwide/rustup-home" "-w" "/opt/rustwide/workdir" "-m" "1610612736" "--user" "0:0" "--network" "none" "ghcr.io/rust-lang/crates-build-env/linux@sha256:2788e3201cd34a07e3172128adcd8b3090168a8e3bcc40d7c032b9dda1df7d1c" "/opt/rustwide/cargo-home/bin/cargo" "+1.75.0" "test" "--frozen", kill_on_drop: false }`
[INFO] [stdout] 1eb42d81b9c9b670b54c0a9fd379072b94b649fec185790d8b936e947a8bba85
[INFO] running `Command { std: "docker" "start" "-a" "1eb42d81b9c9b670b54c0a9fd379072b94b649fec185790d8b936e947a8bba85", kill_on_drop: false }`
[INFO] [stderr]     Finished test [unoptimized + debuginfo] target(s) in 0.02s
[INFO] [stderr]      Running unittests src/lib.rs (/opt/rustwide/target/debug/deps/sdio_sdhc-c5146fdafdbc9fc3)
[INFO] [stdout] 
[INFO] [stdout] running 0 tests
[INFO] [stdout] 
[INFO] [stdout] test result: ok. 0 passed; 0 failed; 0 ignored; 0 measured; 0 filtered out; finished in 0.00s
[INFO] [stdout] 
[INFO] [stderr]    Doc-tests sdio_sdhc
[INFO] [stdout] 
[INFO] [stdout] running 5 tests
[INFO] [stdout] test src/lib.rs - (line 83) ... FAILED
[INFO] [stdout] test src/lib.rs - (line 96) ... FAILED
[INFO] [stdout] test src/lib.rs - (line 5) ... FAILED
[INFO] [stdout] test src/lib.rs - (line 62) ... FAILED
[INFO] [stdout] test src/lib.rs - (line 10) ... FAILED
[INFO] [stdout] 
[INFO] [stdout] failures:
[INFO] [stdout] 
[INFO] [stdout] ---- src/lib.rs - (line 83) stdout ----
[INFO] [stdout] error: unexpected token: `...`
[INFO] [stdout]  --> src/lib.rs:90:11
[INFO] [stdout]   |
[INFO] [stdout] 9 | [1, 1, 1, .......]
[INFO] [stdout]   |           ^^^
[INFO] [stdout]   |
[INFO] [stdout] help: use `..` for an exclusive range
[INFO] [stdout]   |
[INFO] [stdout] 9 | [1, 1, 1, ......]
[INFO] [stdout]   |           ~~
[INFO] [stdout] help: or `..=` for an inclusive range
[INFO] [stdout]   |
[INFO] [stdout] 9 | [1, 1, 1, ..=....]
[INFO] [stdout]   |           ~~~
[INFO] [stdout] 
[INFO] [stdout] error: unexpected token: `...`
[INFO] [stdout]  --> src/lib.rs:90:14
[INFO] [stdout]   |
[INFO] [stdout] 9 | [1, 1, 1, .......]
[INFO] [stdout]   |              ^^^
[INFO] [stdout]   |
[INFO] [stdout] help: use `..` for an exclusive range
[INFO] [stdout]   |
[INFO] [stdout] 9 | [1, 1, 1, ......]
[INFO] [stdout]   |              ~~
[INFO] [stdout] help: or `..=` for an inclusive range
[INFO] [stdout]   |
[INFO] [stdout] 9 | [1, 1, 1, .....=.]
[INFO] [stdout]   |              ~~~
[INFO] [stdout] 
[INFO] [stdout] error[E0586]: inclusive range with no end
[INFO] [stdout]  --> src/lib.rs:90:14
[INFO] [stdout]   |
[INFO] [stdout] 9 | [1, 1, 1, .......]
[INFO] [stdout]   |              ^^^ help: use `..` instead
[INFO] [stdout]   |
[INFO] [stdout]   = note: inclusive ranges must be bounded at the end (`..=b` or `a..=b`)
[INFO] [stdout] 
[INFO] [stdout] error: expected one of `,` or `]`, found `.`
[INFO] [stdout]  --> src/lib.rs:90:17
[INFO] [stdout]   |
[INFO] [stdout] 9 | [1, 1, 1, .......]
[INFO] [stdout]   |                 ^ expected one of `,` or `]`
[INFO] [stdout] 
[INFO] [stdout] error: expected `;`, found `[`
[INFO] [stdout]  --> src/lib.rs:90:1
[INFO] [stdout]   |
[INFO] [stdout] 9 | [1, 1, 1, .......]
[INFO] [stdout]   | ^
[INFO] [stdout]   |
[INFO] [stdout] help: consider adding `;` here
[INFO] [stdout]   |
[INFO] [stdout] 7 | };
[INFO] [stdout]   |  +
[INFO] [stdout] 
[INFO] [stdout] error: aborting due to 5 previous errors
[INFO] [stdout] 
[INFO] [stdout] For more information about this error, try `rustc --explain E0586`.
[INFO] [stdout] Couldn't compile the test.
[INFO] [stdout] ---- src/lib.rs - (line 96) stdout ----
[INFO] [stdout] error: expected one of `.`, `;`, `?`, `}`, or an operator, found `,`
[INFO] [stdout]  --> src/lib.rs:98:30
[INFO] [stdout]   |
[INFO] [stdout] 5 | sdio_sdhc = { version = "0.2", features = ["filesystem"] }
[INFO] [stdout]   |                              ^ expected one of `.`, `;`, `?`, `}`, or an operator
[INFO] [stdout] 
[INFO] [stdout] error[E0423]: expected value, found crate `sdio_sdhc`
[INFO] [stdout]  --> src/lib.rs:98:1
[INFO] [stdout]   |
[INFO] [stdout] 5 | sdio_sdhc = { version = "0.2", features = ["filesystem"] }
[INFO] [stdout]   | ^^^^^^^^^
[INFO] [stdout]   |
[INFO] [stdout] help: you might have meant to introduce a new binding
[INFO] [stdout]   |
[INFO] [stdout] 5 | let sdio_sdhc = { version = "0.2", features = ["filesystem"] }
[INFO] [stdout]   | +++
[INFO] [stdout] 
[INFO] [stdout] error: aborting due to 2 previous errors
[INFO] [stdout] 
[INFO] [stdout] For more information about this error, try `rustc --explain E0423`.
[INFO] [stdout] Couldn't compile the test.
[INFO] [stdout] ---- src/lib.rs - (line 5) stdout ----
[INFO] [stdout] error: expected one of `.`, `;`, `?`, `}`, or an operator, found `,`
[INFO] [stdout]  --> src/lib.rs:6:34
[INFO] [stdout]   |
[INFO] [stdout] 3 | stm32fxxx-hal = { version = "xxx", features = ["xxx"] }
[INFO] [stdout]   |                                  ^ expected one of `.`, `;`, `?`, `}`, or an operator
[INFO] [stdout] 
[INFO] [stdout] error[E0425]: cannot find value `stm32fxxx` in this scope
[INFO] [stdout]  --> src/lib.rs:6:1
[INFO] [stdout]   |
[INFO] [stdout] 3 | stm32fxxx-hal = { version = "xxx", features = ["xxx"] }
[INFO] [stdout]   | ^^^^^^^^^ not found in this scope
[INFO] [stdout] 
[INFO] [stdout] error[E0425]: cannot find value `hal` in this scope
[INFO] [stdout]  --> src/lib.rs:6:11
[INFO] [stdout]   |
[INFO] [stdout] 3 | stm32fxxx-hal = { version = "xxx", features = ["xxx"] }
[INFO] [stdout]   |           ^^^ not found in this scope
[INFO] [stdout] 
[INFO] [stdout] error[E0070]: invalid left-hand side of assignment
[INFO] [stdout]  --> src/lib.rs:6:15
[INFO] [stdout]   |
[INFO] [stdout] 3 | stm32fxxx-hal = { version = "xxx", features = ["xxx"] }
[INFO] [stdout]   | ------------- ^
[INFO] [stdout]   | |
[INFO] [stdout]   | cannot assign to this expression
[INFO] [stdout] 
[INFO] [stdout] error: aborting due to 4 previous errors
[INFO] [stdout] 
[INFO] [stdout] Some errors have detailed explanations: E0070, E0425.
[INFO] [stdout] For more information about an error, try `rustc --explain E0070`.
[INFO] [stdout] Couldn't compile the test.
[INFO] [stdout] ---- src/lib.rs - (line 62) stdout ----
[INFO] [stdout] error[E0433]: failed to resolve: use of undeclared type `Card`
[INFO] [stdout]  --> src/lib.rs:63:12
[INFO] [stdout]   |
[INFO] [stdout] 3 | let card = Card::init().unwrap();
[INFO] [stdout]   |            ^^^^ use of undeclared type `Card`
[INFO] [stdout]   |
[INFO] [stdout] help: consider importing one of these items
[INFO] [stdout]   |
[INFO] [stdout] 2 + use sdio_sdhc::sdcard::Card;
[INFO] [stdout]   |
[INFO] [stdout] 2 + use stm32f4xx_hal::sdio::Card;
[INFO] [stdout]   |
[INFO] [stdout] 
[INFO] [stdout] error[E0425]: cannot find value `USART1` in this scope
[INFO] [stdout]  --> src/lib.rs:64:13
[INFO] [stdout]   |
[INFO] [stdout] 4 |    writeln!(USART1, "{:#?}", card).unwrap();
[INFO] [stdout]   |             ^^^^^^ not found in this scope
[INFO] [stdout]   |
[INFO] [stdout] help: consider importing this unit variant
[INFO] [stdout]   |
[INFO] [stdout] 2 + use stm32f4xx_hal::stm32::Interrupt::USART1;
[INFO] [stdout]   |
[INFO] [stdout] 
[INFO] [stdout] error[E0425]: cannot find value `USART1` in this scope
[INFO] [stdout]   --> src/lib.rs:72:13
[INFO] [stdout]    |
[INFO] [stdout] 12 |    writeln!(USART1, "{:?}", &buf[0..buf.len()]).unwrap();
[INFO] [stdout]    |             ^^^^^^ not found in this scope
[INFO] [stdout]    |
[INFO] [stdout] help: consider importing this unit variant
[INFO] [stdout]    |
[INFO] [stdout] 2  + use stm32f4xx_hal::stm32::Interrupt::USART1;
[INFO] [stdout]    |
[INFO] [stdout] 
[INFO] [stdout] error[E0425]: cannot find value `USART1` in this scope
[INFO] [stdout]   --> src/lib.rs:79:13
[INFO] [stdout]    |
[INFO] [stdout] 19 |    writeln!(USART1, "{:?}", &buf[0..buf.len()]).unwrap();
[INFO] [stdout]    |             ^^^^^^ not found in this scope
[INFO] [stdout]    |
[INFO] [stdout] help: consider importing this unit variant
[INFO] [stdout]    |
[INFO] [stdout] 2  + use stm32f4xx_hal::stm32::Interrupt::USART1;
[INFO] [stdout]    |
[INFO] [stdout] 
[INFO] [stdout] error: aborting due to 4 previous errors
[INFO] [stdout] 
[INFO] [stdout] Some errors have detailed explanations: E0425, E0433.
[INFO] [stdout] For more information about an error, try `rustc --explain E0425`.
[INFO] [stdout] Couldn't compile the test.
[INFO] [stdout] ---- src/lib.rs - (line 10) stdout ----
[INFO] [stdout] error[E0433]: failed to resolve: use of undeclared crate or module `stm32`
[INFO] [stdout]  --> src/lib.rs:12:14
[INFO] [stdout]   |
[INFO] [stdout] 4 |    rcc: &mut stm32::RCC,
[INFO] [stdout]   |              ^^^^^ use of undeclared crate or module `stm32`
[INFO] [stdout]   |
[INFO] [stdout] help: consider importing this module
[INFO] [stdout]   |
[INFO] [stdout] 2 + use stm32f4xx_hal::stm32;
[INFO] [stdout]   |
[INFO] [stdout] 
[INFO] [stdout] error[E0433]: failed to resolve: use of undeclared crate or module `stm32`
[INFO] [stdout]  --> src/lib.rs:13:16
[INFO] [stdout]   |
[INFO] [stdout] 5 |    gpioc: &mut stm32::GPIOC,
[INFO] [stdout]   |                ^^^^^ use of undeclared crate or module `stm32`
[INFO] [stdout]   |
[INFO] [stdout] help: consider importing this module
[INFO] [stdout]   |
[INFO] [stdout] 2 + use stm32f4xx_hal::stm32;
[INFO] [stdout]   |
[INFO] [stdout] 
[INFO] [stdout] error[E0433]: failed to resolve: use of undeclared crate or module `stm32`
[INFO] [stdout]  --> src/lib.rs:14:16
[INFO] [stdout]   |
[INFO] [stdout] 6 |    gpiod: &mut stm32::GPIOD,
[INFO] [stdout]   |                ^^^^^ use of undeclared crate or module `stm32`
[INFO] [stdout]   |
[INFO] [stdout] help: consider importing this module
[INFO] [stdout]   |
[INFO] [stdout] 2 + use stm32f4xx_hal::stm32;
[INFO] [stdout]   |
[INFO] [stdout] 
[INFO] [stdout] error: aborting due to 3 previous errors
[INFO] [stdout] 
[INFO] [stdout] For more information about this error, try `rustc --explain E0433`.
[INFO] [stdout] Couldn't compile the test.
[INFO] [stdout] 
[INFO] [stdout] failures:
[INFO] [stdout]     src/lib.rs - (line 10)
[INFO] [stdout]     src/lib.rs - (line 5)
[INFO] [stdout]     src/lib.rs - (line 62)
[INFO] [stdout]     src/lib.rs - (line 83)
[INFO] [stdout]     src/lib.rs - (line 96)
[INFO] [stdout] 
[INFO] [stdout] test result: FAILED. 0 passed; 5 failed; 0 ignored; 0 measured; 0 filtered out; finished in 0.10s
[INFO] [stdout] 
[INFO] [stderr] error: doctest failed, to rerun pass `--doc`
[INFO] running `Command { std: "docker" "inspect" "1eb42d81b9c9b670b54c0a9fd379072b94b649fec185790d8b936e947a8bba85", kill_on_drop: false }`
[INFO] running `Command { std: "docker" "rm" "-f" "1eb42d81b9c9b670b54c0a9fd379072b94b649fec185790d8b936e947a8bba85", kill_on_drop: false }`
[INFO] [stdout] 1eb42d81b9c9b670b54c0a9fd379072b94b649fec185790d8b936e947a8bba85
[INFO] testing sdio_sdhc-0.2.3 against beta-2023-12-22 for beta-1.76-1
[INFO] extracting crate sdio_sdhc 0.2.3 into /workspace/builds/worker-5-tc2/source
[INFO] validating manifest of crates.io crate sdio_sdhc 0.2.3 on toolchain beta-2023-12-22
[INFO] running `Command { std: CARGO_HOME="/workspace/cargo-home" RUSTUP_HOME="/workspace/rustup-home" "/workspace/cargo-home/bin/cargo" "+beta-2023-12-22" "metadata" "--manifest-path" "Cargo.toml" "--no-deps", kill_on_drop: false }`
[INFO] started tweaking crates.io crate sdio_sdhc 0.2.3
[INFO] finished tweaking crates.io crate sdio_sdhc 0.2.3
[INFO] tweaked toml for crates.io crate sdio_sdhc 0.2.3 written to /workspace/builds/worker-5-tc2/source/Cargo.toml
[INFO] running `Command { std: CARGO_HOME="/workspace/cargo-home" RUSTUP_HOME="/workspace/rustup-home" "/workspace/cargo-home/bin/cargo" "+beta-2023-12-22" "generate-lockfile" "--manifest-path" "Cargo.toml", kill_on_drop: false }`
[INFO] [stderr]     Updating crates.io index
[INFO] running `Command { std: CARGO_HOME="/workspace/cargo-home" RUSTUP_HOME="/workspace/rustup-home" "/workspace/cargo-home/bin/cargo" "+beta-2023-12-22" "fetch" "--manifest-path" "Cargo.toml", kill_on_drop: false }`
[INFO] running `Command { std: "docker" "create" "-v" "/var/lib/crater-agent-workspace/builds/worker-5-tc2/target:/opt/rustwide/target:rw,Z" "-v" "/var/lib/crater-agent-workspace/builds/worker-5-tc2/source:/opt/rustwide/workdir:ro,Z" "-v" "/var/lib/crater-agent-workspace/cargo-home:/opt/rustwide/cargo-home:ro,Z" "-v" "/var/lib/crater-agent-workspace/rustup-home:/opt/rustwide/rustup-home:ro,Z" "-e" "SOURCE_DIR=/opt/rustwide/workdir" "-e" "CARGO_TARGET_DIR=/opt/rustwide/target" "-e" "CARGO_HOME=/opt/rustwide/cargo-home" "-e" "RUSTUP_HOME=/opt/rustwide/rustup-home" "-w" "/opt/rustwide/workdir" "-m" "1610612736" "--user" "0:0" "--network" "none" "ghcr.io/rust-lang/crates-build-env/linux@sha256:2788e3201cd34a07e3172128adcd8b3090168a8e3bcc40d7c032b9dda1df7d1c" "/opt/rustwide/cargo-home/bin/cargo" "+beta-2023-12-22" "metadata" "--no-deps" "--format-version=1", kill_on_drop: false }`
[INFO] [stdout] 41a927c6055504cccb1a7a7a89a9622362b19e5b9e56ebe3458d808f6f255f13
[INFO] running `Command { std: "docker" "start" "-a" "41a927c6055504cccb1a7a7a89a9622362b19e5b9e56ebe3458d808f6f255f13", kill_on_drop: false }`
[INFO] running `Command { std: "docker" "inspect" "41a927c6055504cccb1a7a7a89a9622362b19e5b9e56ebe3458d808f6f255f13", kill_on_drop: false }`
[INFO] running `Command { std: "docker" "rm" "-f" "41a927c6055504cccb1a7a7a89a9622362b19e5b9e56ebe3458d808f6f255f13", kill_on_drop: false }`
[INFO] [stdout] 41a927c6055504cccb1a7a7a89a9622362b19e5b9e56ebe3458d808f6f255f13
[INFO] running `Command { std: "docker" "create" "-v" "/var/lib/crater-agent-workspace/builds/worker-5-tc2/target:/opt/rustwide/target:rw,Z" "-v" "/var/lib/crater-agent-workspace/builds/worker-5-tc2/source:/opt/rustwide/workdir:ro,Z" "-v" "/var/lib/crater-agent-workspace/cargo-home:/opt/rustwide/cargo-home:ro,Z" "-v" "/var/lib/crater-agent-workspace/rustup-home:/opt/rustwide/rustup-home:ro,Z" "-e" "SOURCE_DIR=/opt/rustwide/workdir" "-e" "CARGO_TARGET_DIR=/opt/rustwide/target" "-e" "CARGO_INCREMENTAL=0" "-e" "RUST_BACKTRACE=full" "-e" "RUSTFLAGS=--cap-lints=warn" "-e" "RUSTDOCFLAGS=--cap-lints=warn" "-e" "CARGO_HOME=/opt/rustwide/cargo-home" "-e" "RUSTUP_HOME=/opt/rustwide/rustup-home" "-w" "/opt/rustwide/workdir" "-m" "1610612736" "--user" "0:0" "--network" "none" "ghcr.io/rust-lang/crates-build-env/linux@sha256:2788e3201cd34a07e3172128adcd8b3090168a8e3bcc40d7c032b9dda1df7d1c" "/opt/rustwide/cargo-home/bin/cargo" "+beta-2023-12-22" "build" "--frozen" "--message-format=json", kill_on_drop: false }`
[INFO] [stdout] 9b7ae93b6238041f45ee7accc7ebead627260cd69da4ea2c93638f0d8faef37f
[INFO] running `Command { std: "docker" "start" "-a" "9b7ae93b6238041f45ee7accc7ebead627260cd69da4ea2c93638f0d8faef37f", kill_on_drop: false }`
[INFO] [stderr]    Compiling cortex-m v0.7.7
[INFO] [stderr]    Compiling nb v1.1.0
[INFO] [stderr]    Compiling syn v1.0.109
[INFO] [stderr]    Compiling stable_deref_trait v1.2.0
[INFO] [stderr]    Compiling vcell v0.1.3
[INFO] [stderr]    Compiling void v1.0.2
[INFO] [stderr]    Compiling bitfield v0.13.2
[INFO] [stderr]    Compiling cortex-m v0.6.7
[INFO] [stderr]    Compiling cortex-m-rt v0.6.15
[INFO] [stderr]    Compiling stm32f4 v0.11.0
[INFO] [stderr]    Compiling r0 v0.2.2
[INFO] [stderr]    Compiling generic-array v0.14.7
[INFO] [stderr]    Compiling bare-metal v0.2.5
[INFO] [stderr]    Compiling generic-array v0.13.3
[INFO] [stderr]    Compiling cast v0.2.7
[INFO] [stderr]    Compiling rand_core v0.5.1
[INFO] [stderr]    Compiling nb v0.1.3
[INFO] [stderr]    Compiling volatile-register v0.2.2
[INFO] [stderr]    Compiling embedded-hal v0.2.7
[INFO] [stderr]    Compiling as-slice v0.1.5
[INFO] [stderr]    Compiling aligned v0.3.5
[INFO] [stderr]    Compiling cortex-m-rt-macros v0.6.15
[INFO] [stderr]    Compiling stm32f4xx-hal v0.8.3
[INFO] [stderr]    Compiling sdio_sdhc v0.2.3 (/opt/rustwide/workdir)
[INFO] [stderr]     Finished dev [unoptimized + debuginfo] target(s) in 16.94s
[INFO] running `Command { std: "docker" "inspect" "9b7ae93b6238041f45ee7accc7ebead627260cd69da4ea2c93638f0d8faef37f", kill_on_drop: false }`
[INFO] running `Command { std: "docker" "rm" "-f" "9b7ae93b6238041f45ee7accc7ebead627260cd69da4ea2c93638f0d8faef37f", kill_on_drop: false }`
[INFO] [stdout] 9b7ae93b6238041f45ee7accc7ebead627260cd69da4ea2c93638f0d8faef37f
[INFO] running `Command { std: "docker" "create" "-v" "/var/lib/crater-agent-workspace/builds/worker-5-tc2/target:/opt/rustwide/target:rw,Z" "-v" "/var/lib/crater-agent-workspace/builds/worker-5-tc2/source:/opt/rustwide/workdir:ro,Z" "-v" "/var/lib/crater-agent-workspace/cargo-home:/opt/rustwide/cargo-home:ro,Z" "-v" "/var/lib/crater-agent-workspace/rustup-home:/opt/rustwide/rustup-home:ro,Z" "-e" "SOURCE_DIR=/opt/rustwide/workdir" "-e" "CARGO_TARGET_DIR=/opt/rustwide/target" "-e" "CARGO_INCREMENTAL=0" "-e" "RUST_BACKTRACE=full" "-e" "RUSTFLAGS=--cap-lints=warn" "-e" "RUSTDOCFLAGS=--cap-lints=warn" "-e" "CARGO_HOME=/opt/rustwide/cargo-home" "-e" "RUSTUP_HOME=/opt/rustwide/rustup-home" "-w" "/opt/rustwide/workdir" "-m" "1610612736" "--user" "0:0" "--network" "none" "ghcr.io/rust-lang/crates-build-env/linux@sha256:2788e3201cd34a07e3172128adcd8b3090168a8e3bcc40d7c032b9dda1df7d1c" "/opt/rustwide/cargo-home/bin/cargo" "+beta-2023-12-22" "test" "--frozen" "--no-run" "--message-format=json", kill_on_drop: false }`
[INFO] [stdout] ed40eeceb81a78865dff40835c857fee206b9f2f9412cf56ae81a3093bf8a405
[INFO] running `Command { std: "docker" "start" "-a" "ed40eeceb81a78865dff40835c857fee206b9f2f9412cf56ae81a3093bf8a405", kill_on_drop: false }`
[INFO] [stderr]    Compiling sdio_sdhc v0.2.3 (/opt/rustwide/workdir)
[INFO] [stderr]     Finished test [unoptimized + debuginfo] target(s) in 0.29s
[INFO] running `Command { std: "docker" "inspect" "ed40eeceb81a78865dff40835c857fee206b9f2f9412cf56ae81a3093bf8a405", kill_on_drop: false }`
[INFO] running `Command { std: "docker" "rm" "-f" "ed40eeceb81a78865dff40835c857fee206b9f2f9412cf56ae81a3093bf8a405", kill_on_drop: false }`
[INFO] [stdout] ed40eeceb81a78865dff40835c857fee206b9f2f9412cf56ae81a3093bf8a405
[INFO] running `Command { std: "docker" "create" "-v" "/var/lib/crater-agent-workspace/builds/worker-5-tc2/target:/opt/rustwide/target:rw,Z" "-v" "/var/lib/crater-agent-workspace/builds/worker-5-tc2/source:/opt/rustwide/workdir:ro,Z" "-v" "/var/lib/crater-agent-workspace/cargo-home:/opt/rustwide/cargo-home:ro,Z" "-v" "/var/lib/crater-agent-workspace/rustup-home:/opt/rustwide/rustup-home:ro,Z" "-e" "SOURCE_DIR=/opt/rustwide/workdir" "-e" "CARGO_TARGET_DIR=/opt/rustwide/target" "-e" "CARGO_INCREMENTAL=0" "-e" "RUST_BACKTRACE=full" "-e" "RUSTFLAGS=--cap-lints=warn" "-e" "RUSTDOCFLAGS=--cap-lints=warn" "-e" "CARGO_HOME=/opt/rustwide/cargo-home" "-e" "RUSTUP_HOME=/opt/rustwide/rustup-home" "-w" "/opt/rustwide/workdir" "-m" "1610612736" "--user" "0:0" "--network" "none" "ghcr.io/rust-lang/crates-build-env/linux@sha256:2788e3201cd34a07e3172128adcd8b3090168a8e3bcc40d7c032b9dda1df7d1c" "/opt/rustwide/cargo-home/bin/cargo" "+beta-2023-12-22" "test" "--frozen", kill_on_drop: false }`
[INFO] [stdout] 0f0de91a474353097a16e084d35b5b3acd8bb44cfaea7e98f26f87a3e5e9661a
[INFO] running `Command { std: "docker" "start" "-a" "0f0de91a474353097a16e084d35b5b3acd8bb44cfaea7e98f26f87a3e5e9661a", kill_on_drop: false }`
[INFO] [stderr]     Finished test [unoptimized + debuginfo] target(s) in 0.02s
[INFO] [stderr]      Running unittests src/lib.rs (/opt/rustwide/target/debug/deps/sdio_sdhc-3be74d38b0639bf8)
[INFO] [stdout] 
[INFO] [stdout] running 0 tests
[INFO] [stdout] 
[INFO] [stdout] test result: ok. 0 passed; 0 failed; 0 ignored; 0 measured; 0 filtered out; finished in 0.00s
[INFO] [stdout] 
[INFO] [stderr]    Doc-tests sdio_sdhc
[INFO] [stdout] 
[INFO] [stdout] running 5 tests
[INFO] [stdout] test src/lib.rs - (line 83) ... FAILED
[INFO] [stdout] test src/lib.rs - (line 5) ... FAILED
[INFO] [stdout] test src/lib.rs - (line 96) ... FAILED
[INFO] [stdout] test src/lib.rs - (line 62) ... FAILED
[INFO] [stdout] test src/lib.rs - (line 10) ... FAILED
[INFO] [stdout] 
[INFO] [stdout] failures:
[INFO] [stdout] 
[INFO] [stdout] ---- src/lib.rs - (line 83) stdout ----
[INFO] [stdout] error: unexpected token: `...`
[INFO] [stdout]  --> src/lib.rs:90:11
[INFO] [stdout]   |
[INFO] [stdout] 9 | [1, 1, 1, .......]
[INFO] [stdout]   |           ^^^
[INFO] [stdout]   |
[INFO] [stdout] help: use `..` for an exclusive range
[INFO] [stdout]   |
[INFO] [stdout] 9 | [1, 1, 1, ......]
[INFO] [stdout]   |           ~~
[INFO] [stdout] help: or `..=` for an inclusive range
[INFO] [stdout]   |
[INFO] [stdout] 9 | [1, 1, 1, ..=....]
[INFO] [stdout]   |           ~~~
[INFO] [stdout] 
[INFO] [stdout] error: unexpected token: `...`
[INFO] [stdout]  --> src/lib.rs:90:14
[INFO] [stdout]   |
[INFO] [stdout] 9 | [1, 1, 1, .......]
[INFO] [stdout]   |              ^^^
[INFO] [stdout]   |
[INFO] [stdout] help: use `..` for an exclusive range
[INFO] [stdout]   |
[INFO] [stdout] 9 | [1, 1, 1, ......]
[INFO] [stdout]   |              ~~
[INFO] [stdout] help: or `..=` for an inclusive range
[INFO] [stdout]   |
[INFO] [stdout] 9 | [1, 1, 1, .....=.]
[INFO] [stdout]   |              ~~~
[INFO] [stdout] 
[INFO] [stdout] error[E0586]: inclusive range with no end
[INFO] [stdout]  --> src/lib.rs:90:14
[INFO] [stdout]   |
[INFO] [stdout] 9 | [1, 1, 1, .......]
[INFO] [stdout]   |              ^^^ help: use `..` instead
[INFO] [stdout]   |
[INFO] [stdout]   = note: inclusive ranges must be bounded at the end (`..=b` or `a..=b`)
[INFO] [stdout] 
[INFO] [stdout] error: expected one of `,` or `]`, found `.`
[INFO] [stdout]  --> src/lib.rs:90:17
[INFO] [stdout]   |
[INFO] [stdout] 9 | [1, 1, 1, .......]
[INFO] [stdout]   |                 ^ expected one of `,` or `]`
[INFO] [stdout] 
[INFO] [stdout] error: expected `;`, found `[`
[INFO] [stdout]  --> src/lib.rs:90:1
[INFO] [stdout]   |
[INFO] [stdout] 9 | [1, 1, 1, .......]
[INFO] [stdout]   | ^
[INFO] [stdout]   |
[INFO] [stdout] help: consider adding `;` here
[INFO] [stdout]   |
[INFO] [stdout] 7 | };
[INFO] [stdout]   |  +
[INFO] [stdout] 
[INFO] [stdout] error: aborting due to 5 previous errors
[INFO] [stdout] 
[INFO] [stdout] For more information about this error, try `rustc --explain E0586`.
[INFO] [stdout] Couldn't compile the test.
[INFO] [stdout] ---- src/lib.rs - (line 5) stdout ----
[INFO] [stdout] error: expected one of `.`, `;`, `?`, `}`, or an operator, found `,`
[INFO] [stdout]  --> src/lib.rs:6:34
[INFO] [stdout]   |
[INFO] [stdout] 3 | stm32fxxx-hal = { version = "xxx", features = ["xxx"] }
[INFO] [stdout]   |                                  ^ expected one of `.`, `;`, `?`, `}`, or an operator
[INFO] [stdout] 
[INFO] [stdout] error[E0425]: cannot find value `stm32fxxx` in this scope
[INFO] [stdout]  --> src/lib.rs:6:1
[INFO] [stdout]   |
[INFO] [stdout] 3 | stm32fxxx-hal = { version = "xxx", features = ["xxx"] }
[INFO] [stdout]   | ^^^^^^^^^ not found in this scope
[INFO] [stdout] 
[INFO] [stdout] error[E0425]: cannot find value `hal` in this scope
[INFO] [stdout]  --> src/lib.rs:6:11
[INFO] [stdout]   |
[INFO] [stdout] 3 | stm32fxxx-hal = { version = "xxx", features = ["xxx"] }
[INFO] [stdout]   |           ^^^ not found in this scope
[INFO] [stdout] 
[INFO] [stdout] error[E0070]: invalid left-hand side of assignment
[INFO] [stdout]  --> src/lib.rs:6:15
[INFO] [stdout]   |
[INFO] [stdout] 3 | stm32fxxx-hal = { version = "xxx", features = ["xxx"] }
[INFO] [stdout]   | ------------- ^
[INFO] [stdout]   | |
[INFO] [stdout]   | cannot assign to this expression
[INFO] [stdout] 
[INFO] [stdout] error: aborting due to 4 previous errors
[INFO] [stdout] 
[INFO] [stdout] Some errors have detailed explanations: E0070, E0425.
[INFO] [stdout] For more information about an error, try `rustc --explain E0070`.
[INFO] [stdout] Couldn't compile the test.
[INFO] [stdout] ---- src/lib.rs - (line 96) stdout ----
[INFO] [stdout] error: expected one of `.`, `;`, `?`, `}`, or an operator, found `,`
[INFO] [stdout]  --> src/lib.rs:98:30
[INFO] [stdout]   |
[INFO] [stdout] 5 | sdio_sdhc = { version = "0.2", features = ["filesystem"] }
[INFO] [stdout]   |                              ^ expected one of `.`, `;`, `?`, `}`, or an operator
[INFO] [stdout] 
[INFO] [stdout] error[E0423]: expected value, found crate `sdio_sdhc`
[INFO] [stdout]  --> src/lib.rs:98:1
[INFO] [stdout]   |
[INFO] [stdout] 5 | sdio_sdhc = { version = "0.2", features = ["filesystem"] }
[INFO] [stdout]   | ^^^^^^^^^
[INFO] [stdout]   |
[INFO] [stdout] help: you might have meant to introduce a new binding
[INFO] [stdout]   |
[INFO] [stdout] 5 | let sdio_sdhc = { version = "0.2", features = ["filesystem"] }
[INFO] [stdout]   | +++
[INFO] [stdout] 
[INFO] [stdout] error: aborting due to 2 previous errors
[INFO] [stdout] 
[INFO] [stdout] For more information about this error, try `rustc --explain E0423`.
[INFO] [stdout] Couldn't compile the test.
[INFO] [stdout] ---- src/lib.rs - (line 62) stdout ----
[INFO] [stdout] error[E0433]: failed to resolve: use of undeclared type `Card`
[INFO] [stdout]  --> src/lib.rs:63:12
[INFO] [stdout]   |
[INFO] [stdout] 3 | let card = Card::init().unwrap();
[INFO] [stdout]   |            ^^^^ use of undeclared type `Card`
[INFO] [stdout]   |
[INFO] [stdout] help: consider importing one of these items
[INFO] [stdout]   |
[INFO] [stdout] 2 + use sdio_sdhc::sdcard::Card;
[INFO] [stdout]   |
[INFO] [stdout] 2 + use stm32f4xx_hal::sdio::Card;
[INFO] [stdout]   |
[INFO] [stdout] 
[INFO] [stdout] error[E0425]: cannot find value `USART1` in this scope
[INFO] [stdout]  --> src/lib.rs:64:13
[INFO] [stdout]   |
[INFO] [stdout] 4 |    writeln!(USART1, "{:#?}", card).unwrap();
[INFO] [stdout]   |             ^^^^^^ not found in this scope
[INFO] [stdout]   |
[INFO] [stdout] help: consider importing this unit variant
[INFO] [stdout]   |
[INFO] [stdout] 2 + use stm32f4xx_hal::stm32::Interrupt::USART1;
[INFO] [stdout]   |
[INFO] [stdout] 
[INFO] [stdout] error[E0425]: cannot find value `USART1` in this scope
[INFO] [stdout]   --> src/lib.rs:72:13
[INFO] [stdout]    |
[INFO] [stdout] 12 |    writeln!(USART1, "{:?}", &buf[0..buf.len()]).unwrap();
[INFO] [stdout]    |             ^^^^^^ not found in this scope
[INFO] [stdout]    |
[INFO] [stdout] help: consider importing this unit variant
[INFO] [stdout]    |
[INFO] [stdout] 2  + use stm32f4xx_hal::stm32::Interrupt::USART1;
[INFO] [stdout]    |
[INFO] [stdout] 
[INFO] [stdout] error[E0425]: cannot find value `USART1` in this scope
[INFO] [stdout]   --> src/lib.rs:79:13
[INFO] [stdout]    |
[INFO] [stdout] 19 |    writeln!(USART1, "{:?}", &buf[0..buf.len()]).unwrap();
[INFO] [stdout]    |             ^^^^^^ not found in this scope
[INFO] [stdout]    |
[INFO] [stdout] help: consider importing this unit variant
[INFO] [stdout]    |
[INFO] [stdout] 2  + use stm32f4xx_hal::stm32::Interrupt::USART1;
[INFO] [stdout]    |
[INFO] [stdout] 
[INFO] [stdout] error: aborting due to 4 previous errors
[INFO] [stdout] 
[INFO] [stdout] Some errors have detailed explanations: E0425, E0433.
[INFO] [stdout] For more information about an error, try `rustc --explain E0425`.
[INFO] [stdout] Couldn't compile the test.
[INFO] [stdout] ---- src/lib.rs - (line 10) stdout ----
[INFO] [stdout] error[E0433]: failed to resolve: use of undeclared crate or module `stm32`
[INFO] [stdout]  --> src/lib.rs:12:14
[INFO] [stdout]   |
[INFO] [stdout] 4 |    rcc: &mut stm32::RCC,
[INFO] [stdout]   |              ^^^^^ use of undeclared crate or module `stm32`
[INFO] [stdout]   |
[INFO] [stdout] help: consider importing this module
[INFO] [stdout]   |
[INFO] [stdout] 2 + use stm32f4xx_hal::stm32;
[INFO] [stdout]   |
[INFO] [stdout] 
[INFO] [stdout] error[E0433]: failed to resolve: use of undeclared crate or module `stm32`
[INFO] [stdout]  --> src/lib.rs:13:16
[INFO] [stdout]   |
[INFO] [stdout] 5 |    gpioc: &mut stm32::GPIOC,
[INFO] [stdout]   |                ^^^^^ use of undeclared crate or module `stm32`
[INFO] [stdout]   |
[INFO] [stdout] help: consider importing this module
[INFO] [stdout]   |
[INFO] [stdout] 2 + use stm32f4xx_hal::stm32;
[INFO] [stdout]   |
[INFO] [stdout] 
[INFO] [stdout] error[E0433]: failed to resolve: use of undeclared crate or module `stm32`
[INFO] [stdout]  --> src/lib.rs:14:16
[INFO] [stdout]   |
[INFO] [stdout] 6 |    gpiod: &mut stm32::GPIOD,
[INFO] [stdout]   |                ^^^^^ use of undeclared crate or module `stm32`
[INFO] [stdout]   |
[INFO] [stdout] help: consider importing this module
[INFO] [stdout]   |
[INFO] [stdout] 2 + use stm32f4xx_hal::stm32;
[INFO] [stdout]   |
[INFO] [stdout] 
[INFO] [stdout] error: aborting due to 3 previous errors
[INFO] [stdout] 
[INFO] [stdout] For more information about this error, try `rustc --explain E0433`.
[INFO] [stdout] Couldn't compile the test.
[INFO] [stdout] 
[INFO] [stdout] failures:
[INFO] [stdout]     src/lib.rs - (line 10)
[INFO] [stdout]     src/lib.rs - (line 5)
[INFO] [stdout]     src/lib.rs - (line 62)
[INFO] [stdout]     src/lib.rs - (line 83)
[INFO] [stdout]     src/lib.rs - (line 96)
[INFO] [stdout] 
[INFO] [stdout] test result: FAILED. 0 passed; 5 failed; 0 ignored; 0 measured; 0 filtered out; finished in 0.10s
[INFO] [stdout] 
[INFO] [stderr] error: doctest failed, to rerun pass `--doc`
[INFO] running `Command { std: "docker" "inspect" "0f0de91a474353097a16e084d35b5b3acd8bb44cfaea7e98f26f87a3e5e9661a", kill_on_drop: false }`
[INFO] running `Command { std: "docker" "rm" "-f" "0f0de91a474353097a16e084d35b5b3acd8bb44cfaea7e98f26f87a3e5e9661a", kill_on_drop: false }`
[INFO] [stdout] 0f0de91a474353097a16e084d35b5b3acd8bb44cfaea7e98f26f87a3e5e9661a
