[INFO] fetching crate scurry 0.5.0...
[INFO] testing scurry-0.5.0 against 1.75.0 for beta-1.76-1
[INFO] extracting crate scurry 0.5.0 into /workspace/builds/worker-1-tc1/source
[INFO] validating manifest of crates.io crate scurry 0.5.0 on toolchain 1.75.0
[INFO] running `Command { std: CARGO_HOME="/workspace/cargo-home" RUSTUP_HOME="/workspace/rustup-home" "/workspace/cargo-home/bin/cargo" "+1.75.0" "metadata" "--manifest-path" "Cargo.toml" "--no-deps", kill_on_drop: false }`
[INFO] started tweaking crates.io crate scurry 0.5.0
[INFO] finished tweaking crates.io crate scurry 0.5.0
[INFO] tweaked toml for crates.io crate scurry 0.5.0 written to /workspace/builds/worker-1-tc1/source/Cargo.toml
[INFO] crate crates.io crate scurry 0.5.0 already has a lockfile, it will not be regenerated
[INFO] running `Command { std: CARGO_HOME="/workspace/cargo-home" RUSTUP_HOME="/workspace/rustup-home" "/workspace/cargo-home/bin/cargo" "+1.75.0" "fetch" "--manifest-path" "Cargo.toml", kill_on_drop: false }`
[INFO] [stderr]  Downloading crates ...
[INFO] [stderr]   Downloaded rustyline-derive v0.7.0
[INFO] [stderr]   Downloaded clap_complete v4.0.6
[INFO] [stderr]   Downloaded io-lifetimes v0.7.4
[INFO] [stderr]   Downloaded clap_mangen v0.2.5
[INFO] [stderr]   Downloaded rustix v0.35.12
[INFO] running `Command { std: "docker" "create" "-v" "/var/lib/crater-agent-workspace/builds/worker-1-tc1/target:/opt/rustwide/target:rw,Z" "-v" "/var/lib/crater-agent-workspace/builds/worker-1-tc1/source:/opt/rustwide/workdir:ro,Z" "-v" "/var/lib/crater-agent-workspace/cargo-home:/opt/rustwide/cargo-home:ro,Z" "-v" "/var/lib/crater-agent-workspace/rustup-home:/opt/rustwide/rustup-home:ro,Z" "-e" "SOURCE_DIR=/opt/rustwide/workdir" "-e" "CARGO_TARGET_DIR=/opt/rustwide/target" "-e" "CARGO_HOME=/opt/rustwide/cargo-home" "-e" "RUSTUP_HOME=/opt/rustwide/rustup-home" "-w" "/opt/rustwide/workdir" "-m" "1610612736" "--user" "0:0" "--network" "none" "ghcr.io/rust-lang/crates-build-env/linux@sha256:2788e3201cd34a07e3172128adcd8b3090168a8e3bcc40d7c032b9dda1df7d1c" "/opt/rustwide/cargo-home/bin/cargo" "+1.75.0" "metadata" "--no-deps" "--format-version=1", kill_on_drop: false }`
[INFO] [stdout] edd78c833bebf5411e76591b93f1fc60c69a2f8398e5f32d63d24d25ccf1cfa9
[INFO] running `Command { std: "docker" "start" "-a" "edd78c833bebf5411e76591b93f1fc60c69a2f8398e5f32d63d24d25ccf1cfa9", kill_on_drop: false }`
[INFO] running `Command { std: "docker" "inspect" "edd78c833bebf5411e76591b93f1fc60c69a2f8398e5f32d63d24d25ccf1cfa9", kill_on_drop: false }`
[INFO] running `Command { std: "docker" "rm" "-f" "edd78c833bebf5411e76591b93f1fc60c69a2f8398e5f32d63d24d25ccf1cfa9", kill_on_drop: false }`
[INFO] [stdout] edd78c833bebf5411e76591b93f1fc60c69a2f8398e5f32d63d24d25ccf1cfa9
[INFO] running `Command { std: "docker" "create" "-v" "/var/lib/crater-agent-workspace/builds/worker-1-tc1/target:/opt/rustwide/target:rw,Z" "-v" "/var/lib/crater-agent-workspace/builds/worker-1-tc1/source:/opt/rustwide/workdir:ro,Z" "-v" "/var/lib/crater-agent-workspace/cargo-home:/opt/rustwide/cargo-home:ro,Z" "-v" "/var/lib/crater-agent-workspace/rustup-home:/opt/rustwide/rustup-home:ro,Z" "-e" "SOURCE_DIR=/opt/rustwide/workdir" "-e" "CARGO_TARGET_DIR=/opt/rustwide/target" "-e" "CARGO_INCREMENTAL=0" "-e" "RUST_BACKTRACE=full" "-e" "RUSTFLAGS=--cap-lints=warn" "-e" "RUSTDOCFLAGS=--cap-lints=warn" "-e" "CARGO_HOME=/opt/rustwide/cargo-home" "-e" "RUSTUP_HOME=/opt/rustwide/rustup-home" "-w" "/opt/rustwide/workdir" "-m" "1610612736" "--user" "0:0" "--network" "none" "ghcr.io/rust-lang/crates-build-env/linux@sha256:2788e3201cd34a07e3172128adcd8b3090168a8e3bcc40d7c032b9dda1df7d1c" "/opt/rustwide/cargo-home/bin/cargo" "+1.75.0" "build" "--frozen" "--message-format=json", kill_on_drop: false }`
[INFO] [stdout] 2c03ec300f30dd86ba745d365899d39f07a06656cb2c74008cfaa5cc0fda217b
[INFO] running `Command { std: "docker" "start" "-a" "2c03ec300f30dd86ba745d365899d39f07a06656cb2c74008cfaa5cc0fda217b", kill_on_drop: false }`
[INFO] [stderr]    Compiling proc-macro2 v1.0.47
[INFO] [stderr]    Compiling unicode-ident v1.0.5
[INFO] [stderr]    Compiling quote v1.0.21
[INFO] [stderr]    Compiling syn v1.0.103
[INFO] [stderr]    Compiling libc v0.2.137
[INFO] [stderr]    Compiling os_str_bytes v6.3.1
[INFO] [stderr]    Compiling heck v0.4.0
[INFO] [stderr]    Compiling once_cell v1.16.0
[INFO] [stderr]    Compiling termcolor v1.1.3
[INFO] [stderr]    Compiling clap_lex v0.3.0
[INFO] [stderr]    Compiling io-lifetimes v0.7.4
[INFO] [stderr]    Compiling rustix v0.35.12
[INFO] [stderr]    Compiling thiserror v1.0.37
[INFO] [stderr]    Compiling linux-raw-sys v0.0.46
[INFO] [stderr]    Compiling smallvec v1.10.0
[INFO] [stderr]    Compiling roff v0.2.1
[INFO] [stderr]    Compiling atty v0.2.14
[INFO] [stderr]    Compiling endian-type v0.1.2
[INFO] [stderr]    Compiling nibble_vec v0.1.0
[INFO] [stderr]    Compiling beef v0.5.2
[INFO] [stderr]    Compiling fnv v1.0.7
[INFO] [stderr]    Compiling regex-syntax v0.6.27
[INFO] [stderr]    Compiling radix_trie v0.2.1
[INFO] [stderr]    Compiling unicode_categories v0.1.1
[INFO] [stderr]    Compiling utf8parse v0.2.0
[INFO] [stderr]    Compiling unicode-segmentation v1.10.0
[INFO] [stderr]    Compiling proc-macro-error-attr v1.0.4
[INFO] [stderr]    Compiling dirs-sys-next v0.1.2
[INFO] [stderr]    Compiling nix v0.24.2
[INFO] [stderr]    Compiling dirs-next v2.0.0
[INFO] [stderr]    Compiling fd-lock v3.0.6
[INFO] [stderr]    Compiling rustyline v10.0.0
[INFO] [stderr]    Compiling proc-macro-error v1.0.4
[INFO] [stderr]    Compiling clap_derive v4.0.18
[INFO] [stderr]    Compiling thiserror-impl v1.0.37
[INFO] [stderr]    Compiling logos-derive v0.12.1
[INFO] [stderr]    Compiling rustyline-derive v0.7.0
[INFO] [stderr]    Compiling snailquote v0.3.1
[INFO] [stderr]    Compiling logos v0.12.1
[INFO] [stderr]    Compiling clap v4.0.18
[INFO] [stderr]    Compiling clap_mangen v0.2.5
[INFO] [stderr]    Compiling clap_complete v4.0.6
[INFO] [stderr]    Compiling scurry v0.5.0 (/opt/rustwide/workdir)
[INFO] [stderr] warning: scurry@0.5.0: completion scripts generated to: "/opt/rustwide/target/debug/build/scurry-6ca419bd9a3699cc/out"
[INFO] [stderr] warning: scurry@0.5.0: manpage generated to: "/opt/rustwide/target/debug/build/scurry-6ca419bd9a3699cc/out/scurry.1"
[INFO] [stderr]     Finished dev [unoptimized + debuginfo] target(s) in 17.78s
[INFO] running `Command { std: "docker" "inspect" "2c03ec300f30dd86ba745d365899d39f07a06656cb2c74008cfaa5cc0fda217b", kill_on_drop: false }`
[INFO] running `Command { std: "docker" "rm" "-f" "2c03ec300f30dd86ba745d365899d39f07a06656cb2c74008cfaa5cc0fda217b", kill_on_drop: false }`
[INFO] [stdout] 2c03ec300f30dd86ba745d365899d39f07a06656cb2c74008cfaa5cc0fda217b
[INFO] running `Command { std: "docker" "create" "-v" "/var/lib/crater-agent-workspace/builds/worker-1-tc1/target:/opt/rustwide/target:rw,Z" "-v" "/var/lib/crater-agent-workspace/builds/worker-1-tc1/source:/opt/rustwide/workdir:ro,Z" "-v" "/var/lib/crater-agent-workspace/cargo-home:/opt/rustwide/cargo-home:ro,Z" "-v" "/var/lib/crater-agent-workspace/rustup-home:/opt/rustwide/rustup-home:ro,Z" "-e" "SOURCE_DIR=/opt/rustwide/workdir" "-e" "CARGO_TARGET_DIR=/opt/rustwide/target" "-e" "CARGO_INCREMENTAL=0" "-e" "RUST_BACKTRACE=full" "-e" "RUSTFLAGS=--cap-lints=warn" "-e" "RUSTDOCFLAGS=--cap-lints=warn" "-e" "CARGO_HOME=/opt/rustwide/cargo-home" "-e" "RUSTUP_HOME=/opt/rustwide/rustup-home" "-w" "/opt/rustwide/workdir" "-m" "1610612736" "--user" "0:0" "--network" "none" "ghcr.io/rust-lang/crates-build-env/linux@sha256:2788e3201cd34a07e3172128adcd8b3090168a8e3bcc40d7c032b9dda1df7d1c" "/opt/rustwide/cargo-home/bin/cargo" "+1.75.0" "test" "--frozen" "--no-run" "--message-format=json", kill_on_drop: false }`
[INFO] [stdout] 9f2bc3941cc01a6d5a29b1ae35d9d1aaff3f04d6b3b4f55d6625db9e90badd0e
[INFO] running `Command { std: "docker" "start" "-a" "9f2bc3941cc01a6d5a29b1ae35d9d1aaff3f04d6b3b4f55d6625db9e90badd0e", kill_on_drop: false }`
[INFO] [stderr] warning: scurry@0.5.0: completion scripts generated to: "/opt/rustwide/target/debug/build/scurry-6ca419bd9a3699cc/out"
[INFO] [stderr] warning: scurry@0.5.0: manpage generated to: "/opt/rustwide/target/debug/build/scurry-6ca419bd9a3699cc/out/scurry.1"
[INFO] [stderr]    Compiling scurry v0.5.0 (/opt/rustwide/workdir)
[INFO] [stderr]     Finished test [unoptimized + debuginfo] target(s) in 3.37s
[INFO] running `Command { std: "docker" "inspect" "9f2bc3941cc01a6d5a29b1ae35d9d1aaff3f04d6b3b4f55d6625db9e90badd0e", kill_on_drop: false }`
[INFO] running `Command { std: "docker" "rm" "-f" "9f2bc3941cc01a6d5a29b1ae35d9d1aaff3f04d6b3b4f55d6625db9e90badd0e", kill_on_drop: false }`
[INFO] [stdout] 9f2bc3941cc01a6d5a29b1ae35d9d1aaff3f04d6b3b4f55d6625db9e90badd0e
[INFO] running `Command { std: "docker" "create" "-v" "/var/lib/crater-agent-workspace/builds/worker-1-tc1/target:/opt/rustwide/target:rw,Z" "-v" "/var/lib/crater-agent-workspace/builds/worker-1-tc1/source:/opt/rustwide/workdir:ro,Z" "-v" "/var/lib/crater-agent-workspace/cargo-home:/opt/rustwide/cargo-home:ro,Z" "-v" "/var/lib/crater-agent-workspace/rustup-home:/opt/rustwide/rustup-home:ro,Z" "-e" "SOURCE_DIR=/opt/rustwide/workdir" "-e" "CARGO_TARGET_DIR=/opt/rustwide/target" "-e" "CARGO_INCREMENTAL=0" "-e" "RUST_BACKTRACE=full" "-e" "RUSTFLAGS=--cap-lints=warn" "-e" "RUSTDOCFLAGS=--cap-lints=warn" "-e" "CARGO_HOME=/opt/rustwide/cargo-home" "-e" "RUSTUP_HOME=/opt/rustwide/rustup-home" "-w" "/opt/rustwide/workdir" "-m" "1610612736" "--user" "0:0" "--network" "none" "ghcr.io/rust-lang/crates-build-env/linux@sha256:2788e3201cd34a07e3172128adcd8b3090168a8e3bcc40d7c032b9dda1df7d1c" "/opt/rustwide/cargo-home/bin/cargo" "+1.75.0" "test" "--frozen", kill_on_drop: false }`
[INFO] [stdout] 94177c60afe86753b99cac4e228693f8f6c8cce171835297ba479a00d7b582ea
[INFO] running `Command { std: "docker" "start" "-a" "94177c60afe86753b99cac4e228693f8f6c8cce171835297ba479a00d7b582ea", kill_on_drop: false }`
[INFO] [stderr] warning: scurry@0.5.0: completion scripts generated to: "/opt/rustwide/target/debug/build/scurry-6ca419bd9a3699cc/out"
[INFO] [stderr] warning: scurry@0.5.0: manpage generated to: "/opt/rustwide/target/debug/build/scurry-6ca419bd9a3699cc/out/scurry.1"
[INFO] [stderr]     Finished test [unoptimized + debuginfo] target(s) in 0.05s
[INFO] [stderr]      Running unittests src/lib.rs (/opt/rustwide/target/debug/deps/scurry-ec519fe3ea5fea8b)
[INFO] [stdout] 
[INFO] [stdout] running 217 tests
[INFO] [stdout] test ast::tests::block_display ... ok
[INFO] [stdout] test ast::tests::assign_stmt_display ... ok
[INFO] [stdout] test ast::tests::for_stmt_display ... ok
[INFO] [stdout] test ast::tests::decl_stmt_display ... ok
[INFO] [stdout] test ast::tests::function_expr_display ... ok
[INFO] [stdout] test ast::tests::call_expr_display ... ok
[INFO] [stdout] test ast::tests::dot_expr_display ... ok
[INFO] [stdout] test ast::tests::unbound_expr_display ... ok
[INFO] [stdout] test ast::tests::infix_expr_display ... ok
[INFO] [stdout] test ast::tests::switch_stmt_display ... ok
[INFO] [stdout] test ast::tests::return_stmt_display ... ok
[INFO] [stdout] test ast::tests::prefix_expr_display ... ok
[INFO] [stdout] test ast::tests::while_stmt_display ... ok
[INFO] [stdout] test ast::tests::if_stmt_display ... ok
[INFO] [stdout] test interpreter::tests::builtin_array_pop ... ok
[INFO] [stdout] test ast::tests::function_stmt_display ... ok
[INFO] [stdout] test interpreter::tests::assign_stmt_works_with_any_expression ... ok
[INFO] [stdout] test ast::tests::literal_display ... ok
[INFO] [stdout] test interpreter::tests::array_out_of_range_indices ... ok
[INFO] [stdout] test interpreter::tests::builtin_map_remove ... ok
[INFO] [stdout] test interpreter::tests::builtin_float_abs ... ok
[INFO] [stdout] test interpreter::tests::builtin_type ... ok
[INFO] [stdout] test interpreter::tests::builtin_array_len ... ok
[INFO] [stdout] test interpreter::tests::builtin_string_len ... ok
[INFO] [stdout] test interpreter::tests::builtin_string_trim ... ok
[INFO] [stdout] test interpreter::tests::builtin_int_to_float ... ok
[INFO] [stdout] test interpreter::tests::builtins_error_with_wrong_number_of_args ... ok
[INFO] [stdout] test interpreter::tests::cannot_index_assign_on_out_of_bounds_array ... ok
[INFO] [stdout] test interpreter::tests::builtin_float_to_int ... ok
[INFO] [stdout] test interpreter::tests::div_by_zero_causes_runtime_error ... ok
[INFO] [stdout] test interpreter::tests::builtin_array_push ... ok
[INFO] [stdout] test interpreter::tests::cannot_assign_to_wrong_expr_type ... ok
[INFO] [stdout] test interpreter::tests::err_on_uncallable_object ... ok
[INFO] [stdout] test interpreter::tests::cannot_iterate_through_some_types ... ok
[INFO] [stdout] test interpreter::tests::cannot_return_public_access_from_method ... ok
[INFO] [stdout] test interpreter::tests::builtin_int_abs ... ok
[INFO] [stdout] test interpreter::tests::eval_boolean_binary_ops ... ok
[INFO] [stdout] test interpreter::tests::eval_break_and_continue ... ok
[INFO] [stdout] test interpreter::tests::eval_boolean_prefix_ops ... ok
[INFO] [stdout] test interpreter::tests::eval_array_index_expr ... ok
[INFO] [stdout] test interpreter::tests::eval_embedded_methods_in_component_instances ... ok
[INFO] [stdout] test interpreter::tests::eval_boolean_literal ... ok
[INFO] [stdout] test interpreter::tests::eval_exprs_in_assigned_fields ... ok
[INFO] [stdout] test interpreter::tests::eval_function_calls ... ok
[INFO] [stdout] test interpreter::tests::eval_float_literal ... ok
[INFO] [stdout] test interpreter::tests::eval_function_calls_with_outer_env ... ok
[INFO] [stdout] test interpreter::tests::eval_ident ... ok
[INFO] [stdout] test interpreter::tests::eval_array_literal ... ok
[INFO] [stdout] test interpreter::tests::eval_function_expr ... ok
[INFO] [stdout] test interpreter::tests::eval_for_stmt ... ok
[INFO] [stdout] test interpreter::tests::eval_if_stmt ... ok
[INFO] [stdout] test interpreter::tests::eval_integer_literal ... ok
[INFO] [stdout] test interpreter::tests::eval_embed_in_decl_statement ... ok
[INFO] [stdout] test interpreter::tests::div_op_overload ... ok
[INFO] [stdout] test interpreter::tests::eval_float_infix_expr ... ok
[INFO] [stdout] test interpreter::tests::eval_integer_binary_ops ... ok
[INFO] [stdout] test interpreter::tests::eval_basic_decl_statement ... ok
[INFO] [stdout] test interpreter::tests::eval_methods_and_dot_expr ... ok
[INFO] [stdout] test interpreter::tests::eval_operator_assignment ... ok
[INFO] [stdout] test interpreter::tests::eval_integer_prefix_ops ... ok
[INFO] [stdout] test interpreter::tests::eval_operator_assignment_in_hashmap ... ok
[INFO] [stdout] test interpreter::tests::eval_operator_assignment_in_array ... ok
[INFO] [stdout] test interpreter::tests::eval_map_literal ... ok
[INFO] [stdout] test interpreter::tests::eval_string_index_expr ... ok
[INFO] [stdout] test interpreter::tests::eval_operator_assignment_in_struct_field ... ok
[INFO] [stdout] test interpreter::tests::eval_object_instance ... ok
[INFO] [stdout] test interpreter::tests::eval_string_binary_ops ... ok
[INFO] [stdout] test interpreter::tests::eval_string_infix_expr ... ok
[INFO] [stdout] test interpreter::tests::eval_while_statement ... ok
[INFO] [stdout] test interpreter::tests::field_assignment ... ok
[INFO] [stdout] test interpreter::tests::eval_string_literal ... ok
[INFO] [stdout] test interpreter::tests::invalid_binary_operands ... ok
[INFO] [stdout] test interpreter::tests::invalid_embed ... ok
[INFO] [stdout] test interpreter::tests::import_stmt_errors_with_invalid_file ... ok
[INFO] [stdout] test interpreter::tests::index_assignment_on_maps ... ok
[INFO] [stdout] test interpreter::tests::eval_import_stmt ... FAILED
[INFO] [stdout] test interpreter::tests::eval_num_infix_expr_mixed ... ok
[INFO] [stdout] test interpreter::tests::eval_type_checked_function_call ... ok
[INFO] [stdout] test interpreter::tests::invalid_use_of_dot_operator ... ok
[INFO] [stdout] test interpreter::tests::index_assignment_on_arrays ... ok
[INFO] [stdout] test interpreter::tests::invalid_key_in_map_index_expr ... ok
[INFO] [stdout] test interpreter::tests::invalid_unary_operands ... ok
[INFO] [stdout] test interpreter::tests::mod_op_overload ... ok
[INFO] [stdout] test interpreter::tests::plus_op_overload ... ok
[INFO] [stdout] test interpreter::tests::println_writes ... ok
[INFO] [stdout] test interpreter::tests::private_methods_usable_in_component ... ok
[INFO] [stdout] test interpreter::tests::map_index_expr ... ok
[INFO] [stdout] test interpreter::tests::non_operator_overloaded_components_throws_runtime_error ... ok
[INFO] [stdout] test interpreter::tests::short_circuit_evaluation ... ok
[INFO] [stdout] test interpreter::tests::mul_op_overload ... ok
[INFO] [stdout] test interpreter::tests::type_checked_assignment_with_mismatched_type_throws_error ... ok
[INFO] [stdout] test interpreter::tests::type_checked_embeds ... ok
[INFO] [stdout] test interpreter::tests::type_checked_assignment ... ok
[INFO] [stdout] test interpreter::tests::string_out_of_range_indices ... ok
[INFO] [stdout] test interpreter::tests::return_from_nested_block ... ok
[INFO] [stdout] test interpreter::tests::eval_switch_stmt ... ok
[INFO] [stdout] test interpreter::tests::parent_field_assignment_to_embed ... ok
[INFO] [stdout] test interpreter::tests::type_checked_function_call_with_mismatched_type_throws_error ... ok
[INFO] [stdout] test interpreter::tests::minus_op_overload ... ok
[INFO] [stdout] test interpreter::tests::type_checked_field_assign_throws_error_with_mismatched_type ... ok
[INFO] [stdout] test lexer::tests::does_not_recognized_ident_with_number_in_front ... ok
[INFO] [stdout] test lexer::tests::errors_on_unteriminated_string ... ok
[INFO] [stdout] test lexer::tests::recognizes_eof ... ok
[INFO] [stdout] test lexer::tests::does_not_panic_on_integer_overflow ... ok
[INFO] [stdout] test lexer::tests::lexes_hexadecimal_literals ... ok
[INFO] [stdout] test interpreter::tests::unrecognized_field_in_component_instance ... ok
[INFO] [stdout] test interpreter::tests::unbound_returns_and_assigns_when_var_unbound ... ok
[INFO] [stdout] test interpreter::tests::unbound_returns_var_when_var_is_assigned ... ok
[INFO] [stdout] test interpreter::tests::type_checked_function_call_works_with_instances ... ok
[INFO] [stdout] test lexer::tests::lexes_binary_literals ... ok
[INFO] [stdout] test lexer::tests::tokenizes_alphabetic_idents ... ok
[INFO] [stdout] test lexer::tests::tokenizes_as ... ok
[INFO] [stdout] test lexer::tests::tokenizes_asterisk ... ok
[INFO] [stdout] test lexer::tests::tokenizes_assigns ... ok
[INFO] [stdout] test lexer::tests::tokenizes_bang ... ok
[INFO] [stdout] test lexer::tests::tokenizes_break ... ok
[INFO] [stdout] test lexer::tests::tokenizes_case ... ok
[INFO] [stdout] test lexer::tests::tokenizes_colon ... ok
[INFO] [stdout] test lexer::tests::tokenizes_comma ... ok
[INFO] [stdout] test lexer::tests::tokenizes_continue ... ok
[INFO] [stdout] test lexer::tests::tokenizes_declaration ... ok
[INFO] [stdout] test lexer::tests::tokenizes_alphanumeric_idents ... ok
[INFO] [stdout] test lexer::tests::tokenizes_default ... ok
[INFO] [stdout] test lexer::tests::tokenizes_dollar ... ok
[INFO] [stdout] test lexer::tests::tokenizes_dot ... ok
[INFO] [stdout] test lexer::tests::tokenizes_else ... ok
[INFO] [stdout] test lexer::tests::tokenizes_export ... ok
[INFO] [stdout] test lexer::tests::tokenizes_elseif ... ok
[INFO] [stdout] test lexer::tests::tokenizes_floats ... ok
[INFO] [stdout] test lexer::tests::tokenizes_fn ... ok
[INFO] [stdout] test lexer::tests::tokenizes_for ... ok
[INFO] [stdout] test lexer::tests::tokenizes_false ... ok
[INFO] [stdout] test lexer::tests::tokenizes_ge ... ok
[INFO] [stdout] test lexer::tests::tokenizes_if ... ok
[INFO] [stdout] test lexer::tests::tokenizes_import ... ok
[INFO] [stdout] test lexer::tests::tokenizes_in ... ok
[INFO] [stdout] test lexer::tests::tokenizes_integers ... ok
[INFO] [stdout] test lexer::tests::tokenizes_gt ... ok
[INFO] [stdout] test lexer::tests::tokenizes_lbrace ... ok
[INFO] [stdout] test lexer::tests::tokenizes_le ... ok
[INFO] [stdout] test lexer::tests::tokenizes_lt ... ok
[INFO] [stdout] test lexer::tests::tokenizes_nil ... ok
[INFO] [stdout] test lexer::tests::tokenizes_noteq ... ok
[INFO] [stdout] test lexer::tests::tokenizes_minus ... ok
[INFO] [stdout] test lexer::tests::tokenizes_lbracket ... ok
[INFO] [stdout] test lexer::tests::tokenizes_percent ... ok
[INFO] [stdout] test lexer::tests::tokenizes_plus ... ok
[INFO] [stdout] test lexer::tests::tokenizes_rbracket ... ok
[INFO] [stdout] test lexer::tests::tokenizes_lparen ... ok
[INFO] [stdout] test lexer::tests::tokenizes_logical_or ... ok
[INFO] [stdout] test lexer::tests::tokenizes_rbrace ... ok
[INFO] [stdout] test lexer::tests::tokenizes_logical_and ... ok
[INFO] [stdout] test lexer::tests::tokenizes_slash ... ok
[INFO] [stdout] test lexer::tests::tokenizes_strings ... ok
[INFO] [stdout] test lexer::tests::tokenizes_true ... ok
[INFO] [stdout] test lexer::tests::tokenizes_while ... ok
[INFO] [stdout] test parser::tests::assigned_fields_can_be_exprs ... ok
[INFO] [stdout] test parser::tests::can_return_from_loop_in_function ... ok
[INFO] [stdout] test parser::tests::cant_return_outside_of_function_context ... ok
[INFO] [stdout] test lexer::tests::tokenizes_pipe ... ok
[INFO] [stdout] test parser::tests::errors_appear_in_expressions_nested_in_statements ... ok
[INFO] [stdout] test parser::tests::exp_can_only_be_used_with_functions_and_decls ... ok
[INFO] [stdout] test parser::tests::continue_and_break_can_only_be_used_in_loops ... ok
[INFO] [stdout] test parser::tests::have_to_import_string ... ok
[INFO] [stdout] test parser::tests::invalid_prefix_operators_recognized ... ok
[INFO] [stdout] test parser::tests::operator_parsing_doesnt_cause_panic_with_eof ... ok
[INFO] [stdout] test parser::tests::needs_semicolon_at_end_of_statements ... ok
[INFO] [stdout] test parser::tests::operator_precedence ... ok
[INFO] [stdout] test parser::tests::parse_assign_stmt ... ok
[INFO] [stdout] test lexer::tests::tokenizes_switch ... ok
[INFO] [stdout] test lexer::tests::tokenizes_semicolon ... ok
[INFO] [stdout] test parser::tests::parse_array_literal ... ok
[INFO] [stdout] test lexer::tests::tokenizes_return ... ok
[INFO] [stdout] test parser::tests::parse_continue_and_break_stmt ... ok
[INFO] [stdout] test lexer::tests::tokenizes_rparen ... ok
[INFO] [stdout] test parser::tests::parse_dot_assignment ... ok
[INFO] [stdout] test parser::tests::parse_basic_binary_operators ... ok
[INFO] [stdout] test parser::tests::parse_for_stmt ... ok
[INFO] [stdout] test parser::tests::dot_field_syntax_in_field_assignment ... ok
[INFO] [stdout] test parser::tests::parse_call_expr ... ok
[INFO] [stdout] test parser::tests::parse_function_expr ... ok
[INFO] [stdout] test parser::tests::parse_decl_stmt ... ok
[INFO] [stdout] test parser::tests::parse_if_elif_stmt_with_multiple_elifs ... ok
[INFO] [stdout] test parser::tests::parse_dot_expr ... ok
[INFO] [stdout] test parser::tests::parse_if_elif_stmt ... ok
[INFO] [stdout] test parser::tests::parse_import_statement ... ok
[INFO] [stdout] test parser::tests::parse_index_assignment ... ok
[INFO] [stdout] test parser::tests::parse_if_elif_stmt_with_multiple_elifs_and_else ... ok
[INFO] [stdout] test parser::tests::parse_function_stmt ... ok
[INFO] [stdout] test parser::tests::parse_if_else_stmt ... ok
[INFO] [stdout] test parser::tests::parse_if_stmt ... ok
[INFO] [stdout] test parser::tests::parse_index_expr ... ok
[INFO] [stdout] test parser::tests::parse_return_stmt ... ok
[INFO] [stdout] test parser::tests::parse_stmt_on_line_2 ... ok
[INFO] [stdout] test parser::tests::parse_map_literal ... ok
[INFO] [stdout] test parser::tests::parse_stmt_with_no_significant_whitespace ... ok
[INFO] [stdout] test parser::tests::parser_throws_error_at_invalid_tokens ... ok
[INFO] [stdout] test parser::tests::parser_throws_error_at_unterminated_string ... ok
[INFO] [stdout] test parser::tests::parse_switch_stmt ... ok
[INFO] [stdout] test parser::tests::parse_type_checked_embed ... ok
[INFO] [stdout] test parser::tests::rbrace_stmts_have_optional_semicolons ... ok
[INFO] [stdout] test parser::tests::parse_unary_operators ... ok
[INFO] [stdout] test parser::tests::tracks_position_vertically ... ok
[INFO] [stdout] test parser::tests::tracks_position_horizontally ... ok
[INFO] [stdout] test parser::tests::tracks_first_line ... ok
[INFO] [stdout] test parser::tests::type_annotation_in_var_assignment ... ok
[INFO] [stdout] test parser::tests::parse_while_stmt ... ok
[INFO] [stdout] test parser::tests::parser_tracks_line_numbers_in_expressions ... ok
[INFO] [stdout] test parser::tests::type_annotations_in_function_expr_return_type ... ok
[INFO] [stdout] test parser::tests::parse_literal_exprs ... ok
[INFO] [stdout] test parser::tests::type_annotations_in_function_expr_params ... ok
[INFO] [stdout] test parser::tests::type_annotations_in_function_ret_type ... ok
[INFO] [stdout] test parser::tests::type_annotations_in_function_params ... ok
[INFO] [stdout] test parser::tests::type_checked_variable_assignment ... ok
[INFO] [stdout] test parser::tests::type_annotations_in_component_fields ... ok
[INFO] [stdout] test parser::tests::type_checked_function_call ... ok
[INFO] [stdout] test parser::tests::parse_unbound_expr ... ok
[INFO] [stdout] 
[INFO] [stdout] failures:
[INFO] [stdout] 
[INFO] [stdout] ---- interpreter::tests::eval_import_stmt stdout ----
[INFO] [stdout] thread 'interpreter::tests::eval_import_stmt' panicked at src/interpreter/mod.rs:2322:49:
[INFO] [stdout] should create file correctly: Os { code: 30, kind: ReadOnlyFilesystem, message: "Read-only file system" }
[INFO] [stdout] stack backtrace:
[INFO] [stdout]    0:     0x563b8cf1c12c - std::backtrace_rs::backtrace::libunwind::trace::ha637c64ce894333a
[INFO] [stdout]                                at /rustc/82e1608dfa6e0b5569232559e3d385fea5a93112/library/std/src/../../backtrace/src/backtrace/libunwind.rs:104:5
[INFO] [stdout]    1:     0x563b8cf1c12c - std::backtrace_rs::backtrace::trace_unsynchronized::h47f62dea28e0c88d
[INFO] [stdout]                                at /rustc/82e1608dfa6e0b5569232559e3d385fea5a93112/library/std/src/../../backtrace/src/backtrace/mod.rs:66:5
[INFO] [stdout]    2:     0x563b8cf1c12c - std::sys_common::backtrace::_print_fmt::h9eef0abe20ede486
[INFO] [stdout]                                at /rustc/82e1608dfa6e0b5569232559e3d385fea5a93112/library/std/src/sys_common/backtrace.rs:67:5
[INFO] [stdout]    3:     0x563b8cf1c12c - <std::sys_common::backtrace::_print::DisplayBacktrace as core::fmt::Display>::fmt::hed7f999df88cc644
[INFO] [stdout]                                at /rustc/82e1608dfa6e0b5569232559e3d385fea5a93112/library/std/src/sys_common/backtrace.rs:44:22
[INFO] [stdout]    4:     0x563b8cf47ce0 - core::fmt::rt::Argument::fmt::h1539a9308b8d058d
[INFO] [stdout]                                at /rustc/82e1608dfa6e0b5569232559e3d385fea5a93112/library/core/src/fmt/rt.rs:142:9
[INFO] [stdout]    5:     0x563b8cf47ce0 - core::fmt::write::h3a39390d8560d9c9
[INFO] [stdout]                                at /rustc/82e1608dfa6e0b5569232559e3d385fea5a93112/library/core/src/fmt/mod.rs:1120:17
[INFO] [stdout]    6:     0x563b8cf1993f - std::io::Write::write_fmt::h040b369f3a0f9cbc
[INFO] [stdout]                                at /rustc/82e1608dfa6e0b5569232559e3d385fea5a93112/library/std/src/io/mod.rs:1762:15
[INFO] [stdout]    7:     0x563b8cf1bf14 - std::sys_common::backtrace::_print::h894006fb5c6f3d45
[INFO] [stdout]                                at /rustc/82e1608dfa6e0b5569232559e3d385fea5a93112/library/std/src/sys_common/backtrace.rs:47:5
[INFO] [stdout]    8:     0x563b8cf1bf14 - std::sys_common::backtrace::print::h23a2d212c6fff936
[INFO] [stdout]                                at /rustc/82e1608dfa6e0b5569232559e3d385fea5a93112/library/std/src/sys_common/backtrace.rs:34:9
[INFO] [stdout]    9:     0x563b8cf1dbd7 - std::panicking::default_hook::{{closure}}::h8a1d2ee00185001a
[INFO] [stdout]   10:     0x563b8cf1d8c3 - std::panicking::default_hook::h6038f2eba384e475
[INFO] [stdout]                                at /rustc/82e1608dfa6e0b5569232559e3d385fea5a93112/library/std/src/panicking.rs:289:9
[INFO] [stdout]   11:     0x563b8cee87a7 - <alloc::boxed::Box<F,A> as core::ops::function::Fn<Args>>::call::h0ad024c9bdc6d768
[INFO] [stdout]                                at /rustc/82e1608dfa6e0b5569232559e3d385fea5a93112/library/alloc/src/boxed.rs:2021:9
[INFO] [stdout]   12:     0x563b8cee87a7 - test::test_main::{{closure}}::h7500b54257359db6
[INFO] [stdout]                                at /rustc/82e1608dfa6e0b5569232559e3d385fea5a93112/library/test/src/lib.rs:138:21
[INFO] [stdout]   13:     0x563b8cf1e1e8 - <alloc::boxed::Box<F,A> as core::ops::function::Fn<Args>>::call::h1f8f335eaa9cfaee
[INFO] [stdout]                                at /rustc/82e1608dfa6e0b5569232559e3d385fea5a93112/library/alloc/src/boxed.rs:2021:9
[INFO] [stdout]   14:     0x563b8cf1e1e8 - std::panicking::rust_panic_with_hook::h2b5517d590cab22e
[INFO] [stdout]                                at /rustc/82e1608dfa6e0b5569232559e3d385fea5a93112/library/std/src/panicking.rs:783:13
[INFO] [stdout]   15:     0x563b8cf1df3e - std::panicking::begin_panic_handler::{{closure}}::h233112c06e0ef43e
[INFO] [stdout]                                at /rustc/82e1608dfa6e0b5569232559e3d385fea5a93112/library/std/src/panicking.rs:657:13
[INFO] [stdout]   16:     0x563b8cf1c5f6 - std::sys_common::backtrace::__rust_end_short_backtrace::h6e893f24d7ebbff8
[INFO] [stdout]                                at /rustc/82e1608dfa6e0b5569232559e3d385fea5a93112/library/std/src/sys_common/backtrace.rs:170:18
[INFO] [stdout]   17:     0x563b8cf1dca2 - rust_begin_unwind
[INFO] [stdout]                                at /rustc/82e1608dfa6e0b5569232559e3d385fea5a93112/library/std/src/panicking.rs:645:5
[INFO] [stdout]   18:     0x563b8cd88e75 - core::panicking::panic_fmt::hbf0e066aabfa482c
[INFO] [stdout]                                at /rustc/82e1608dfa6e0b5569232559e3d385fea5a93112/library/core/src/panicking.rs:72:14
[INFO] [stdout]   19:     0x563b8cd89443 - core::result::unwrap_failed::hddb4fea594200c52
[INFO] [stdout]                                at /rustc/82e1608dfa6e0b5569232559e3d385fea5a93112/library/core/src/result.rs:1653:5
[INFO] [stdout]   20:     0x563b8ce3b7cd - core::result::Result<T,E>::expect::h0442e005c546d78e
[INFO] [stdout]                                at /rustc/82e1608dfa6e0b5569232559e3d385fea5a93112/library/core/src/result.rs:1034:23
[INFO] [stdout]   21:     0x563b8ce9f46f - scurry::interpreter::tests::eval_import_stmt::hcf7218bd6f698f61
[INFO] [stdout]                                at /opt/rustwide/workdir/src/interpreter/mod.rs:2322:24
[INFO] [stdout]   22:     0x563b8ce9f407 - scurry::interpreter::tests::eval_import_stmt::{{closure}}::h38e0c5591af8a341
[INFO] [stdout]                                at /opt/rustwide/workdir/src/interpreter/mod.rs:2321:26
[INFO] [stdout]   23:     0x563b8ce68bf6 - core::ops::function::FnOnce::call_once::h866f4c81825e3a50
[INFO] [stdout]                                at /rustc/82e1608dfa6e0b5569232559e3d385fea5a93112/library/core/src/ops/function.rs:250:5
[INFO] [stdout]   24:     0x563b8ceeddff - core::ops::function::FnOnce::call_once::h2b5d431d5046312d
[INFO] [stdout]                                at /rustc/82e1608dfa6e0b5569232559e3d385fea5a93112/library/core/src/ops/function.rs:250:5
[INFO] [stdout]   25:     0x563b8ceeddff - test::__rust_begin_short_backtrace::h7714669af176e207
[INFO] [stdout]                                at /rustc/82e1608dfa6e0b5569232559e3d385fea5a93112/library/test/src/lib.rs:628:18
[INFO] [stdout]   26:     0x563b8ceece15 - test::run_test_in_process::{{closure}}::h85218797dcbcec12
[INFO] [stdout]                                at /rustc/82e1608dfa6e0b5569232559e3d385fea5a93112/library/test/src/lib.rs:651:60
[INFO] [stdout]   27:     0x563b8ceece15 - <core::panic::unwind_safe::AssertUnwindSafe<F> as core::ops::function::FnOnce<()>>::call_once::h76c106ea31c14d7b
[INFO] [stdout]                                at /rustc/82e1608dfa6e0b5569232559e3d385fea5a93112/library/core/src/panic/unwind_safe.rs:272:9
[INFO] [stdout]   28:     0x563b8ceece15 - std::panicking::try::do_call::h3bd5d0f6620ee946
[INFO] [stdout]                                at /rustc/82e1608dfa6e0b5569232559e3d385fea5a93112/library/std/src/panicking.rs:552:40
[INFO] [stdout]   29:     0x563b8ceece15 - std::panicking::try::h232e535e4744fe31
[INFO] [stdout]                                at /rustc/82e1608dfa6e0b5569232559e3d385fea5a93112/library/std/src/panicking.rs:516:19
[INFO] [stdout]   30:     0x563b8ceece15 - std::panic::catch_unwind::h3ce3bd6ca8dbac68
[INFO] [stdout]                                at /rustc/82e1608dfa6e0b5569232559e3d385fea5a93112/library/std/src/panic.rs:142:14
[INFO] [stdout]   31:     0x563b8ceece15 - test::run_test_in_process::hc97b257c9621286a
[INFO] [stdout]                                at /rustc/82e1608dfa6e0b5569232559e3d385fea5a93112/library/test/src/lib.rs:651:27
[INFO] [stdout]   32:     0x563b8ceece15 - test::run_test::{{closure}}::h2aa798823a438d38
[INFO] [stdout]                                at /rustc/82e1608dfa6e0b5569232559e3d385fea5a93112/library/test/src/lib.rs:574:43
[INFO] [stdout]   33:     0x563b8ceb50d6 - test::run_test::{{closure}}::h87d231c78fb59832
[INFO] [stdout]                                at /rustc/82e1608dfa6e0b5569232559e3d385fea5a93112/library/test/src/lib.rs:602:41
[INFO] [stdout]   34:     0x563b8ceb50d6 - std::sys_common::backtrace::__rust_begin_short_backtrace::he6df152596625789
[INFO] [stdout]                                at /rustc/82e1608dfa6e0b5569232559e3d385fea5a93112/library/std/src/sys_common/backtrace.rs:154:18
[INFO] [stdout]   35:     0x563b8ceba187 - std::thread::Builder::spawn_unchecked_::{{closure}}::{{closure}}::ha94be15d1e0acf36
[INFO] [stdout]                                at /rustc/82e1608dfa6e0b5569232559e3d385fea5a93112/library/std/src/thread/mod.rs:529:17
[INFO] [stdout]   36:     0x563b8ceba187 - <core::panic::unwind_safe::AssertUnwindSafe<F> as core::ops::function::FnOnce<()>>::call_once::h9dc6bd6372f16606
[INFO] [stdout]                                at /rustc/82e1608dfa6e0b5569232559e3d385fea5a93112/library/core/src/panic/unwind_safe.rs:272:9
[INFO] [stdout]   37:     0x563b8ceba187 - std::panicking::try::do_call::h9057517f80303cd4
[INFO] [stdout]                                at /rustc/82e1608dfa6e0b5569232559e3d385fea5a93112/library/std/src/panicking.rs:552:40
[INFO] [stdout]   38:     0x563b8ceba187 - std::panicking::try::he3a30b11ee45340c
[INFO] [stdout]                                at /rustc/82e1608dfa6e0b5569232559e3d385fea5a93112/library/std/src/panicking.rs:516:19
[INFO] [stdout]   39:     0x563b8ceba187 - std::panic::catch_unwind::h410458cfd3528b8b
[INFO] [stdout]                                at /rustc/82e1608dfa6e0b5569232559e3d385fea5a93112/library/std/src/panic.rs:142:14
[INFO] [stdout]   40:     0x563b8ceba187 - std::thread::Builder::spawn_unchecked_::{{closure}}::h72ac3bdb567b737b
[INFO] [stdout]                                at /rustc/82e1608dfa6e0b5569232559e3d385fea5a93112/library/std/src/thread/mod.rs:528:30
[INFO] [stdout]   41:     0x563b8ceba187 - core::ops::function::FnOnce::call_once{{vtable.shim}}::h38f34da3654a8344
[INFO] [stdout]                                at /rustc/82e1608dfa6e0b5569232559e3d385fea5a93112/library/core/src/ops/function.rs:250:5
[INFO] [stdout]   42:     0x563b8cf22d25 - <alloc::boxed::Box<F,A> as core::ops::function::FnOnce<Args>>::call_once::hc7eafaff61e32df9
[INFO] [stdout]                                at /rustc/82e1608dfa6e0b5569232559e3d385fea5a93112/library/alloc/src/boxed.rs:2007:9
[INFO] [stdout]   43:     0x563b8cf22d25 - <alloc::boxed::Box<F,A> as core::ops::function::FnOnce<Args>>::call_once::h6ba4a5de48dd2304
[INFO] [stdout]                                at /rustc/82e1608dfa6e0b5569232559e3d385fea5a93112/library/alloc/src/boxed.rs:2007:9
[INFO] [stdout]   44:     0x563b8cf22d25 - std::sys::unix::thread::Thread::new::thread_start::he469335aef763e45
[INFO] [stdout]                                at /rustc/82e1608dfa6e0b5569232559e3d385fea5a93112/library/std/src/sys/unix/thread.rs:108:17
[INFO] [stdout]   45:     0x7f7c5ce69ac3 - <unknown>
[INFO] [stdout]   46:     0x7f7c5cefabf4 - __clone
[INFO] [stdout]   47:                0x0 - <unknown>
[INFO] [stdout] 
[INFO] [stdout] 
[INFO] [stdout] failures:
[INFO] [stdout]     interpreter::tests::eval_import_stmt
[INFO] [stdout] 
[INFO] [stdout] test result: FAILED. 216 passed; 1 failed; 0 ignored; 0 measured; 0 filtered out; finished in 0.47s
[INFO] [stdout] 
[INFO] [stderr] error: test failed, to rerun pass `--lib`
[INFO] running `Command { std: "docker" "inspect" "94177c60afe86753b99cac4e228693f8f6c8cce171835297ba479a00d7b582ea", kill_on_drop: false }`
[INFO] running `Command { std: "docker" "rm" "-f" "94177c60afe86753b99cac4e228693f8f6c8cce171835297ba479a00d7b582ea", kill_on_drop: false }`
[INFO] [stdout] 94177c60afe86753b99cac4e228693f8f6c8cce171835297ba479a00d7b582ea
