[INFO] fetching crate scryptenc 0.8.5...
[INFO] testing scryptenc-0.8.5 against 1.75.0 for beta-1.76-1
[INFO] extracting crate scryptenc 0.8.5 into /workspace/builds/worker-0-tc1/source
[INFO] validating manifest of crates.io crate scryptenc 0.8.5 on toolchain 1.75.0
[INFO] running `Command { std: CARGO_HOME="/workspace/cargo-home" RUSTUP_HOME="/workspace/rustup-home" "/workspace/cargo-home/bin/cargo" "+1.75.0" "metadata" "--manifest-path" "Cargo.toml" "--no-deps", kill_on_drop: false }`
[INFO] started tweaking crates.io crate scryptenc 0.8.5
[INFO] finished tweaking crates.io crate scryptenc 0.8.5
[INFO] tweaked toml for crates.io crate scryptenc 0.8.5 written to /workspace/builds/worker-0-tc1/source/Cargo.toml
[INFO] crate crates.io crate scryptenc 0.8.5 already has a lockfile, it will not be regenerated
[INFO] running `Command { std: CARGO_HOME="/workspace/cargo-home" RUSTUP_HOME="/workspace/rustup-home" "/workspace/cargo-home/bin/cargo" "+1.75.0" "fetch" "--manifest-path" "Cargo.toml", kill_on_drop: false }`
[INFO] [stderr]  Downloading crates ...
[INFO] [stderr]   Downloaded password-hash v0.5.0
[INFO] [stderr]   Downloaded clap v4.4.10
[INFO] [stderr]   Downloaded clap_builder v4.4.9
[INFO] running `Command { std: "docker" "create" "-v" "/var/lib/crater-agent-workspace/builds/worker-0-tc1/target:/opt/rustwide/target:rw,Z" "-v" "/var/lib/crater-agent-workspace/builds/worker-0-tc1/source:/opt/rustwide/workdir:ro,Z" "-v" "/var/lib/crater-agent-workspace/cargo-home:/opt/rustwide/cargo-home:ro,Z" "-v" "/var/lib/crater-agent-workspace/rustup-home:/opt/rustwide/rustup-home:ro,Z" "-e" "SOURCE_DIR=/opt/rustwide/workdir" "-e" "CARGO_TARGET_DIR=/opt/rustwide/target" "-e" "CARGO_HOME=/opt/rustwide/cargo-home" "-e" "RUSTUP_HOME=/opt/rustwide/rustup-home" "-w" "/opt/rustwide/workdir" "-m" "1610612736" "--user" "0:0" "--network" "none" "ghcr.io/rust-lang/crates-build-env/linux@sha256:2788e3201cd34a07e3172128adcd8b3090168a8e3bcc40d7c032b9dda1df7d1c" "/opt/rustwide/cargo-home/bin/cargo" "+1.75.0" "metadata" "--no-deps" "--format-version=1", kill_on_drop: false }`
[INFO] [stdout] ecbe613ce037ceaf91bd2500853922f7ea50b623024c1130b6b5721e0132f0bd
[INFO] running `Command { std: "docker" "start" "-a" "ecbe613ce037ceaf91bd2500853922f7ea50b623024c1130b6b5721e0132f0bd", kill_on_drop: false }`
[INFO] running `Command { std: "docker" "inspect" "ecbe613ce037ceaf91bd2500853922f7ea50b623024c1130b6b5721e0132f0bd", kill_on_drop: false }`
[INFO] running `Command { std: "docker" "rm" "-f" "ecbe613ce037ceaf91bd2500853922f7ea50b623024c1130b6b5721e0132f0bd", kill_on_drop: false }`
[INFO] [stdout] ecbe613ce037ceaf91bd2500853922f7ea50b623024c1130b6b5721e0132f0bd
[INFO] running `Command { std: "docker" "create" "-v" "/var/lib/crater-agent-workspace/builds/worker-0-tc1/target:/opt/rustwide/target:rw,Z" "-v" "/var/lib/crater-agent-workspace/builds/worker-0-tc1/source:/opt/rustwide/workdir:ro,Z" "-v" "/var/lib/crater-agent-workspace/cargo-home:/opt/rustwide/cargo-home:ro,Z" "-v" "/var/lib/crater-agent-workspace/rustup-home:/opt/rustwide/rustup-home:ro,Z" "-e" "SOURCE_DIR=/opt/rustwide/workdir" "-e" "CARGO_TARGET_DIR=/opt/rustwide/target" "-e" "CARGO_INCREMENTAL=0" "-e" "RUST_BACKTRACE=full" "-e" "RUSTFLAGS=--cap-lints=warn" "-e" "RUSTDOCFLAGS=--cap-lints=warn" "-e" "CARGO_HOME=/opt/rustwide/cargo-home" "-e" "RUSTUP_HOME=/opt/rustwide/rustup-home" "-w" "/opt/rustwide/workdir" "-m" "1610612736" "--user" "0:0" "--network" "none" "ghcr.io/rust-lang/crates-build-env/linux@sha256:2788e3201cd34a07e3172128adcd8b3090168a8e3bcc40d7c032b9dda1df7d1c" "/opt/rustwide/cargo-home/bin/cargo" "+1.75.0" "build" "--frozen" "--message-format=json", kill_on_drop: false }`
[INFO] [stdout] 93dfb9478cbf1996e54267e8dacc515e224cd43da363f5dd6f924d7e7e085c99
[INFO] running `Command { std: "docker" "start" "-a" "93dfb9478cbf1996e54267e8dacc515e224cd43da363f5dd6f924d7e7e085c99", kill_on_drop: false }`
[INFO] [stderr]    Compiling libc v0.2.150
[INFO] [stderr]    Compiling subtle v2.5.0
[INFO] [stderr]    Compiling cpufeatures v0.2.11
[INFO] [stderr]    Compiling base64ct v1.6.0
[INFO] [stderr]    Compiling ppv-lite86 v0.2.17
[INFO] [stderr]    Compiling inout v0.1.3
[INFO] [stderr]    Compiling cipher v0.4.4
[INFO] [stderr]    Compiling digest v0.10.7
[INFO] [stderr]    Compiling hmac v0.12.1
[INFO] [stderr]    Compiling sha2 v0.10.8
[INFO] [stderr]    Compiling salsa20 v0.10.2
[INFO] [stderr]    Compiling aes v0.8.3
[INFO] [stderr]    Compiling ctr v0.9.2
[INFO] [stderr]    Compiling pbkdf2 v0.12.2
[INFO] [stderr]    Compiling getrandom v0.2.11
[INFO] [stderr]    Compiling rand_core v0.6.4
[INFO] [stderr]    Compiling password-hash v0.5.0
[INFO] [stderr]    Compiling rand_chacha v0.3.1
[INFO] [stderr]    Compiling rand v0.8.5
[INFO] [stderr]    Compiling scrypt v0.11.0
[INFO] [stderr]    Compiling scryptenc v0.8.5 (/opt/rustwide/workdir)
[INFO] [stderr]     Finished dev [unoptimized + debuginfo] target(s) in 1.61s
[INFO] running `Command { std: "docker" "inspect" "93dfb9478cbf1996e54267e8dacc515e224cd43da363f5dd6f924d7e7e085c99", kill_on_drop: false }`
[INFO] running `Command { std: "docker" "rm" "-f" "93dfb9478cbf1996e54267e8dacc515e224cd43da363f5dd6f924d7e7e085c99", kill_on_drop: false }`
[INFO] [stdout] 93dfb9478cbf1996e54267e8dacc515e224cd43da363f5dd6f924d7e7e085c99
[INFO] running `Command { std: "docker" "create" "-v" "/var/lib/crater-agent-workspace/builds/worker-0-tc1/target:/opt/rustwide/target:rw,Z" "-v" "/var/lib/crater-agent-workspace/builds/worker-0-tc1/source:/opt/rustwide/workdir:ro,Z" "-v" "/var/lib/crater-agent-workspace/cargo-home:/opt/rustwide/cargo-home:ro,Z" "-v" "/var/lib/crater-agent-workspace/rustup-home:/opt/rustwide/rustup-home:ro,Z" "-e" "SOURCE_DIR=/opt/rustwide/workdir" "-e" "CARGO_TARGET_DIR=/opt/rustwide/target" "-e" "CARGO_INCREMENTAL=0" "-e" "RUST_BACKTRACE=full" "-e" "RUSTFLAGS=--cap-lints=warn" "-e" "RUSTDOCFLAGS=--cap-lints=warn" "-e" "CARGO_HOME=/opt/rustwide/cargo-home" "-e" "RUSTUP_HOME=/opt/rustwide/rustup-home" "-w" "/opt/rustwide/workdir" "-m" "1610612736" "--user" "0:0" "--network" "none" "ghcr.io/rust-lang/crates-build-env/linux@sha256:2788e3201cd34a07e3172128adcd8b3090168a8e3bcc40d7c032b9dda1df7d1c" "/opt/rustwide/cargo-home/bin/cargo" "+1.75.0" "test" "--frozen" "--no-run" "--message-format=json", kill_on_drop: false }`
[INFO] [stdout] 1721db2d6759996b6f2233ab73d6085aea4d81dc952891bdc6ef841a70effbd8
[INFO] running `Command { std: "docker" "start" "-a" "1721db2d6759996b6f2233ab73d6085aea4d81dc952891bdc6ef841a70effbd8", kill_on_drop: false }`
[INFO] [stderr]    Compiling libc v0.2.150
[INFO] [stderr]    Compiling proc-macro2 v1.0.70
[INFO] [stderr]    Compiling serde v1.0.193
[INFO] [stderr]    Compiling utf8parse v0.2.1
[INFO] [stderr]    Compiling thiserror v1.0.50
[INFO] [stderr]    Compiling anstyle v1.0.4
[INFO] [stderr]    Compiling colorchoice v1.0.0
[INFO] [stderr]    Compiling anstyle-query v1.0.0
[INFO] [stderr]    Compiling serde_json v1.0.108
[INFO] [stderr]    Compiling clap_lex v0.6.0
[INFO] [stderr]    Compiling heck v0.4.1
[INFO] [stderr]    Compiling unicode-width v0.1.11
[INFO] [stderr]    Compiling anyhow v1.0.75
[INFO] [stderr]    Compiling lazy_static v1.4.0
[INFO] [stderr]    Compiling shell-words v1.1.0
[INFO] [stderr]    Compiling itoa v1.0.9
[INFO] [stderr]    Compiling anstyle-parse v0.2.2
[INFO] [stderr]    Compiling ryu v1.0.15
[INFO] [stderr]    Compiling zeroize v1.7.0
[INFO] [stderr]    Compiling anstream v0.6.4
[INFO] [stderr]    Compiling clap_builder v4.4.9
[INFO] [stderr]    Compiling quote v1.0.33
[INFO] [stderr]    Compiling syn v2.0.39
[INFO] [stderr]    Compiling getrandom v0.2.11
[INFO] [stderr]    Compiling console v0.15.7
[INFO] [stderr]    Compiling rand_core v0.6.4
[INFO] [stderr]    Compiling password-hash v0.5.0
[INFO] [stderr]    Compiling rand_chacha v0.3.1
[INFO] [stderr]    Compiling rand v0.8.5
[INFO] [stderr]    Compiling scrypt v0.11.0
[INFO] [stderr]    Compiling scryptenc v0.8.5 (/opt/rustwide/workdir)
[INFO] [stderr]    Compiling serde_test v1.0.176
[INFO] [stderr]    Compiling thiserror-impl v1.0.50
[INFO] [stderr]    Compiling clap_derive v4.4.7
[INFO] [stderr]    Compiling dialoguer v0.11.0
[INFO] [stderr]    Compiling clap v4.4.10
[INFO] [stderr]     Finished test [unoptimized + debuginfo] target(s) in 4.79s
[INFO] running `Command { std: "docker" "inspect" "1721db2d6759996b6f2233ab73d6085aea4d81dc952891bdc6ef841a70effbd8", kill_on_drop: false }`
[INFO] running `Command { std: "docker" "rm" "-f" "1721db2d6759996b6f2233ab73d6085aea4d81dc952891bdc6ef841a70effbd8", kill_on_drop: false }`
[INFO] [stdout] 1721db2d6759996b6f2233ab73d6085aea4d81dc952891bdc6ef841a70effbd8
[INFO] running `Command { std: "docker" "create" "-v" "/var/lib/crater-agent-workspace/builds/worker-0-tc1/target:/opt/rustwide/target:rw,Z" "-v" "/var/lib/crater-agent-workspace/builds/worker-0-tc1/source:/opt/rustwide/workdir:ro,Z" "-v" "/var/lib/crater-agent-workspace/cargo-home:/opt/rustwide/cargo-home:ro,Z" "-v" "/var/lib/crater-agent-workspace/rustup-home:/opt/rustwide/rustup-home:ro,Z" "-e" "SOURCE_DIR=/opt/rustwide/workdir" "-e" "CARGO_TARGET_DIR=/opt/rustwide/target" "-e" "CARGO_INCREMENTAL=0" "-e" "RUST_BACKTRACE=full" "-e" "RUSTFLAGS=--cap-lints=warn" "-e" "RUSTDOCFLAGS=--cap-lints=warn" "-e" "CARGO_HOME=/opt/rustwide/cargo-home" "-e" "RUSTUP_HOME=/opt/rustwide/rustup-home" "-w" "/opt/rustwide/workdir" "-m" "1610612736" "--user" "0:0" "--network" "none" "ghcr.io/rust-lang/crates-build-env/linux@sha256:2788e3201cd34a07e3172128adcd8b3090168a8e3bcc40d7c032b9dda1df7d1c" "/opt/rustwide/cargo-home/bin/cargo" "+1.75.0" "test" "--frozen", kill_on_drop: false }`
[INFO] [stdout] 06dfa8a83966c12fefa9b62695140f5199a4518ed4a35af98be7139c77ce781a
[INFO] running `Command { std: "docker" "start" "-a" "06dfa8a83966c12fefa9b62695140f5199a4518ed4a35af98be7139c77ce781a", kill_on_drop: false }`
[INFO] [stderr]     Finished test [unoptimized + debuginfo] target(s) in 0.03s
[INFO] [stderr]      Running unittests src/lib.rs (/opt/rustwide/target/debug/deps/scryptenc-4c0be14b3dc166b1)
[INFO] [stdout] 
[INFO] [stdout] running 14 tests
[INFO] [stdout] test error::tests::clone ... ok
[INFO] [stdout] test error::tests::copy ... ok
[INFO] [stdout] test error::tests::debug ... ok
[INFO] [stdout] test error::tests::display ... ok
[INFO] [stdout] test error::tests::equality ... ok
[INFO] [stdout] test error::tests::from_invalid_params_to_error ... ok
[INFO] [stdout] test error::tests::result_type ... ok
[INFO] [stdout] test error::tests::source ... ok
[INFO] [stdout] test format::tests::derived_key_size ... ok
[INFO] [stdout] test format::tests::from_version_to_u8 ... ok
[INFO] [stdout] test format::tests::header_size ... ok
[INFO] [stdout] test format::tests::magic_number ... ok
[INFO] [stdout] test format::tests::tag_size ... ok
[INFO] [stdout] test format::tests::version ... ok
[INFO] [stdout] 
[INFO] [stdout] test result: ok. 14 passed; 0 failed; 0 ignored; 0 measured; 0 filtered out; finished in 0.00s
[INFO] [stdout] 
[INFO] [stderr]    Doc-tests scryptenc
[INFO] [stdout] 
[INFO] [stdout] running 21 tests
[INFO] [stdout] test src/decrypt.rs - decrypt::decrypt (line 194) ... FAILED
[INFO] [stdout] test src/decrypt.rs - decrypt::Decryptor<'c>::decrypt (line 91) ... FAILED
[INFO] [stdout] test src/decrypt.rs - decrypt::Decryptor<'c>::decrypt_to_vec (line 136) ... FAILED
[INFO] [stdout] test src/decrypt.rs - decrypt::Decryptor<'c>::new (line 42) ... FAILED
[INFO] [stdout] test src/decrypt.rs - decrypt::Decryptor<'c>::out_len (line 158) ... FAILED
[INFO] [stdout] test src/params.rs - params::Params::n (line 67) ... FAILED
[INFO] [stdout] test src/params.rs - params::Params::log_n (line 49) ... FAILED
[INFO] [stdout] test src/params.rs - params::Params::new (line 33) ... FAILED
[INFO] [stdout] test src/params.rs - params::Params::p (line 103) ... FAILED
[INFO] [stdout] test src/params.rs - params::Params::r (line 85) ... FAILED
[INFO] [stdout] test src/encrypt.rs - encrypt::Encryptor<'m>::encrypt (line 93) ... ok
[INFO] [stdout] test src/encrypt.rs - encrypt::encrypt_with_params (line 207) ... ok
[INFO] [stdout] test src/encrypt.rs - encrypt::Encryptor<'m>::out_len (line 158) ... ok
[INFO] [stdout] test src/encrypt.rs - encrypt::Encryptor<'m>::with_params (line 49) ... ok
[INFO] [stdout] test src/encrypt.rs - encrypt::Encryptor<'m>::encrypt_to_vec (line 134) ... ok
[INFO] [stdout] test src/lib.rs - (line 40) ... ok
[INFO] [stdout] test src/lib.rs - (line 14) ... ok
[INFO] [stdout] test src/encrypt.rs - encrypt::Encryptor<'m>::new (line 32) ... ok
[INFO] [stdout] test src/encrypt.rs - encrypt::encrypt (line 186) ... ok
[INFO] [stdout] test src/lib.rs - (line 62) ... ok
[INFO] [stdout] test src/error.rs - error::Result (line 76) ... ok
[INFO] [stdout] 
[INFO] [stdout] failures:
[INFO] [stdout] 
[INFO] [stdout] ---- src/decrypt.rs - decrypt::decrypt (line 194) stdout ----
[INFO] [stdout] error: couldn't read src/../tests/data/data.txt.scrypt: No such file or directory (os error 2)
[INFO] [stdout]  --> src/decrypt.rs:197:18
[INFO] [stdout]   |
[INFO] [stdout] 6 | let ciphertext = include_bytes!("../tests/data/data.txt.scrypt");
[INFO] [stdout]   |                  ^^^^^^^^^^^^^^^^^^^^^^^^^^^^^^^^^^^^^^^^^^^^^^^
[INFO] [stdout]   |
[INFO] [stdout]   = note: this error originates in the macro `include_bytes` (in Nightly builds, run with -Z macro-backtrace for more info)
[INFO] [stdout] 
[INFO] [stdout] error: aborting due to previous error
[INFO] [stdout] 
[INFO] [stdout] Couldn't compile the test.
[INFO] [stdout] ---- src/decrypt.rs - decrypt::Decryptor<'c>::decrypt (line 91) stdout ----
[INFO] [stdout] error: couldn't read src/../tests/data/data.txt.scrypt: No such file or directory (os error 2)
[INFO] [stdout]  --> src/decrypt.rs:96:18
[INFO] [stdout]   |
[INFO] [stdout] 8 | let ciphertext = include_bytes!("../tests/data/data.txt.scrypt");
[INFO] [stdout]   |                  ^^^^^^^^^^^^^^^^^^^^^^^^^^^^^^^^^^^^^^^^^^^^^^^
[INFO] [stdout]   |
[INFO] [stdout]   = note: this error originates in the macro `include_bytes` (in Nightly builds, run with -Z macro-backtrace for more info)
[INFO] [stdout] 
[INFO] [stdout] error: aborting due to previous error
[INFO] [stdout] 
[INFO] [stdout] Couldn't compile the test.
[INFO] [stdout] ---- src/decrypt.rs - decrypt::Decryptor<'c>::decrypt_to_vec (line 136) stdout ----
[INFO] [stdout] error: couldn't read src/../tests/data/data.txt.scrypt: No such file or directory (os error 2)
[INFO] [stdout]  --> src/decrypt.rs:141:18
[INFO] [stdout]   |
[INFO] [stdout] 8 | let ciphertext = include_bytes!("../tests/data/data.txt.scrypt");
[INFO] [stdout]   |                  ^^^^^^^^^^^^^^^^^^^^^^^^^^^^^^^^^^^^^^^^^^^^^^^
[INFO] [stdout]   |
[INFO] [stdout]   = note: this error originates in the macro `include_bytes` (in Nightly builds, run with -Z macro-backtrace for more info)
[INFO] [stdout] 
[INFO] [stdout] error: aborting due to previous error
[INFO] [stdout] 
[INFO] [stdout] Couldn't compile the test.
[INFO] [stdout] ---- src/decrypt.rs - decrypt::Decryptor<'c>::new (line 42) stdout ----
[INFO] [stdout] error: couldn't read src/../tests/data/data.txt.scrypt: No such file or directory (os error 2)
[INFO] [stdout]  --> src/decrypt.rs:46:18
[INFO] [stdout]   |
[INFO] [stdout] 7 | let ciphertext = include_bytes!("../tests/data/data.txt.scrypt");
[INFO] [stdout]   |                  ^^^^^^^^^^^^^^^^^^^^^^^^^^^^^^^^^^^^^^^^^^^^^^^
[INFO] [stdout]   |
[INFO] [stdout]   = note: this error originates in the macro `include_bytes` (in Nightly builds, run with -Z macro-backtrace for more info)
[INFO] [stdout] 
[INFO] [stdout] error: aborting due to previous error
[INFO] [stdout] 
[INFO] [stdout] Couldn't compile the test.
[INFO] [stdout] ---- src/decrypt.rs - decrypt::Decryptor<'c>::out_len (line 158) stdout ----
[INFO] [stdout] error: couldn't read src/../tests/data/data.txt.scrypt: No such file or directory (os error 2)
[INFO] [stdout]  --> src/decrypt.rs:162:18
[INFO] [stdout]   |
[INFO] [stdout] 7 | let ciphertext = include_bytes!("../tests/data/data.txt.scrypt");
[INFO] [stdout]   |                  ^^^^^^^^^^^^^^^^^^^^^^^^^^^^^^^^^^^^^^^^^^^^^^^
[INFO] [stdout]   |
[INFO] [stdout]   = note: this error originates in the macro `include_bytes` (in Nightly builds, run with -Z macro-backtrace for more info)
[INFO] [stdout] 
[INFO] [stdout] error: aborting due to previous error
[INFO] [stdout] 
[INFO] [stdout] Couldn't compile the test.
[INFO] [stdout] ---- src/params.rs - params::Params::n (line 67) stdout ----
[INFO] [stdout] error: couldn't read src/../tests/data/data.txt.scrypt: No such file or directory (os error 2)
[INFO] [stdout]  --> src/params.rs:71:18
[INFO] [stdout]   |
[INFO] [stdout] 7 | let ciphertext = include_bytes!("../tests/data/data.txt.scrypt");
[INFO] [stdout]   |                  ^^^^^^^^^^^^^^^^^^^^^^^^^^^^^^^^^^^^^^^^^^^^^^^
[INFO] [stdout]   |
[INFO] [stdout]   = note: this error originates in the macro `include_bytes` (in Nightly builds, run with -Z macro-backtrace for more info)
[INFO] [stdout] 
[INFO] [stdout] error: aborting due to previous error
[INFO] [stdout] 
[INFO] [stdout] Couldn't compile the test.
[INFO] [stdout] ---- src/params.rs - params::Params::log_n (line 49) stdout ----
[INFO] [stdout] error: couldn't read src/../tests/data/data.txt.scrypt: No such file or directory (os error 2)
[INFO] [stdout]  --> src/params.rs:53:18
[INFO] [stdout]   |
[INFO] [stdout] 7 | let ciphertext = include_bytes!("../tests/data/data.txt.scrypt");
[INFO] [stdout]   |                  ^^^^^^^^^^^^^^^^^^^^^^^^^^^^^^^^^^^^^^^^^^^^^^^
[INFO] [stdout]   |
[INFO] [stdout]   = note: this error originates in the macro `include_bytes` (in Nightly builds, run with -Z macro-backtrace for more info)
[INFO] [stdout] 
[INFO] [stdout] error: aborting due to previous error
[INFO] [stdout] 
[INFO] [stdout] Couldn't compile the test.
[INFO] [stdout] ---- src/params.rs - params::Params::new (line 33) stdout ----
[INFO] [stdout] error: couldn't read src/../tests/data/data.txt.scrypt: No such file or directory (os error 2)
[INFO] [stdout]  --> src/params.rs:37:18
[INFO] [stdout]   |
[INFO] [stdout] 7 | let ciphertext = include_bytes!("../tests/data/data.txt.scrypt");
[INFO] [stdout]   |                  ^^^^^^^^^^^^^^^^^^^^^^^^^^^^^^^^^^^^^^^^^^^^^^^
[INFO] [stdout]   |
[INFO] [stdout]   = note: this error originates in the macro `include_bytes` (in Nightly builds, run with -Z macro-backtrace for more info)
[INFO] [stdout] 
[INFO] [stdout] error: aborting due to previous error
[INFO] [stdout] 
[INFO] [stdout] Couldn't compile the test.
[INFO] [stdout] ---- src/params.rs - params::Params::p (line 103) stdout ----
[INFO] [stdout] error: couldn't read src/../tests/data/data.txt.scrypt: No such file or directory (os error 2)
[INFO] [stdout]  --> src/params.rs:107:18
[INFO] [stdout]   |
[INFO] [stdout] 7 | let ciphertext = include_bytes!("../tests/data/data.txt.scrypt");
[INFO] [stdout]   |                  ^^^^^^^^^^^^^^^^^^^^^^^^^^^^^^^^^^^^^^^^^^^^^^^
[INFO] [stdout]   |
[INFO] [stdout]   = note: this error originates in the macro `include_bytes` (in Nightly builds, run with -Z macro-backtrace for more info)
[INFO] [stdout] 
[INFO] [stdout] error: aborting due to previous error
[INFO] [stdout] 
[INFO] [stdout] Couldn't compile the test.
[INFO] [stdout] ---- src/params.rs - params::Params::r (line 85) stdout ----
[INFO] [stdout] error: couldn't read src/../tests/data/data.txt.scrypt: No such file or directory (os error 2)
[INFO] [stdout]  --> src/params.rs:89:18
[INFO] [stdout]   |
[INFO] [stdout] 7 | let ciphertext = include_bytes!("../tests/data/data.txt.scrypt");
[INFO] [stdout]   |                  ^^^^^^^^^^^^^^^^^^^^^^^^^^^^^^^^^^^^^^^^^^^^^^^
[INFO] [stdout]   |
[INFO] [stdout]   = note: this error originates in the macro `include_bytes` (in Nightly builds, run with -Z macro-backtrace for more info)
[INFO] [stdout] 
[INFO] [stdout] error: aborting due to previous error
[INFO] [stdout] 
[INFO] [stdout] Couldn't compile the test.
[INFO] [stdout] 
[INFO] [stdout] failures:
[INFO] [stdout]     src/decrypt.rs - decrypt::Decryptor<'c>::decrypt (line 91)
[INFO] [stdout]     src/decrypt.rs - decrypt::Decryptor<'c>::decrypt_to_vec (line 136)
[INFO] [stdout]     src/decrypt.rs - decrypt::Decryptor<'c>::new (line 42)
[INFO] [stdout]     src/decrypt.rs - decrypt::Decryptor<'c>::out_len (line 158)
[INFO] [stdout]     src/decrypt.rs - decrypt::decrypt (line 194)
[INFO] [stdout]     src/params.rs - params::Params::log_n (line 49)
[INFO] [stdout]     src/params.rs - params::Params::n (line 67)
[INFO] [stdout]     src/params.rs - params::Params::new (line 33)
[INFO] [stdout]     src/params.rs - params::Params::p (line 103)
[INFO] [stdout]     src/params.rs - params::Params::r (line 85)
[INFO] [stdout] 
[INFO] [stdout] test result: FAILED. 11 passed; 10 failed; 0 ignored; 0 measured; 0 filtered out; finished in 29.08s
[INFO] [stdout] 
[INFO] [stderr] error: doctest failed, to rerun pass `--doc`
[INFO] running `Command { std: "docker" "inspect" "06dfa8a83966c12fefa9b62695140f5199a4518ed4a35af98be7139c77ce781a", kill_on_drop: false }`
[INFO] running `Command { std: "docker" "rm" "-f" "06dfa8a83966c12fefa9b62695140f5199a4518ed4a35af98be7139c77ce781a", kill_on_drop: false }`
[INFO] [stdout] 06dfa8a83966c12fefa9b62695140f5199a4518ed4a35af98be7139c77ce781a
