[INFO] fetching crate scraper-main 0.3.1...
[INFO] testing scraper-main-0.3.1 against 1.75.0 for beta-1.76-1
[INFO] extracting crate scraper-main 0.3.1 into /workspace/builds/worker-4-tc1/source
[INFO] validating manifest of crates.io crate scraper-main 0.3.1 on toolchain 1.75.0
[INFO] running `Command { std: CARGO_HOME="/workspace/cargo-home" RUSTUP_HOME="/workspace/rustup-home" "/workspace/cargo-home/bin/cargo" "+1.75.0" "metadata" "--manifest-path" "Cargo.toml" "--no-deps", kill_on_drop: false }`
[INFO] started tweaking crates.io crate scraper-main 0.3.1
[INFO] finished tweaking crates.io crate scraper-main 0.3.1
[INFO] tweaked toml for crates.io crate scraper-main 0.3.1 written to /workspace/builds/worker-4-tc1/source/Cargo.toml
[INFO] running `Command { std: CARGO_HOME="/workspace/cargo-home" RUSTUP_HOME="/workspace/rustup-home" "/workspace/cargo-home/bin/cargo" "+1.75.0" "generate-lockfile" "--manifest-path" "Cargo.toml", kill_on_drop: false }`
[INFO] [stderr]     Blocking waiting for file lock on package cache
[INFO] [stderr]     Updating crates.io index
[INFO] running `Command { std: CARGO_HOME="/workspace/cargo-home" RUSTUP_HOME="/workspace/rustup-home" "/workspace/cargo-home/bin/cargo" "+1.75.0" "fetch" "--manifest-path" "Cargo.toml", kill_on_drop: false }`
[INFO] [stderr]  Downloading crates ...
[INFO] [stderr]   Downloaded html5ever v0.26.0
[INFO] [stderr]   Downloaded futf v0.1.5
[INFO] [stderr]   Downloaded mac v0.1.1
[INFO] [stderr]   Downloaded phf_codegen v0.10.0
[INFO] [stderr]   Downloaded xml5ever v0.17.0
[INFO] [stderr]   Downloaded markup5ever v0.11.0
[INFO] [stderr]   Downloaded tendril v0.4.3
[INFO] [stderr]   Downloaded markup5ever_rcdom v0.2.0
[INFO] [stderr]   Downloaded scraper-macros v0.2.0
[INFO] [stderr]   Downloaded xpather v0.3.0-beta.9
[INFO] running `Command { std: "docker" "create" "-v" "/var/lib/crater-agent-workspace/builds/worker-4-tc1/target:/opt/rustwide/target:rw,Z" "-v" "/var/lib/crater-agent-workspace/builds/worker-4-tc1/source:/opt/rustwide/workdir:ro,Z" "-v" "/var/lib/crater-agent-workspace/cargo-home:/opt/rustwide/cargo-home:ro,Z" "-v" "/var/lib/crater-agent-workspace/rustup-home:/opt/rustwide/rustup-home:ro,Z" "-e" "SOURCE_DIR=/opt/rustwide/workdir" "-e" "CARGO_TARGET_DIR=/opt/rustwide/target" "-e" "CARGO_HOME=/opt/rustwide/cargo-home" "-e" "RUSTUP_HOME=/opt/rustwide/rustup-home" "-w" "/opt/rustwide/workdir" "-m" "1610612736" "--user" "0:0" "--network" "none" "ghcr.io/rust-lang/crates-build-env/linux@sha256:2788e3201cd34a07e3172128adcd8b3090168a8e3bcc40d7c032b9dda1df7d1c" "/opt/rustwide/cargo-home/bin/cargo" "+1.75.0" "metadata" "--no-deps" "--format-version=1", kill_on_drop: false }`
[INFO] [stdout] 9d888354a733cf6782c440d274aad41370b9142c20d171d3268b62fd34ae6e7b
[INFO] running `Command { std: "docker" "start" "-a" "9d888354a733cf6782c440d274aad41370b9142c20d171d3268b62fd34ae6e7b", kill_on_drop: false }`
[INFO] running `Command { std: "docker" "inspect" "9d888354a733cf6782c440d274aad41370b9142c20d171d3268b62fd34ae6e7b", kill_on_drop: false }`
[INFO] running `Command { std: "docker" "rm" "-f" "9d888354a733cf6782c440d274aad41370b9142c20d171d3268b62fd34ae6e7b", kill_on_drop: false }`
[INFO] [stdout] 9d888354a733cf6782c440d274aad41370b9142c20d171d3268b62fd34ae6e7b
[INFO] running `Command { std: "docker" "create" "-v" "/var/lib/crater-agent-workspace/builds/worker-4-tc1/target:/opt/rustwide/target:rw,Z" "-v" "/var/lib/crater-agent-workspace/builds/worker-4-tc1/source:/opt/rustwide/workdir:ro,Z" "-v" "/var/lib/crater-agent-workspace/cargo-home:/opt/rustwide/cargo-home:ro,Z" "-v" "/var/lib/crater-agent-workspace/rustup-home:/opt/rustwide/rustup-home:ro,Z" "-e" "SOURCE_DIR=/opt/rustwide/workdir" "-e" "CARGO_TARGET_DIR=/opt/rustwide/target" "-e" "CARGO_INCREMENTAL=0" "-e" "RUST_BACKTRACE=full" "-e" "RUSTFLAGS=--cap-lints=warn" "-e" "RUSTDOCFLAGS=--cap-lints=warn" "-e" "CARGO_HOME=/opt/rustwide/cargo-home" "-e" "RUSTUP_HOME=/opt/rustwide/rustup-home" "-w" "/opt/rustwide/workdir" "-m" "1610612736" "--user" "0:0" "--network" "none" "ghcr.io/rust-lang/crates-build-env/linux@sha256:2788e3201cd34a07e3172128adcd8b3090168a8e3bcc40d7c032b9dda1df7d1c" "/opt/rustwide/cargo-home/bin/cargo" "+1.75.0" "build" "--frozen" "--message-format=json", kill_on_drop: false }`
[INFO] [stdout] 98e15925344274bd70b2d6d18d083e78cccd0f3fc01ca9cad1df7985a05a152c
[INFO] running `Command { std: "docker" "start" "-a" "98e15925344274bd70b2d6d18d083e78cccd0f3fc01ca9cad1df7985a05a152c", kill_on_drop: false }`
[INFO] [stderr]    Compiling proc-macro2 v1.0.75
[INFO] [stderr]    Compiling libc v0.2.151
[INFO] [stderr]    Compiling unicode-ident v1.0.12
[INFO] [stderr]    Compiling cfg-if v1.0.0
[INFO] [stderr]    Compiling siphasher v0.3.11
[INFO] [stderr]    Compiling ppv-lite86 v0.2.17
[INFO] [stderr]    Compiling autocfg v1.1.0
[INFO] [stderr]    Compiling parking_lot_core v0.9.9
[INFO] [stderr]    Compiling scopeguard v1.2.0
[INFO] [stderr]    Compiling syn v1.0.109
[INFO] [stderr]    Compiling once_cell v1.19.0
[INFO] [stderr]    Compiling new_debug_unreachable v1.0.4
[INFO] [stderr]    Compiling smallvec v1.11.2
[INFO] [stderr]    Compiling serde v1.0.194
[INFO] [stderr]    Compiling mac v0.1.1
[INFO] [stderr]    Compiling precomputed-hash v0.1.1
[INFO] [stderr]    Compiling utf-8 v0.7.6
[INFO] [stderr]    Compiling futf v0.1.5
[INFO] [stderr]    Compiling log v0.4.20
[INFO] [stderr]    Compiling memchr v2.7.1
[INFO] [stderr]    Compiling regex-syntax v0.8.2
[INFO] [stderr]    Compiling thiserror v1.0.56
[INFO] [stderr]    Compiling phf_shared v0.10.0
[INFO] [stderr]    Compiling tracing-core v0.1.32
[INFO] [stderr]    Compiling tendril v0.4.3
[INFO] [stderr]    Compiling pin-project-lite v0.2.13
[INFO] [stderr]    Compiling phf v0.10.1
[INFO] [stderr]    Compiling anyhow v1.0.79
[INFO] [stderr]    Compiling lock_api v0.4.11
[INFO] [stderr]    Compiling aho-corasick v1.1.2
[INFO] [stderr]    Compiling quote v1.0.35
[INFO] [stderr]    Compiling syn v2.0.48
[INFO] [stderr]    Compiling getrandom v0.2.11
[INFO] [stderr]    Compiling rand_core v0.6.4
[INFO] [stderr]    Compiling parking_lot v0.12.1
[INFO] [stderr]    Compiling rand_chacha v0.3.1
[INFO] [stderr]    Compiling rand v0.8.5
[INFO] [stderr]    Compiling regex-automata v0.4.3
[INFO] [stderr]    Compiling phf_generator v0.10.0
[INFO] [stderr]    Compiling phf_codegen v0.10.0
[INFO] [stderr]    Compiling string_cache_codegen v0.5.2
[INFO] [stderr]    Compiling markup5ever v0.11.0
[INFO] [stderr]    Compiling string_cache v0.8.7
[INFO] [stderr]    Compiling regex v1.10.2
[INFO] [stderr]    Compiling xml5ever v0.17.0
[INFO] [stderr]    Compiling tracing-attributes v0.1.27
[INFO] [stderr]    Compiling thiserror-impl v1.0.56
[INFO] [stderr]    Compiling html5ever v0.26.0
[INFO] [stderr]    Compiling scraper-macros v0.2.0
[INFO] [stderr]    Compiling tracing v0.1.40
[INFO] [stderr]    Compiling markup5ever_rcdom v0.2.0
[INFO] [stderr]    Compiling xpather v0.3.0-beta.9
[INFO] [stderr]    Compiling scraper-main v0.3.1 (/opt/rustwide/workdir)
[INFO] [stderr]     Finished dev [unoptimized + debuginfo] target(s) in 7.92s
[INFO] running `Command { std: "docker" "inspect" "98e15925344274bd70b2d6d18d083e78cccd0f3fc01ca9cad1df7985a05a152c", kill_on_drop: false }`
[INFO] running `Command { std: "docker" "rm" "-f" "98e15925344274bd70b2d6d18d083e78cccd0f3fc01ca9cad1df7985a05a152c", kill_on_drop: false }`
[INFO] [stdout] 98e15925344274bd70b2d6d18d083e78cccd0f3fc01ca9cad1df7985a05a152c
[INFO] running `Command { std: "docker" "create" "-v" "/var/lib/crater-agent-workspace/builds/worker-4-tc1/target:/opt/rustwide/target:rw,Z" "-v" "/var/lib/crater-agent-workspace/builds/worker-4-tc1/source:/opt/rustwide/workdir:ro,Z" "-v" "/var/lib/crater-agent-workspace/cargo-home:/opt/rustwide/cargo-home:ro,Z" "-v" "/var/lib/crater-agent-workspace/rustup-home:/opt/rustwide/rustup-home:ro,Z" "-e" "SOURCE_DIR=/opt/rustwide/workdir" "-e" "CARGO_TARGET_DIR=/opt/rustwide/target" "-e" "CARGO_INCREMENTAL=0" "-e" "RUST_BACKTRACE=full" "-e" "RUSTFLAGS=--cap-lints=warn" "-e" "RUSTDOCFLAGS=--cap-lints=warn" "-e" "CARGO_HOME=/opt/rustwide/cargo-home" "-e" "RUSTUP_HOME=/opt/rustwide/rustup-home" "-w" "/opt/rustwide/workdir" "-m" "1610612736" "--user" "0:0" "--network" "none" "ghcr.io/rust-lang/crates-build-env/linux@sha256:2788e3201cd34a07e3172128adcd8b3090168a8e3bcc40d7c032b9dda1df7d1c" "/opt/rustwide/cargo-home/bin/cargo" "+1.75.0" "test" "--frozen" "--no-run" "--message-format=json", kill_on_drop: false }`
[INFO] [stdout] 08949a40365228d9ffa4a58a8e588508b160ba245cce92e3041f47d1e4d3cfed
[INFO] running `Command { std: "docker" "start" "-a" "08949a40365228d9ffa4a58a8e588508b160ba245cce92e3041f47d1e4d3cfed", kill_on_drop: false }`
[INFO] [stderr]    Compiling scraper-main v0.3.1 (/opt/rustwide/workdir)
[INFO] [stderr]     Finished test [unoptimized + debuginfo] target(s) in 0.26s
[INFO] running `Command { std: "docker" "inspect" "08949a40365228d9ffa4a58a8e588508b160ba245cce92e3041f47d1e4d3cfed", kill_on_drop: false }`
[INFO] running `Command { std: "docker" "rm" "-f" "08949a40365228d9ffa4a58a8e588508b160ba245cce92e3041f47d1e4d3cfed", kill_on_drop: false }`
[INFO] [stdout] 08949a40365228d9ffa4a58a8e588508b160ba245cce92e3041f47d1e4d3cfed
[INFO] running `Command { std: "docker" "create" "-v" "/var/lib/crater-agent-workspace/builds/worker-4-tc1/target:/opt/rustwide/target:rw,Z" "-v" "/var/lib/crater-agent-workspace/builds/worker-4-tc1/source:/opt/rustwide/workdir:ro,Z" "-v" "/var/lib/crater-agent-workspace/cargo-home:/opt/rustwide/cargo-home:ro,Z" "-v" "/var/lib/crater-agent-workspace/rustup-home:/opt/rustwide/rustup-home:ro,Z" "-e" "SOURCE_DIR=/opt/rustwide/workdir" "-e" "CARGO_TARGET_DIR=/opt/rustwide/target" "-e" "CARGO_INCREMENTAL=0" "-e" "RUST_BACKTRACE=full" "-e" "RUSTFLAGS=--cap-lints=warn" "-e" "RUSTDOCFLAGS=--cap-lints=warn" "-e" "CARGO_HOME=/opt/rustwide/cargo-home" "-e" "RUSTUP_HOME=/opt/rustwide/rustup-home" "-w" "/opt/rustwide/workdir" "-m" "1610612736" "--user" "0:0" "--network" "none" "ghcr.io/rust-lang/crates-build-env/linux@sha256:2788e3201cd34a07e3172128adcd8b3090168a8e3bcc40d7c032b9dda1df7d1c" "/opt/rustwide/cargo-home/bin/cargo" "+1.75.0" "test" "--frozen", kill_on_drop: false }`
[INFO] [stdout] 1336b41eb6aa3a61fd70ec8d2b567b24c301f0699cabb570209395eb4d8b5de9
[INFO] running `Command { std: "docker" "start" "-a" "1336b41eb6aa3a61fd70ec8d2b567b24c301f0699cabb570209395eb4d8b5de9", kill_on_drop: false }`
[INFO] [stderr]     Finished test [unoptimized + debuginfo] target(s) in 0.04s
[INFO] [stderr]      Running unittests src/lib.rs (/opt/rustwide/target/debug/deps/scraper_main-bd19cc9f2712df6e)
[INFO] [stdout] 
[INFO] [stdout] running 0 tests
[INFO] [stdout] 
[INFO] [stdout] test result: ok. 0 passed; 0 failed; 0 ignored; 0 measured; 0 filtered out; finished in 0.00s
[INFO] [stdout] 
[INFO] [stderr]    Doc-tests scraper-main
[INFO] [stdout] 
[INFO] [stdout] running 1 test
[INFO] [stdout] test src/lib.rs - ScraperMain (line 18) ... FAILED
[INFO] [stdout] 
[INFO] [stdout] failures:
[INFO] [stdout] 
[INFO] [stdout] ---- src/lib.rs - ScraperMain (line 18) stdout ----
[INFO] [stdout] error[E0405]: cannot find trait `ScraperMain` in this scope
[INFO] [stdout]  --> src/lib.rs:23:6
[INFO] [stdout]   |
[INFO] [stdout] 7 | impl ScraperMain for RedditListItem {
[INFO] [stdout]   |      ^^^^^^^^^^^ not found in this scope
[INFO] [stdout]   |
[INFO] [stdout] help: consider importing this trait
[INFO] [stdout]   |
[INFO] [stdout] 2 + use scraper_main::ScraperMain;
[INFO] [stdout]   |
[INFO] [stdout] 
[INFO] [stdout] error[E0412]: cannot find type `Document` in this scope
[INFO] [stdout]  --> src/lib.rs:24:21
[INFO] [stdout]   |
[INFO] [stdout] 8 |     fn scrape(doc: &Document, container: Option<Node>) -> Result<Self> {
[INFO] [stdout]   |                     ^^^^^^^^ not found in this scope
[INFO] [stdout]   |
[INFO] [stdout] help: consider importing one of these items
[INFO] [stdout]   |
[INFO] [stdout] 2 + use scraper_main::Document;
[INFO] [stdout]   |
[INFO] [stdout] 2 + use xpather::Document;
[INFO] [stdout]   |
[INFO] [stdout] 
[INFO] [stdout] error[E0412]: cannot find type `Node` in this scope
[INFO] [stdout]  --> src/lib.rs:24:49
[INFO] [stdout]   |
[INFO] [stdout] 8 |     fn scrape(doc: &Document, container: Option<Node>) -> Result<Self> {
[INFO] [stdout]   |                                                 ^^^^ not found in this scope
[INFO] [stdout]   |
[INFO] [stdout] help: consider importing one of these items
[INFO] [stdout]   |
[INFO] [stdout] 2 + use scraper_main::Node;
[INFO] [stdout]   |
[INFO] [stdout] 2 + use xpather::nodetest::Node;
[INFO] [stdout]   |
[INFO] [stdout] 2 + use xpather::value::Node;
[INFO] [stdout]   |
[INFO] [stdout] 
[INFO] [stdout] error[E0425]: cannot find function `evaluate` in this scope
[INFO] [stdout]   --> src/lib.rs:26:18
[INFO] [stdout]    |
[INFO] [stdout] 10 |             url: evaluate(".//a[@data-click-id=\"body\"]/@href", doc, container).convert_from(doc)?
[INFO] [stdout]    |                  ^^^^^^^^ not found in this scope
[INFO] [stdout]    |
[INFO] [stdout] help: consider importing this function
[INFO] [stdout]    |
[INFO] [stdout] 2  + use scraper_main::evaluate;
[INFO] [stdout]    |
[INFO] [stdout] 
[INFO] [stdout] error: aborting due to 4 previous errors
[INFO] [stdout] 
[INFO] [stdout] Some errors have detailed explanations: E0405, E0412, E0425.
[INFO] [stdout] For more information about an error, try `rustc --explain E0405`.
[INFO] [stdout] Couldn't compile the test.
[INFO] [stdout] 
[INFO] [stdout] failures:
[INFO] [stdout]     src/lib.rs - ScraperMain (line 18)
[INFO] [stdout] 
[INFO] [stdout] test result: FAILED. 0 passed; 1 failed; 0 ignored; 0 measured; 0 filtered out; finished in 0.05s
[INFO] [stdout] 
[INFO] [stderr] error: doctest failed, to rerun pass `--doc`
[INFO] running `Command { std: "docker" "inspect" "1336b41eb6aa3a61fd70ec8d2b567b24c301f0699cabb570209395eb4d8b5de9", kill_on_drop: false }`
[INFO] running `Command { std: "docker" "rm" "-f" "1336b41eb6aa3a61fd70ec8d2b567b24c301f0699cabb570209395eb4d8b5de9", kill_on_drop: false }`
[INFO] [stdout] 1336b41eb6aa3a61fd70ec8d2b567b24c301f0699cabb570209395eb4d8b5de9
