[INFO] fetching crate schroidnger_equation 0.1.0...
[INFO] testing schroidnger_equation-0.1.0 against 1.75.0 for beta-1.76-1
[INFO] extracting crate schroidnger_equation 0.1.0 into /workspace/builds/worker-0-tc1/source
[INFO] validating manifest of crates.io crate schroidnger_equation 0.1.0 on toolchain 1.75.0
[INFO] running `Command { std: CARGO_HOME="/workspace/cargo-home" RUSTUP_HOME="/workspace/rustup-home" "/workspace/cargo-home/bin/cargo" "+1.75.0" "metadata" "--manifest-path" "Cargo.toml" "--no-deps", kill_on_drop: false }`
[INFO] started tweaking crates.io crate schroidnger_equation 0.1.0
[INFO] finished tweaking crates.io crate schroidnger_equation 0.1.0
[INFO] tweaked toml for crates.io crate schroidnger_equation 0.1.0 written to /workspace/builds/worker-0-tc1/source/Cargo.toml
[INFO] running `Command { std: CARGO_HOME="/workspace/cargo-home" RUSTUP_HOME="/workspace/rustup-home" "/workspace/cargo-home/bin/cargo" "+1.75.0" "generate-lockfile" "--manifest-path" "Cargo.toml", kill_on_drop: false }`
[INFO] running `Command { std: CARGO_HOME="/workspace/cargo-home" RUSTUP_HOME="/workspace/rustup-home" "/workspace/cargo-home/bin/cargo" "+1.75.0" "fetch" "--manifest-path" "Cargo.toml", kill_on_drop: false }`
[INFO] running `Command { std: "docker" "create" "-v" "/var/lib/crater-agent-workspace/builds/worker-0-tc1/target:/opt/rustwide/target:rw,Z" "-v" "/var/lib/crater-agent-workspace/builds/worker-0-tc1/source:/opt/rustwide/workdir:ro,Z" "-v" "/var/lib/crater-agent-workspace/cargo-home:/opt/rustwide/cargo-home:ro,Z" "-v" "/var/lib/crater-agent-workspace/rustup-home:/opt/rustwide/rustup-home:ro,Z" "-e" "SOURCE_DIR=/opt/rustwide/workdir" "-e" "CARGO_TARGET_DIR=/opt/rustwide/target" "-e" "CARGO_HOME=/opt/rustwide/cargo-home" "-e" "RUSTUP_HOME=/opt/rustwide/rustup-home" "-w" "/opt/rustwide/workdir" "-m" "1610612736" "--user" "0:0" "--network" "none" "ghcr.io/rust-lang/crates-build-env/linux@sha256:2788e3201cd34a07e3172128adcd8b3090168a8e3bcc40d7c032b9dda1df7d1c" "/opt/rustwide/cargo-home/bin/cargo" "+1.75.0" "metadata" "--no-deps" "--format-version=1", kill_on_drop: false }`
[INFO] [stdout] 787ee253564e47be4024951b679f9df224d162adff6b198afea6859644e11750
[INFO] running `Command { std: "docker" "start" "-a" "787ee253564e47be4024951b679f9df224d162adff6b198afea6859644e11750", kill_on_drop: false }`
[INFO] running `Command { std: "docker" "inspect" "787ee253564e47be4024951b679f9df224d162adff6b198afea6859644e11750", kill_on_drop: false }`
[INFO] running `Command { std: "docker" "rm" "-f" "787ee253564e47be4024951b679f9df224d162adff6b198afea6859644e11750", kill_on_drop: false }`
[INFO] [stdout] 787ee253564e47be4024951b679f9df224d162adff6b198afea6859644e11750
[INFO] running `Command { std: "docker" "create" "-v" "/var/lib/crater-agent-workspace/builds/worker-0-tc1/target:/opt/rustwide/target:rw,Z" "-v" "/var/lib/crater-agent-workspace/builds/worker-0-tc1/source:/opt/rustwide/workdir:ro,Z" "-v" "/var/lib/crater-agent-workspace/cargo-home:/opt/rustwide/cargo-home:ro,Z" "-v" "/var/lib/crater-agent-workspace/rustup-home:/opt/rustwide/rustup-home:ro,Z" "-e" "SOURCE_DIR=/opt/rustwide/workdir" "-e" "CARGO_TARGET_DIR=/opt/rustwide/target" "-e" "CARGO_INCREMENTAL=0" "-e" "RUST_BACKTRACE=full" "-e" "RUSTFLAGS=--cap-lints=warn" "-e" "RUSTDOCFLAGS=--cap-lints=warn" "-e" "CARGO_HOME=/opt/rustwide/cargo-home" "-e" "RUSTUP_HOME=/opt/rustwide/rustup-home" "-w" "/opt/rustwide/workdir" "-m" "1610612736" "--user" "0:0" "--network" "none" "ghcr.io/rust-lang/crates-build-env/linux@sha256:2788e3201cd34a07e3172128adcd8b3090168a8e3bcc40d7c032b9dda1df7d1c" "/opt/rustwide/cargo-home/bin/cargo" "+1.75.0" "build" "--frozen" "--message-format=json", kill_on_drop: false }`
[INFO] [stdout] 30f2f892a767eedc975d88baf23b7bc9dc8e0c4362c4cadf8e5531f339ef9ad4
[INFO] running `Command { std: "docker" "start" "-a" "30f2f892a767eedc975d88baf23b7bc9dc8e0c4362c4cadf8e5531f339ef9ad4", kill_on_drop: false }`
[INFO] [stderr]    Compiling schroidnger_equation v0.1.0 (/opt/rustwide/workdir)
[INFO] [stderr]     Finished dev [unoptimized + debuginfo] target(s) in 0.07s
[INFO] running `Command { std: "docker" "inspect" "30f2f892a767eedc975d88baf23b7bc9dc8e0c4362c4cadf8e5531f339ef9ad4", kill_on_drop: false }`
[INFO] running `Command { std: "docker" "rm" "-f" "30f2f892a767eedc975d88baf23b7bc9dc8e0c4362c4cadf8e5531f339ef9ad4", kill_on_drop: false }`
[INFO] [stdout] 30f2f892a767eedc975d88baf23b7bc9dc8e0c4362c4cadf8e5531f339ef9ad4
[INFO] running `Command { std: "docker" "create" "-v" "/var/lib/crater-agent-workspace/builds/worker-0-tc1/target:/opt/rustwide/target:rw,Z" "-v" "/var/lib/crater-agent-workspace/builds/worker-0-tc1/source:/opt/rustwide/workdir:ro,Z" "-v" "/var/lib/crater-agent-workspace/cargo-home:/opt/rustwide/cargo-home:ro,Z" "-v" "/var/lib/crater-agent-workspace/rustup-home:/opt/rustwide/rustup-home:ro,Z" "-e" "SOURCE_DIR=/opt/rustwide/workdir" "-e" "CARGO_TARGET_DIR=/opt/rustwide/target" "-e" "CARGO_INCREMENTAL=0" "-e" "RUST_BACKTRACE=full" "-e" "RUSTFLAGS=--cap-lints=warn" "-e" "RUSTDOCFLAGS=--cap-lints=warn" "-e" "CARGO_HOME=/opt/rustwide/cargo-home" "-e" "RUSTUP_HOME=/opt/rustwide/rustup-home" "-w" "/opt/rustwide/workdir" "-m" "1610612736" "--user" "0:0" "--network" "none" "ghcr.io/rust-lang/crates-build-env/linux@sha256:2788e3201cd34a07e3172128adcd8b3090168a8e3bcc40d7c032b9dda1df7d1c" "/opt/rustwide/cargo-home/bin/cargo" "+1.75.0" "test" "--frozen" "--no-run" "--message-format=json", kill_on_drop: false }`
[INFO] [stdout] d2757054541e9396bf81e648c9ac5aefa2fee1f4615a67a1751cc1c3c6cc917f
[INFO] running `Command { std: "docker" "start" "-a" "d2757054541e9396bf81e648c9ac5aefa2fee1f4615a67a1751cc1c3c6cc917f", kill_on_drop: false }`
[INFO] [stderr]    Compiling schroidnger_equation v0.1.0 (/opt/rustwide/workdir)
[INFO] [stderr]     Finished test [unoptimized + debuginfo] target(s) in 0.42s
[INFO] running `Command { std: "docker" "inspect" "d2757054541e9396bf81e648c9ac5aefa2fee1f4615a67a1751cc1c3c6cc917f", kill_on_drop: false }`
[INFO] running `Command { std: "docker" "rm" "-f" "d2757054541e9396bf81e648c9ac5aefa2fee1f4615a67a1751cc1c3c6cc917f", kill_on_drop: false }`
[INFO] [stdout] d2757054541e9396bf81e648c9ac5aefa2fee1f4615a67a1751cc1c3c6cc917f
[INFO] running `Command { std: "docker" "create" "-v" "/var/lib/crater-agent-workspace/builds/worker-0-tc1/target:/opt/rustwide/target:rw,Z" "-v" "/var/lib/crater-agent-workspace/builds/worker-0-tc1/source:/opt/rustwide/workdir:ro,Z" "-v" "/var/lib/crater-agent-workspace/cargo-home:/opt/rustwide/cargo-home:ro,Z" "-v" "/var/lib/crater-agent-workspace/rustup-home:/opt/rustwide/rustup-home:ro,Z" "-e" "SOURCE_DIR=/opt/rustwide/workdir" "-e" "CARGO_TARGET_DIR=/opt/rustwide/target" "-e" "CARGO_INCREMENTAL=0" "-e" "RUST_BACKTRACE=full" "-e" "RUSTFLAGS=--cap-lints=warn" "-e" "RUSTDOCFLAGS=--cap-lints=warn" "-e" "CARGO_HOME=/opt/rustwide/cargo-home" "-e" "RUSTUP_HOME=/opt/rustwide/rustup-home" "-w" "/opt/rustwide/workdir" "-m" "1610612736" "--user" "0:0" "--network" "none" "ghcr.io/rust-lang/crates-build-env/linux@sha256:2788e3201cd34a07e3172128adcd8b3090168a8e3bcc40d7c032b9dda1df7d1c" "/opt/rustwide/cargo-home/bin/cargo" "+1.75.0" "test" "--frozen", kill_on_drop: false }`
[INFO] [stdout] 7529db405d10731201bfc480eb98c41a9d1c6ab7b4a329913390470f17cc5cea
[INFO] running `Command { std: "docker" "start" "-a" "7529db405d10731201bfc480eb98c41a9d1c6ab7b4a329913390470f17cc5cea", kill_on_drop: false }`
[INFO] [stderr]     Finished test [unoptimized + debuginfo] target(s) in 0.01s
[INFO] [stderr]      Running unittests src/lib.rs (/opt/rustwide/target/debug/deps/schroidnger_equation-c48650b45e2601c6)
[INFO] [stdout] 
[INFO] [stdout] running 0 tests
[INFO] [stdout] 
[INFO] [stdout] test result: ok. 0 passed; 0 failed; 0 ignored; 0 measured; 0 filtered out; finished in 0.00s
[INFO] [stdout] 
[INFO] [stderr]    Doc-tests schroidnger_equation
[INFO] [stdout] 
[INFO] [stdout] running 2 tests
[INFO] [stdout] test src/lib.rs - WaveFunction::update (line 63) ... FAILED
[INFO] [stdout] test src/lib.rs - WaveFunction::new (line 25) ... FAILED
[INFO] [stdout] 
[INFO] [stdout] failures:
[INFO] [stdout] 
[INFO] [stdout] ---- src/lib.rs - WaveFunction::update (line 63) stdout ----
[INFO] [stdout] error[E0433]: failed to resolve: use of undeclared type `WaveFunction`
[INFO] [stdout]  --> src/lib.rs:64:19
[INFO] [stdout]   |
[INFO] [stdout] 3 | let mut wave_fn = WaveFunction::new(0.0, 1.0, 0.0, 0.0, 0.0, 0.01, 1.0, 0.0);
[INFO] [stdout]   |                   ^^^^^^^^^^^^ use of undeclared type `WaveFunction`
[INFO] [stdout]   |
[INFO] [stdout] help: consider importing this struct
[INFO] [stdout]   |
[INFO] [stdout] 2 + use schroidnger_equation::WaveFunction;
[INFO] [stdout]   |
[INFO] [stdout] 
[INFO] [stdout] error: aborting due to previous error
[INFO] [stdout] 
[INFO] [stdout] For more information about this error, try `rustc --explain E0433`.
[INFO] [stdout] Couldn't compile the test.
[INFO] [stdout] ---- src/lib.rs - WaveFunction::new (line 25) stdout ----
[INFO] [stdout] error[E0433]: failed to resolve: use of undeclared type `WaveFunction`
[INFO] [stdout]  --> src/lib.rs:26:15
[INFO] [stdout]   |
[INFO] [stdout] 3 | let wave_fn = WaveFunction::new(0.0, 1.0, 0.0, 0.0, 0.0, 0.01, 1.0, 0.0);
[INFO] [stdout]   |               ^^^^^^^^^^^^ use of undeclared type `WaveFunction`
[INFO] [stdout]   |
[INFO] [stdout] help: consider importing this struct
[INFO] [stdout]   |
[INFO] [stdout] 2 + use schroidnger_equation::WaveFunction;
[INFO] [stdout]   |
[INFO] [stdout] 
[INFO] [stdout] error: aborting due to previous error
[INFO] [stdout] 
[INFO] [stdout] For more information about this error, try `rustc --explain E0433`.
[INFO] [stdout] Couldn't compile the test.
[INFO] [stdout] 
[INFO] [stdout] failures:
[INFO] [stdout]     src/lib.rs - WaveFunction::new (line 25)
[INFO] [stdout]     src/lib.rs - WaveFunction::update (line 63)
[INFO] [stdout] 
[INFO] [stdout] test result: FAILED. 0 passed; 2 failed; 0 ignored; 0 measured; 0 filtered out; finished in 0.14s
[INFO] [stdout] 
[INFO] [stderr] error: doctest failed, to rerun pass `--doc`
[INFO] running `Command { std: "docker" "inspect" "7529db405d10731201bfc480eb98c41a9d1c6ab7b4a329913390470f17cc5cea", kill_on_drop: false }`
[INFO] running `Command { std: "docker" "rm" "-f" "7529db405d10731201bfc480eb98c41a9d1c6ab7b4a329913390470f17cc5cea", kill_on_drop: false }`
[INFO] [stdout] 7529db405d10731201bfc480eb98c41a9d1c6ab7b4a329913390470f17cc5cea
[INFO] testing schroidnger_equation-0.1.0 against beta-2023-12-22 for beta-1.76-1
[INFO] extracting crate schroidnger_equation 0.1.0 into /workspace/builds/worker-0-tc2/source
[INFO] validating manifest of crates.io crate schroidnger_equation 0.1.0 on toolchain beta-2023-12-22
[INFO] running `Command { std: CARGO_HOME="/workspace/cargo-home" RUSTUP_HOME="/workspace/rustup-home" "/workspace/cargo-home/bin/cargo" "+beta-2023-12-22" "metadata" "--manifest-path" "Cargo.toml" "--no-deps", kill_on_drop: false }`
[INFO] started tweaking crates.io crate schroidnger_equation 0.1.0
[INFO] finished tweaking crates.io crate schroidnger_equation 0.1.0
[INFO] tweaked toml for crates.io crate schroidnger_equation 0.1.0 written to /workspace/builds/worker-0-tc2/source/Cargo.toml
[INFO] running `Command { std: CARGO_HOME="/workspace/cargo-home" RUSTUP_HOME="/workspace/rustup-home" "/workspace/cargo-home/bin/cargo" "+beta-2023-12-22" "generate-lockfile" "--manifest-path" "Cargo.toml", kill_on_drop: false }`
[INFO] running `Command { std: CARGO_HOME="/workspace/cargo-home" RUSTUP_HOME="/workspace/rustup-home" "/workspace/cargo-home/bin/cargo" "+beta-2023-12-22" "fetch" "--manifest-path" "Cargo.toml", kill_on_drop: false }`
[INFO] running `Command { std: "docker" "create" "-v" "/var/lib/crater-agent-workspace/builds/worker-0-tc2/target:/opt/rustwide/target:rw,Z" "-v" "/var/lib/crater-agent-workspace/builds/worker-0-tc2/source:/opt/rustwide/workdir:ro,Z" "-v" "/var/lib/crater-agent-workspace/cargo-home:/opt/rustwide/cargo-home:ro,Z" "-v" "/var/lib/crater-agent-workspace/rustup-home:/opt/rustwide/rustup-home:ro,Z" "-e" "SOURCE_DIR=/opt/rustwide/workdir" "-e" "CARGO_TARGET_DIR=/opt/rustwide/target" "-e" "CARGO_HOME=/opt/rustwide/cargo-home" "-e" "RUSTUP_HOME=/opt/rustwide/rustup-home" "-w" "/opt/rustwide/workdir" "-m" "1610612736" "--user" "0:0" "--network" "none" "ghcr.io/rust-lang/crates-build-env/linux@sha256:2788e3201cd34a07e3172128adcd8b3090168a8e3bcc40d7c032b9dda1df7d1c" "/opt/rustwide/cargo-home/bin/cargo" "+beta-2023-12-22" "metadata" "--no-deps" "--format-version=1", kill_on_drop: false }`
[INFO] [stdout] 0cc944d36a7a96897a73f79c4edae63686349da0ecee86c246f948f66eb545c7
[INFO] running `Command { std: "docker" "start" "-a" "0cc944d36a7a96897a73f79c4edae63686349da0ecee86c246f948f66eb545c7", kill_on_drop: false }`
[INFO] running `Command { std: "docker" "inspect" "0cc944d36a7a96897a73f79c4edae63686349da0ecee86c246f948f66eb545c7", kill_on_drop: false }`
[INFO] running `Command { std: "docker" "rm" "-f" "0cc944d36a7a96897a73f79c4edae63686349da0ecee86c246f948f66eb545c7", kill_on_drop: false }`
[INFO] [stdout] 0cc944d36a7a96897a73f79c4edae63686349da0ecee86c246f948f66eb545c7
[INFO] running `Command { std: "docker" "create" "-v" "/var/lib/crater-agent-workspace/builds/worker-0-tc2/target:/opt/rustwide/target:rw,Z" "-v" "/var/lib/crater-agent-workspace/builds/worker-0-tc2/source:/opt/rustwide/workdir:ro,Z" "-v" "/var/lib/crater-agent-workspace/cargo-home:/opt/rustwide/cargo-home:ro,Z" "-v" "/var/lib/crater-agent-workspace/rustup-home:/opt/rustwide/rustup-home:ro,Z" "-e" "SOURCE_DIR=/opt/rustwide/workdir" "-e" "CARGO_TARGET_DIR=/opt/rustwide/target" "-e" "CARGO_INCREMENTAL=0" "-e" "RUST_BACKTRACE=full" "-e" "RUSTFLAGS=--cap-lints=warn" "-e" "RUSTDOCFLAGS=--cap-lints=warn" "-e" "CARGO_HOME=/opt/rustwide/cargo-home" "-e" "RUSTUP_HOME=/opt/rustwide/rustup-home" "-w" "/opt/rustwide/workdir" "-m" "1610612736" "--user" "0:0" "--network" "none" "ghcr.io/rust-lang/crates-build-env/linux@sha256:2788e3201cd34a07e3172128adcd8b3090168a8e3bcc40d7c032b9dda1df7d1c" "/opt/rustwide/cargo-home/bin/cargo" "+beta-2023-12-22" "build" "--frozen" "--message-format=json", kill_on_drop: false }`
[INFO] [stdout] b01b2c8463672a6a5e32ade1b7ed72c86229e0c2c1ffa0dd9ce20a3e3de223fc
[INFO] running `Command { std: "docker" "start" "-a" "b01b2c8463672a6a5e32ade1b7ed72c86229e0c2c1ffa0dd9ce20a3e3de223fc", kill_on_drop: false }`
[INFO] [stderr]    Compiling schroidnger_equation v0.1.0 (/opt/rustwide/workdir)
[INFO] [stderr]     Finished dev [unoptimized + debuginfo] target(s) in 0.07s
[INFO] running `Command { std: "docker" "inspect" "b01b2c8463672a6a5e32ade1b7ed72c86229e0c2c1ffa0dd9ce20a3e3de223fc", kill_on_drop: false }`
[INFO] running `Command { std: "docker" "rm" "-f" "b01b2c8463672a6a5e32ade1b7ed72c86229e0c2c1ffa0dd9ce20a3e3de223fc", kill_on_drop: false }`
[INFO] [stdout] b01b2c8463672a6a5e32ade1b7ed72c86229e0c2c1ffa0dd9ce20a3e3de223fc
[INFO] running `Command { std: "docker" "create" "-v" "/var/lib/crater-agent-workspace/builds/worker-0-tc2/target:/opt/rustwide/target:rw,Z" "-v" "/var/lib/crater-agent-workspace/builds/worker-0-tc2/source:/opt/rustwide/workdir:ro,Z" "-v" "/var/lib/crater-agent-workspace/cargo-home:/opt/rustwide/cargo-home:ro,Z" "-v" "/var/lib/crater-agent-workspace/rustup-home:/opt/rustwide/rustup-home:ro,Z" "-e" "SOURCE_DIR=/opt/rustwide/workdir" "-e" "CARGO_TARGET_DIR=/opt/rustwide/target" "-e" "CARGO_INCREMENTAL=0" "-e" "RUST_BACKTRACE=full" "-e" "RUSTFLAGS=--cap-lints=warn" "-e" "RUSTDOCFLAGS=--cap-lints=warn" "-e" "CARGO_HOME=/opt/rustwide/cargo-home" "-e" "RUSTUP_HOME=/opt/rustwide/rustup-home" "-w" "/opt/rustwide/workdir" "-m" "1610612736" "--user" "0:0" "--network" "none" "ghcr.io/rust-lang/crates-build-env/linux@sha256:2788e3201cd34a07e3172128adcd8b3090168a8e3bcc40d7c032b9dda1df7d1c" "/opt/rustwide/cargo-home/bin/cargo" "+beta-2023-12-22" "test" "--frozen" "--no-run" "--message-format=json", kill_on_drop: false }`
[INFO] [stdout] f2c69d14b8273fa9b53484a1cba017b2ff0df977589604ddcfafea2e6a09b00a
[INFO] running `Command { std: "docker" "start" "-a" "f2c69d14b8273fa9b53484a1cba017b2ff0df977589604ddcfafea2e6a09b00a", kill_on_drop: false }`
[INFO] [stderr]    Compiling schroidnger_equation v0.1.0 (/opt/rustwide/workdir)
[INFO] [stderr]     Finished test [unoptimized + debuginfo] target(s) in 0.37s
[INFO] running `Command { std: "docker" "inspect" "f2c69d14b8273fa9b53484a1cba017b2ff0df977589604ddcfafea2e6a09b00a", kill_on_drop: false }`
[INFO] running `Command { std: "docker" "rm" "-f" "f2c69d14b8273fa9b53484a1cba017b2ff0df977589604ddcfafea2e6a09b00a", kill_on_drop: false }`
[INFO] [stdout] f2c69d14b8273fa9b53484a1cba017b2ff0df977589604ddcfafea2e6a09b00a
[INFO] running `Command { std: "docker" "create" "-v" "/var/lib/crater-agent-workspace/builds/worker-0-tc2/target:/opt/rustwide/target:rw,Z" "-v" "/var/lib/crater-agent-workspace/builds/worker-0-tc2/source:/opt/rustwide/workdir:ro,Z" "-v" "/var/lib/crater-agent-workspace/cargo-home:/opt/rustwide/cargo-home:ro,Z" "-v" "/var/lib/crater-agent-workspace/rustup-home:/opt/rustwide/rustup-home:ro,Z" "-e" "SOURCE_DIR=/opt/rustwide/workdir" "-e" "CARGO_TARGET_DIR=/opt/rustwide/target" "-e" "CARGO_INCREMENTAL=0" "-e" "RUST_BACKTRACE=full" "-e" "RUSTFLAGS=--cap-lints=warn" "-e" "RUSTDOCFLAGS=--cap-lints=warn" "-e" "CARGO_HOME=/opt/rustwide/cargo-home" "-e" "RUSTUP_HOME=/opt/rustwide/rustup-home" "-w" "/opt/rustwide/workdir" "-m" "1610612736" "--user" "0:0" "--network" "none" "ghcr.io/rust-lang/crates-build-env/linux@sha256:2788e3201cd34a07e3172128adcd8b3090168a8e3bcc40d7c032b9dda1df7d1c" "/opt/rustwide/cargo-home/bin/cargo" "+beta-2023-12-22" "test" "--frozen", kill_on_drop: false }`
[INFO] [stdout] 3f796abd014bb3ea3513390cbd9f3302c27190400a146288f0ccf886a83b7f21
[INFO] running `Command { std: "docker" "start" "-a" "3f796abd014bb3ea3513390cbd9f3302c27190400a146288f0ccf886a83b7f21", kill_on_drop: false }`
[INFO] [stderr]     Finished test [unoptimized + debuginfo] target(s) in 0.01s
[INFO] [stderr]      Running unittests src/lib.rs (/opt/rustwide/target/debug/deps/schroidnger_equation-dd436ddbc97309ce)
[INFO] [stdout] 
[INFO] [stdout] running 0 tests
[INFO] [stdout] 
[INFO] [stdout] test result: ok. 0 passed; 0 failed; 0 ignored; 0 measured; 0 filtered out; finished in 0.00s
[INFO] [stdout] 
[INFO] [stderr]    Doc-tests schroidnger_equation
[INFO] [stdout] 
[INFO] [stdout] running 2 tests
[INFO] [stdout] test src/lib.rs - WaveFunction::update (line 63) ... FAILED
[INFO] [stderr] error: doctest failed, to rerun pass `--doc`
[INFO] [stdout] test src/lib.rs - WaveFunction::new (line 25) ... FAILED
[INFO] [stdout] 
[INFO] [stdout] failures:
[INFO] [stdout] 
[INFO] [stdout] ---- src/lib.rs - WaveFunction::update (line 63) stdout ----
[INFO] [stdout] error[E0433]: failed to resolve: use of undeclared type `WaveFunction`
[INFO] [stdout]  --> src/lib.rs:64:19
[INFO] [stdout]   |
[INFO] [stdout] 3 | let mut wave_fn = WaveFunction::new(0.0, 1.0, 0.0, 0.0, 0.0, 0.01, 1.0, 0.0);
[INFO] [stdout]   |                   ^^^^^^^^^^^^ use of undeclared type `WaveFunction`
[INFO] [stdout]   |
[INFO] [stdout] help: consider importing this struct
[INFO] [stdout]   |
[INFO] [stdout] 2 + use schroidnger_equation::WaveFunction;
[INFO] [stdout]   |
[INFO] [stdout] 
[INFO] [stdout] error: aborting due to 1 previous error
[INFO] [stdout] 
[INFO] [stdout] For more information about this error, try `rustc --explain E0433`.
[INFO] [stdout] Couldn't compile the test.
[INFO] [stdout] ---- src/lib.rs - WaveFunction::new (line 25) stdout ----
[INFO] [stdout] error[E0433]: failed to resolve: use of undeclared type `WaveFunction`
[INFO] [stdout]  --> src/lib.rs:26:15
[INFO] [stdout]   |
[INFO] [stdout] 3 | let wave_fn = WaveFunction::new(0.0, 1.0, 0.0, 0.0, 0.0, 0.01, 1.0, 0.0);
[INFO] [stdout]   |               ^^^^^^^^^^^^ use of undeclared type `WaveFunction`
[INFO] [stdout]   |
[INFO] [stdout] help: consider importing this struct
[INFO] [stdout]   |
[INFO] [stdout] 2 + use schroidnger_equation::WaveFunction;
[INFO] [stdout]   |
[INFO] [stdout] 
[INFO] [stdout] error: aborting due to 1 previous error
[INFO] [stdout] 
[INFO] [stdout] For more information about this error, try `rustc --explain E0433`.
[INFO] [stdout] Couldn't compile the test.
[INFO] [stdout] 
[INFO] [stdout] failures:
[INFO] [stdout]     src/lib.rs - WaveFunction::new (line 25)
[INFO] [stdout]     src/lib.rs - WaveFunction::update (line 63)
[INFO] [stdout] 
[INFO] [stdout] test result: FAILED. 0 passed; 2 failed; 0 ignored; 0 measured; 0 filtered out; finished in 0.08s
[INFO] [stdout] 
[INFO] running `Command { std: "docker" "inspect" "3f796abd014bb3ea3513390cbd9f3302c27190400a146288f0ccf886a83b7f21", kill_on_drop: false }`
[INFO] running `Command { std: "docker" "rm" "-f" "3f796abd014bb3ea3513390cbd9f3302c27190400a146288f0ccf886a83b7f21", kill_on_drop: false }`
[INFO] [stdout] 3f796abd014bb3ea3513390cbd9f3302c27190400a146288f0ccf886a83b7f21
